[INFO] fetching crate swc_ecma_compat_es3 0.1.49...
[INFO] testing swc_ecma_compat_es3-0.1.49 against 1.75.0 for beta-1.76-1
[INFO] extracting crate swc_ecma_compat_es3 0.1.49 into /workspace/builds/worker-7-tc1/source
[INFO] validating manifest of crates.io crate swc_ecma_compat_es3 0.1.49 on toolchain 1.75.0
[INFO] running `Command { std: CARGO_HOME="/workspace/cargo-home" RUSTUP_HOME="/workspace/rustup-home" "/workspace/cargo-home/bin/cargo" "+1.75.0" "metadata" "--manifest-path" "Cargo.toml" "--no-deps", kill_on_drop: false }`
[INFO] started tweaking crates.io crate swc_ecma_compat_es3 0.1.49
[INFO] finished tweaking crates.io crate swc_ecma_compat_es3 0.1.49
[INFO] tweaked toml for crates.io crate swc_ecma_compat_es3 0.1.49 written to /workspace/builds/worker-7-tc1/source/Cargo.toml
[INFO] running `Command { std: CARGO_HOME="/workspace/cargo-home" RUSTUP_HOME="/workspace/rustup-home" "/workspace/cargo-home/bin/cargo" "+1.75.0" "generate-lockfile" "--manifest-path" "Cargo.toml", kill_on_drop: false }`
[INFO] [stderr]     Updating crates.io index
[INFO] running `Command { std: CARGO_HOME="/workspace/cargo-home" RUSTUP_HOME="/workspace/rustup-home" "/workspace/cargo-home/bin/cargo" "+1.75.0" "fetch" "--manifest-path" "Cargo.toml", kill_on_drop: false }`
[INFO] [stderr]  Downloading crates ...
[INFO] [stderr]   Downloaded swc_ecma_utils v0.124.39
[INFO] [stderr]   Downloaded swc_atoms v0.6.5
[INFO] [stderr]   Downloaded swc_trace_macro v0.1.3
[INFO] [stderr]   Downloaded swc_ecma_testing v0.22.15
[INFO] [stderr]   Downloaded is-macro v0.3.4
[INFO] [stderr]   Downloaded testing v0.35.14
[INFO] [stderr]   Downloaded swc_ecma_visit v0.96.17
[INFO] [stderr]   Downloaded swc_ecma_ast v0.110.17
[INFO] [stderr]   Downloaded swc_ecma_codegen v0.146.54
[INFO] [stderr]   Downloaded swc_error_reporters v0.17.12
[INFO] [stderr]   Downloaded swc_common v0.33.12
[INFO] [stderr]   Downloaded swc_ecma_parser v0.141.37
[INFO] [stderr]   Downloaded swc_ecma_transforms_testing v0.137.60
[INFO] [stderr]   Downloaded swc_ecma_transforms_base v0.134.58
[INFO] running `Command { std: "docker" "create" "-v" "/var/lib/crater-agent-workspace/builds/worker-7-tc1/target:/opt/rustwide/target:rw,Z" "-v" "/var/lib/crater-agent-workspace/builds/worker-7-tc1/source:/opt/rustwide/workdir:ro,Z" "-v" "/var/lib/crater-agent-workspace/cargo-home:/opt/rustwide/cargo-home:ro,Z" "-v" "/var/lib/crater-agent-workspace/rustup-home:/opt/rustwide/rustup-home:ro,Z" "-e" "SOURCE_DIR=/opt/rustwide/workdir" "-e" "CARGO_TARGET_DIR=/opt/rustwide/target" "-e" "CARGO_HOME=/opt/rustwide/cargo-home" "-e" "RUSTUP_HOME=/opt/rustwide/rustup-home" "-w" "/opt/rustwide/workdir" "-m" "1610612736" "--user" "0:0" "--network" "none" "ghcr.io/rust-lang/crates-build-env/linux@sha256:2788e3201cd34a07e3172128adcd8b3090168a8e3bcc40d7c032b9dda1df7d1c" "/opt/rustwide/cargo-home/bin/cargo" "+1.75.0" "metadata" "--no-deps" "--format-version=1", kill_on_drop: false }`
[INFO] [stdout] 4fa2a4acda9711379419b762a449024e7495b90bb9fc5c788caf8d71eb192256
[INFO] running `Command { std: "docker" "start" "-a" "4fa2a4acda9711379419b762a449024e7495b90bb9fc5c788caf8d71eb192256", kill_on_drop: false }`
[INFO] running `Command { std: "docker" "inspect" "4fa2a4acda9711379419b762a449024e7495b90bb9fc5c788caf8d71eb192256", kill_on_drop: false }`
[INFO] running `Command { std: "docker" "rm" "-f" "4fa2a4acda9711379419b762a449024e7495b90bb9fc5c788caf8d71eb192256", kill_on_drop: false }`
[INFO] [stdout] 4fa2a4acda9711379419b762a449024e7495b90bb9fc5c788caf8d71eb192256
[INFO] running `Command { std: "docker" "create" "-v" "/var/lib/crater-agent-workspace/builds/worker-7-tc1/target:/opt/rustwide/target:rw,Z" "-v" "/var/lib/crater-agent-workspace/builds/worker-7-tc1/source:/opt/rustwide/workdir:ro,Z" "-v" "/var/lib/crater-agent-workspace/cargo-home:/opt/rustwide/cargo-home:ro,Z" "-v" "/var/lib/crater-agent-workspace/rustup-home:/opt/rustwide/rustup-home:ro,Z" "-e" "SOURCE_DIR=/opt/rustwide/workdir" "-e" "CARGO_TARGET_DIR=/opt/rustwide/target" "-e" "CARGO_INCREMENTAL=0" "-e" "RUST_BACKTRACE=full" "-e" "RUSTFLAGS=--cap-lints=warn" "-e" "RUSTDOCFLAGS=--cap-lints=warn" "-e" "CARGO_HOME=/opt/rustwide/cargo-home" "-e" "RUSTUP_HOME=/opt/rustwide/rustup-home" "-w" "/opt/rustwide/workdir" "-m" "1610612736" "--user" "0:0" "--network" "none" "ghcr.io/rust-lang/crates-build-env/linux@sha256:2788e3201cd34a07e3172128adcd8b3090168a8e3bcc40d7c032b9dda1df7d1c" "/opt/rustwide/cargo-home/bin/cargo" "+1.75.0" "build" "--frozen" "--message-format=json", kill_on_drop: false }`
[INFO] [stdout] 1fb98eb43d9f12c498bcf09a9bac441d02cced19106afbbdd9584b2c8c3152c7
[INFO] running `Command { std: "docker" "start" "-a" "1fb98eb43d9f12c498bcf09a9bac441d02cced19106afbbdd9584b2c8c3152c7", kill_on_drop: false }`
[INFO] [stderr]    Compiling memchr v2.7.1
[INFO] [stderr]    Compiling siphasher v0.3.11
[INFO] [stderr]    Compiling regex-syntax v0.8.2
[INFO] [stderr]    Compiling rand_core v0.6.4
[INFO] [stderr]    Compiling once_cell v1.19.0
[INFO] [stderr]    Compiling tinyvec_macros v0.1.1
[INFO] [stderr]    Compiling lazy_static v1.4.0
[INFO] [stderr]    Compiling percent-encoding v2.3.1
[INFO] [stderr]    Compiling unicode-bidi v0.3.14
[INFO] [stderr]    Compiling new_debug_unreachable v1.0.4
[INFO] [stderr]    Compiling num-traits v0.2.17
[INFO] [stderr]    Compiling libc v0.2.151
[INFO] [stderr]    Compiling num-bigint v0.4.4
[INFO] [stderr]    Compiling smallvec v1.11.2
[INFO] [stderr]    Compiling syn v2.0.48
[INFO] [stderr]    Compiling scoped-tls v1.0.1
[INFO] [stderr]    Compiling tinyvec v1.6.0
[INFO] [stderr]    Compiling either v1.9.0
[INFO] [stderr]    Compiling pin-project-lite v0.2.13
[INFO] [stderr]    Compiling rand v0.8.5
[INFO] [stderr]    Compiling form_urlencoded v1.2.1
[INFO] [stderr]    Compiling phf_shared v0.11.2
[INFO] [stderr]    Compiling tracing-core v0.1.32
[INFO] [stderr]    Compiling better_scoped_tls v0.1.1
[INFO] [stderr]    Compiling unicode-id v0.3.4
[INFO] [stderr]    Compiling bitflags v2.4.1
[INFO] [stderr]    Compiling smartstring v1.0.1
[INFO] [stderr]    Compiling hashbrown v0.14.3
[INFO] [stderr]    Compiling equivalent v1.0.1
[INFO] [stderr]    Compiling typed-arena v2.0.2
[INFO] [stderr]    Compiling aho-corasick v1.1.2
[INFO] [stderr]    Compiling phf_generator v0.11.2
[INFO] [stderr]    Compiling cc v1.0.83
[INFO] [stderr]    Compiling unicode-normalization v0.1.22
[INFO] [stderr]    Compiling indexmap v2.1.0
[INFO] [stderr]    Compiling idna v0.5.0
[INFO] [stderr]    Compiling num-integer v0.1.45
[INFO] [stderr]    Compiling psm v0.1.21
[INFO] [stderr]    Compiling stacker v0.1.15
[INFO] [stderr]    Compiling url v2.5.0
[INFO] [stderr]    Compiling regex-automata v0.4.3
[INFO] [stderr]    Compiling swc_macros_common v0.3.9
[INFO] [stderr]    Compiling pmutil v0.6.1
[INFO] [stderr]    Compiling regex v1.10.2
[INFO] [stderr]    Compiling Inflector v0.11.4
[INFO] [stderr]    Compiling serde_derive v1.0.194
[INFO] [stderr]    Compiling phf_macros v0.11.2
[INFO] [stderr]    Compiling tracing-attributes v0.1.27
[INFO] [stderr]    Compiling swc_visit_macros v0.5.9
[INFO] [stderr]    Compiling ast_node v0.9.6
[INFO] [stderr]    Compiling from_variant v0.1.7
[INFO] [stderr]    Compiling swc_eq_ignore_macros v0.1.3
[INFO] [stderr]    Compiling is-macro v0.3.4
[INFO] [stderr]    Compiling string_enum v0.4.2
[INFO] [stderr]    Compiling swc_trace_macro v0.1.3
[INFO] [stderr]    Compiling phf v0.11.2
[INFO] [stderr]    Compiling hstr v0.2.6
[INFO] [stderr]    Compiling tracing v0.1.40
[INFO] [stderr]    Compiling serde v1.0.194
[INFO] [stderr]    Compiling swc_visit v0.5.8
[INFO] [stderr]    Compiling swc_atoms v0.6.5
[INFO] [stderr]    Compiling swc_common v0.33.12
[INFO] [stderr]    Compiling swc_ecma_ast v0.110.17
[INFO] [stderr]    Compiling swc_ecma_visit v0.96.17
[INFO] [stderr]    Compiling swc_ecma_parser v0.141.37
[INFO] [stderr]    Compiling swc_ecma_utils v0.124.39
[INFO] [stderr]    Compiling swc_ecma_transforms_base v0.134.58
[INFO] [stderr]    Compiling swc_ecma_compat_es3 v0.1.49 (/opt/rustwide/workdir)
[INFO] [stderr]     Finished dev [unoptimized + debuginfo] target(s) in 30.00s
[INFO] running `Command { std: "docker" "inspect" "1fb98eb43d9f12c498bcf09a9bac441d02cced19106afbbdd9584b2c8c3152c7", kill_on_drop: false }`
[INFO] running `Command { std: "docker" "rm" "-f" "1fb98eb43d9f12c498bcf09a9bac441d02cced19106afbbdd9584b2c8c3152c7", kill_on_drop: false }`
[INFO] [stdout] 1fb98eb43d9f12c498bcf09a9bac441d02cced19106afbbdd9584b2c8c3152c7
[INFO] running `Command { std: "docker" "create" "-v" "/var/lib/crater-agent-workspace/builds/worker-7-tc1/target:/opt/rustwide/target:rw,Z" "-v" "/var/lib/crater-agent-workspace/builds/worker-7-tc1/source:/opt/rustwide/workdir:ro,Z" "-v" "/var/lib/crater-agent-workspace/cargo-home:/opt/rustwide/cargo-home:ro,Z" "-v" "/var/lib/crater-agent-workspace/rustup-home:/opt/rustwide/rustup-home:ro,Z" "-e" "SOURCE_DIR=/opt/rustwide/workdir" "-e" "CARGO_TARGET_DIR=/opt/rustwide/target" "-e" "CARGO_INCREMENTAL=0" "-e" "RUST_BACKTRACE=full" "-e" "RUSTFLAGS=--cap-lints=warn" "-e" "RUSTDOCFLAGS=--cap-lints=warn" "-e" "CARGO_HOME=/opt/rustwide/cargo-home" "-e" "RUSTUP_HOME=/opt/rustwide/rustup-home" "-w" "/opt/rustwide/workdir" "-m" "1610612736" "--user" "0:0" "--network" "none" "ghcr.io/rust-lang/crates-build-env/linux@sha256:2788e3201cd34a07e3172128adcd8b3090168a8e3bcc40d7c032b9dda1df7d1c" "/opt/rustwide/cargo-home/bin/cargo" "+1.75.0" "test" "--frozen" "--no-run" "--message-format=json", kill_on_drop: false }`
[INFO] [stdout] 6d552a8c7565e52208d2369ad8a2dddeea611bacc87a38029b83dcfb29a3b375
[INFO] running `Command { std: "docker" "start" "-a" "6d552a8c7565e52208d2369ad8a2dddeea611bacc87a38029b83dcfb29a3b375", kill_on_drop: false }`
[INFO] [stderr]    Compiling serde_json v1.0.111
[INFO] [stderr]    Compiling lock_api v0.4.11
[INFO] [stderr]    Compiling tracing-core v0.1.32
[INFO] [stderr]    Compiling regex-automata v0.4.3
[INFO] [stderr]    Compiling parking_lot_core v0.9.9
[INFO] [stderr]    Compiling atty v0.2.14
[INFO] [stderr]    Compiling uuid v1.6.1
[INFO] [stderr]    Compiling if_chain v1.0.2
[INFO] [stderr]    Compiling data-encoding v2.5.0
[INFO] [stderr]    Compiling termcolor v1.4.0
[INFO] [stderr]    Compiling bitflags v2.4.1
[INFO] [stderr]    Compiling typenum v1.17.0
[INFO] [stderr]    Compiling generic-array v0.14.7
[INFO] [stderr]    Compiling thiserror v1.0.56
[INFO] [stderr]    Compiling syn v1.0.109
[INFO] [stderr]    Compiling thiserror-impl v1.0.56
[INFO] [stderr]    Compiling backtrace v0.3.69
[INFO] [stderr]    Compiling anyhow v1.0.79
[INFO] [stderr]    Compiling regex-syntax v0.6.29
[INFO] [stderr]    Compiling tracing v0.1.40
[INFO] [stderr]    Compiling debugid v0.8.0
[INFO] [stderr]    Compiling semver v1.0.21
[INFO] [stderr]    Compiling is_ci v1.1.1
[INFO] [stderr]    Compiling camino v1.1.6
[INFO] [stderr]    Compiling parking_lot v0.12.1
[INFO] [stderr]    Compiling unicode-linebreak v0.1.5
[INFO] [stderr]    Compiling smawk v0.3.2
[INFO] [stderr]    Compiling supports-color v1.3.1
[INFO] [stderr]    Compiling supports-unicode v1.0.2
[INFO] [stderr]    Compiling textwrap v0.15.2
[INFO] [stderr]    Compiling supports-hyperlinks v1.2.0
[INFO] [stderr]    Compiling terminal_size v0.1.17
[INFO] [stderr]    Compiling log v0.4.20
[INFO] [stderr]    Compiling owo-colors v3.5.0
[INFO] [stderr]    Compiling cargo-platform v0.1.6
[INFO] [stderr]    Compiling sourcemap v6.4.1
[INFO] [stderr]    Compiling tracing-log v0.2.0
[INFO] [stderr]    Compiling sharded-slab v0.1.7
[INFO] [stderr]    Compiling thread_local v1.1.7
[INFO] [stderr]    Compiling yansi v0.5.1
[INFO] [stderr]    Compiling rustix v0.38.28
[INFO] [stderr]    Compiling relative-path v1.9.2
[INFO] [stderr]    Compiling glob v0.3.1
[INFO] [stderr]    Compiling pretty_assertions v1.4.0
[INFO] [stderr]    Compiling cpufeatures v0.2.12
[INFO] [stderr]    Compiling linux-raw-sys v0.4.12
[INFO] [stderr]    Compiling difference v2.0.0
[INFO] [stderr]    Compiling swc_ecma_codegen_macros v0.7.4
[INFO] [stderr]    Compiling fastrand v2.0.1
[INFO] [stderr]    Compiling crypto-common v0.1.6
[INFO] [stderr]    Compiling block-buffer v0.10.4
[INFO] [stderr]    Compiling regex-automata v0.1.10
[INFO] [stderr]    Compiling base64 v0.21.5
[INFO] [stderr]    Compiling digest v0.10.7
[INFO] [stderr]    Compiling cargo_metadata v0.15.4
[INFO] [stderr]    Compiling sha2 v0.10.8
[INFO] [stderr]    Compiling regex v1.10.2
[INFO] [stderr]    Compiling Inflector v0.11.4
[INFO] [stderr]    Compiling matchers v0.1.0
[INFO] [stderr]    Compiling miette-derive v4.7.1
[INFO] [stderr]    Compiling tracing-subscriber v0.3.18
[INFO] [stderr]    Compiling tempfile v3.9.0
[INFO] [stderr]    Compiling swc_visit_macros v0.5.9
[INFO] [stderr]    Compiling is-macro v0.3.4
[INFO] [stderr]    Compiling testing_macros v0.2.12
[INFO] [stderr]    Compiling miette v4.7.1
[INFO] [stderr]    Compiling swc_visit v0.5.8
[INFO] [stderr]    Compiling swc_common v0.33.12
[INFO] [stderr]    Compiling swc_ecma_ast v0.110.17
[INFO] [stderr]    Compiling swc_error_reporters v0.17.12
[INFO] [stderr]    Compiling testing v0.35.14
[INFO] [stderr]    Compiling swc_ecma_testing v0.22.15
[INFO] [stderr]    Compiling swc_ecma_visit v0.96.17
[INFO] [stderr]    Compiling swc_ecma_parser v0.141.37
[INFO] [stderr]    Compiling swc_ecma_codegen v0.146.54
[INFO] [stderr]    Compiling swc_ecma_utils v0.124.39
[INFO] [stderr]    Compiling swc_ecma_transforms_base v0.134.58
[INFO] [stderr]    Compiling swc_ecma_transforms_testing v0.137.60
[INFO] [stderr]    Compiling swc_ecma_compat_es3 v0.1.49 (/opt/rustwide/workdir)
[INFO] [stderr]     Finished test [unoptimized + debuginfo] target(s) in 39.76s
[INFO] running `Command { std: "docker" "inspect" "6d552a8c7565e52208d2369ad8a2dddeea611bacc87a38029b83dcfb29a3b375", kill_on_drop: false }`
[INFO] running `Command { std: "docker" "rm" "-f" "6d552a8c7565e52208d2369ad8a2dddeea611bacc87a38029b83dcfb29a3b375", kill_on_drop: false }`
[INFO] [stdout] 6d552a8c7565e52208d2369ad8a2dddeea611bacc87a38029b83dcfb29a3b375
[INFO] running `Command { std: "docker" "create" "-v" "/var/lib/crater-agent-workspace/builds/worker-7-tc1/target:/opt/rustwide/target:rw,Z" "-v" "/var/lib/crater-agent-workspace/builds/worker-7-tc1/source:/opt/rustwide/workdir:ro,Z" "-v" "/var/lib/crater-agent-workspace/cargo-home:/opt/rustwide/cargo-home:ro,Z" "-v" "/var/lib/crater-agent-workspace/rustup-home:/opt/rustwide/rustup-home:ro,Z" "-e" "SOURCE_DIR=/opt/rustwide/workdir" "-e" "CARGO_TARGET_DIR=/opt/rustwide/target" "-e" "CARGO_INCREMENTAL=0" "-e" "RUST_BACKTRACE=full" "-e" "RUSTFLAGS=--cap-lints=warn" "-e" "RUSTDOCFLAGS=--cap-lints=warn" "-e" "CARGO_HOME=/opt/rustwide/cargo-home" "-e" "RUSTUP_HOME=/opt/rustwide/rustup-home" "-w" "/opt/rustwide/workdir" "-m" "1610612736" "--user" "0:0" "--network" "none" "ghcr.io/rust-lang/crates-build-env/linux@sha256:2788e3201cd34a07e3172128adcd8b3090168a8e3bcc40d7c032b9dda1df7d1c" "/opt/rustwide/cargo-home/bin/cargo" "+1.75.0" "test" "--frozen", kill_on_drop: false }`
[INFO] [stdout] fb7fa47b7ed2c0ab8727247a6e5f86dbed32cc874e792ec45a687f09ed5cfd98
[INFO] running `Command { std: "docker" "start" "-a" "fb7fa47b7ed2c0ab8727247a6e5f86dbed32cc874e792ec45a687f09ed5cfd98", kill_on_drop: false }`
[INFO] [stderr]     Finished test [unoptimized + debuginfo] target(s) in 2.11s
[INFO] [stderr]      Running unittests src/lib.rs (/opt/rustwide/target/debug/deps/swc_ecma_compat_es3-b5cb01049a977cce)
[INFO] [stdout] 
[INFO] [stdout] running 9 tests
[INFO] [stdout] test reserved_word::tests::export_as_default ... FAILED
[INFO] [stdout] test member_expr_lits::tests::issue_211 ... FAILED
[INFO] [stdout] test member_expr_lits::tests::issue_206 ... FAILED
[INFO] [stdout] test prop_lits::tests::str_lit ... FAILED
[INFO] [stdout] test member_expr_lits::tests::basic ... FAILED
[INFO] [stdout] test reserved_word::tests::issue_7164 ... FAILED
[INFO] [stdout] test reserved_word::tests::issue_7237 ... FAILED
[INFO] [stdout] test prop_lits::tests::babel_basic ... FAILED
[INFO] [stdout] test reserved_word::tests::babel_issue_6477 ... FAILED
[INFO] [stdout] 
[INFO] [stdout] failures:
[INFO] [stdout] 
[INFO] [stdout] ---- reserved_word::tests::export_as_default stdout ----
[INFO] [stdout]   [32m INFO[0m  [32mDiagnostics will be printed to stderr as logging level is trace or debug[0m
[INFO] [stdout]     [2;3mat[0m /opt/rustwide/cargo-home/registry/src/index.crates.io-6f17d22bba15001f/testing-0.35.14/src/errors/stderr.rs:17
[INFO] [stdout] 
[INFO] [stdout] ----- [32mExpected[0m -----
[INFO] [stdout] 
[INFO] [stdout]   [32m INFO[0m  [32mDiagnostics will be printed to stderr as logging level is trace or debug[0m
[INFO] [stdout]     [2;3mat[0m /opt/rustwide/cargo-home/registry/src/index.crates.io-6f17d22bba15001f/testing-0.35.14/src/errors/stderr.rs:17
[INFO] [stdout] 
[INFO] [stdout] ----- [32mInput[0m -----
[INFO] [stdout] export { Foo as default }
[INFO] [stdout] ----- [32mActual[0m -----
[INFO] [stdout] export { Foo as default };
[INFO] [stdout] 
[INFO] [stdout]   [34mDEBUG[0m  [34mcompare_to_file: failed to canonicalize outfile path `/opt/rustwide/workdir/tests/__swc_snapshots__/src/reserved_word.rs/export_as_default.js`: Os { code: 2, kind: NotFound, message: "No such file or directory" }[0m
[INFO] [stdout]     [2;3mat[0m /opt/rustwide/cargo-home/registry/src/index.crates.io-6f17d22bba15001f/testing-0.35.14/src/output.rs:137
[INFO] [stdout] 
[INFO] [stdout]   [34mDEBUG[0m  [34mComparing output to /opt/rustwide/workdir/tests/__swc_snapshots__/src/reserved_word.rs/export_as_default.js[0m
[INFO] [stdout]     [2;3mat[0m /opt/rustwide/cargo-home/registry/src/index.crates.io-6f17d22bba15001f/testing-0.35.14/src/output.rs:163
[INFO] [stdout] 
[INFO] [stdout] thread 'reserved_word::tests::export_as_default' panicked at /opt/rustwide/cargo-home/registry/src/index.crates.io-6f17d22bba15001f/testing-0.35.14/src/output.rs:164:48:
[INFO] [stdout] failed to run `mkdir -p`: Os { code: 30, kind: ReadOnlyFilesystem, message: "Read-only file system" }
[INFO] [stdout] stack backtrace:
[INFO] [stdout]    0:     0x5580713fd0fc - std::backtrace_rs::backtrace::libunwind::trace::ha637c64ce894333a
[INFO] [stdout]                                at /rustc/82e1608dfa6e0b5569232559e3d385fea5a93112/library/std/src/../../backtrace/src/backtrace/libunwind.rs:104:5
[INFO] [stdout]    1:     0x5580713fd0fc - std::backtrace_rs::backtrace::trace_unsynchronized::h47f62dea28e0c88d
[INFO] [stdout]                                at /rustc/82e1608dfa6e0b5569232559e3d385fea5a93112/library/std/src/../../backtrace/src/backtrace/mod.rs:66:5
[INFO] [stdout]    2:     0x5580713fd0fc - std::sys_common::backtrace::_print_fmt::h9eef0abe20ede486
[INFO] [stdout]                                at /rustc/82e1608dfa6e0b5569232559e3d385fea5a93112/library/std/src/sys_common/backtrace.rs:67:5
[INFO] [stdout]    3:     0x5580713fd0fc - <std::sys_common::backtrace::_print::DisplayBacktrace as core::fmt::Display>::fmt::hed7f999df88cc644
[INFO] [stdout]                                at /rustc/82e1608dfa6e0b5569232559e3d385fea5a93112/library/std/src/sys_common/backtrace.rs:44:22
[INFO] [stdout]    4:     0x558071428d60 - core::fmt::rt::Argument::fmt::h1539a9308b8d058d
[INFO] [stdout]                                at /rustc/82e1608dfa6e0b5569232559e3d385fea5a93112/library/core/src/fmt/rt.rs:142:9
[INFO] [stdout]    5:     0x558071428d60 - core::fmt::write::h3a39390d8560d9c9
[INFO] [stdout]                                at /rustc/82e1608dfa6e0b5569232559e3d385fea5a93112/library/core/src/fmt/mod.rs:1120:17
[INFO] [stdout]    6:     0x5580713fa6af - std::io::Write::write_fmt::h040b369f3a0f9cbc
[INFO] [stdout]                                at /rustc/82e1608dfa6e0b5569232559e3d385fea5a93112/library/std/src/io/mod.rs:1762:15
[INFO] [stdout]    7:     0x5580713fcee4 - std::sys_common::backtrace::_print::h894006fb5c6f3d45
[INFO] [stdout]                                at /rustc/82e1608dfa6e0b5569232559e3d385fea5a93112/library/std/src/sys_common/backtrace.rs:47:5
[INFO] [stdout]    8:     0x5580713fcee4 - std::sys_common::backtrace::print::h23a2d212c6fff936
[INFO] [stdout]                                at /rustc/82e1608dfa6e0b5569232559e3d385fea5a93112/library/std/src/sys_common/backtrace.rs:34:9
[INFO] [stdout]    9:     0x5580713feba7 - std::panicking::default_hook::{{closure}}::h8a1d2ee00185001a
[INFO] [stdout]   10:     0x5580713fe893 - std::panicking::default_hook::h6038f2eba384e475
[INFO] [stdout]                                at /rustc/82e1608dfa6e0b5569232559e3d385fea5a93112/library/std/src/panicking.rs:289:9
[INFO] [stdout]   11:     0x558070865b07 - <alloc::boxed::Box<F,A> as core::ops::function::Fn<Args>>::call::h0ad024c9bdc6d768
[INFO] [stdout]                                at /rustc/82e1608dfa6e0b5569232559e3d385fea5a93112/library/alloc/src/boxed.rs:2021:9
[INFO] [stdout]   12:     0x558070865b07 - test::test_main::{{closure}}::h7500b54257359db6
[INFO] [stdout]                                at /rustc/82e1608dfa6e0b5569232559e3d385fea5a93112/library/test/src/lib.rs:138:21
[INFO] [stdout]   13:     0x5580713ff1b8 - <alloc::boxed::Box<F,A> as core::ops::function::Fn<Args>>::call::h1f8f335eaa9cfaee
[INFO] [stdout]                                at /rustc/82e1608dfa6e0b5569232559e3d385fea5a93112/library/alloc/src/boxed.rs:2021:9
[INFO] [stdout]   14:     0x5580713ff1b8 - std::panicking::rust_panic_with_hook::h2b5517d590cab22e
[INFO] [stdout]                                at /rustc/82e1608dfa6e0b5569232559e3d385fea5a93112/library/std/src/panicking.rs:783:13
[INFO] [stdout]   15:     0x5580713fef0e - std::panicking::begin_panic_handler::{{closure}}::h233112c06e0ef43e
[INFO] [stdout]                                at /rustc/82e1608dfa6e0b5569232559e3d385fea5a93112/library/std/src/panicking.rs:657:13
[INFO] [stdout]   16:     0x5580713fd5c6 - std::sys_common::backtrace::__rust_end_short_backtrace::h6e893f24d7ebbff8
[INFO] [stdout]                                at /rustc/82e1608dfa6e0b5569232559e3d385fea5a93112/library/std/src/sys_common/backtrace.rs:170:18
[INFO] [stdout]   17:     0x5580713fec72 - rust_begin_unwind
[INFO] [stdout]                                at /rustc/82e1608dfa6e0b5569232559e3d385fea5a93112/library/std/src/panicking.rs:645:5
[INFO] [stdout]   18:     0x5580707a23c5 - core::panicking::panic_fmt::hbf0e066aabfa482c
[INFO] [stdout]                                at /rustc/82e1608dfa6e0b5569232559e3d385fea5a93112/library/core/src/panicking.rs:72:14
[INFO] [stdout]   19:     0x5580707a29f3 - core::result::unwrap_failed::hddb4fea594200c52
[INFO] [stdout]                                at /rustc/82e1608dfa6e0b5569232559e3d385fea5a93112/library/core/src/result.rs:1653:5
[INFO] [stdout]   20:     0x558070a3ddcf - core::result::Result<T,E>::expect::h14979202a0d4de93
[INFO] [stdout]                                at /rustc/82e1608dfa6e0b5569232559e3d385fea5a93112/library/core/src/result.rs:1034:23
[INFO] [stdout]   21:     0x55807089719f - testing::output::NormalizedOutput::compare_to_file::h6bb0d13b8a9da09e
[INFO] [stdout]                                at /opt/rustwide/cargo-home/registry/src/index.crates.io-6f17d22bba15001f/testing-0.35.14/src/output.rs:164:9
[INFO] [stdout]   22:     0x5580708c45ef - swc_ecma_transforms_testing::test_fixture_inner::h6594695ccf8bf129
[INFO] [stdout]                                at /opt/rustwide/cargo-home/registry/src/index.crates.io-6f17d22bba15001f/swc_ecma_transforms_testing-0.137.60/src/lib.rs:878:13
[INFO] [stdout]   23:     0x558070821aa8 - swc_ecma_transforms_testing::test_inlined_transform::hd80b1cc2419577f5
[INFO] [stdout]                                at /opt/rustwide/cargo-home/registry/src/index.crates.io-6f17d22bba15001f/swc_ecma_transforms_testing-0.137.60/src/lib.rs:379:5
[INFO] [stdout]   24:     0x558070827710 - swc_ecma_compat_es3::reserved_word::tests::export_as_default::he6ee7b4e321ff12d
[INFO] [stdout]                                at /opt/rustwide/cargo-home/registry/src/index.crates.io-6f17d22bba15001f/swc_ecma_transforms_testing-0.137.60/src/lib.rs:411:13
[INFO] [stdout]   25:     0x5580708276b7 - swc_ecma_compat_es3::reserved_word::tests::export_as_default::{{closure}}::hb937db286f98e840
[INFO] [stdout]                                at /opt/rustwide/cargo-home/registry/src/index.crates.io-6f17d22bba15001f/swc_ecma_transforms_testing-0.137.60/src/lib.rs:410:24
[INFO] [stdout]   26:     0x5580708297e6 - core::ops::function::FnOnce::call_once::h507063d4fb38e688
[INFO] [stdout]                                at /rustc/82e1608dfa6e0b5569232559e3d385fea5a93112/library/core/src/ops/function.rs:250:5
[INFO] [stdout]   27:     0x55807086b15f - core::ops::function::FnOnce::call_once::h2b5d431d5046312d
[INFO] [stdout]                                at /rustc/82e1608dfa6e0b5569232559e3d385fea5a93112/library/core/src/ops/function.rs:250:5
[INFO] [stdout]   28:     0x55807086b15f - test::__rust_begin_short_backtrace::h7714669af176e207
[INFO] [stdout]                                at /rustc/82e1608dfa6e0b5569232559e3d385fea5a93112/library/test/src/lib.rs:628:18
[INFO] [stdout]   29:     0x55807086a175 - test::run_test_in_process::{{closure}}::h85218797dcbcec12
[INFO] [stdout]                                at /rustc/82e1608dfa6e0b5569232559e3d385fea5a93112/library/test/src/lib.rs:651:60
[INFO] [stdout]   30:     0x55807086a175 - <core::panic::unwind_safe::AssertUnwindSafe<F> as core::ops::function::FnOnce<()>>::call_once::h76c106ea31c14d7b
[INFO] [stdout]                                at /rustc/82e1608dfa6e0b5569232559e3d385fea5a93112/library/core/src/panic/unwind_safe.rs:272:9
[INFO] [stdout]   31:     0x55807086a175 - std::panicking::try::do_call::h3bd5d0f6620ee946
[INFO] [stdout]                                at /rustc/82e1608dfa6e0b5569232559e3d385fea5a93112/library/std/src/panicking.rs:552:40
[INFO] [stdout]   32:     0x55807086a175 - std::panicking::try::h232e535e4744fe31
[INFO] [stdout]                                at /rustc/82e1608dfa6e0b5569232559e3d385fea5a93112/library/std/src/panicking.rs:516:19
[INFO] [stdout]   33:     0x55807086a175 - std::panic::catch_unwind::h3ce3bd6ca8dbac68
[INFO] [stdout]                                at /rustc/82e1608dfa6e0b5569232559e3d385fea5a93112/library/std/src/panic.rs:142:14
[INFO] [stdout]   34:     0x55807086a175 - test::run_test_in_process::hc97b257c9621286a
[INFO] [stdout]                                at /rustc/82e1608dfa6e0b5569232559e3d385fea5a93112/library/test/src/lib.rs:651:27
[INFO] [stdout]   35:     0x55807086a175 - test::run_test::{{closure}}::h2aa798823a438d38
[INFO] [stdout]                                at /rustc/82e1608dfa6e0b5569232559e3d385fea5a93112/library/test/src/lib.rs:574:43
[INFO] [stdout]   36:     0x558070832436 - test::run_test::{{closure}}::h87d231c78fb59832
[INFO] [stdout]                                at /rustc/82e1608dfa6e0b5569232559e3d385fea5a93112/library/test/src/lib.rs:602:41
[INFO] [stdout]   37:     0x558070832436 - std::sys_common::backtrace::__rust_begin_short_backtrace::he6df152596625789
[INFO] [stdout]                                at /rustc/82e1608dfa6e0b5569232559e3d385fea5a93112/library/std/src/sys_common/backtrace.rs:154:18
[INFO] [stdout]   38:     0x5580708374e7 - std::thread::Builder::spawn_unchecked_::{{closure}}::{{closure}}::ha94be15d1e0acf36
[INFO] [stdout]                                at /rustc/82e1608dfa6e0b5569232559e3d385fea5a93112/library/std/src/thread/mod.rs:529:17
[INFO] [stdout]   39:     0x5580708374e7 - <core::panic::unwind_safe::AssertUnwindSafe<F> as core::ops::function::FnOnce<()>>::call_once::h9dc6bd6372f16606
[INFO] [stdout]                                at /rustc/82e1608dfa6e0b5569232559e3d385fea5a93112/library/core/src/panic/unwind_safe.rs:272:9
[INFO] [stdout]   40:     0x5580708374e7 - std::panicking::try::do_call::h9057517f80303cd4
[INFO] [stdout]                                at /rustc/82e1608dfa6e0b5569232559e3d385fea5a93112/library/std/src/panicking.rs:552:40
[INFO] [stdout]   41:     0x5580708374e7 - std::panicking::try::he3a30b11ee45340c
[INFO] [stdout]                                at /rustc/82e1608dfa6e0b5569232559e3d385fea5a93112/library/std/src/panicking.rs:516:19
[INFO] [stdout]   42:     0x5580708374e7 - std::panic::catch_unwind::h410458cfd3528b8b
[INFO] [stdout]                                at /rustc/82e1608dfa6e0b5569232559e3d385fea5a93112/library/std/src/panic.rs:142:14
[INFO] [stdout]   43:     0x5580708374e7 - std::thread::Builder::spawn_unchecked_::{{closure}}::h72ac3bdb567b737b
[INFO] [stdout]                                at /rustc/82e1608dfa6e0b5569232559e3d385fea5a93112/library/std/src/thread/mod.rs:528:30
[INFO] [stdout]   44:     0x5580708374e7 - core::ops::function::FnOnce::call_once{{vtable.shim}}::h38f34da3654a8344
[INFO] [stdout]                                at /rustc/82e1608dfa6e0b5569232559e3d385fea5a93112/library/core/src/ops/function.rs:250:5
[INFO] [stdout]   45:     0x558071403f45 - <alloc::boxed::Box<F,A> as core::ops::function::FnOnce<Args>>::call_once::hc7eafaff61e32df9
[INFO] [stdout]                                at /rustc/82e1608dfa6e0b5569232559e3d385fea5a93112/library/alloc/src/boxed.rs:2007:9
[INFO] [stdout]   46:     0x558071403f45 - <alloc::boxed::Box<F,A> as core::ops::function::FnOnce<Args>>::call_once::h6ba4a5de48dd2304
[INFO] [stdout]                                at /rustc/82e1608dfa6e0b5569232559e3d385fea5a93112/library/alloc/src/boxed.rs:2007:9
[INFO] [stdout]   47:     0x558071403f45 - std::sys::unix::thread::Thread::new::thread_start::he469335aef763e45
[INFO] [stdout]                                at /rustc/82e1608dfa6e0b5569232559e3d385fea5a93112/library/std/src/sys/unix/thread.rs:108:17
[INFO] [stdout]   48:     0x7fba11cbcac3 - <unknown>
[INFO] [stdout]   49:     0x7fba11d4dbf4 - __clone
[INFO] [stdout]   50:                0x0 - <unknown>
[INFO] [stdout] 
[INFO] [stdout] ---- member_expr_lits::tests::issue_211 stdout ----
[INFO] [stdout]   [32m INFO[0m  [32mDiagnostics will be printed to stderr as logging level is trace or debug[0m
[INFO] [stdout]     [2;3mat[0m /opt/rustwide/cargo-home/registry/src/index.crates.io-6f17d22bba15001f/testing-0.35.14/src/errors/stderr.rs:17
[INFO] [stdout] 
[INFO] [stdout] ----- [32mExpected[0m -----
[INFO] [stdout] 
[INFO] [stdout]   [32m INFO[0m  [32mDiagnostics will be printed to stderr as logging level is trace or debug[0m
[INFO] [stdout]     [2;3mat[0m /opt/rustwide/cargo-home/registry/src/index.crates.io-6f17d22bba15001f/testing-0.35.14/src/errors/stderr.rs:17
[INFO] [stdout] 
[INFO] [stdout] ----- [32mInput[0m -----
[INFO] [stdout] _query[idx]=$this.attr('data-ref');
[INFO] [stdout] ----- [32mActual[0m -----
[INFO] [stdout] _query[idx] = $this.attr('data-ref');
[INFO] [stdout] 
[INFO] [stdout]   [34mDEBUG[0m  [34mcompare_to_file: failed to canonicalize outfile path `/opt/rustwide/workdir/tests/__swc_snapshots__/src/member_expr_lits.rs/issue_211.js`: Os { code: 2, kind: NotFound, message: "No such file or directory" }[0m
[INFO] [stdout]     [2;3mat[0m /opt/rustwide/cargo-home/registry/src/index.crates.io-6f17d22bba15001f/testing-0.35.14/src/output.rs:137
[INFO] [stdout] 
[INFO] [stdout]   [34mDEBUG[0m  [34mComparing output to /opt/rustwide/workdir/tests/__swc_snapshots__/src/member_expr_lits.rs/issue_211.js[0m
[INFO] [stdout]     [2;3mat[0m /opt/rustwide/cargo-home/registry/src/index.crates.io-6f17d22bba15001f/testing-0.35.14/src/output.rs:163
[INFO] [stdout] 
[INFO] [stdout] thread 'member_expr_lits::tests::issue_211' panicked at /opt/rustwide/cargo-home/registry/src/index.crates.io-6f17d22bba15001f/testing-0.35.14/src/output.rs:164:48:
[INFO] [stdout] failed to run `mkdir -p`: Os { code: 30, kind: ReadOnlyFilesystem, message: "Read-only file system" }
[INFO] [stdout] stack backtrace:
[INFO] [stdout]    0:     0x5580713fd0fc - std::backtrace_rs::backtrace::libunwind::trace::ha637c64ce894333a
[INFO] [stdout]                                at /rustc/82e1608dfa6e0b5569232559e3d385fea5a93112/library/std/src/../../backtrace/src/backtrace/libunwind.rs:104:5
[INFO] [stdout]    1:     0x5580713fd0fc - std::backtrace_rs::backtrace::trace_unsynchronized::h47f62dea28e0c88d
[INFO] [stdout]                                at /rustc/82e1608dfa6e0b5569232559e3d385fea5a93112/library/std/src/../../backtrace/src/backtrace/mod.rs:66:5
[INFO] [stdout]    2:     0x5580713fd0fc - std::sys_common::backtrace::_print_fmt::h9eef0abe20ede486
[INFO] [stdout]                                at /rustc/82e1608dfa6e0b5569232559e3d385fea5a93112/library/std/src/sys_common/backtrace.rs:67:5
[INFO] [stdout]    3:     0x5580713fd0fc - <std::sys_common::backtrace::_print::DisplayBacktrace as core::fmt::Display>::fmt::hed7f999df88cc644
[INFO] [stdout]                                at /rustc/82e1608dfa6e0b5569232559e3d385fea5a93112/library/std/src/sys_common/backtrace.rs:44:22
[INFO] [stdout]    4:     0x558071428d60 - core::fmt::rt::Argument::fmt::h1539a9308b8d058d
[INFO] [stdout]                                at /rustc/82e1608dfa6e0b5569232559e3d385fea5a93112/library/core/src/fmt/rt.rs:142:9
[INFO] [stdout]    5:     0x558071428d60 - core::fmt::write::h3a39390d8560d9c9
[INFO] [stdout]                                at /rustc/82e1608dfa6e0b5569232559e3d385fea5a93112/library/core/src/fmt/mod.rs:1120:17
[INFO] [stdout]    6:     0x5580713fa6af - std::io::Write::write_fmt::h040b369f3a0f9cbc
[INFO] [stdout]                                at /rustc/82e1608dfa6e0b5569232559e3d385fea5a93112/library/std/src/io/mod.rs:1762:15
[INFO] [stdout]    7:     0x5580713fcee4 - std::sys_common::backtrace::_print::h894006fb5c6f3d45
[INFO] [stdout]                                at /rustc/82e1608dfa6e0b5569232559e3d385fea5a93112/library/std/src/sys_common/backtrace.rs:47:5
[INFO] [stdout]    8:     0x5580713fcee4 - std::sys_common::backtrace::print::h23a2d212c6fff936
[INFO] [stdout]                                at /rustc/82e1608dfa6e0b5569232559e3d385fea5a93112/library/std/src/sys_common/backtrace.rs:34:9
[INFO] [stdout]    9:     0x5580713feba7 - std::panicking::default_hook::{{closure}}::h8a1d2ee00185001a
[INFO] [stdout]   10:     0x5580713fe893 - std::panicking::default_hook::h6038f2eba384e475
[INFO] [stdout]                                at /rustc/82e1608dfa6e0b5569232559e3d385fea5a93112/library/std/src/panicking.rs:289:9
[INFO] [stdout]   11:     0x558070865b07 - <alloc::boxed::Box<F,A> as core::ops::function::Fn<Args>>::call::h0ad024c9bdc6d768
[INFO] [stdout]                                at /rustc/82e1608dfa6e0b5569232559e3d385fea5a93112/library/alloc/src/boxed.rs:2021:9
[INFO] [stdout]   12:     0x558070865b07 - test::test_main::{{closure}}::h7500b54257359db6
[INFO] [stdout]                                at /rustc/82e1608dfa6e0b5569232559e3d385fea5a93112/library/test/src/lib.rs:138:21
[INFO] [stdout]   13:     0x5580713ff1b8 - <alloc::boxed::Box<F,A> as core::ops::function::Fn<Args>>::call::h1f8f335eaa9cfaee
[INFO] [stdout]                                at /rustc/82e1608dfa6e0b5569232559e3d385fea5a93112/library/alloc/src/boxed.rs:2021:9
[INFO] [stdout]   14:     0x5580713ff1b8 - std::panicking::rust_panic_with_hook::h2b5517d590cab22e
[INFO] [stdout]                                at /rustc/82e1608dfa6e0b5569232559e3d385fea5a93112/library/std/src/panicking.rs:783:13
[INFO] [stdout]   15:     0x5580713fef0e - std::panicking::begin_panic_handler::{{closure}}::h233112c06e0ef43e
[INFO] [stdout]                                at /rustc/82e1608dfa6e0b5569232559e3d385fea5a93112/library/std/src/panicking.rs:657:13
[INFO] [stdout]   16:     0x5580713fd5c6 - std::sys_common::backtrace::__rust_end_short_backtrace::h6e893f24d7ebbff8
[INFO] [stdout]                                at /rustc/82e1608dfa6e0b5569232559e3d385fea5a93112/library/std/src/sys_common/backtrace.rs:170:18
[INFO] [stdout]   17:     0x5580713fec72 - rust_begin_unwind
[INFO] [stdout]                                at /rustc/82e1608dfa6e0b5569232559e3d385fea5a93112/library/std/src/panicking.rs:645:5
[INFO] [stdout]   18:     0x5580707a23c5 - core::panicking::panic_fmt::hbf0e066aabfa482c
[INFO] [stdout]                                at /rustc/82e1608dfa6e0b5569232559e3d385fea5a93112/library/core/src/panicking.rs:72:14
[INFO] [stdout]   19:     0x5580707a29f3 - core::result::unwrap_failed::hddb4fea594200c52
[INFO] [stdout]                                at /rustc/82e1608dfa6e0b5569232559e3d385fea5a93112/library/core/src/result.rs:1653:5
[INFO] [stdout]   20:     0x558070a3ddcf - core::result::Result<T,E>::expect::h14979202a0d4de93
[INFO] [stdout]                                at /rustc/82e1608dfa6e0b5569232559e3d385fea5a93112/library/core/src/result.rs:1034:23
[INFO] [stdout]   21:     0x55807089719f - testing::output::NormalizedOutput::compare_to_file::h6bb0d13b8a9da09e
[INFO] [stdout]                                at /opt/rustwide/cargo-home/registry/src/index.crates.io-6f17d22bba15001f/testing-0.35.14/src/output.rs:164:9
[INFO] [stdout]   22:     0x5580708c45ef - swc_ecma_transforms_testing::test_fixture_inner::h6594695ccf8bf129
[INFO] [stdout]                                at /opt/rustwide/cargo-home/registry/src/index.crates.io-6f17d22bba15001f/swc_ecma_transforms_testing-0.137.60/src/lib.rs:878:13
[INFO] [stdout]   23:     0x55807081e868 - swc_ecma_transforms_testing::test_inlined_transform::h1b8d8a27ab5c89bd
[INFO] [stdout]                                at /opt/rustwide/cargo-home/registry/src/index.crates.io-6f17d22bba15001f/swc_ecma_transforms_testing-0.137.60/src/lib.rs:379:5
[INFO] [stdout]   24:     0x558070825b10 - swc_ecma_compat_es3::member_expr_lits::tests::issue_211::hd9b53660b3edd290
[INFO] [stdout]                                at /opt/rustwide/cargo-home/registry/src/index.crates.io-6f17d22bba15001f/swc_ecma_transforms_testing-0.137.60/src/lib.rs:411:13
[INFO] [stdout]   25:     0x558070825ab7 - swc_ecma_compat_es3::member_expr_lits::tests::issue_211::{{closure}}::hf178f0c631865e00
[INFO] [stdout]                                at /opt/rustwide/cargo-home/registry/src/index.crates.io-6f17d22bba15001f/swc_ecma_transforms_testing-0.137.60/src/lib.rs:410:24
[INFO] [stdout]   26:     0x5580708296a6 - core::ops::function::FnOnce::call_once::h3135b8ca31a5a875
[INFO] [stdout]                                at /rustc/82e1608dfa6e0b5569232559e3d385fea5a93112/library/core/src/ops/function.rs:250:5
[INFO] [stdout]   27:     0x55807086b15f - core::ops::function::FnOnce::call_once::h2b5d431d5046312d
[INFO] [stdout]                                at /rustc/82e1608dfa6e0b5569232559e3d385fea5a93112/library/core/src/ops/function.rs:250:5
[INFO] [stdout]   28:     0x55807086b15f - test::__rust_begin_short_backtrace::h7714669af176e207
[INFO] [stdout]                                at /rustc/82e1608dfa6e0b5569232559e3d385fea5a93112/library/test/src/lib.rs:628:18
[INFO] [stdout]   29:     0x55807086a175 - test::run_test_in_process::{{closure}}::h85218797dcbcec12
[INFO] [stdout]                                at /rustc/82e1608dfa6e0b5569232559e3d385fea5a93112/library/test/src/lib.rs:651:60
[INFO] [stdout]   30:     0x55807086a175 - <core::panic::unwind_safe::AssertUnwindSafe<F> as core::ops::function::FnOnce<()>>::call_once::h76c106ea31c14d7b
[INFO] [stdout]                                at /rustc/82e1608dfa6e0b5569232559e3d385fea5a93112/library/core/src/panic/unwind_safe.rs:272:9
[INFO] [stdout]   31:     0x55807086a175 - std::panicking::try::do_call::h3bd5d0f6620ee946
[INFO] [stdout]                                at /rustc/82e1608dfa6e0b5569232559e3d385fea5a93112/library/std/src/panicking.rs:552:40
[INFO] [stdout]   32:     0x55807086a175 - std::panicking::try::h232e535e4744fe31
[INFO] [stdout]                                at /rustc/82e1608dfa6e0b5569232559e3d385fea5a93112/library/std/src/panicking.rs:516:19
[INFO] [stdout]   33:     0x55807086a175 - std::panic::catch_unwind::h3ce3bd6ca8dbac68
[INFO] [stdout]                                at /rustc/82e1608dfa6e0b5569232559e3d385fea5a93112/library/std/src/panic.rs:142:14
[INFO] [stdout]   34:     0x55807086a175 - test::run_test_in_process::hc97b257c9621286a
[INFO] [stdout]                                at /rustc/82e1608dfa6e0b5569232559e3d385fea5a93112/library/test/src/lib.rs:651:27
[INFO] [stdout]   35:     0x55807086a175 - test::run_test::{{closure}}::h2aa798823a438d38
[INFO] [stdout]                                at /rustc/82e1608dfa6e0b5569232559e3d385fea5a93112/library/test/src/lib.rs:574:43
[INFO] [stdout]   36:     0x558070832436 - test::run_test::{{closure}}::h87d231c78fb59832
[INFO] [stdout]                                at /rustc/82e1608dfa6e0b5569232559e3d385fea5a93112/library/test/src/lib.rs:602:41
[INFO] [stdout]   37:     0x558070832436 - std::sys_common::backtrace::__rust_begin_short_backtrace::he6df152596625789
[INFO] [stdout]                                at /rustc/82e1608dfa6e0b5569232559e3d385fea5a93112/library/std/src/sys_common/backtrace.rs:154:18
[INFO] [stdout]   38:     0x5580708374e7 - std::thread::Builder::spawn_unchecked_::{{closure}}::{{closure}}::ha94be15d1e0acf36
[INFO] [stdout]                                at /rustc/82e1608dfa6e0b5569232559e3d385fea5a93112/library/std/src/thread/mod.rs:529:17
[INFO] [stdout]   39:     0x5580708374e7 - <core::panic::unwind_safe::AssertUnwindSafe<F> as core::ops::function::FnOnce<()>>::call_once::h9dc6bd6372f16606
[INFO] [stdout]                                at /rustc/82e1608dfa6e0b5569232559e3d385fea5a93112/library/core/src/panic/unwind_safe.rs:272:9
[INFO] [stdout]   40:     0x5580708374e7 - std::panicking::try::do_call::h9057517f80303cd4
[INFO] [stdout]                                at /rustc/82e1608dfa6e0b5569232559e3d385fea5a93112/library/std/src/panicking.rs:552:40
[INFO] [stdout]   41:     0x5580708374e7 - std::panicking::try::he3a30b11ee45340c
[INFO] [stdout]                                at /rustc/82e1608dfa6e0b5569232559e3d385fea5a93112/library/std/src/panicking.rs:516:19
[INFO] [stdout]   42:     0x5580708374e7 - std::panic::catch_unwind::h410458cfd3528b8b
[INFO] [stdout]                                at /rustc/82e1608dfa6e0b5569232559e3d385fea5a93112/library/std/src/panic.rs:142:14
[INFO] [stdout]   43:     0x5580708374e7 - std::thread::Builder::spawn_unchecked_::{{closure}}::h72ac3bdb567b737b
[INFO] [stdout]                                at /rustc/82e1608dfa6e0b5569232559e3d385fea5a93112/library/std/src/thread/mod.rs:528:30
[INFO] [stdout]   44:     0x5580708374e7 - core::ops::function::FnOnce::call_once{{vtable.shim}}::h38f34da3654a8344
[INFO] [stdout]                                at /rustc/82e1608dfa6e0b5569232559e3d385fea5a93112/library/core/src/ops/function.rs:250:5
[INFO] [stdout]   45:     0x558071403f45 - <alloc::boxed::Box<F,A> as core::ops::function::FnOnce<Args>>::call_once::hc7eafaff61e32df9
[INFO] [stdout]                                at /rustc/82e1608dfa6e0b5569232559e3d385fea5a93112/library/alloc/src/boxed.rs:2007:9
[INFO] [stdout]   46:     0x558071403f45 - <alloc::boxed::Box<F,A> as core::ops::function::FnOnce<Args>>::call_once::h6ba4a5de48dd2304
[INFO] [stdout]                                at /rustc/82e1608dfa6e0b5569232559e3d385fea5a93112/library/alloc/src/boxed.rs:2007:9
[INFO] [stdout]   47:     0x558071403f45 - std::sys::unix::thread::Thread::new::thread_start::he469335aef763e45
[INFO] [stdout]                                at /rustc/82e1608dfa6e0b5569232559e3d385fea5a93112/library/std/src/sys/unix/thread.rs:108:17
[INFO] [stdout]   48:     0x7fba11cbcac3 - <unknown>
[INFO] [stdout]   49:     0x7fba11d4dbf4 - __clone
[INFO] [stdout]   50:                0x0 - <unknown>
[INFO] [stdout] 
[INFO] [stdout] ---- member_expr_lits::tests::issue_206 stdout ----
[INFO] [stdout]   [32m INFO[0m  [32mDiagnostics will be printed to stderr as logging level is trace or debug[0m
[INFO] [stdout]     [2;3mat[0m /opt/rustwide/cargo-home/registry/src/index.crates.io-6f17d22bba15001f/testing-0.35.14/src/errors/stderr.rs:17
[INFO] [stdout] 
[INFO] [stdout] ----- [32mExpected[0m -----
[INFO] [stdout] 
[INFO] [stdout]   [32m INFO[0m  [32mDiagnostics will be printed to stderr as logging level is trace or debug[0m
[INFO] [stdout]     [2;3mat[0m /opt/rustwide/cargo-home/registry/src/index.crates.io-6f17d22bba15001f/testing-0.35.14/src/errors/stderr.rs:17
[INFO] [stdout] 
[INFO] [stdout] ----- [32mInput[0m -----
[INFO] [stdout] const number = foo[bar1][baz1]
[INFO] [stdout] ----- [32mActual[0m -----
[INFO] [stdout]   [34mDEBUG[0m  [34mRenaming `number#0` to `number`[0m
[INFO] [stdout]     [2;3mat[0m /opt/rustwide/cargo-home/registry/src/index.crates.io-6f17d22bba15001f/swc_ecma_transforms_base-0.134.58/src/rename/analyzer/scope.rs:188
[INFO] [stdout] 
[INFO] [stdout] const number = foo[bar1][baz1];
[INFO] [stdout] 
[INFO] [stdout]   [34mDEBUG[0m  [34mcompare_to_file: failed to canonicalize outfile path `/opt/rustwide/workdir/tests/__swc_snapshots__/src/member_expr_lits.rs/issue_206.js`: Os { code: 2, kind: NotFound, message: "No such file or directory" }[0m
[INFO] [stdout]     [2;3mat[0m /opt/rustwide/cargo-home/registry/src/index.crates.io-6f17d22bba15001f/testing-0.35.14/src/output.rs:137
[INFO] [stdout] 
[INFO] [stdout]   [34mDEBUG[0m  [34mComparing output to /opt/rustwide/workdir/tests/__swc_snapshots__/src/member_expr_lits.rs/issue_206.js[0m
[INFO] [stdout]     [2;3mat[0m /opt/rustwide/cargo-home/registry/src/index.crates.io-6f17d22bba15001f/testing-0.35.14/src/output.rs:163
[INFO] [stdout] 
[INFO] [stdout] thread 'member_expr_lits::tests::issue_206' panicked at /opt/rustwide/cargo-home/registry/src/index.crates.io-6f17d22bba15001f/testing-0.35.14/src/output.rs:164:48:
[INFO] [stdout] failed to run `mkdir -p`: Os { code: 30, kind: ReadOnlyFilesystem, message: "Read-only file system" }
[INFO] [stdout] stack backtrace:
[INFO] [stdout]    0:     0x5580713fd0fc - std::backtrace_rs::backtrace::libunwind::trace::ha637c64ce894333a
[INFO] [stdout]                                at /rustc/82e1608dfa6e0b5569232559e3d385fea5a93112/library/std/src/../../backtrace/src/backtrace/libunwind.rs:104:5
[INFO] [stdout]    1:     0x5580713fd0fc - std::backtrace_rs::backtrace::trace_unsynchronized::h47f62dea28e0c88d
[INFO] [stdout]                                at /rustc/82e1608dfa6e0b5569232559e3d385fea5a93112/library/std/src/../../backtrace/src/backtrace/mod.rs:66:5
[INFO] [stdout]    2:     0x5580713fd0fc - std::sys_common::backtrace::_print_fmt::h9eef0abe20ede486
[INFO] [stdout]                                at /rustc/82e1608dfa6e0b5569232559e3d385fea5a93112/library/std/src/sys_common/backtrace.rs:67:5
[INFO] [stdout]    3:     0x5580713fd0fc - <std::sys_common::backtrace::_print::DisplayBacktrace as core::fmt::Display>::fmt::hed7f999df88cc644
[INFO] [stdout]                                at /rustc/82e1608dfa6e0b5569232559e3d385fea5a93112/library/std/src/sys_common/backtrace.rs:44:22
[INFO] [stdout]    4:     0x558071428d60 - core::fmt::rt::Argument::fmt::h1539a9308b8d058d
[INFO] [stdout]                                at /rustc/82e1608dfa6e0b5569232559e3d385fea5a93112/library/core/src/fmt/rt.rs:142:9
[INFO] [stdout]    5:     0x558071428d60 - core::fmt::write::h3a39390d8560d9c9
[INFO] [stdout]                                at /rustc/82e1608dfa6e0b5569232559e3d385fea5a93112/library/core/src/fmt/mod.rs:1120:17
[INFO] [stdout]    6:     0x5580713fa6af - std::io::Write::write_fmt::h040b369f3a0f9cbc
[INFO] [stdout]                                at /rustc/82e1608dfa6e0b5569232559e3d385fea5a93112/library/std/src/io/mod.rs:1762:15
[INFO] [stdout]    7:     0x5580713fcee4 - std::sys_common::backtrace::_print::h894006fb5c6f3d45
[INFO] [stdout]                                at /rustc/82e1608dfa6e0b5569232559e3d385fea5a93112/library/std/src/sys_common/backtrace.rs:47:5
[INFO] [stdout]    8:     0x5580713fcee4 - std::sys_common::backtrace::print::h23a2d212c6fff936
[INFO] [stdout]                                at /rustc/82e1608dfa6e0b5569232559e3d385fea5a93112/library/std/src/sys_common/backtrace.rs:34:9
[INFO] [stdout]    9:     0x5580713feba7 - std::panicking::default_hook::{{closure}}::h8a1d2ee00185001a
[INFO] [stdout]   10:     0x5580713fe893 - std::panicking::default_hook::h6038f2eba384e475
[INFO] [stdout]                                at /rustc/82e1608dfa6e0b5569232559e3d385fea5a93112/library/std/src/panicking.rs:289:9
[INFO] [stdout]   11:     0x558070865b07 - <alloc::boxed::Box<F,A> as core::ops::function::Fn<Args>>::call::h0ad024c9bdc6d768
[INFO] [stdout]                                at /rustc/82e1608dfa6e0b5569232559e3d385fea5a93112/library/alloc/src/boxed.rs:2021:9
[INFO] [stdout]   12:     0x558070865b07 - test::test_main::{{closure}}::h7500b54257359db6
[INFO] [stdout]                                at /rustc/82e1608dfa6e0b5569232559e3d385fea5a93112/library/test/src/lib.rs:138:21
[INFO] [stdout]   13:     0x5580713ff1b8 - <alloc::boxed::Box<F,A> as core::ops::function::Fn<Args>>::call::h1f8f335eaa9cfaee
[INFO] [stdout]                                at /rustc/82e1608dfa6e0b5569232559e3d385fea5a93112/library/alloc/src/boxed.rs:2021:9
[INFO] [stdout]   14:     0x5580713ff1b8 - std::panicking::rust_panic_with_hook::h2b5517d590cab22e
[INFO] [stdout]                                at /rustc/82e1608dfa6e0b5569232559e3d385fea5a93112/library/std/src/panicking.rs:783:13
[INFO] [stdout]   15:     0x5580713fef0e - std::panicking::begin_panic_handler::{{closure}}::h233112c06e0ef43e
[INFO] [stdout]                                at /rustc/82e1608dfa6e0b5569232559e3d385fea5a93112/library/std/src/panicking.rs:657:13
[INFO] [stdout]   16:     0x5580713fd5c6 - std::sys_common::backtrace::__rust_end_short_backtrace::h6e893f24d7ebbff8
[INFO] [stdout]                                at /rustc/82e1608dfa6e0b5569232559e3d385fea5a93112/library/std/src/sys_common/backtrace.rs:170:18
[INFO] [stdout]   17:     0x5580713fec72 - rust_begin_unwind
[INFO] [stdout]                                at /rustc/82e1608dfa6e0b5569232559e3d385fea5a93112/library/std/src/panicking.rs:645:5
[INFO] [stdout]   18:     0x5580707a23c5 - core::panicking::panic_fmt::hbf0e066aabfa482c
[INFO] [stdout]                                at /rustc/82e1608dfa6e0b5569232559e3d385fea5a93112/library/core/src/panicking.rs:72:14
[INFO] [stdout]   19:     0x5580707a29f3 - core::result::unwrap_failed::hddb4fea594200c52
[INFO] [stdout]                                at /rustc/82e1608dfa6e0b5569232559e3d385fea5a93112/library/core/src/result.rs:1653:5
[INFO] [stdout]   20:     0x558070a3ddcf - core::result::Result<T,E>::expect::h14979202a0d4de93
[INFO] [stdout]                                at /rustc/82e1608dfa6e0b5569232559e3d385fea5a93112/library/core/src/result.rs:1034:23
[INFO] [stdout]   21:     0x55807089719f - testing::output::NormalizedOutput::compare_to_file::h6bb0d13b8a9da09e
[INFO] [stdout]                                at /opt/rustwide/cargo-home/registry/src/index.crates.io-6f17d22bba15001f/testing-0.35.14/src/output.rs:164:9
[INFO] [stdout]   22:     0x5580708c45ef - swc_ecma_transforms_testing::test_fixture_inner::h6594695ccf8bf129
[INFO] [stdout]                                at /opt/rustwide/cargo-home/registry/src/index.crates.io-6f17d22bba15001f/swc_ecma_transforms_testing-0.137.60/src/lib.rs:878:13
[INFO] [stdout]   23:     0x55807081f0c8 - swc_ecma_transforms_testing::test_inlined_transform::h3b8e1a53cd2c653f
[INFO] [stdout]                                at /opt/rustwide/cargo-home/registry/src/index.crates.io-6f17d22bba15001f/swc_ecma_transforms_testing-0.137.60/src/lib.rs:379:5
[INFO] [stdout]   24:     0x558070825a80 - swc_ecma_compat_es3::member_expr_lits::tests::issue_206::h6048f92fe4d5955e
[INFO] [stdout]                                at /opt/rustwide/cargo-home/registry/src/index.crates.io-6f17d22bba15001f/swc_ecma_transforms_testing-0.137.60/src/lib.rs:411:13
[INFO] [stdout]   25:     0x558070825a27 - swc_ecma_compat_es3::member_expr_lits::tests::issue_206::{{closure}}::h28b4be5c2aed3f21
[INFO] [stdout]                                at /opt/rustwide/cargo-home/registry/src/index.crates.io-6f17d22bba15001f/swc_ecma_transforms_testing-0.137.60/src/lib.rs:410:24
[INFO] [stdout]   26:     0x558070829866 - core::ops::function::FnOnce::call_once::h921d49b4a43dbc00
[INFO] [stdout]                                at /rustc/82e1608dfa6e0b5569232559e3d385fea5a93112/library/core/src/ops/function.rs:250:5
[INFO] [stdout]   27:     0x55807086b15f - core::ops::function::FnOnce::call_once::h2b5d431d5046312d
[INFO] [stdout]                                at /rustc/82e1608dfa6e0b5569232559e3d385fea5a93112/library/core/src/ops/function.rs:250:5
[INFO] [stdout]   28:     0x55807086b15f - test::__rust_begin_short_backtrace::h7714669af176e207
[INFO] [stdout]                                at /rustc/82e1608dfa6e0b5569232559e3d385fea5a93112/library/test/src/lib.rs:628:18
[INFO] [stdout]   29:     0x55807086a175 - test::run_test_in_process::{{closure}}::h85218797dcbcec12
[INFO] [stdout]                                at /rustc/82e1608dfa6e0b5569232559e3d385fea5a93112/library/test/src/lib.rs:651:60
[INFO] [stdout]   30:     0x55807086a175 - <core::panic::unwind_safe::AssertUnwindSafe<F> as core::ops::function::FnOnce<()>>::call_once::h76c106ea31c14d7b
[INFO] [stdout]                                at /rustc/82e1608dfa6e0b5569232559e3d385fea5a93112/library/core/src/panic/unwind_safe.rs:272:9
[INFO] [stdout]   31:     0x55807086a175 - std::panicking::try::do_call::h3bd5d0f6620ee946
[INFO] [stdout]                                at /rustc/82e1608dfa6e0b5569232559e3d385fea5a93112/library/std/src/panicking.rs:552:40
[INFO] [stdout]   32:     0x55807086a175 - std::panicking::try::h232e535e4744fe31
[INFO] [stdout]                                at /rustc/82e1608dfa6e0b5569232559e3d385fea5a93112/library/std/src/panicking.rs:516:19
[INFO] [stdout]   33:     0x55807086a175 - std::panic::catch_unwind::h3ce3bd6ca8dbac68
[INFO] [stdout]                                at /rustc/82e1608dfa6e0b5569232559e3d385fea5a93112/library/std/src/panic.rs:142:14
[INFO] [stdout]   34:     0x55807086a175 - test::run_test_in_process::hc97b257c9621286a
[INFO] [stdout]                                at /rustc/82e1608dfa6e0b5569232559e3d385fea5a93112/library/test/src/lib.rs:651:27
[INFO] [stdout]   35:     0x55807086a175 - test::run_test::{{closure}}::h2aa798823a438d38
[INFO] [stdout]                                at /rustc/82e1608dfa6e0b5569232559e3d385fea5a93112/library/test/src/lib.rs:574:43
[INFO] [stdout]   36:     0x558070832436 - test::run_test::{{closure}}::h87d231c78fb59832
[INFO] [stdout]                                at /rustc/82e1608dfa6e0b5569232559e3d385fea5a93112/library/test/src/lib.rs:602:41
[INFO] [stdout]   37:     0x558070832436 - std::sys_common::backtrace::__rust_begin_short_backtrace::he6df152596625789
[INFO] [stdout]                                at /rustc/82e1608dfa6e0b5569232559e3d385fea5a93112/library/std/src/sys_common/backtrace.rs:154:18
[INFO] [stdout]   38:     0x5580708374e7 - std::thread::Builder::spawn_unchecked_::{{closure}}::{{closure}}::ha94be15d1e0acf36
[INFO] [stdout]                                at /rustc/82e1608dfa6e0b5569232559e3d385fea5a93112/library/std/src/thread/mod.rs:529:17
[INFO] [stdout]   39:     0x5580708374e7 - <core::panic::unwind_safe::AssertUnwindSafe<F> as core::ops::function::FnOnce<()>>::call_once::h9dc6bd6372f16606
[INFO] [stdout]                                at /rustc/82e1608dfa6e0b5569232559e3d385fea5a93112/library/core/src/panic/unwind_safe.rs:272:9
[INFO] [stdout]   40:     0x5580708374e7 - std::panicking::try::do_call::h9057517f80303cd4
[INFO] [stdout]                                at /rustc/82e1608dfa6e0b5569232559e3d385fea5a93112/library/std/src/panicking.rs:552:40
[INFO] [stdout]   41:     0x5580708374e7 - std::panicking::try::he3a30b11ee45340c
[INFO] [stdout]                                at /rustc/82e1608dfa6e0b5569232559e3d385fea5a93112/library/std/src/panicking.rs:516:19
[INFO] [stdout]   42:     0x5580708374e7 - std::panic::catch_unwind::h410458cfd3528b8b
[INFO] [stdout]                                at /rustc/82e1608dfa6e0b5569232559e3d385fea5a93112/library/std/src/panic.rs:142:14
[INFO] [stdout]   43:     0x5580708374e7 - std::thread::Builder::spawn_unchecked_::{{closure}}::h72ac3bdb567b737b
[INFO] [stdout]                                at /rustc/82e1608dfa6e0b5569232559e3d385fea5a93112/library/std/src/thread/mod.rs:528:30
[INFO] [stdout]   44:     0x5580708374e7 - core::ops::function::FnOnce::call_once{{vtable.shim}}::h38f34da3654a8344
[INFO] [stdout]                                at /rustc/82e1608dfa6e0b5569232559e3d385fea5a93112/library/core/src/ops/function.rs:250:5
[INFO] [stdout]   45:     0x558071403f45 - <alloc::boxed::Box<F,A> as core::ops::function::FnOnce<Args>>::call_once::hc7eafaff61e32df9
[INFO] [stdout]                                at /rustc/82e1608dfa6e0b5569232559e3d385fea5a93112/library/alloc/src/boxed.rs:2007:9
[INFO] [stdout]   46:     0x558071403f45 - <alloc::boxed::Box<F,A> as core::ops::function::FnOnce<Args>>::call_once::h6ba4a5de48dd2304
[INFO] [stdout]                                at /rustc/82e1608dfa6e0b5569232559e3d385fea5a93112/library/alloc/src/boxed.rs:2007:9
[INFO] [stdout]   47:     0x558071403f45 - std::sys::unix::thread::Thread::new::thread_start::he469335aef763e45
[INFO] [stdout]                                at /rustc/82e1608dfa6e0b5569232559e3d385fea5a93112/library/std/src/sys/unix/thread.rs:108:17
[INFO] [stdout]   48:     0x7fba11cbcac3 - <unknown>
[INFO] [stdout]   49:     0x7fba11d4dbf4 - __clone
[INFO] [stdout]   50:                0x0 - <unknown>
[INFO] [stdout] 
[INFO] [stdout] ---- prop_lits::tests::str_lit stdout ----
[INFO] [stdout]   [32m INFO[0m  [32mDiagnostics will be printed to stderr as logging level is trace or debug[0m
[INFO] [stdout]     [2;3mat[0m /opt/rustwide/cargo-home/registry/src/index.crates.io-6f17d22bba15001f/testing-0.35.14/src/errors/stderr.rs:17
[INFO] [stdout] 
[INFO] [stdout] ----- [32mExpected[0m -----
[INFO] [stdout] 
[INFO] [stdout]   [32m INFO[0m  [32mDiagnostics will be printed to stderr as logging level is trace or debug[0m
[INFO] [stdout]     [2;3mat[0m /opt/rustwide/cargo-home/registry/src/index.crates.io-6f17d22bba15001f/testing-0.35.14/src/errors/stderr.rs:17
[INFO] [stdout] 
[INFO] [stdout] ----- [32mInput[0m -----
[INFO] [stdout] 'use strict';
[INFO] [stdout] var x = {
[INFO] [stdout]     'foo.bar': true
[INFO] [stdout] };
[INFO] [stdout] ----- [32mActual[0m -----
[INFO] [stdout]   [34mDEBUG[0m  [34mRenaming `x#0` to `x`[0m
[INFO] [stdout]     [2;3mat[0m /opt/rustwide/cargo-home/registry/src/index.crates.io-6f17d22bba15001f/swc_ecma_transforms_base-0.134.58/src/rename/analyzer/scope.rs:188
[INFO] [stdout] 
[INFO] [stdout] 'use strict';
[INFO] [stdout] var x = {
[INFO] [stdout]     'foo.bar': true
[INFO] [stdout] };
[INFO] [stdout] 
[INFO] [stdout]   [34mDEBUG[0m  [34mcompare_to_file: failed to canonicalize outfile path `/opt/rustwide/workdir/tests/__swc_snapshots__/src/prop_lits.rs/str_lit.js`: Os { code: 2, kind: NotFound, message: "No such file or directory" }[0m
[INFO] [stdout]     [2;3mat[0m /opt/rustwide/cargo-home/registry/src/index.crates.io-6f17d22bba15001f/testing-0.35.14/src/output.rs:137
[INFO] [stdout] 
[INFO] [stdout]   [34mDEBUG[0m  [34mComparing output to /opt/rustwide/workdir/tests/__swc_snapshots__/src/prop_lits.rs/str_lit.js[0m
[INFO] [stdout]     [2;3mat[0m /opt/rustwide/cargo-home/registry/src/index.crates.io-6f17d22bba15001f/testing-0.35.14/src/output.rs:163
[INFO] [stdout] 
[INFO] [stdout] thread 'prop_lits::tests::str_lit' panicked at /opt/rustwide/cargo-home/registry/src/index.crates.io-6f17d22bba15001f/testing-0.35.14/src/output.rs:164:48:
[INFO] [stdout] failed to run `mkdir -p`: Os { code: 30, kind: ReadOnlyFilesystem, message: "Read-only file system" }
[INFO] [stdout] stack backtrace:
[INFO] [stdout]    0:     0x5580713fd0fc - std::backtrace_rs::backtrace::libunwind::trace::ha637c64ce894333a
[INFO] [stdout]                                at /rustc/82e1608dfa6e0b5569232559e3d385fea5a93112/library/std/src/../../backtrace/src/backtrace/libunwind.rs:104:5
[INFO] [stdout]    1:     0x5580713fd0fc - std::backtrace_rs::backtrace::trace_unsynchronized::h47f62dea28e0c88d
[INFO] [stdout]                                at /rustc/82e1608dfa6e0b5569232559e3d385fea5a93112/library/std/src/../../backtrace/src/backtrace/mod.rs:66:5
[INFO] [stdout]    2:     0x5580713fd0fc - std::sys_common::backtrace::_print_fmt::h9eef0abe20ede486
[INFO] [stdout]                                at /rustc/82e1608dfa6e0b5569232559e3d385fea5a93112/library/std/src/sys_common/backtrace.rs:67:5
[INFO] [stdout]    3:     0x5580713fd0fc - <std::sys_common::backtrace::_print::DisplayBacktrace as core::fmt::Display>::fmt::hed7f999df88cc644
[INFO] [stdout]                                at /rustc/82e1608dfa6e0b5569232559e3d385fea5a93112/library/std/src/sys_common/backtrace.rs:44:22
[INFO] [stdout]    4:     0x558071428d60 - core::fmt::rt::Argument::fmt::h1539a9308b8d058d
[INFO] [stdout]                                at /rustc/82e1608dfa6e0b5569232559e3d385fea5a93112/library/core/src/fmt/rt.rs:142:9
[INFO] [stdout]    5:     0x558071428d60 - core::fmt::write::h3a39390d8560d9c9
[INFO] [stdout]                                at /rustc/82e1608dfa6e0b5569232559e3d385fea5a93112/library/core/src/fmt/mod.rs:1120:17
[INFO] [stdout]    6:     0x5580713fa6af - std::io::Write::write_fmt::h040b369f3a0f9cbc
[INFO] [stdout]                                at /rustc/82e1608dfa6e0b5569232559e3d385fea5a93112/library/std/src/io/mod.rs:1762:15
[INFO] [stdout]    7:     0x5580713fcee4 - std::sys_common::backtrace::_print::h894006fb5c6f3d45
[INFO] [stdout]                                at /rustc/82e1608dfa6e0b5569232559e3d385fea5a93112/library/std/src/sys_common/backtrace.rs:47:5
[INFO] [stdout]    8:     0x5580713fcee4 - std::sys_common::backtrace::print::h23a2d212c6fff936
[INFO] [stdout]                                at /rustc/82e1608dfa6e0b5569232559e3d385fea5a93112/library/std/src/sys_common/backtrace.rs:34:9
[INFO] [stdout]    9:     0x5580713feba7 - std::panicking::default_hook::{{closure}}::h8a1d2ee00185001a
[INFO] [stdout]   10:     0x5580713fe893 - std::panicking::default_hook::h6038f2eba384e475
[INFO] [stdout]                                at /rustc/82e1608dfa6e0b5569232559e3d385fea5a93112/library/std/src/panicking.rs:289:9
[INFO] [stdout]   11:     0x558070865b07 - <alloc::boxed::Box<F,A> as core::ops::function::Fn<Args>>::call::h0ad024c9bdc6d768
[INFO] [stdout]                                at /rustc/82e1608dfa6e0b5569232559e3d385fea5a93112/library/alloc/src/boxed.rs:2021:9
[INFO] [stdout]   12:     0x558070865b07 - test::test_main::{{closure}}::h7500b54257359db6
[INFO] [stdout]                                at /rustc/82e1608dfa6e0b5569232559e3d385fea5a93112/library/test/src/lib.rs:138:21
[INFO] [stdout]   13:     0x5580713ff1b8 - <alloc::boxed::Box<F,A> as core::ops::function::Fn<Args>>::call::h1f8f335eaa9cfaee
[INFO] [stdout]                                at /rustc/82e1608dfa6e0b5569232559e3d385fea5a93112/library/alloc/src/boxed.rs:2021:9
[INFO] [stdout]   14:     0x5580713ff1b8 - std::panicking::rust_panic_with_hook::h2b5517d590cab22e
[INFO] [stdout]                                at /rustc/82e1608dfa6e0b5569232559e3d385fea5a93112/library/std/src/panicking.rs:783:13
[INFO] [stdout]   15:     0x5580713fef0e - std::panicking::begin_panic_handler::{{closure}}::h233112c06e0ef43e
[INFO] [stdout]                                at /rustc/82e1608dfa6e0b5569232559e3d385fea5a93112/library/std/src/panicking.rs:657:13
[INFO] [stdout]   16:     0x5580713fd5c6 - std::sys_common::backtrace::__rust_end_short_backtrace::h6e893f24d7ebbff8
[INFO] [stdout]                                at /rustc/82e1608dfa6e0b5569232559e3d385fea5a93112/library/std/src/sys_common/backtrace.rs:170:18
[INFO] [stdout]   17:     0x5580713fec72 - rust_begin_unwind
[INFO] [stdout]                                at /rustc/82e1608dfa6e0b5569232559e3d385fea5a93112/library/std/src/panicking.rs:645:5
[INFO] [stdout]   18:     0x5580707a23c5 - core::panicking::panic_fmt::hbf0e066aabfa482c
[INFO] [stdout]                                at /rustc/82e1608dfa6e0b5569232559e3d385fea5a93112/library/core/src/panicking.rs:72:14
[INFO] [stdout]   19:     0x5580707a29f3 - core::result::unwrap_failed::hddb4fea594200c52
[INFO] [stdout]                                at /rustc/82e1608dfa6e0b5569232559e3d385fea5a93112/library/core/src/result.rs:1653:5
[INFO] [stdout]   20:     0x558070a3ddcf - core::result::Result<T,E>::expect::h14979202a0d4de93
[INFO] [stdout]                                at /rustc/82e1608dfa6e0b5569232559e3d385fea5a93112/library/core/src/result.rs:1034:23
[INFO] [stdout]   21:     0x55807089719f - testing::output::NormalizedOutput::compare_to_file::h6bb0d13b8a9da09e
[INFO] [stdout]                                at /opt/rustwide/cargo-home/registry/src/index.crates.io-6f17d22bba15001f/testing-0.35.14/src/output.rs:164:9
[INFO] [stdout]   22:     0x5580708c45ef - swc_ecma_transforms_testing::test_fixture_inner::h6594695ccf8bf129
[INFO] [stdout]                                at /opt/rustwide/cargo-home/registry/src/index.crates.io-6f17d22bba15001f/swc_ecma_transforms_testing-0.137.60/src/lib.rs:878:13
[INFO] [stdout]   23:     0x5580708209e8 - swc_ecma_transforms_testing::test_inlined_transform::ha7788c7903d06f51
[INFO] [stdout]                                at /opt/rustwide/cargo-home/registry/src/index.crates.io-6f17d22bba15001f/swc_ecma_transforms_testing-0.137.60/src/lib.rs:379:5
[INFO] [stdout]   24:     0x5580708275e3 - swc_ecma_compat_es3::prop_lits::tests::str_lit::h638d0036b7e4397a
[INFO] [stdout]                                at /opt/rustwide/cargo-home/registry/src/index.crates.io-6f17d22bba15001f/swc_ecma_transforms_testing-0.137.60/src/lib.rs:418:13
[INFO] [stdout]   25:     0x558070827587 - swc_ecma_compat_es3::prop_lits::tests::str_lit::{{closure}}::hb234a20c6ab57711
[INFO] [stdout]                                at /opt/rustwide/cargo-home/registry/src/index.crates.io-6f17d22bba15001f/swc_ecma_transforms_testing-0.137.60/src/lib.rs:417:24
[INFO] [stdout]   26:     0x5580708297a6 - core::ops::function::FnOnce::call_once::h4dff32f43f1ce1b5
[INFO] [stdout]                                at /rustc/82e1608dfa6e0b5569232559e3d385fea5a93112/library/core/src/ops/function.rs:250:5
[INFO] [stdout]   27:     0x55807086b15f - core::ops::function::FnOnce::call_once::h2b5d431d5046312d
[INFO] [stdout]                                at /rustc/82e1608dfa6e0b5569232559e3d385fea5a93112/library/core/src/ops/function.rs:250:5
[INFO] [stdout]   28:     0x55807086b15f - test::__rust_begin_short_backtrace::h7714669af176e207
[INFO] [stdout]                                at /rustc/82e1608dfa6e0b5569232559e3d385fea5a93112/library/test/src/lib.rs:628:18
[INFO] [stdout]   29:     0x55807086a175 - test::run_test_in_process::{{closure}}::h85218797dcbcec12
[INFO] [stdout]                                at /rustc/82e1608dfa6e0b5569232559e3d385fea5a93112/library/test/src/lib.rs:651:60
[INFO] [stdout]   30:     0x55807086a175 - <core::panic::unwind_safe::AssertUnwindSafe<F> as core::ops::function::FnOnce<()>>::call_once::h76c106ea31c14d7b
[INFO] [stdout]                                at /rustc/82e1608dfa6e0b5569232559e3d385fea5a93112/library/core/src/panic/unwind_safe.rs:272:9
[INFO] [stdout]   31:     0x55807086a175 - std::panicking::try::do_call::h3bd5d0f6620ee946
[INFO] [stdout]                                at /rustc/82e1608dfa6e0b5569232559e3d385fea5a93112/library/std/src/panicking.rs:552:40
[INFO] [stdout]   32:     0x55807086a175 - std::panicking::try::h232e535e4744fe31
[INFO] [stdout]                                at /rustc/82e1608dfa6e0b5569232559e3d385fea5a93112/library/std/src/panicking.rs:516:19
[INFO] [stdout]   33:     0x55807086a175 - std::panic::catch_unwind::h3ce3bd6ca8dbac68
[INFO] [stdout]                                at /rustc/82e1608dfa6e0b5569232559e3d385fea5a93112/library/std/src/panic.rs:142:14
[INFO] [stdout]   34:     0x55807086a175 - test::run_test_in_process::hc97b257c9621286a
[INFO] [stdout]                                at /rustc/82e1608dfa6e0b5569232559e3d385fea5a93112/library/test/src/lib.rs:651:27
[INFO] [stdout]   35:     0x55807086a175 - test::run_test::{{closure}}::h2aa798823a438d38
[INFO] [stdout]                                at /rustc/82e1608dfa6e0b5569232559e3d385fea5a93112/library/test/src/lib.rs:574:43
[INFO] [stdout]   36:     0x558070832436 - test::run_test::{{closure}}::h87d231c78fb59832
[INFO] [stdout]                                at /rustc/82e1608dfa6e0b5569232559e3d385fea5a93112/library/test/src/lib.rs:602:41
[INFO] [stdout]   37:     0x558070832436 - std::sys_common::backtrace::__rust_begin_short_backtrace::he6df152596625789
[INFO] [stdout]                                at /rustc/82e1608dfa6e0b5569232559e3d385fea5a93112/library/std/src/sys_common/backtrace.rs:154:18
[INFO] [stdout]   38:     0x5580708374e7 - std::thread::Builder::spawn_unchecked_::{{closure}}::{{closure}}::ha94be15d1e0acf36
[INFO] [stdout]                                at /rustc/82e1608dfa6e0b5569232559e3d385fea5a93112/library/std/src/thread/mod.rs:529:17
[INFO] [stdout]   39:     0x5580708374e7 - <core::panic::unwind_safe::AssertUnwindSafe<F> as core::ops::function::FnOnce<()>>::call_once::h9dc6bd6372f16606
[INFO] [stdout]                                at /rustc/82e1608dfa6e0b5569232559e3d385fea5a93112/library/core/src/panic/unwind_safe.rs:272:9
[INFO] [stdout]   40:     0x5580708374e7 - std::panicking::try::do_call::h9057517f80303cd4
[INFO] [stdout]                                at /rustc/82e1608dfa6e0b5569232559e3d385fea5a93112/library/std/src/panicking.rs:552:40
[INFO] [stdout]   41:     0x5580708374e7 - std::panicking::try::he3a30b11ee45340c
[INFO] [stdout]                                at /rustc/82e1608dfa6e0b5569232559e3d385fea5a93112/library/std/src/panicking.rs:516:19
[INFO] [stdout]   42:     0x5580708374e7 - std::panic::catch_unwind::h410458cfd3528b8b
[INFO] [stdout]                                at /rustc/82e1608dfa6e0b5569232559e3d385fea5a93112/library/std/src/panic.rs:142:14
[INFO] [stdout]   43:     0x5580708374e7 - std::thread::Builder::spawn_unchecked_::{{closure}}::h72ac3bdb567b737b
[INFO] [stdout]                                at /rustc/82e1608dfa6e0b5569232559e3d385fea5a93112/library/std/src/thread/mod.rs:528:30
[INFO] [stdout]   44:     0x5580708374e7 - core::ops::function::FnOnce::call_once{{vtable.shim}}::h38f34da3654a8344
[INFO] [stdout]                                at /rustc/82e1608dfa6e0b5569232559e3d385fea5a93112/library/core/src/ops/function.rs:250:5
[INFO] [stdout]   45:     0x558071403f45 - <alloc::boxed::Box<F,A> as core::ops::function::FnOnce<Args>>::call_once::hc7eafaff61e32df9
[INFO] [stdout]                                at /rustc/82e1608dfa6e0b5569232559e3d385fea5a93112/library/alloc/src/boxed.rs:2007:9
[INFO] [stdout]   46:     0x558071403f45 - <alloc::boxed::Box<F,A> as core::ops::function::FnOnce<Args>>::call_once::h6ba4a5de48dd2304
[INFO] [stdout]                                at /rustc/82e1608dfa6e0b5569232559e3d385fea5a93112/library/alloc/src/boxed.rs:2007:9
[INFO] [stdout]   47:     0x558071403f45 - std::sys::unix::thread::Thread::new::thread_start::he469335aef763e45
[INFO] [stdout]                                at /rustc/82e1608dfa6e0b5569232559e3d385fea5a93112/library/std/src/sys/unix/thread.rs:108:17
[INFO] [stdout]   48:     0x7fba11cbcac3 - <unknown>
[INFO] [stdout]   49:     0x7fba11d4dbf4 - __clone
[INFO] [stdout]   50:                0x0 - <unknown>
[INFO] [stdout] 
[INFO] [stdout] ---- member_expr_lits::tests::basic stdout ----
[INFO] [stdout]   [32m INFO[0m  [32mDiagnostics will be printed to stderr as logging level is trace or debug[0m
[INFO] [stdout]     [2;3mat[0m /opt/rustwide/cargo-home/registry/src/index.crates.io-6f17d22bba15001f/testing-0.35.14/src/errors/stderr.rs:17
[INFO] [stdout] 
[INFO] [stdout] ----- [32mExpected[0m -----
[INFO] [stdout] 
[INFO] [stdout]   [32m INFO[0m  [32mDiagnostics will be printed to stderr as logging level is trace or debug[0m
[INFO] [stdout]     [2;3mat[0m /opt/rustwide/cargo-home/registry/src/index.crates.io-6f17d22bba15001f/testing-0.35.14/src/errors/stderr.rs:17
[INFO] [stdout] 
[INFO] [stdout] ----- [32mInput[0m -----
[INFO] [stdout] obj["foo"] = "isValid";
[INFO] [stdout] 
[INFO] [stdout] obj.const = "isKeyword";
[INFO] [stdout] obj["var"] = "isKeyword";
[INFO] [stdout] ----- [32mActual[0m -----
[INFO] [stdout] obj["foo"] = "isValid";
[INFO] [stdout] obj["const"] = "isKeyword";
[INFO] [stdout] obj["var"] = "isKeyword";
[INFO] [stdout] 
[INFO] [stdout]   [34mDEBUG[0m  [34mcompare_to_file: failed to canonicalize outfile path `/opt/rustwide/workdir/tests/__swc_snapshots__/src/member_expr_lits.rs/basic.js`: Os { code: 2, kind: NotFound, message: "No such file or directory" }[0m
[INFO] [stdout]     [2;3mat[0m /opt/rustwide/cargo-home/registry/src/index.crates.io-6f17d22bba15001f/testing-0.35.14/src/output.rs:137
[INFO] [stdout] 
[INFO] [stdout]   [34mDEBUG[0m  [34mComparing output to /opt/rustwide/workdir/tests/__swc_snapshots__/src/member_expr_lits.rs/basic.js[0m
[INFO] [stdout]     [2;3mat[0m /opt/rustwide/cargo-home/registry/src/index.crates.io-6f17d22bba15001f/testing-0.35.14/src/output.rs:163
[INFO] [stdout] 
[INFO] [stdout] thread 'member_expr_lits::tests::basic' panicked at /opt/rustwide/cargo-home/registry/src/index.crates.io-6f17d22bba15001f/testing-0.35.14/src/output.rs:164:48:
[INFO] [stdout] failed to run `mkdir -p`: Os { code: 30, kind: ReadOnlyFilesystem, message: "Read-only file system" }
[INFO] [stdout] stack backtrace:
[INFO] [stdout]    0:     0x5580713fd0fc - std::backtrace_rs::backtrace::libunwind::trace::ha637c64ce894333a
[INFO] [stdout]                                at /rustc/82e1608dfa6e0b5569232559e3d385fea5a93112/library/std/src/../../backtrace/src/backtrace/libunwind.rs:104:5
[INFO] [stdout]    1:     0x5580713fd0fc - std::backtrace_rs::backtrace::trace_unsynchronized::h47f62dea28e0c88d
[INFO] [stdout]                                at /rustc/82e1608dfa6e0b5569232559e3d385fea5a93112/library/std/src/../../backtrace/src/backtrace/mod.rs:66:5
[INFO] [stdout]    2:     0x5580713fd0fc - std::sys_common::backtrace::_print_fmt::h9eef0abe20ede486
[INFO] [stdout]                                at /rustc/82e1608dfa6e0b5569232559e3d385fea5a93112/library/std/src/sys_common/backtrace.rs:67:5
[INFO] [stdout]    3:     0x5580713fd0fc - <std::sys_common::backtrace::_print::DisplayBacktrace as core::fmt::Display>::fmt::hed7f999df88cc644
[INFO] [stdout]                                at /rustc/82e1608dfa6e0b5569232559e3d385fea5a93112/library/std/src/sys_common/backtrace.rs:44:22
[INFO] [stdout]    4:     0x558071428d60 - core::fmt::rt::Argument::fmt::h1539a9308b8d058d
[INFO] [stdout]                                at /rustc/82e1608dfa6e0b5569232559e3d385fea5a93112/library/core/src/fmt/rt.rs:142:9
[INFO] [stdout]    5:     0x558071428d60 - core::fmt::write::h3a39390d8560d9c9
[INFO] [stdout]                                at /rustc/82e1608dfa6e0b5569232559e3d385fea5a93112/library/core/src/fmt/mod.rs:1120:17
[INFO] [stdout]    6:     0x5580713fa6af - std::io::Write::write_fmt::h040b369f3a0f9cbc
[INFO] [stdout]                                at /rustc/82e1608dfa6e0b5569232559e3d385fea5a93112/library/std/src/io/mod.rs:1762:15
[INFO] [stdout]    7:     0x5580713fcee4 - std::sys_common::backtrace::_print::h894006fb5c6f3d45
[INFO] [stdout]                                at /rustc/82e1608dfa6e0b5569232559e3d385fea5a93112/library/std/src/sys_common/backtrace.rs:47:5
[INFO] [stdout]    8:     0x5580713fcee4 - std::sys_common::backtrace::print::h23a2d212c6fff936
[INFO] [stdout]                                at /rustc/82e1608dfa6e0b5569232559e3d385fea5a93112/library/std/src/sys_common/backtrace.rs:34:9
[INFO] [stdout]    9:     0x5580713feba7 - std::panicking::default_hook::{{closure}}::h8a1d2ee00185001a
[INFO] [stdout]   10:     0x5580713fe893 - std::panicking::default_hook::h6038f2eba384e475
[INFO] [stdout]                                at /rustc/82e1608dfa6e0b5569232559e3d385fea5a93112/library/std/src/panicking.rs:289:9
[INFO] [stdout]   11:     0x558070865b07 - <alloc::boxed::Box<F,A> as core::ops::function::Fn<Args>>::call::h0ad024c9bdc6d768
[INFO] [stdout]                                at /rustc/82e1608dfa6e0b5569232559e3d385fea5a93112/library/alloc/src/boxed.rs:2021:9
[INFO] [stdout]   12:     0x558070865b07 - test::test_main::{{closure}}::h7500b54257359db6
[INFO] [stdout]                                at /rustc/82e1608dfa6e0b5569232559e3d385fea5a93112/library/test/src/lib.rs:138:21
[INFO] [stdout]   13:     0x5580713ff1b8 - <alloc::boxed::Box<F,A> as core::ops::function::Fn<Args>>::call::h1f8f335eaa9cfaee
[INFO] [stdout]                                at /rustc/82e1608dfa6e0b5569232559e3d385fea5a93112/library/alloc/src/boxed.rs:2021:9
[INFO] [stdout]   14:     0x5580713ff1b8 - std::panicking::rust_panic_with_hook::h2b5517d590cab22e
[INFO] [stdout]                                at /rustc/82e1608dfa6e0b5569232559e3d385fea5a93112/library/std/src/panicking.rs:783:13
[INFO] [stdout]   15:     0x5580713fef0e - std::panicking::begin_panic_handler::{{closure}}::h233112c06e0ef43e
[INFO] [stdout]                                at /rustc/82e1608dfa6e0b5569232559e3d385fea5a93112/library/std/src/panicking.rs:657:13
[INFO] [stdout]   16:     0x5580713fd5c6 - std::sys_common::backtrace::__rust_end_short_backtrace::h6e893f24d7ebbff8
[INFO] [stdout]                                at /rustc/82e1608dfa6e0b5569232559e3d385fea5a93112/library/std/src/sys_common/backtrace.rs:170:18
[INFO] [stdout]   17:     0x5580713fec72 - rust_begin_unwind
[INFO] [stdout]                                at /rustc/82e1608dfa6e0b5569232559e3d385fea5a93112/library/std/src/panicking.rs:645:5
[INFO] [stdout]   18:     0x5580707a23c5 - core::panicking::panic_fmt::hbf0e066aabfa482c
[INFO] [stdout]                                at /rustc/82e1608dfa6e0b5569232559e3d385fea5a93112/library/core/src/panicking.rs:72:14
[INFO] [stdout]   19:     0x5580707a29f3 - core::result::unwrap_failed::hddb4fea594200c52
[INFO] [stdout]                                at /rustc/82e1608dfa6e0b5569232559e3d385fea5a93112/library/core/src/result.rs:1653:5
[INFO] [stdout]   20:     0x558070a3ddcf - core::result::Result<T,E>::expect::h14979202a0d4de93
[INFO] [stdout]                                at /rustc/82e1608dfa6e0b5569232559e3d385fea5a93112/library/core/src/result.rs:1034:23
[INFO] [stdout]   21:     0x55807089719f - testing::output::NormalizedOutput::compare_to_file::h6bb0d13b8a9da09e
[INFO] [stdout]                                at /opt/rustwide/cargo-home/registry/src/index.crates.io-6f17d22bba15001f/testing-0.35.14/src/output.rs:164:9
[INFO] [stdout]   22:     0x5580708c45ef - swc_ecma_transforms_testing::test_fixture_inner::h6594695ccf8bf129
[INFO] [stdout]                                at /opt/rustwide/cargo-home/registry/src/index.crates.io-6f17d22bba15001f/swc_ecma_transforms_testing-0.137.60/src/lib.rs:878:13
[INFO] [stdout]   23:     0x558070821248 - swc_ecma_transforms_testing::test_inlined_transform::hd297ab847fc9af0f
[INFO] [stdout]                                at /opt/rustwide/cargo-home/registry/src/index.crates.io-6f17d22bba15001f/swc_ecma_transforms_testing-0.137.60/src/lib.rs:379:5
[INFO] [stdout]   24:     0x5580708259f3 - swc_ecma_compat_es3::member_expr_lits::tests::basic::h0c7c34137ff52387
[INFO] [stdout]                                at /opt/rustwide/cargo-home/registry/src/index.crates.io-6f17d22bba15001f/swc_ecma_transforms_testing-0.137.60/src/lib.rs:418:13
[INFO] [stdout]   25:     0x558070825997 - swc_ecma_compat_es3::member_expr_lits::tests::basic::{{closure}}::h6ad4575a24099052
[INFO] [stdout]                                at /opt/rustwide/cargo-home/registry/src/index.crates.io-6f17d22bba15001f/swc_ecma_transforms_testing-0.137.60/src/lib.rs:417:24
[INFO] [stdout]   26:     0x558070829726 - core::ops::function::FnOnce::call_once::h3520c1be4b285224
[INFO] [stdout]                                at /rustc/82e1608dfa6e0b5569232559e3d385fea5a93112/library/core/src/ops/function.rs:250:5
[INFO] [stdout]   27:     0x55807086b15f - core::ops::function::FnOnce::call_once::h2b5d431d5046312d
[INFO] [stdout]                                at /rustc/82e1608dfa6e0b5569232559e3d385fea5a93112/library/core/src/ops/function.rs:250:5
[INFO] [stdout]   28:     0x55807086b15f - test::__rust_begin_short_backtrace::h7714669af176e207
[INFO] [stdout]                                at /rustc/82e1608dfa6e0b5569232559e3d385fea5a93112/library/test/src/lib.rs:628:18
[INFO] [stdout]   29:     0x55807086a175 - test::run_test_in_process::{{closure}}::h85218797dcbcec12
[INFO] [stdout]                                at /rustc/82e1608dfa6e0b5569232559e3d385fea5a93112/library/test/src/lib.rs:651:60
[INFO] [stdout]   30:     0x55807086a175 - <core::panic::unwind_safe::AssertUnwindSafe<F> as core::ops::function::FnOnce<()>>::call_once::h76c106ea31c14d7b
[INFO] [stdout]                                at /rustc/82e1608dfa6e0b5569232559e3d385fea5a93112/library/core/src/panic/unwind_safe.rs:272:9
[INFO] [stdout]   31:     0x55807086a175 - std::panicking::try::do_call::h3bd5d0f6620ee946
[INFO] [stdout]                                at /rustc/82e1608dfa6e0b5569232559e3d385fea5a93112/library/std/src/panicking.rs:552:40
[INFO] [stdout]   32:     0x55807086a175 - std::panicking::try::h232e535e4744fe31
[INFO] [stdout]                                at /rustc/82e1608dfa6e0b5569232559e3d385fea5a93112/library/std/src/panicking.rs:516:19
[INFO] [stdout]   33:     0x55807086a175 - std::panic::catch_unwind::h3ce3bd6ca8dbac68
[INFO] [stdout]                                at /rustc/82e1608dfa6e0b5569232559e3d385fea5a93112/library/std/src/panic.rs:142:14
[INFO] [stdout]   34:     0x55807086a175 - test::run_test_in_process::hc97b257c9621286a
[INFO] [stdout]                                at /rustc/82e1608dfa6e0b5569232559e3d385fea5a93112/library/test/src/lib.rs:651:27
[INFO] [stdout]   35:     0x55807086a175 - test::run_test::{{closure}}::h2aa798823a438d38
[INFO] [stdout]                                at /rustc/82e1608dfa6e0b5569232559e3d385fea5a93112/library/test/src/lib.rs:574:43
[INFO] [stdout]   36:     0x558070832436 - test::run_test::{{closure}}::h87d231c78fb59832
[INFO] [stdout]                                at /rustc/82e1608dfa6e0b5569232559e3d385fea5a93112/library/test/src/lib.rs:602:41
[INFO] [stdout]   37:     0x558070832436 - std::sys_common::backtrace::__rust_begin_short_backtrace::he6df152596625789
[INFO] [stdout]                                at /rustc/82e1608dfa6e0b5569232559e3d385fea5a93112/library/std/src/sys_common/backtrace.rs:154:18
[INFO] [stdout]   38:     0x5580708374e7 - std::thread::Builder::spawn_unchecked_::{{closure}}::{{closure}}::ha94be15d1e0acf36
[INFO] [stdout]                                at /rustc/82e1608dfa6e0b5569232559e3d385fea5a93112/library/std/src/thread/mod.rs:529:17
[INFO] [stdout]   39:     0x5580708374e7 - <core::panic::unwind_safe::AssertUnwindSafe<F> as core::ops::function::FnOnce<()>>::call_once::h9dc6bd6372f16606
[INFO] [stdout]                                at /rustc/82e1608dfa6e0b5569232559e3d385fea5a93112/library/core/src/panic/unwind_safe.rs:272:9
[INFO] [stdout]   40:     0x5580708374e7 - std::panicking::try::do_call::h9057517f80303cd4
[INFO] [stdout]                                at /rustc/82e1608dfa6e0b5569232559e3d385fea5a93112/library/std/src/panicking.rs:552:40
[INFO] [stdout]   41:     0x5580708374e7 - std::panicking::try::he3a30b11ee45340c
[INFO] [stdout]                                at /rustc/82e1608dfa6e0b5569232559e3d385fea5a93112/library/std/src/panicking.rs:516:19
[INFO] [stdout]   42:     0x5580708374e7 - std::panic::catch_unwind::h410458cfd3528b8b
[INFO] [stdout]                                at /rustc/82e1608dfa6e0b5569232559e3d385fea5a93112/library/std/src/panic.rs:142:14
[INFO] [stdout]   43:     0x5580708374e7 - std::thread::Builder::spawn_unchecked_::{{closure}}::h72ac3bdb567b737b
[INFO] [stdout]                                at /rustc/82e1608dfa6e0b5569232559e3d385fea5a93112/library/std/src/thread/mod.rs:528:30
[INFO] [stdout]   44:     0x5580708374e7 - core::ops::function::FnOnce::call_once{{vtable.shim}}::h38f34da3654a8344
[INFO] [stdout]                                at /rustc/82e1608dfa6e0b5569232559e3d385fea5a93112/library/core/src/ops/function.rs:250:5
[INFO] [stdout]   45:     0x558071403f45 - <alloc::boxed::Box<F,A> as core::ops::function::FnOnce<Args>>::call_once::hc7eafaff61e32df9
[INFO] [stdout]                                at /rustc/82e1608dfa6e0b5569232559e3d385fea5a93112/library/alloc/src/boxed.rs:2007:9
[INFO] [stdout]   46:     0x558071403f45 - <alloc::boxed::Box<F,A> as core::ops::function::FnOnce<Args>>::call_once::h6ba4a5de48dd2304
[INFO] [stdout]                                at /rustc/82e1608dfa6e0b5569232559e3d385fea5a93112/library/alloc/src/boxed.rs:2007:9
[INFO] [stdout]   47:     0x558071403f45 - std::sys::unix::thread::Thread::new::thread_start::he469335aef763e45
[INFO] [stdout]                                at /rustc/82e1608dfa6e0b5569232559e3d385fea5a93112/library/std/src/sys/unix/thread.rs:108:17
[INFO] [stdout]   48:     0x7fba11cbcac3 - <unknown>
[INFO] [stdout]   49:     0x7fba11d4dbf4 - __clone
[INFO] [stdout]   50:                0x0 - <unknown>
[INFO] [stdout] 
[INFO] [stdout] ---- reserved_word::tests::issue_7164 stdout ----
[INFO] [stdout]   [32m INFO[0m  [32mDiagnostics will be printed to stderr as logging level is trace or debug[0m
[INFO] [stdout]     [2;3mat[0m /opt/rustwide/cargo-home/registry/src/index.crates.io-6f17d22bba15001f/testing-0.35.14/src/errors/stderr.rs:17
[INFO] [stdout] 
[INFO] [stdout] ----- [32mExpected[0m -----
[INFO] [stdout] 
[INFO] [stdout]   [32m INFO[0m  [32mDiagnostics will be printed to stderr as logging level is trace or debug[0m
[INFO] [stdout]     [2;3mat[0m /opt/rustwide/cargo-home/registry/src/index.crates.io-6f17d22bba15001f/testing-0.35.14/src/errors/stderr.rs:17
[INFO] [stdout] 
[INFO] [stdout] ----- [32mInput[0m -----
[INFO] [stdout] 
[INFO] [stdout]         import { int } from './a.js'
[INFO] [stdout]         console.log(int)
[INFO] [stdout]         export { int };
[INFO] [stdout]         
[INFO] [stdout] ----- [32mActual[0m -----
[INFO] [stdout]   [34mDEBUG[0m  [34mRenaming `_int#0` to `_int`[0m
[INFO] [stdout]     [2;3mat[0m /opt/rustwide/cargo-home/registry/src/index.crates.io-6f17d22bba15001f/swc_ecma_transforms_base-0.134.58/src/rename/analyzer/scope.rs:188
[INFO] [stdout] 
[INFO] [stdout] import { int as _int } from './a.js';
[INFO] [stdout] console.log(_int);
[INFO] [stdout] export { _int as int };
[INFO] [stdout] 
[INFO] [stdout]   [34mDEBUG[0m  [34mcompare_to_file: failed to canonicalize outfile path `/opt/rustwide/workdir/tests/__swc_snapshots__/src/reserved_word.rs/issue_7164.js`: Os { code: 2, kind: NotFound, message: "No such file or directory" }[0m
[INFO] [stdout]     [2;3mat[0m /opt/rustwide/cargo-home/registry/src/index.crates.io-6f17d22bba15001f/testing-0.35.14/src/output.rs:137
[INFO] [stdout] 
[INFO] [stdout]   [34mDEBUG[0m  [34mComparing output to /opt/rustwide/workdir/tests/__swc_snapshots__/src/reserved_word.rs/issue_7164.js[0m
[INFO] [stdout]     [2;3mat[0m /opt/rustwide/cargo-home/registry/src/index.crates.io-6f17d22bba15001f/testing-0.35.14/src/output.rs:163
[INFO] [stdout] 
[INFO] [stdout] thread 'reserved_word::tests::issue_7164' panicked at /opt/rustwide/cargo-home/registry/src/index.crates.io-6f17d22bba15001f/testing-0.35.14/src/output.rs:164:48:
[INFO] [stdout] failed to run `mkdir -p`: Os { code: 30, kind: ReadOnlyFilesystem, message: "Read-only file system" }
[INFO] [stdout] stack backtrace:
[INFO] [stdout]    0:     0x5580713fd0fc - std::backtrace_rs::backtrace::libunwind::trace::ha637c64ce894333a
[INFO] [stdout]                                at /rustc/82e1608dfa6e0b5569232559e3d385fea5a93112/library/std/src/../../backtrace/src/backtrace/libunwind.rs:104:5
[INFO] [stdout]    1:     0x5580713fd0fc - std::backtrace_rs::backtrace::trace_unsynchronized::h47f62dea28e0c88d
[INFO] [stdout]                                at /rustc/82e1608dfa6e0b5569232559e3d385fea5a93112/library/std/src/../../backtrace/src/backtrace/mod.rs:66:5
[INFO] [stdout]    2:     0x5580713fd0fc - std::sys_common::backtrace::_print_fmt::h9eef0abe20ede486
[INFO] [stdout]                                at /rustc/82e1608dfa6e0b5569232559e3d385fea5a93112/library/std/src/sys_common/backtrace.rs:67:5
[INFO] [stdout]    3:     0x5580713fd0fc - <std::sys_common::backtrace::_print::DisplayBacktrace as core::fmt::Display>::fmt::hed7f999df88cc644
[INFO] [stdout]                                at /rustc/82e1608dfa6e0b5569232559e3d385fea5a93112/library/std/src/sys_common/backtrace.rs:44:22
[INFO] [stdout]    4:     0x558071428d60 - core::fmt::rt::Argument::fmt::h1539a9308b8d058d
[INFO] [stdout]                                at /rustc/82e1608dfa6e0b5569232559e3d385fea5a93112/library/core/src/fmt/rt.rs:142:9
[INFO] [stdout]    5:     0x558071428d60 - core::fmt::write::h3a39390d8560d9c9
[INFO] [stdout]                                at /rustc/82e1608dfa6e0b5569232559e3d385fea5a93112/library/core/src/fmt/mod.rs:1120:17
[INFO] [stdout]    6:     0x5580713fa6af - std::io::Write::write_fmt::h040b369f3a0f9cbc
[INFO] [stdout]                                at /rustc/82e1608dfa6e0b5569232559e3d385fea5a93112/library/std/src/io/mod.rs:1762:15
[INFO] [stdout]    7:     0x5580713fcee4 - std::sys_common::backtrace::_print::h894006fb5c6f3d45
[INFO] [stdout]                                at /rustc/82e1608dfa6e0b5569232559e3d385fea5a93112/library/std/src/sys_common/backtrace.rs:47:5
[INFO] [stdout]    8:     0x5580713fcee4 - std::sys_common::backtrace::print::h23a2d212c6fff936
[INFO] [stdout]                                at /rustc/82e1608dfa6e0b5569232559e3d385fea5a93112/library/std/src/sys_common/backtrace.rs:34:9
[INFO] [stdout]    9:     0x5580713feba7 - std::panicking::default_hook::{{closure}}::h8a1d2ee00185001a
[INFO] [stdout]   10:     0x5580713fe893 - std::panicking::default_hook::h6038f2eba384e475
[INFO] [stdout]                                at /rustc/82e1608dfa6e0b5569232559e3d385fea5a93112/library/std/src/panicking.rs:289:9
[INFO] [stdout]   11:     0x558070865b07 - <alloc::boxed::Box<F,A> as core::ops::function::Fn<Args>>::call::h0ad024c9bdc6d768
[INFO] [stdout]                                at /rustc/82e1608dfa6e0b5569232559e3d385fea5a93112/library/alloc/src/boxed.rs:2021:9
[INFO] [stdout]   12:     0x558070865b07 - test::test_main::{{closure}}::h7500b54257359db6
[INFO] [stdout]                                at /rustc/82e1608dfa6e0b5569232559e3d385fea5a93112/library/test/src/lib.rs:138:21
[INFO] [stdout]   13:     0x5580713ff1b8 - <alloc::boxed::Box<F,A> as core::ops::function::Fn<Args>>::call::h1f8f335eaa9cfaee
[INFO] [stdout]                                at /rustc/82e1608dfa6e0b5569232559e3d385fea5a93112/library/alloc/src/boxed.rs:2021:9
[INFO] [stdout]   14:     0x5580713ff1b8 - std::panicking::rust_panic_with_hook::h2b5517d590cab22e
[INFO] [stdout]                                at /rustc/82e1608dfa6e0b5569232559e3d385fea5a93112/library/std/src/panicking.rs:783:13
[INFO] [stdout]   15:     0x5580713fef0e - std::panicking::begin_panic_handler::{{closure}}::h233112c06e0ef43e
[INFO] [stdout]                                at /rustc/82e1608dfa6e0b5569232559e3d385fea5a93112/library/std/src/panicking.rs:657:13
[INFO] [stdout]   16:     0x5580713fd5c6 - std::sys_common::backtrace::__rust_end_short_backtrace::h6e893f24d7ebbff8
[INFO] [stdout]                                at /rustc/82e1608dfa6e0b5569232559e3d385fea5a93112/library/std/src/sys_common/backtrace.rs:170:18
[INFO] [stdout]   17:     0x5580713fec72 - rust_begin_unwind
[INFO] [stdout]                                at /rustc/82e1608dfa6e0b5569232559e3d385fea5a93112/library/std/src/panicking.rs:645:5
[INFO] [stdout]   18:     0x5580707a23c5 - core::panicking::panic_fmt::hbf0e066aabfa482c
[INFO] [stdout]                                at /rustc/82e1608dfa6e0b5569232559e3d385fea5a93112/library/core/src/panicking.rs:72:14
[INFO] [stdout]   19:     0x5580707a29f3 - core::result::unwrap_failed::hddb4fea594200c52
[INFO] [stdout]                                at /rustc/82e1608dfa6e0b5569232559e3d385fea5a93112/library/core/src/result.rs:1653:5
[INFO] [stdout]   20:     0x558070a3ddcf - core::result::Result<T,E>::expect::h14979202a0d4de93
[INFO] [stdout]                                at /rustc/82e1608dfa6e0b5569232559e3d385fea5a93112/library/core/src/result.rs:1034:23
[INFO] [stdout]   21:     0x55807089719f - testing::output::NormalizedOutput::compare_to_file::h6bb0d13b8a9da09e
[INFO] [stdout]                                at /opt/rustwide/cargo-home/registry/src/index.crates.io-6f17d22bba15001f/testing-0.35.14/src/output.rs:164:9
[INFO] [stdout]   22:     0x5580708c45ef - swc_ecma_transforms_testing::test_fixture_inner::h6594695ccf8bf129
[INFO] [stdout]                                at /opt/rustwide/cargo-home/registry/src/index.crates.io-6f17d22bba15001f/swc_ecma_transforms_testing-0.137.60/src/lib.rs:878:13
[INFO] [stdout]   23:     0x558070822308 - swc_ecma_transforms_testing::test_inlined_transform::hff386176eb1389da
[INFO] [stdout]                                at /opt/rustwide/cargo-home/registry/src/index.crates.io-6f17d22bba15001f/swc_ecma_transforms_testing-0.137.60/src/lib.rs:379:5
[INFO] [stdout]   24:     0x5580708277b0 - swc_ecma_compat_es3::reserved_word::tests::issue_7164::h61f3167fc38007d7
[INFO] [stdout]                                at /opt/rustwide/cargo-home/registry/src/index.crates.io-6f17d22bba15001f/swc_ecma_transforms_testing-0.137.60/src/lib.rs:411:13
[INFO] [stdout]   25:     0x558070827757 - swc_ecma_compat_es3::reserved_word::tests::issue_7164::{{closure}}::hc7ac5f5013281d7d
[INFO] [stdout]                                at /opt/rustwide/cargo-home/registry/src/index.crates.io-6f17d22bba15001f/swc_ecma_transforms_testing-0.137.60/src/lib.rs:410:24
[INFO] [stdout]   26:     0x558070829826 - core::ops::function::FnOnce::call_once::h6eaa96c40ceef8c0
[INFO] [stdout]                                at /rustc/82e1608dfa6e0b5569232559e3d385fea5a93112/library/core/src/ops/function.rs:250:5
[INFO] [stdout]   27:     0x55807086b15f - core::ops::function::FnOnce::call_once::h2b5d431d5046312d
[INFO] [stdout]                                at /rustc/82e1608dfa6e0b5569232559e3d385fea5a93112/library/core/src/ops/function.rs:250:5
[INFO] [stdout]   28:     0x55807086b15f - test::__rust_begin_short_backtrace::h7714669af176e207
[INFO] [stdout]                                at /rustc/82e1608dfa6e0b5569232559e3d385fea5a93112/library/test/src/lib.rs:628:18
[INFO] [stdout]   29:     0x55807086a175 - test::run_test_in_process::{{closure}}::h85218797dcbcec12
[INFO] [stdout]                                at /rustc/82e1608dfa6e0b5569232559e3d385fea5a93112/library/test/src/lib.rs:651:60
[INFO] [stdout]   30:     0x55807086a175 - <core::panic::unwind_safe::AssertUnwindSafe<F> as core::ops::function::FnOnce<()>>::call_once::h76c106ea31c14d7b
[INFO] [stdout]                                at /rustc/82e1608dfa6e0b5569232559e3d385fea5a93112/library/core/src/panic/unwind_safe.rs:272:9
[INFO] [stdout]   31:     0x55807086a175 - std::panicking::try::do_call::h3bd5d0f6620ee946
[INFO] [stdout]                                at /rustc/82e1608dfa6e0b5569232559e3d385fea5a93112/library/std/src/panicking.rs:552:40
[INFO] [stdout]   32:     0x55807086a175 - std::panicking::try::h232e535e4744fe31
[INFO] [stdout]                                at /rustc/82e1608dfa6e0b5569232559e3d385fea5a93112/library/std/src/panicking.rs:516:19
[INFO] [stdout]   33:     0x55807086a175 - std::panic::catch_unwind::h3ce3bd6ca8dbac68
[INFO] [stdout]                                at /rustc/82e1608dfa6e0b5569232559e3d385fea5a93112/library/std/src/panic.rs:142:14
[INFO] [stdout]   34:     0x55807086a175 - test::run_test_in_process::hc97b257c9621286a
[INFO] [stdout]                                at /rustc/82e1608dfa6e0b5569232559e3d385fea5a93112/library/test/src/lib.rs:651:27
[INFO] [stdout]   35:     0x55807086a175 - test::run_test::{{closure}}::h2aa798823a438d38
[INFO] [stdout]                                at /rustc/82e1608dfa6e0b5569232559e3d385fea5a93112/library/test/src/lib.rs:574:43
[INFO] [stdout]   36:     0x558070832436 - test::run_test::{{closure}}::h87d231c78fb59832
[INFO] [stdout]                                at /rustc/82e1608dfa6e0b5569232559e3d385fea5a93112/library/test/src/lib.rs:602:41
[INFO] [stdout]   37:     0x558070832436 - std::sys_common::backtrace::__rust_begin_short_backtrace::he6df152596625789
[INFO] [stdout]                                at /rustc/82e1608dfa6e0b5569232559e3d385fea5a93112/library/std/src/sys_common/backtrace.rs:154:18
[INFO] [stdout]   38:     0x5580708374e7 - std::thread::Builder::spawn_unchecked_::{{closure}}::{{closure}}::ha94be15d1e0acf36
[INFO] [stdout]                                at /rustc/82e1608dfa6e0b5569232559e3d385fea5a93112/library/std/src/thread/mod.rs:529:17
[INFO] [stdout]   39:     0x5580708374e7 - <core::panic::unwind_safe::AssertUnwindSafe<F> as core::ops::function::FnOnce<()>>::call_once::h9dc6bd6372f16606
[INFO] [stdout]                                at /rustc/82e1608dfa6e0b5569232559e3d385fea5a93112/library/core/src/panic/unwind_safe.rs:272:9
[INFO] [stdout]   40:     0x5580708374e7 - std::panicking::try::do_call::h9057517f80303cd4
[INFO] [stdout]                                at /rustc/82e1608dfa6e0b5569232559e3d385fea5a93112/library/std/src/panicking.rs:552:40
[INFO] [stdout]   41:     0x5580708374e7 - std::panicking::try::he3a30b11ee45340c
[INFO] [stdout]                                at /rustc/82e1608dfa6e0b5569232559e3d385fea5a93112/library/std/src/panicking.rs:516:19
[INFO] [stdout]   42:     0x5580708374e7 - std::panic::catch_unwind::h410458cfd3528b8b
[INFO] [stdout]                                at /rustc/82e1608dfa6e0b5569232559e3d385fea5a93112/library/std/src/panic.rs:142:14
[INFO] [stdout]   43:     0x5580708374e7 - std::thread::Builder::spawn_unchecked_::{{closure}}::h72ac3bdb567b737b
[INFO] [stdout]                                at /rustc/82e1608dfa6e0b5569232559e3d385fea5a93112/library/std/src/thread/mod.rs:528:30
[INFO] [stdout]   44:     0x5580708374e7 - core::ops::function::FnOnce::call_once{{vtable.shim}}::h38f34da3654a8344
[INFO] [stdout]                                at /rustc/82e1608dfa6e0b5569232559e3d385fea5a93112/library/core/src/ops/function.rs:250:5
[INFO] [stdout]   45:     0x558071403f45 - <alloc::boxed::Box<F,A> as core::ops::function::FnOnce<Args>>::call_once::hc7eafaff61e32df9
[INFO] [stdout]                                at /rustc/82e1608dfa6e0b5569232559e3d385fea5a93112/library/alloc/src/boxed.rs:2007:9
[INFO] [stdout]   46:     0x558071403f45 - <alloc::boxed::Box<F,A> as core::ops::function::FnOnce<Args>>::call_once::h6ba4a5de48dd2304
[INFO] [stdout]                                at /rustc/82e1608dfa6e0b5569232559e3d385fea5a93112/library/alloc/src/boxed.rs:2007:9
[INFO] [stdout]   47:     0x558071403f45 - std::sys::unix::thread::Thread::new::thread_start::he469335aef763e45
[INFO] [stdout]                                at /rustc/82e1608dfa6e0b5569232559e3d385fea5a93112/library/std/src/sys/unix/thread.rs:108:17
[INFO] [stdout]   48:     0x7fba11cbcac3 - <unknown>
[INFO] [stdout]   49:     0x7fba11d4dbf4 - __clone
[INFO] [stdout]   50:                0x0 - <unknown>
[INFO] [stdout] 
[INFO] [stdout] ---- reserved_word::tests::issue_7237 stdout ----
[INFO] [stdout]   [32m INFO[0m  [32mDiagnostics will be printed to stderr as logging level is trace or debug[0m
[INFO] [stdout]     [2;3mat[0m /opt/rustwide/cargo-home/registry/src/index.crates.io-6f17d22bba15001f/testing-0.35.14/src/errors/stderr.rs:17
[INFO] [stdout] 
[INFO] [stdout] ----- [32mExpected[0m -----
[INFO] [stdout] 
[INFO] [stdout]   [32m INFO[0m  [32mDiagnostics will be printed to stderr as logging level is trace or debug[0m
[INFO] [stdout]     [2;3mat[0m /opt/rustwide/cargo-home/registry/src/index.crates.io-6f17d22bba15001f/testing-0.35.14/src/errors/stderr.rs:17
[INFO] [stdout] 
[INFO] [stdout] ----- [32mInput[0m -----
[INFO] [stdout] 
[INFO] [stdout]         export function char() {
[INFO] [stdout]             console.log("char====char");
[INFO] [stdout]             return "";
[INFO] [stdout]         }
[INFO] [stdout]         
[INFO] [stdout] ----- [32mActual[0m -----
[INFO] [stdout]   [34mDEBUG[0m  [34mRenaming `_char#0` to `_char`[0m
[INFO] [stdout]     [2;3mat[0m /opt/rustwide/cargo-home/registry/src/index.crates.io-6f17d22bba15001f/swc_ecma_transforms_base-0.134.58/src/rename/analyzer/scope.rs:188
[INFO] [stdout] 
[INFO] [stdout] function _char() {
[INFO] [stdout]     console.log("char====char");
[INFO] [stdout]     return "";
[INFO] [stdout] }
[INFO] [stdout] export { _char as char };
[INFO] [stdout] 
[INFO] [stdout]   [34mDEBUG[0m  [34mcompare_to_file: failed to canonicalize outfile path `/opt/rustwide/workdir/tests/__swc_snapshots__/src/reserved_word.rs/issue_7237.js`: Os { code: 2, kind: NotFound, message: "No such file or directory" }[0m
[INFO] [stdout]     [2;3mat[0m /opt/rustwide/cargo-home/registry/src/index.crates.io-6f17d22bba15001f/testing-0.35.14/src/output.rs:137
[INFO] [stdout] 
[INFO] [stdout]   [34mDEBUG[0m  [34mComparing output to /opt/rustwide/workdir/tests/__swc_snapshots__/src/reserved_word.rs/issue_7237.js[0m
[INFO] [stdout]     [2;3mat[0m /opt/rustwide/cargo-home/registry/src/index.crates.io-6f17d22bba15001f/testing-0.35.14/src/output.rs:163
[INFO] [stdout] 
[INFO] [stdout] thread 'reserved_word::tests::issue_7237' panicked at /opt/rustwide/cargo-home/registry/src/index.crates.io-6f17d22bba15001f/testing-0.35.14/src/output.rs:164:48:
[INFO] [stdout] failed to run `mkdir -p`: Os { code: 30, kind: ReadOnlyFilesystem, message: "Read-only file system" }
[INFO] [stdout] stack backtrace:
[INFO] [stdout]    0:     0x5580713fd0fc - std::backtrace_rs::backtrace::libunwind::trace::ha637c64ce894333a
[INFO] [stdout]                                at /rustc/82e1608dfa6e0b5569232559e3d385fea5a93112/library/std/src/../../backtrace/src/backtrace/libunwind.rs:104:5
[INFO] [stdout]    1:     0x5580713fd0fc - std::backtrace_rs::backtrace::trace_unsynchronized::h47f62dea28e0c88d
[INFO] [stdout]                                at /rustc/82e1608dfa6e0b5569232559e3d385fea5a93112/library/std/src/../../backtrace/src/backtrace/mod.rs:66:5
[INFO] [stdout]    2:     0x5580713fd0fc - std::sys_common::backtrace::_print_fmt::h9eef0abe20ede486
[INFO] [stdout]                                at /rustc/82e1608dfa6e0b5569232559e3d385fea5a93112/library/std/src/sys_common/backtrace.rs:67:5
[INFO] [stdout]    3:     0x5580713fd0fc - <std::sys_common::backtrace::_print::DisplayBacktrace as core::fmt::Display>::fmt::hed7f999df88cc644
[INFO] [stdout]                                at /rustc/82e1608dfa6e0b5569232559e3d385fea5a93112/library/std/src/sys_common/backtrace.rs:44:22
[INFO] [stdout]    4:     0x558071428d60 - core::fmt::rt::Argument::fmt::h1539a9308b8d058d
[INFO] [stdout]                                at /rustc/82e1608dfa6e0b5569232559e3d385fea5a93112/library/core/src/fmt/rt.rs:142:9
[INFO] [stdout]    5:     0x558071428d60 - core::fmt::write::h3a39390d8560d9c9
[INFO] [stdout]                                at /rustc/82e1608dfa6e0b5569232559e3d385fea5a93112/library/core/src/fmt/mod.rs:1120:17
[INFO] [stdout]    6:     0x5580713fa6af - std::io::Write::write_fmt::h040b369f3a0f9cbc
[INFO] [stdout]                                at /rustc/82e1608dfa6e0b5569232559e3d385fea5a93112/library/std/src/io/mod.rs:1762:15
[INFO] [stdout]    7:     0x5580713fcee4 - std::sys_common::backtrace::_print::h894006fb5c6f3d45
[INFO] [stdout]                                at /rustc/82e1608dfa6e0b5569232559e3d385fea5a93112/library/std/src/sys_common/backtrace.rs:47:5
[INFO] [stdout]    8:     0x5580713fcee4 - std::sys_common::backtrace::print::h23a2d212c6fff936
[INFO] [stdout]                                at /rustc/82e1608dfa6e0b5569232559e3d385fea5a93112/library/std/src/sys_common/backtrace.rs:34:9
[INFO] [stdout]    9:     0x5580713feba7 - std::panicking::default_hook::{{closure}}::h8a1d2ee00185001a
[INFO] [stdout]   10:     0x5580713fe893 - std::panicking::default_hook::h6038f2eba384e475
[INFO] [stdout]                                at /rustc/82e1608dfa6e0b5569232559e3d385fea5a93112/library/std/src/panicking.rs:289:9
[INFO] [stdout]   11:     0x558070865b07 - <alloc::boxed::Box<F,A> as core::ops::function::Fn<Args>>::call::h0ad024c9bdc6d768
[INFO] [stdout]                                at /rustc/82e1608dfa6e0b5569232559e3d385fea5a93112/library/alloc/src/boxed.rs:2021:9
[INFO] [stdout]   12:     0x558070865b07 - test::test_main::{{closure}}::h7500b54257359db6
[INFO] [stdout]                                at /rustc/82e1608dfa6e0b5569232559e3d385fea5a93112/library/test/src/lib.rs:138:21
[INFO] [stdout]   13:     0x5580713ff1b8 - <alloc::boxed::Box<F,A> as core::ops::function::Fn<Args>>::call::h1f8f335eaa9cfaee
[INFO] [stdout]                                at /rustc/82e1608dfa6e0b5569232559e3d385fea5a93112/library/alloc/src/boxed.rs:2021:9
[INFO] [stdout]   14:     0x5580713ff1b8 - std::panicking::rust_panic_with_hook::h2b5517d590cab22e
[INFO] [stdout]                                at /rustc/82e1608dfa6e0b5569232559e3d385fea5a93112/library/std/src/panicking.rs:783:13
[INFO] [stdout]   15:     0x5580713fef0e - std::panicking::begin_panic_handler::{{closure}}::h233112c06e0ef43e
[INFO] [stdout]                                at /rustc/82e1608dfa6e0b5569232559e3d385fea5a93112/library/std/src/panicking.rs:657:13
[INFO] [stdout]   16:     0x5580713fd5c6 - std::sys_common::backtrace::__rust_end_short_backtrace::h6e893f24d7ebbff8
[INFO] [stdout]                                at /rustc/82e1608dfa6e0b5569232559e3d385fea5a93112/library/std/src/sys_common/backtrace.rs:170:18
[INFO] [stdout]   17:     0x5580713fec72 - rust_begin_unwind
[INFO] [stdout]                                at /rustc/82e1608dfa6e0b5569232559e3d385fea5a93112/library/std/src/panicking.rs:645:5
[INFO] [stdout]   18:     0x5580707a23c5 - core::panicking::panic_fmt::hbf0e066aabfa482c
[INFO] [stdout]                                at /rustc/82e1608dfa6e0b5569232559e3d385fea5a93112/library/core/src/panicking.rs:72:14
[INFO] [stdout]   19:     0x5580707a29f3 - core::result::unwrap_failed::hddb4fea594200c52
[INFO] [stdout]                                at /rustc/82e1608dfa6e0b5569232559e3d385fea5a93112/library/core/src/result.rs:1653:5
[INFO] [stdout]   20:     0x558070a3ddcf - core::result::Result<T,E>::expect::h14979202a0d4de93
[INFO] [stdout]                                at /rustc/82e1608dfa6e0b5569232559e3d385fea5a93112/library/core/src/result.rs:1034:23
[INFO] [stdout]   21:     0x55807089719f - testing::output::NormalizedOutput::compare_to_file::h6bb0d13b8a9da09e
[INFO] [stdout]                                at /opt/rustwide/cargo-home/registry/src/index.crates.io-6f17d22bba15001f/testing-0.35.14/src/output.rs:164:9
[INFO] [stdout]   22:     0x5580708c45ef - swc_ecma_transforms_testing::test_fixture_inner::h6594695ccf8bf129
[INFO] [stdout]                                at /opt/rustwide/cargo-home/registry/src/index.crates.io-6f17d22bba15001f/swc_ecma_transforms_testing-0.137.60/src/lib.rs:878:13
[INFO] [stdout]   23:     0x55807081f928 - swc_ecma_transforms_testing::test_inlined_transform::h922af8c8e1b754c6
[INFO] [stdout]                                at /opt/rustwide/cargo-home/registry/src/index.crates.io-6f17d22bba15001f/swc_ecma_transforms_testing-0.137.60/src/lib.rs:379:5
[INFO] [stdout]   24:     0x558070827850 - swc_ecma_compat_es3::reserved_word::tests::issue_7237::h110430bccd8ab9c6
[INFO] [stdout]                                at /opt/rustwide/cargo-home/registry/src/index.crates.io-6f17d22bba15001f/swc_ecma_transforms_testing-0.137.60/src/lib.rs:411:13
[INFO] [stdout]   25:     0x5580708277f7 - swc_ecma_compat_es3::reserved_word::tests::issue_7237::{{closure}}::h1e0d4e0b1d520a2b
[INFO] [stdout]                                at /opt/rustwide/cargo-home/registry/src/index.crates.io-6f17d22bba15001f/swc_ecma_transforms_testing-0.137.60/src/lib.rs:410:24
[INFO] [stdout]   26:     0x558070829766 - core::ops::function::FnOnce::call_once::h42f063385617b156
[INFO] [stdout]                                at /rustc/82e1608dfa6e0b5569232559e3d385fea5a93112/library/core/src/ops/function.rs:250:5
[INFO] [stdout]   27:     0x55807086b15f - core::ops::function::FnOnce::call_once::h2b5d431d5046312d
[INFO] [stdout]                                at /rustc/82e1608dfa6e0b5569232559e3d385fea5a93112/library/core/src/ops/function.rs:250:5
[INFO] [stdout]   28:     0x55807086b15f - test::__rust_begin_short_backtrace::h7714669af176e207
[INFO] [stdout]                                at /rustc/82e1608dfa6e0b5569232559e3d385fea5a93112/library/test/src/lib.rs:628:18
[INFO] [stdout]   29:     0x55807086a175 - test::run_test_in_process::{{closure}}::h85218797dcbcec12
[INFO] [stdout]                                at /rustc/82e1608dfa6e0b5569232559e3d385fea5a93112/library/test/src/lib.rs:651:60
[INFO] [stdout]   30:     0x55807086a175 - <core::panic::unwind_safe::AssertUnwindSafe<F> as core::ops::function::FnOnce<()>>::call_once::h76c106ea31c14d7b
[INFO] [stdout]                                at /rustc/82e1608dfa6e0b5569232559e3d385fea5a93112/library/core/src/panic/unwind_safe.rs:272:9
[INFO] [stdout]   31:     0x55807086a175 - std::panicking::try::do_call::h3bd5d0f6620ee946
[INFO] [stdout]                                at /rustc/82e1608dfa6e0b5569232559e3d385fea5a93112/library/std/src/panicking.rs:552:40
[INFO] [stdout]   32:     0x55807086a175 - std::panicking::try::h232e535e4744fe31
[INFO] [stdout]                                at /rustc/82e1608dfa6e0b5569232559e3d385fea5a93112/library/std/src/panicking.rs:516:19
[INFO] [stdout]   33:     0x55807086a175 - std::panic::catch_unwind::h3ce3bd6ca8dbac68
[INFO] [stdout]                                at /rustc/82e1608dfa6e0b5569232559e3d385fea5a93112/library/std/src/panic.rs:142:14
[INFO] [stdout]   34:     0x55807086a175 - test::run_test_in_process::hc97b257c9621286a
[INFO] [stdout]                                at /rustc/82e1608dfa6e0b5569232559e3d385fea5a93112/library/test/src/lib.rs:651:27
[INFO] [stdout]   35:     0x55807086a175 - test::run_test::{{closure}}::h2aa798823a438d38
[INFO] [stdout]                                at /rustc/82e1608dfa6e0b5569232559e3d385fea5a93112/library/test/src/lib.rs:574:43
[INFO] [stdout]   36:     0x558070832436 - test::run_test::{{closure}}::h87d231c78fb59832
[INFO] [stdout]                                at /rustc/82e1608dfa6e0b5569232559e3d385fea5a93112/library/test/src/lib.rs:602:41
[INFO] [stdout]   37:     0x558070832436 - std::sys_common::backtrace::__rust_begin_short_backtrace::he6df152596625789
[INFO] [stdout]                                at /rustc/82e1608dfa6e0b5569232559e3d385fea5a93112/library/std/src/sys_common/backtrace.rs:154:18
[INFO] [stdout]   38:     0x5580708374e7 - std::thread::Builder::spawn_unchecked_::{{closure}}::{{closure}}::ha94be15d1e0acf36
[INFO] [stdout]                                at /rustc/82e1608dfa6e0b5569232559e3d385fea5a93112/library/std/src/thread/mod.rs:529:17
[INFO] [stdout]   39:     0x5580708374e7 - <core::panic::unwind_safe::AssertUnwindSafe<F> as core::ops::function::FnOnce<()>>::call_once::h9dc6bd6372f16606
[INFO] [stdout]                                at /rustc/82e1608dfa6e0b5569232559e3d385fea5a93112/library/core/src/panic/unwind_safe.rs:272:9
[INFO] [stdout]   40:     0x5580708374e7 - std::panicking::try::do_call::h9057517f80303cd4
[INFO] [stdout]                                at /rustc/82e1608dfa6e0b5569232559e3d385fea5a93112/library/std/src/panicking.rs:552:40
[INFO] [stdout]   41:     0x5580708374e7 - std::panicking::try::he3a30b11ee45340c
[INFO] [stdout]                                at /rustc/82e1608dfa6e0b5569232559e3d385fea5a93112/library/std/src/panicking.rs:516:19
[INFO] [stdout]   42:     0x5580708374e7 - std::panic::catch_unwind::h410458cfd3528b8b
[INFO] [stdout]                                at /rustc/82e1608dfa6e0b5569232559e3d385fea5a93112/library/std/src/panic.rs:142:14
[INFO] [stdout]   43:     0x5580708374e7 - std::thread::Builder::spawn_unchecked_::{{closure}}::h72ac3bdb567b737b
[INFO] [stdout]                                at /rustc/82e1608dfa6e0b5569232559e3d385fea5a93112/library/std/src/thread/mod.rs:528:30
[INFO] [stdout]   44:     0x5580708374e7 - core::ops::function::FnOnce::call_once{{vtable.shim}}::h38f34da3654a8344
[INFO] [stdout]                                at /rustc/82e1608dfa6e0b5569232559e3d385fea5a93112/library/core/src/ops/function.rs:250:5
[INFO] [stdout]   45:     0x558071403f45 - <alloc::boxed::Box<F,A> as core::ops::function::FnOnce<Args>>::call_once::hc7eafaff61e32df9
[INFO] [stdout]                                at /rustc/82e1608dfa6e0b5569232559e3d385fea5a93112/library/alloc/src/boxed.rs:2007:9
[INFO] [stdout]   46:     0x558071403f45 - <alloc::boxed::Box<F,A> as core::ops::function::FnOnce<Args>>::call_once::h6ba4a5de48dd2304
[INFO] [stdout]                                at /rustc/82e1608dfa6e0b5569232559e3d385fea5a93112/library/alloc/src/boxed.rs:2007:9
[INFO] [stdout]   47:     0x558071403f45 - std::sys::unix::thread::Thread::new::thread_start::he469335aef763e45
[INFO] [stdout]                                at /rustc/82e1608dfa6e0b5569232559e3d385fea5a93112/library/std/src/sys/unix/thread.rs:108:17
[INFO] [stdout]   48:     0x7fba11cbcac3 - <unknown>
[INFO] [stdout]   49:     0x7fba11d4dbf4 - __clone
[INFO] [stdout]   50:                0x0 - <unknown>
[INFO] [stdout] 
[INFO] [stdout] ---- prop_lits::tests::babel_basic stdout ----
[INFO] [stdout]   [32m INFO[0m  [32mDiagnostics will be printed to stderr as logging level is trace or debug[0m
[INFO] [stdout]     [2;3mat[0m /opt/rustwide/cargo-home/registry/src/index.crates.io-6f17d22bba15001f/testing-0.35.14/src/errors/stderr.rs:17
[INFO] [stdout] 
[INFO] [stdout] ----- [32mExpected[0m -----
[INFO] [stdout] 
[INFO] [stdout]   [32m INFO[0m  [32mDiagnostics will be printed to stderr as logging level is trace or debug[0m
[INFO] [stdout]     [2;3mat[0m /opt/rustwide/cargo-home/registry/src/index.crates.io-6f17d22bba15001f/testing-0.35.14/src/errors/stderr.rs:17
[INFO] [stdout] 
[INFO] [stdout] ----- [32mInput[0m -----
[INFO] [stdout] var foo = {
[INFO] [stdout]   // changed
[INFO] [stdout]   "bar": function () {},
[INFO] [stdout]   "1": function () {},
[INFO] [stdout] 
[INFO] [stdout]   // not changed
[INFO] [stdout]   "default": 1,
[INFO] [stdout]   [a]: 2,
[INFO] [stdout]   foo: 1
[INFO] [stdout] };
[INFO] [stdout] ----- [32mActual[0m -----
[INFO] [stdout]   [34mDEBUG[0m  [34mRenaming `foo#0` to `foo`[0m
[INFO] [stdout]     [2;3mat[0m /opt/rustwide/cargo-home/registry/src/index.crates.io-6f17d22bba15001f/swc_ecma_transforms_base-0.134.58/src/rename/analyzer/scope.rs:188
[INFO] [stdout] 
[INFO] [stdout] var foo = {
[INFO] [stdout]     // changed
[INFO] [stdout]     bar: function() {},
[INFO] [stdout]     "1": function() {},
[INFO] [stdout]     // not changed
[INFO] [stdout]     "default": 1,
[INFO] [stdout]     [a]: 2,
[INFO] [stdout]     foo: 1
[INFO] [stdout] };
[INFO] [stdout] 
[INFO] [stdout]   [34mDEBUG[0m  [34mcompare_to_file: failed to canonicalize outfile path `/opt/rustwide/workdir/tests/__swc_snapshots__/src/prop_lits.rs/babel_basic.js`: Os { code: 2, kind: NotFound, message: "No such file or directory" }[0m
[INFO] [stdout]     [2;3mat[0m /opt/rustwide/cargo-home/registry/src/index.crates.io-6f17d22bba15001f/testing-0.35.14/src/output.rs:137
[INFO] [stdout] 
[INFO] [stdout]   [34mDEBUG[0m  [34mComparing output to /opt/rustwide/workdir/tests/__swc_snapshots__/src/prop_lits.rs/babel_basic.js[0m
[INFO] [stdout]     [2;3mat[0m /opt/rustwide/cargo-home/registry/src/index.crates.io-6f17d22bba15001f/testing-0.35.14/src/output.rs:163
[INFO] [stdout] 
[INFO] [stdout] thread 'prop_lits::tests::babel_basic' panicked at /opt/rustwide/cargo-home/registry/src/index.crates.io-6f17d22bba15001f/testing-0.35.14/src/output.rs:164:48:
[INFO] [stdout] failed to run `mkdir -p`: Os { code: 30, kind: ReadOnlyFilesystem, message: "Read-only file system" }
[INFO] [stdout] stack backtrace:
[INFO] [stdout]    0:     0x5580713fd0fc - std::backtrace_rs::backtrace::libunwind::trace::ha637c64ce894333a
[INFO] [stdout]                                at /rustc/82e1608dfa6e0b5569232559e3d385fea5a93112/library/std/src/../../backtrace/src/backtrace/libunwind.rs:104:5
[INFO] [stdout]    1:     0x5580713fd0fc - std::backtrace_rs::backtrace::trace_unsynchronized::h47f62dea28e0c88d
[INFO] [stdout]                                at /rustc/82e1608dfa6e0b5569232559e3d385fea5a93112/library/std/src/../../backtrace/src/backtrace/mod.rs:66:5
[INFO] [stdout]    2:     0x5580713fd0fc - std::sys_common::backtrace::_print_fmt::h9eef0abe20ede486
[INFO] [stdout]                                at /rustc/82e1608dfa6e0b5569232559e3d385fea5a93112/library/std/src/sys_common/backtrace.rs:67:5
[INFO] [stdout]    3:     0x5580713fd0fc - <std::sys_common::backtrace::_print::DisplayBacktrace as core::fmt::Display>::fmt::hed7f999df88cc644
[INFO] [stdout]                                at /rustc/82e1608dfa6e0b5569232559e3d385fea5a93112/library/std/src/sys_common/backtrace.rs:44:22
[INFO] [stdout]    4:     0x558071428d60 - core::fmt::rt::Argument::fmt::h1539a9308b8d058d
[INFO] [stdout]                                at /rustc/82e1608dfa6e0b5569232559e3d385fea5a93112/library/core/src/fmt/rt.rs:142:9
[INFO] [stdout]    5:     0x558071428d60 - core::fmt::write::h3a39390d8560d9c9
[INFO] [stdout]                                at /rustc/82e1608dfa6e0b5569232559e3d385fea5a93112/library/core/src/fmt/mod.rs:1120:17
[INFO] [stdout]    6:     0x5580713fa6af - std::io::Write::write_fmt::h040b369f3a0f9cbc
[INFO] [stdout]                                at /rustc/82e1608dfa6e0b5569232559e3d385fea5a93112/library/std/src/io/mod.rs:1762:15
[INFO] [stdout]    7:     0x5580713fcee4 - std::sys_common::backtrace::_print::h894006fb5c6f3d45
[INFO] [stdout]                                at /rustc/82e1608dfa6e0b5569232559e3d385fea5a93112/library/std/src/sys_common/backtrace.rs:47:5
[INFO] [stdout]    8:     0x5580713fcee4 - std::sys_common::backtrace::print::h23a2d212c6fff936
[INFO] [stdout]                                at /rustc/82e1608dfa6e0b5569232559e3d385fea5a93112/library/std/src/sys_common/backtrace.rs:34:9
[INFO] [stdout]    9:     0x5580713feba7 - std::panicking::default_hook::{{closure}}::h8a1d2ee00185001a
[INFO] [stdout]   10:     0x5580713fe893 - std::panicking::default_hook::h6038f2eba384e475
[INFO] [stdout]                                at /rustc/82e1608dfa6e0b5569232559e3d385fea5a93112/library/std/src/panicking.rs:289:9
[INFO] [stdout]   11:     0x558070865b07 - <alloc::boxed::Box<F,A> as core::ops::function::Fn<Args>>::call::h0ad024c9bdc6d768
[INFO] [stdout]                                at /rustc/82e1608dfa6e0b5569232559e3d385fea5a93112/library/alloc/src/boxed.rs:2021:9
[INFO] [stdout]   12:     0x558070865b07 - test::test_main::{{closure}}::h7500b54257359db6
[INFO] [stdout]                                at /rustc/82e1608dfa6e0b5569232559e3d385fea5a93112/library/test/src/lib.rs:138:21
[INFO] [stdout]   13:     0x5580713ff1b8 - <alloc::boxed::Box<F,A> as core::ops::function::Fn<Args>>::call::h1f8f335eaa9cfaee
[INFO] [stdout]                                at /rustc/82e1608dfa6e0b5569232559e3d385fea5a93112/library/alloc/src/boxed.rs:2021:9
[INFO] [stdout]   14:     0x5580713ff1b8 - std::panicking::rust_panic_with_hook::h2b5517d590cab22e
[INFO] [stdout]                                at /rustc/82e1608dfa6e0b5569232559e3d385fea5a93112/library/std/src/panicking.rs:783:13
[INFO] [stdout]   15:     0x5580713fef0e - std::panicking::begin_panic_handler::{{closure}}::h233112c06e0ef43e
[INFO] [stdout]                                at /rustc/82e1608dfa6e0b5569232559e3d385fea5a93112/library/std/src/panicking.rs:657:13
[INFO] [stdout]   16:     0x5580713fd5c6 - std::sys_common::backtrace::__rust_end_short_backtrace::h6e893f24d7ebbff8
[INFO] [stdout]                                at /rustc/82e1608dfa6e0b5569232559e3d385fea5a93112/library/std/src/sys_common/backtrace.rs:170:18
[INFO] [stdout]   17:     0x5580713fec72 - rust_begin_unwind
[INFO] [stdout]                                at /rustc/82e1608dfa6e0b5569232559e3d385fea5a93112/library/std/src/panicking.rs:645:5
[INFO] [stdout]   18:     0x5580707a23c5 - core::panicking::panic_fmt::hbf0e066aabfa482c
[INFO] [stdout]                                at /rustc/82e1608dfa6e0b5569232559e3d385fea5a93112/library/core/src/panicking.rs:72:14
[INFO] [stdout]   19:     0x5580707a29f3 - core::result::unwrap_failed::hddb4fea594200c52
[INFO] [stdout]                                at /rustc/82e1608dfa6e0b5569232559e3d385fea5a93112/library/core/src/result.rs:1653:5
[INFO] [stdout]   20:     0x558070a3ddcf - core::result::Result<T,E>::expect::h14979202a0d4de93
[INFO] [stdout]                                at /rustc/82e1608dfa6e0b5569232559e3d385fea5a93112/library/core/src/result.rs:1034:23
[INFO] [stdout]   21:     0x55807089719f - testing::output::NormalizedOutput::compare_to_file::h6bb0d13b8a9da09e
[INFO] [stdout]                                at /opt/rustwide/cargo-home/registry/src/index.crates.io-6f17d22bba15001f/testing-0.35.14/src/output.rs:164:9
[INFO] [stdout]   22:     0x5580708c45ef - swc_ecma_transforms_testing::test_fixture_inner::h6594695ccf8bf129
[INFO] [stdout]                                at /opt/rustwide/cargo-home/registry/src/index.crates.io-6f17d22bba15001f/swc_ecma_transforms_testing-0.137.60/src/lib.rs:878:13
[INFO] [stdout]   23:     0x55807081e008 - swc_ecma_transforms_testing::test_inlined_transform::h17949058898621ae
[INFO] [stdout]                                at /opt/rustwide/cargo-home/registry/src/index.crates.io-6f17d22bba15001f/swc_ecma_transforms_testing-0.137.60/src/lib.rs:379:5
[INFO] [stdout]   24:     0x558070827553 - swc_ecma_compat_es3::prop_lits::tests::babel_basic::hb374e536a29bff56
[INFO] [stdout]                                at /opt/rustwide/cargo-home/registry/src/index.crates.io-6f17d22bba15001f/swc_ecma_transforms_testing-0.137.60/src/lib.rs:418:13
[INFO] [stdout]   25:     0x5580708274f7 - swc_ecma_compat_es3::prop_lits::tests::babel_basic::{{closure}}::hc90188a98f9bd806
[INFO] [stdout]                                at /opt/rustwide/cargo-home/registry/src/index.crates.io-6f17d22bba15001f/swc_ecma_transforms_testing-0.137.60/src/lib.rs:417:24
[INFO] [stdout]   26:     0x5580708298a6 - core::ops::function::FnOnce::call_once::hc47612bcdce87616
[INFO] [stdout]                                at /rustc/82e1608dfa6e0b5569232559e3d385fea5a93112/library/core/src/ops/function.rs:250:5
[INFO] [stdout]   27:     0x55807086b15f - core::ops::function::FnOnce::call_once::h2b5d431d5046312d
[INFO] [stdout]                                at /rustc/82e1608dfa6e0b5569232559e3d385fea5a93112/library/core/src/ops/function.rs:250:5
[INFO] [stdout]   28:     0x55807086b15f - test::__rust_begin_short_backtrace::h7714669af176e207
[INFO] [stdout]                                at /rustc/82e1608dfa6e0b5569232559e3d385fea5a93112/library/test/src/lib.rs:628:18
[INFO] [stdout]   29:     0x55807086a175 - test::run_test_in_process::{{closure}}::h85218797dcbcec12
[INFO] [stdout]                                at /rustc/82e1608dfa6e0b5569232559e3d385fea5a93112/library/test/src/lib.rs:651:60
[INFO] [stdout]   30:     0x55807086a175 - <core::panic::unwind_safe::AssertUnwindSafe<F> as core::ops::function::FnOnce<()>>::call_once::h76c106ea31c14d7b
[INFO] [stdout]                                at /rustc/82e1608dfa6e0b5569232559e3d385fea5a93112/library/core/src/panic/unwind_safe.rs:272:9
[INFO] [stdout]   31:     0x55807086a175 - std::panicking::try::do_call::h3bd5d0f6620ee946
[INFO] [stdout]                                at /rustc/82e1608dfa6e0b5569232559e3d385fea5a93112/library/std/src/panicking.rs:552:40
[INFO] [stdout]   32:     0x55807086a175 - std::panicking::try::h232e535e4744fe31
[INFO] [stdout]                                at /rustc/82e1608dfa6e0b5569232559e3d385fea5a93112/library/std/src/panicking.rs:516:19
[INFO] [stdout]   33:     0x55807086a175 - std::panic::catch_unwind::h3ce3bd6ca8dbac68
[INFO] [stdout]                                at /rustc/82e1608dfa6e0b5569232559e3d385fea5a93112/library/std/src/panic.rs:142:14
[INFO] [stdout]   34:     0x55807086a175 - test::run_test_in_process::hc97b257c9621286a
[INFO] [stdout]                                at /rustc/82e1608dfa6e0b5569232559e3d385fea5a93112/library/test/src/lib.rs:651:27
[INFO] [stdout]   35:     0x55807086a175 - test::run_test::{{closure}}::h2aa798823a438d38
[INFO] [stdout]                                at /rustc/82e1608dfa6e0b5569232559e3d385fea5a93112/library/test/src/lib.rs:574:43
[INFO] [stdout]   36:     0x558070832436 - test::run_test::{{closure}}::h87d231c78fb59832
[INFO] [stdout]                                at /rustc/82e1608dfa6e0b5569232559e3d385fea5a93112/library/test/src/lib.rs:602:41
[INFO] [stdout]   37:     0x558070832436 - std::sys_common::backtrace::__rust_begin_short_backtrace::he6df152596625789
[INFO] [stdout]                                at /rustc/82e1608dfa6e0b5569232559e3d385fea5a93112/library/std/src/sys_common/backtrace.rs:154:18
[INFO] [stdout]   38:     0x5580708374e7 - std::thread::Builder::spawn_unchecked_::{{closure}}::{{closure}}::ha94be15d1e0acf36
[INFO] [stdout]                                at /rustc/82e1608dfa6e0b5569232559e3d385fea5a93112/library/std/src/thread/mod.rs:529:17
[INFO] [stdout]   39:     0x5580708374e7 - <core::panic::unwind_safe::AssertUnwindSafe<F> as core::ops::function::FnOnce<()>>::call_once::h9dc6bd6372f16606
[INFO] [stdout]                                at /rustc/82e1608dfa6e0b5569232559e3d385fea5a93112/library/core/src/panic/unwind_safe.rs:272:9
[INFO] [stdout]   40:     0x5580708374e7 - std::panicking::try::do_call::h9057517f80303cd4
[INFO] [stdout]                                at /rustc/82e1608dfa6e0b5569232559e3d385fea5a93112/library/std/src/panicking.rs:552:40
[INFO] [stdout]   41:     0x5580708374e7 - std::panicking::try::he3a30b11ee45340c
[INFO] [stdout]                                at /rustc/82e1608dfa6e0b5569232559e3d385fea5a93112/library/std/src/panicking.rs:516:19
[INFO] [stdout]   42:     0x5580708374e7 - std::panic::catch_unwind::h410458cfd3528b8b
[INFO] [stdout]                                at /rustc/82e1608dfa6e0b5569232559e3d385fea5a93112/library/std/src/panic.rs:142:14
[INFO] [stdout]   43:     0x5580708374e7 - std::thread::Builder::spawn_unchecked_::{{closure}}::h72ac3bdb567b737b
[INFO] [stdout]                                at /rustc/82e1608dfa6e0b5569232559e3d385fea5a93112/library/std/src/thread/mod.rs:528:30
[INFO] [stdout]   44:     0x5580708374e7 - core::ops::function::FnOnce::call_once{{vtable.shim}}::h38f34da3654a8344
[INFO] [stdout]                                at /rustc/82e1608dfa6e0b5569232559e3d385fea5a93112/library/core/src/ops/function.rs:250:5
[INFO] [stdout]   45:     0x558071403f45 - <alloc::boxed::Box<F,A> as core::ops::function::FnOnce<Args>>::call_once::hc7eafaff61e32df9
[INFO] [stdout]                                at /rustc/82e1608dfa6e0b5569232559e3d385fea5a93112/library/alloc/src/boxed.rs:2007:9
[INFO] [stdout]   46:     0x558071403f45 - <alloc::boxed::Box<F,A> as core::ops::function::FnOnce<Args>>::call_once::h6ba4a5de48dd2304
[INFO] [stdout]                                at /rustc/82e1608dfa6e0b5569232559e3d385fea5a93112/library/alloc/src/boxed.rs:2007:9
[INFO] [stdout]   47:     0x558071403f45 - std::sys::unix::thread::Thread::new::thread_start::he469335aef763e45
[INFO] [stdout]                                at /rustc/82e1608dfa6e0b5569232559e3d385fea5a93112/library/std/src/sys/unix/thread.rs:108:17
[INFO] [stdout]   48:     0x7fba11cbcac3 - <unknown>
[INFO] [stdout]   49:     0x7fba11d4dbf4 - __clone
[INFO] [stdout]   50:                0x0 - <unknown>
[INFO] [stdout] 
[INFO] [stdout] ---- reserved_word::tests::babel_issue_6477 stdout ----
[INFO] [stdout]   [32m INFO[0m  [32mDiagnostics will be printed to stderr as logging level is trace or debug[0m
[INFO] [stdout]     [2;3mat[0m /opt/rustwide/cargo-home/registry/src/index.crates.io-6f17d22bba15001f/testing-0.35.14/src/errors/stderr.rs:17
[INFO] [stdout] 
[INFO] [stdout] ----- [32mExpected[0m -----
[INFO] [stdout] 
[INFO] [stdout]   [32m INFO[0m  [32mDiagnostics will be printed to stderr as logging level is trace or debug[0m
[INFO] [stdout]     [2;3mat[0m /opt/rustwide/cargo-home/registry/src/index.crates.io-6f17d22bba15001f/testing-0.35.14/src/errors/stderr.rs:17
[INFO] [stdout] 
[INFO] [stdout] ----- [32mInput[0m -----
[INFO] [stdout] 
[INFO] [stdout] function utf8CheckByte(byte) {
[INFO] [stdout]   if (byte <= 0x7F) return 0;
[INFO] [stdout]   else if (byte >> 5 === 0x06) return 2;
[INFO] [stdout]   else if (byte >> 4 === 0x0E) return 3;
[INFO] [stdout]   else if (byte >> 3 === 0x1E) return 4;
[INFO] [stdout]   return -1;
[INFO] [stdout] }
[INFO] [stdout] 
[INFO] [stdout] ----- [32mActual[0m -----
[INFO] [stdout]   [34mDEBUG[0m  [34mRenaming `utf8CheckByte#0` to `utf8CheckByte`[0m
[INFO] [stdout]     [2;3mat[0m /opt/rustwide/cargo-home/registry/src/index.crates.io-6f17d22bba15001f/swc_ecma_transforms_base-0.134.58/src/rename/analyzer/scope.rs:188
[INFO] [stdout] 
[INFO] [stdout]   [34mDEBUG[0m  [34mRenaming `_byte#0` to `_byte`[0m
[INFO] [stdout]     [2;3mat[0m /opt/rustwide/cargo-home/registry/src/index.crates.io-6f17d22bba15001f/swc_ecma_transforms_base-0.134.58/src/rename/analyzer/scope.rs:188
[INFO] [stdout] 
[INFO] [stdout] function utf8CheckByte(_byte) {
[INFO] [stdout]     if (_byte <= 0x7F) return 0;
[INFO] [stdout]     else if (_byte >> 5 === 0x06) return 2;
[INFO] [stdout]     else if (_byte >> 4 === 0x0E) return 3;
[INFO] [stdout]     else if (_byte >> 3 === 0x1E) return 4;
[INFO] [stdout]     return -1;
[INFO] [stdout] }
[INFO] [stdout] 
[INFO] [stdout]   [34mDEBUG[0m  [34mcompare_to_file: failed to canonicalize outfile path `/opt/rustwide/workdir/tests/__swc_snapshots__/src/reserved_word.rs/babel_issue_6477.js`: Os { code: 2, kind: NotFound, message: "No such file or directory" }[0m
[INFO] [stdout]     [2;3mat[0m /opt/rustwide/cargo-home/registry/src/index.crates.io-6f17d22bba15001f/testing-0.35.14/src/output.rs:137
[INFO] [stdout] 
[INFO] [stdout]   [34mDEBUG[0m  [34mComparing output to /opt/rustwide/workdir/tests/__swc_snapshots__/src/reserved_word.rs/babel_issue_6477.js[0m
[INFO] [stdout]     [2;3mat[0m /opt/rustwide/cargo-home/registry/src/index.crates.io-6f17d22bba15001f/testing-0.35.14/src/output.rs:163
[INFO] [stdout] 
[INFO] [stdout] thread 'reserved_word::tests::babel_issue_6477' panicked at /opt/rustwide/cargo-home/registry/src/index.crates.io-6f17d22bba15001f/testing-0.35.14/src/output.rs:164:48:
[INFO] [stdout] failed to run `mkdir -p`: Os { code: 30, kind: ReadOnlyFilesystem, message: "Read-only file system" }
[INFO] [stdout] stack backtrace:
[INFO] [stdout]    0:     0x5580713fd0fc - std::backtrace_rs::backtrace::libunwind::trace::ha637c64ce894333a
[INFO] [stdout]                                at /rustc/82e1608dfa6e0b5569232559e3d385fea5a93112/library/std/src/../../backtrace/src/backtrace/libunwind.rs:104:5
[INFO] [stdout]    1:     0x5580713fd0fc - std::backtrace_rs::backtrace::trace_unsynchronized::h47f62dea28e0c88d
[INFO] [stdout]                                at /rustc/82e1608dfa6e0b5569232559e3d385fea5a93112/library/std/src/../../backtrace/src/backtrace/mod.rs:66:5
[INFO] [stdout]    2:     0x5580713fd0fc - std::sys_common::backtrace::_print_fmt::h9eef0abe20ede486
[INFO] [stdout]                                at /rustc/82e1608dfa6e0b5569232559e3d385fea5a93112/library/std/src/sys_common/backtrace.rs:67:5
[INFO] [stdout]    3:     0x5580713fd0fc - <std::sys_common::backtrace::_print::DisplayBacktrace as core::fmt::Display>::fmt::hed7f999df88cc644
[INFO] [stdout]                                at /rustc/82e1608dfa6e0b5569232559e3d385fea5a93112/library/std/src/sys_common/backtrace.rs:44:22
[INFO] [stdout]    4:     0x558071428d60 - core::fmt::rt::Argument::fmt::h1539a9308b8d058d
[INFO] [stdout]                                at /rustc/82e1608dfa6e0b5569232559e3d385fea5a93112/library/core/src/fmt/rt.rs:142:9
[INFO] [stdout]    5:     0x558071428d60 - core::fmt::write::h3a39390d8560d9c9
[INFO] [stdout]                                at /rustc/82e1608dfa6e0b5569232559e3d385fea5a93112/library/core/src/fmt/mod.rs:1120:17
[INFO] [stdout]    6:     0x5580713fa6af - std::io::Write::write_fmt::h040b369f3a0f9cbc
[INFO] [stdout]                                at /rustc/82e1608dfa6e0b5569232559e3d385fea5a93112/library/std/src/io/mod.rs:1762:15
[INFO] [stdout]    7:     0x5580713fcee4 - std::sys_common::backtrace::_print::h894006fb5c6f3d45
[INFO] [stdout]                                at /rustc/82e1608dfa6e0b5569232559e3d385fea5a93112/library/std/src/sys_common/backtrace.rs:47:5
[INFO] [stdout]    8:     0x5580713fcee4 - std::sys_common::backtrace::print::h23a2d212c6fff936
[INFO] [stdout]                                at /rustc/82e1608dfa6e0b5569232559e3d385fea5a93112/library/std/src/sys_common/backtrace.rs:34:9
[INFO] [stdout]    9:     0x5580713feba7 - std::panicking::default_hook::{{closure}}::h8a1d2ee00185001a
[INFO] [stdout]   10:     0x5580713fe893 - std::panicking::default_hook::h6038f2eba384e475
[INFO] [stdout]                                at /rustc/82e1608dfa6e0b5569232559e3d385fea5a93112/library/std/src/panicking.rs:289:9
[INFO] [stdout]   11:     0x558070865b07 - <alloc::boxed::Box<F,A> as core::ops::function::Fn<Args>>::call::h0ad024c9bdc6d768
[INFO] [stdout]                                at /rustc/82e1608dfa6e0b5569232559e3d385fea5a93112/library/alloc/src/boxed.rs:2021:9
[INFO] [stdout]   12:     0x558070865b07 - test::test_main::{{closure}}::h7500b54257359db6
[INFO] [stdout]                                at /rustc/82e1608dfa6e0b5569232559e3d385fea5a93112/library/test/src/lib.rs:138:21
[INFO] [stdout]   13:     0x5580713ff1b8 - <alloc::boxed::Box<F,A> as core::ops::function::Fn<Args>>::call::h1f8f335eaa9cfaee
[INFO] [stdout]                                at /rustc/82e1608dfa6e0b5569232559e3d385fea5a93112/library/alloc/src/boxed.rs:2021:9
[INFO] [stdout]   14:     0x5580713ff1b8 - std::panicking::rust_panic_with_hook::h2b5517d590cab22e
[INFO] [stdout]                                at /rustc/82e1608dfa6e0b5569232559e3d385fea5a93112/library/std/src/panicking.rs:783:13
[INFO] [stdout]   15:     0x5580713fef0e - std::panicking::begin_panic_handler::{{closure}}::h233112c06e0ef43e
[INFO] [stdout]                                at /rustc/82e1608dfa6e0b5569232559e3d385fea5a93112/library/std/src/panicking.rs:657:13
[INFO] [stdout]   16:     0x5580713fd5c6 - std::sys_common::backtrace::__rust_end_short_backtrace::h6e893f24d7ebbff8
[INFO] [stdout]                                at /rustc/82e1608dfa6e0b5569232559e3d385fea5a93112/library/std/src/sys_common/backtrace.rs:170:18
[INFO] [stdout]   17:     0x5580713fec72 - rust_begin_unwind
[INFO] [stdout]                                at /rustc/82e1608dfa6e0b5569232559e3d385fea5a93112/library/std/src/panicking.rs:645:5
[INFO] [stdout]   18:     0x5580707a23c5 - core::panicking::panic_fmt::hbf0e066aabfa482c
[INFO] [stdout]                                at /rustc/82e1608dfa6e0b5569232559e3d385fea5a93112/library/core/src/panicking.rs:72:14
[INFO] [stdout]   19:     0x5580707a29f3 - core::result::unwrap_failed::hddb4fea594200c52
[INFO] [stdout]                                at /rustc/82e1608dfa6e0b5569232559e3d385fea5a93112/library/core/src/result.rs:1653:5
[INFO] [stdout]   20:     0x558070a3ddcf - core::result::Result<T,E>::expect::h14979202a0d4de93
[INFO] [stdout]                                at /rustc/82e1608dfa6e0b5569232559e3d385fea5a93112/library/core/src/result.rs:1034:23
[INFO] [stdout]   21:     0x55807089719f - testing::output::NormalizedOutput::compare_to_file::h6bb0d13b8a9da09e
[INFO] [stdout]                                at /opt/rustwide/cargo-home/registry/src/index.crates.io-6f17d22bba15001f/testing-0.35.14/src/output.rs:164:9
[INFO] [stdout]   22:     0x5580708c45ef - swc_ecma_transforms_testing::test_fixture_inner::h6594695ccf8bf129
[INFO] [stdout]                                at /opt/rustwide/cargo-home/registry/src/index.crates.io-6f17d22bba15001f/swc_ecma_transforms_testing-0.137.60/src/lib.rs:878:13
[INFO] [stdout]   23:     0x558070820188 - swc_ecma_transforms_testing::test_inlined_transform::h9458adcc42bd3986
[INFO] [stdout]                                at /opt/rustwide/cargo-home/registry/src/index.crates.io-6f17d22bba15001f/swc_ecma_transforms_testing-0.137.60/src/lib.rs:379:5
[INFO] [stdout]   24:     0x558070827670 - swc_ecma_compat_es3::reserved_word::tests::babel_issue_6477::h911328651ce46369
[INFO] [stdout]                                at /opt/rustwide/cargo-home/registry/src/index.crates.io-6f17d22bba15001f/swc_ecma_transforms_testing-0.137.60/src/lib.rs:411:13
[INFO] [stdout]   25:     0x558070827617 - swc_ecma_compat_es3::reserved_word::tests::babel_issue_6477::{{closure}}::hd495ee884d8e8fb0
[INFO] [stdout]                                at /opt/rustwide/cargo-home/registry/src/index.crates.io-6f17d22bba15001f/swc_ecma_transforms_testing-0.137.60/src/lib.rs:410:24
[INFO] [stdout]   26:     0x5580708296e6 - core::ops::function::FnOnce::call_once::h33cfa8bc94b4ae48
[INFO] [stdout]                                at /rustc/82e1608dfa6e0b5569232559e3d385fea5a93112/library/core/src/ops/function.rs:250:5
[INFO] [stdout]   27:     0x55807086b15f - core::ops::function::FnOnce::call_once::h2b5d431d5046312d
[INFO] [stdout]                                at /rustc/82e1608dfa6e0b5569232559e3d385fea5a93112/library/core/src/ops/function.rs:250:5
[INFO] [stdout]   28:     0x55807086b15f - test::__rust_begin_short_backtrace::h7714669af176e207
[INFO] [stdout]                                at /rustc/82e1608dfa6e0b5569232559e3d385fea5a93112/library/test/src/lib.rs:628:18
[INFO] [stdout]   29:     0x55807086a175 - test::run_test_in_process::{{closure}}::h85218797dcbcec12
[INFO] [stdout]                                at /rustc/82e1608dfa6e0b5569232559e3d385fea5a93112/library/test/src/lib.rs:651:60
[INFO] [stdout]   30:     0x55807086a175 - <core::panic::unwind_safe::AssertUnwindSafe<F> as core::ops::function::FnOnce<()>>::call_once::h76c106ea31c14d7b
[INFO] [stdout]                                at /rustc/82e1608dfa6e0b5569232559e3d385fea5a93112/library/core/src/panic/unwind_safe.rs:272:9
[INFO] [stdout]   31:     0x55807086a175 - std::panicking::try::do_call::h3bd5d0f6620ee946
[INFO] [stdout]                                at /rustc/82e1608dfa6e0b5569232559e3d385fea5a93112/library/std/src/panicking.rs:552:40
[INFO] [stdout]   32:     0x55807086a175 - std::panicking::try::h232e535e4744fe31
[INFO] [stdout]                                at /rustc/82e1608dfa6e0b5569232559e3d385fea5a93112/library/std/src/panicking.rs:516:19
[INFO] [stdout]   33:     0x55807086a175 - std::panic::catch_unwind::h3ce3bd6ca8dbac68
[INFO] [stdout]                                at /rustc/82e1608dfa6e0b5569232559e3d385fea5a93112/library/std/src/panic.rs:142:14
[INFO] [stdout]   34:     0x55807086a175 - test::run_test_in_process::hc97b257c9621286a
[INFO] [stdout]                                at /rustc/82e1608dfa6e0b5569232559e3d385fea5a93112/library/test/src/lib.rs:651:27
[INFO] [stdout]   35:     0x55807086a175 - test::run_test::{{closure}}::h2aa798823a438d38
[INFO] [stdout]                                at /rustc/82e1608dfa6e0b5569232559e3d385fea5a93112/library/test/src/lib.rs:574:43
[INFO] [stdout]   36:     0x558070832436 - test::run_test::{{closure}}::h87d231c78fb59832
[INFO] [stdout]                                at /rustc/82e1608dfa6e0b5569232559e3d385fea5a93112/library/test/src/lib.rs:602:41
[INFO] [stdout]   37:     0x558070832436 - std::sys_common::backtrace::__rust_begin_short_backtrace::he6df152596625789
[INFO] [stdout]                                at /rustc/82e1608dfa6e0b5569232559e3d385fea5a93112/library/std/src/sys_common/backtrace.rs:154:18
[INFO] [stdout]   38:     0x5580708374e7 - std::thread::Builder::spawn_unchecked_::{{closure}}::{{closure}}::ha94be15d1e0acf36
[INFO] [stdout]                                at /rustc/82e1608dfa6e0b5569232559e3d385fea5a93112/library/std/src/thread/mod.rs:529:17
[INFO] [stdout]   39:     0x5580708374e7 - <core::panic::unwind_safe::AssertUnwindSafe<F> as core::ops::function::FnOnce<()>>::call_once::h9dc6bd6372f16606
[INFO] [stdout]                                at /rustc/82e1608dfa6e0b5569232559e3d385fea5a93112/library/core/src/panic/unwind_safe.rs:272:9
[INFO] [stdout]   40:     0x5580708374e7 - std::panicking::try::do_call::h9057517f80303cd4
[INFO] [stdout]                                at /rustc/82e1608dfa6e0b5569232559e3d385fea5a93112/library/std/src/panicking.rs:552:40
[INFO] [stdout]   41:     0x5580708374e7 - std::panicking::try::he3a30b11ee45340c
[INFO] [stdout]                                at /rustc/82e1608dfa6e0b5569232559e3d385fea5a93112/library/std/src/panicking.rs:516:19
[INFO] [stdout]   42:     0x5580708374e7 - std::panic::catch_unwind::h410458cfd3528b8b
[INFO] [stdout]                                at /rustc/82e1608dfa6e0b5569232559e3d385fea5a93112/library/std/src/panic.rs:142:14
[INFO] [stdout]   43:     0x5580708374e7 - std::thread::Builder::spawn_unchecked_::{{closure}}::h72ac3bdb567b737b
[INFO] [stdout]                                at /rustc/82e1608dfa6e0b5569232559e3d385fea5a93112/library/std/src/thread/mod.rs:528:30
[INFO] [stdout]   44:     0x5580708374e7 - core::ops::function::FnOnce::call_once{{vtable.shim}}::h38f34da3654a8344
[INFO] [stdout]                                at /rustc/82e1608dfa6e0b5569232559e3d385fea5a93112/library/core/src/ops/function.rs:250:5
[INFO] [stdout]   45:     0x558071403f45 - <alloc::boxed::Box<F,A> as core::ops::function::FnOnce<Args>>::call_once::hc7eafaff61e32df9
[INFO] [stdout]                                at /rustc/82e1608dfa6e0b5569232559e3d385fea5a93112/library/alloc/src/boxed.rs:2007:9
[INFO] [stdout]   46:     0x558071403f45 - <alloc::boxed::Box<F,A> as core::ops::function::FnOnce<Args>>::call_once::h6ba4a5de48dd2304
[INFO] [stdout]                                at /rustc/82e1608dfa6e0b5569232559e3d385fea5a93112/library/alloc/src/boxed.rs:2007:9
[INFO] [stdout]   47:     0x558071403f45 - std::sys::unix::thread::Thread::new::thread_start::he469335aef763e45
[INFO] [stdout]                                at /rustc/82e1608dfa6e0b5569232559e3d385fea5a93112/library/std/src/sys/unix/thread.rs:108:17
[INFO] [stdout]   48:     0x7fba11cbcac3 - <unknown>
[INFO] [stdout]   49:     0x7fba11d4dbf4 - __clone
[INFO] [stdout]   50:                0x0 - <unknown>
[INFO] [stdout] 
[INFO] [stdout] 
[INFO] [stdout] failures:
[INFO] [stdout]     member_expr_lits::tests::basic
[INFO] [stdout]     member_expr_lits::tests::issue_206
[INFO] [stdout]     member_expr_lits::tests::issue_211
[INFO] [stdout]     prop_lits::tests::babel_basic
[INFO] [stdout]     prop_lits::tests::str_lit
[INFO] [stdout]     reserved_word::tests::babel_issue_6477
[INFO] [stdout]     reserved_word::tests::export_as_default
[INFO] [stdout]     reserved_word::tests::issue_7164
[INFO] [stdout]     reserved_word::tests::issue_7237
[INFO] [stdout] 
[INFO] [stdout] test result: FAILED. 0 passed; 9 failed; 0 ignored; 0 measured; 0 filtered out; finished in 0.07s
[INFO] [stdout] 
[INFO] [stderr] error: test failed, to rerun pass `--lib`
[INFO] running `Command { std: "docker" "inspect" "fb7fa47b7ed2c0ab8727247a6e5f86dbed32cc874e792ec45a687f09ed5cfd98", kill_on_drop: false }`
[INFO] running `Command { std: "docker" "rm" "-f" "fb7fa47b7ed2c0ab8727247a6e5f86dbed32cc874e792ec45a687f09ed5cfd98", kill_on_drop: false }`
[INFO] [stdout] fb7fa47b7ed2c0ab8727247a6e5f86dbed32cc874e792ec45a687f09ed5cfd98
