[INFO] fetching crate swarm-commander 0.9.7...
[INFO] testing swarm-commander-0.9.7 against 1.75.0 for beta-1.76-1
[INFO] extracting crate swarm-commander 0.9.7 into /workspace/builds/worker-4-tc1/source
[INFO] validating manifest of crates.io crate swarm-commander 0.9.7 on toolchain 1.75.0
[INFO] running `Command { std: CARGO_HOME="/workspace/cargo-home" RUSTUP_HOME="/workspace/rustup-home" "/workspace/cargo-home/bin/cargo" "+1.75.0" "metadata" "--manifest-path" "Cargo.toml" "--no-deps", kill_on_drop: false }`
[INFO] started tweaking crates.io crate swarm-commander 0.9.7
[INFO] finished tweaking crates.io crate swarm-commander 0.9.7
[INFO] tweaked toml for crates.io crate swarm-commander 0.9.7 written to /workspace/builds/worker-4-tc1/source/Cargo.toml
[INFO] running `Command { std: CARGO_HOME="/workspace/cargo-home" RUSTUP_HOME="/workspace/rustup-home" "/workspace/cargo-home/bin/cargo" "+1.75.0" "generate-lockfile" "--manifest-path" "Cargo.toml", kill_on_drop: false }`
[INFO] [stderr]     Updating crates.io index
[INFO] running `Command { std: CARGO_HOME="/workspace/cargo-home" RUSTUP_HOME="/workspace/rustup-home" "/workspace/cargo-home/bin/cargo" "+1.75.0" "fetch" "--manifest-path" "Cargo.toml", kill_on_drop: false }`
[INFO] running `Command { std: "docker" "create" "-v" "/var/lib/crater-agent-workspace/builds/worker-4-tc1/target:/opt/rustwide/target:rw,Z" "-v" "/var/lib/crater-agent-workspace/builds/worker-4-tc1/source:/opt/rustwide/workdir:ro,Z" "-v" "/var/lib/crater-agent-workspace/cargo-home:/opt/rustwide/cargo-home:ro,Z" "-v" "/var/lib/crater-agent-workspace/rustup-home:/opt/rustwide/rustup-home:ro,Z" "-e" "SOURCE_DIR=/opt/rustwide/workdir" "-e" "CARGO_TARGET_DIR=/opt/rustwide/target" "-e" "CARGO_HOME=/opt/rustwide/cargo-home" "-e" "RUSTUP_HOME=/opt/rustwide/rustup-home" "-w" "/opt/rustwide/workdir" "-m" "1610612736" "--user" "0:0" "--network" "none" "ghcr.io/rust-lang/crates-build-env/linux@sha256:2788e3201cd34a07e3172128adcd8b3090168a8e3bcc40d7c032b9dda1df7d1c" "/opt/rustwide/cargo-home/bin/cargo" "+1.75.0" "metadata" "--no-deps" "--format-version=1", kill_on_drop: false }`
[INFO] [stdout] 3f21881ce81b31c9b3ac9aeaa966a3de4e2def966e61a8ef46674d722c84177f
[INFO] running `Command { std: "docker" "start" "-a" "3f21881ce81b31c9b3ac9aeaa966a3de4e2def966e61a8ef46674d722c84177f", kill_on_drop: false }`
[INFO] running `Command { std: "docker" "inspect" "3f21881ce81b31c9b3ac9aeaa966a3de4e2def966e61a8ef46674d722c84177f", kill_on_drop: false }`
[INFO] running `Command { std: "docker" "rm" "-f" "3f21881ce81b31c9b3ac9aeaa966a3de4e2def966e61a8ef46674d722c84177f", kill_on_drop: false }`
[INFO] [stdout] 3f21881ce81b31c9b3ac9aeaa966a3de4e2def966e61a8ef46674d722c84177f
[INFO] running `Command { std: "docker" "create" "-v" "/var/lib/crater-agent-workspace/builds/worker-4-tc1/target:/opt/rustwide/target:rw,Z" "-v" "/var/lib/crater-agent-workspace/builds/worker-4-tc1/source:/opt/rustwide/workdir:ro,Z" "-v" "/var/lib/crater-agent-workspace/cargo-home:/opt/rustwide/cargo-home:ro,Z" "-v" "/var/lib/crater-agent-workspace/rustup-home:/opt/rustwide/rustup-home:ro,Z" "-e" "SOURCE_DIR=/opt/rustwide/workdir" "-e" "CARGO_TARGET_DIR=/opt/rustwide/target" "-e" "CARGO_INCREMENTAL=0" "-e" "RUST_BACKTRACE=full" "-e" "RUSTFLAGS=--cap-lints=warn" "-e" "RUSTDOCFLAGS=--cap-lints=warn" "-e" "CARGO_HOME=/opt/rustwide/cargo-home" "-e" "RUSTUP_HOME=/opt/rustwide/rustup-home" "-w" "/opt/rustwide/workdir" "-m" "1610612736" "--user" "0:0" "--network" "none" "ghcr.io/rust-lang/crates-build-env/linux@sha256:2788e3201cd34a07e3172128adcd8b3090168a8e3bcc40d7c032b9dda1df7d1c" "/opt/rustwide/cargo-home/bin/cargo" "+1.75.0" "build" "--frozen" "--message-format=json", kill_on_drop: false }`
[INFO] [stdout] 160ae8dd3744432eca75b769d2427ee60f129c219a3ba118fc0e46687f45c121
[INFO] running `Command { std: "docker" "start" "-a" "160ae8dd3744432eca75b769d2427ee60f129c219a3ba118fc0e46687f45c121", kill_on_drop: false }`
[INFO] [stderr]    Compiling futures-sink v0.3.30
[INFO] [stderr]    Compiling futures-core v0.3.30
[INFO] [stderr]    Compiling getrandom v0.2.11
[INFO] [stderr]    Compiling anyhow v1.0.79
[INFO] [stderr]    Compiling pin-project-internal v1.1.3
[INFO] [stderr]    Compiling tokio v1.35.1
[INFO] [stderr]    Compiling futures-channel v0.3.30
[INFO] [stderr]    Compiling nanorand v0.7.0
[INFO] [stderr]    Compiling futures-util v0.3.30
[INFO] [stderr]    Compiling pin-project v1.1.3
[INFO] [stderr]    Compiling flume v0.10.14
[INFO] [stderr]    Compiling futures-executor v0.3.30
[INFO] [stderr]    Compiling futures v0.3.30
[INFO] [stderr]    Compiling swarm-commander v0.9.7 (/opt/rustwide/workdir)
[INFO] [stderr]     Finished dev [unoptimized + debuginfo] target(s) in 11.72s
[INFO] running `Command { std: "docker" "inspect" "160ae8dd3744432eca75b769d2427ee60f129c219a3ba118fc0e46687f45c121", kill_on_drop: false }`
[INFO] running `Command { std: "docker" "rm" "-f" "160ae8dd3744432eca75b769d2427ee60f129c219a3ba118fc0e46687f45c121", kill_on_drop: false }`
[INFO] [stdout] 160ae8dd3744432eca75b769d2427ee60f129c219a3ba118fc0e46687f45c121
[INFO] running `Command { std: "docker" "create" "-v" "/var/lib/crater-agent-workspace/builds/worker-4-tc1/target:/opt/rustwide/target:rw,Z" "-v" "/var/lib/crater-agent-workspace/builds/worker-4-tc1/source:/opt/rustwide/workdir:ro,Z" "-v" "/var/lib/crater-agent-workspace/cargo-home:/opt/rustwide/cargo-home:ro,Z" "-v" "/var/lib/crater-agent-workspace/rustup-home:/opt/rustwide/rustup-home:ro,Z" "-e" "SOURCE_DIR=/opt/rustwide/workdir" "-e" "CARGO_TARGET_DIR=/opt/rustwide/target" "-e" "CARGO_INCREMENTAL=0" "-e" "RUST_BACKTRACE=full" "-e" "RUSTFLAGS=--cap-lints=warn" "-e" "RUSTDOCFLAGS=--cap-lints=warn" "-e" "CARGO_HOME=/opt/rustwide/cargo-home" "-e" "RUSTUP_HOME=/opt/rustwide/rustup-home" "-w" "/opt/rustwide/workdir" "-m" "1610612736" "--user" "0:0" "--network" "none" "ghcr.io/rust-lang/crates-build-env/linux@sha256:2788e3201cd34a07e3172128adcd8b3090168a8e3bcc40d7c032b9dda1df7d1c" "/opt/rustwide/cargo-home/bin/cargo" "+1.75.0" "test" "--frozen" "--no-run" "--message-format=json", kill_on_drop: false }`
[INFO] [stdout] 14e427ee405fba88ab26fa3806d9d23fcef6d10b68a7d4bb9b959df7537b7696
[INFO] running `Command { std: "docker" "start" "-a" "14e427ee405fba88ab26fa3806d9d23fcef6d10b68a7d4bb9b959df7537b7696", kill_on_drop: false }`
[INFO] [stderr]    Compiling swarm-commander v0.9.7 (/opt/rustwide/workdir)
[INFO] [stderr]     Finished test [unoptimized + debuginfo] target(s) in 0.71s
[INFO] running `Command { std: "docker" "inspect" "14e427ee405fba88ab26fa3806d9d23fcef6d10b68a7d4bb9b959df7537b7696", kill_on_drop: false }`
[INFO] running `Command { std: "docker" "rm" "-f" "14e427ee405fba88ab26fa3806d9d23fcef6d10b68a7d4bb9b959df7537b7696", kill_on_drop: false }`
[INFO] [stdout] 14e427ee405fba88ab26fa3806d9d23fcef6d10b68a7d4bb9b959df7537b7696
[INFO] running `Command { std: "docker" "create" "-v" "/var/lib/crater-agent-workspace/builds/worker-4-tc1/target:/opt/rustwide/target:rw,Z" "-v" "/var/lib/crater-agent-workspace/builds/worker-4-tc1/source:/opt/rustwide/workdir:ro,Z" "-v" "/var/lib/crater-agent-workspace/cargo-home:/opt/rustwide/cargo-home:ro,Z" "-v" "/var/lib/crater-agent-workspace/rustup-home:/opt/rustwide/rustup-home:ro,Z" "-e" "SOURCE_DIR=/opt/rustwide/workdir" "-e" "CARGO_TARGET_DIR=/opt/rustwide/target" "-e" "CARGO_INCREMENTAL=0" "-e" "RUST_BACKTRACE=full" "-e" "RUSTFLAGS=--cap-lints=warn" "-e" "RUSTDOCFLAGS=--cap-lints=warn" "-e" "CARGO_HOME=/opt/rustwide/cargo-home" "-e" "RUSTUP_HOME=/opt/rustwide/rustup-home" "-w" "/opt/rustwide/workdir" "-m" "1610612736" "--user" "0:0" "--network" "none" "ghcr.io/rust-lang/crates-build-env/linux@sha256:2788e3201cd34a07e3172128adcd8b3090168a8e3bcc40d7c032b9dda1df7d1c" "/opt/rustwide/cargo-home/bin/cargo" "+1.75.0" "test" "--frozen", kill_on_drop: false }`
[INFO] [stdout] 995b22aaa75a27c3a1e64a44edd636fec75639dfb571e316124b28f2492f0e9f
[INFO] running `Command { std: "docker" "start" "-a" "995b22aaa75a27c3a1e64a44edd636fec75639dfb571e316124b28f2492f0e9f", kill_on_drop: false }`
[INFO] [stderr]     Finished test [unoptimized + debuginfo] target(s) in 0.05s
[INFO] [stderr]      Running unittests src/lib.rs (/opt/rustwide/target/debug/deps/swarm_commander-ea1650a8603001ee)
[INFO] [stderr]    Doc-tests swarm-commander
[INFO] [stdout] 
[INFO] [stdout] running 0 tests
[INFO] [stdout] 
[INFO] [stdout] test result: ok. 0 passed; 0 failed; 0 ignored; 0 measured; 0 filtered out; finished in 0.00s
[INFO] [stdout] 
[INFO] [stderr] warning: unknown lint: `rustdoc::missing_doc_code_examples`
[INFO] [stderr]  --> src/lib.rs:2:1
[INFO] [stderr]   |
[INFO] [stderr] 2 | #![deny(rustdoc::missing_doc_code_examples)]
[INFO] [stderr]   | ^^^^^^^^^^^^^^^^^^^^^^^^^^^^^^^^^^^^^^^^^^^^
[INFO] [stderr]   |
[INFO] [stderr]   = note: the `rustdoc::missing_doc_code_examples` lint is unstable
[INFO] [stderr]   = note: see issue #101730 <https://github.com/rust-lang/rust/issues/101730> for more information
[INFO] [stderr]   = note: `#[warn(unknown_lints)]` on by default
[INFO] [stderr] 
[INFO] [stderr] warning: 1 warning emitted
[INFO] [stderr] 
[INFO] [stdout] 
[INFO] [stdout] running 1 test
[INFO] [stderr] error: doctest failed, to rerun pass `--doc`
[INFO] [stdout] test src/runner.rs - runner::run_hive (line 108) ... FAILED
[INFO] [stdout] 
[INFO] [stdout] failures:
[INFO] [stdout] 
[INFO] [stdout] ---- src/runner.rs - runner::run_hive (line 108) stdout ----
[INFO] [stdout] error: The default runtime flavor is `multi_thread`, but the `rt-multi-thread` feature is disabled.
[INFO] [stdout]   --> src/runner.rs:123:2
[INFO] [stdout]    |
[INFO] [stdout] 17 |  #[tokio::main]
[INFO] [stdout]    |  ^^^^^^^^^^^^^^
[INFO] [stdout]    |
[INFO] [stdout]    = note: this error originates in the attribute macro `tokio::main` (in Nightly builds, run with -Z macro-backtrace for more info)
[INFO] [stdout] 
[INFO] [stdout] error[E0433]: failed to resolve: could not find `time` in `tokio`
[INFO] [stdout]   --> src/runner.rs:156:32
[INFO] [stdout]    |
[INFO] [stdout] 50 |      let mut interval = tokio::time::interval(tokio::time::Duration::from_millis(15000));
[INFO] [stdout]    |                                ^^^^ could not find `time` in `tokio`
[INFO] [stdout] 
[INFO] [stdout] error[E0433]: failed to resolve: could not find `time` in `tokio`
[INFO] [stdout]   --> src/runner.rs:156:54
[INFO] [stdout]    |
[INFO] [stdout] 50 |      let mut interval = tokio::time::interval(tokio::time::Duration::from_millis(15000));
[INFO] [stdout]    |                                                      ^^^^ could not find `time` in `tokio`
[INFO] [stdout]    |
[INFO] [stdout] help: consider importing one of these items
[INFO] [stdout]    |
[INFO] [stdout] 4  + use chrono::Duration;
[INFO] [stdout]    |
[INFO] [stdout] 4  + use core::time::Duration;
[INFO] [stdout]    |
[INFO] [stdout] 4  + use std::time::Duration;
[INFO] [stdout]    |
[INFO] [stdout] help: if you import `Duration`, refer to it directly
[INFO] [stdout]    |
[INFO] [stdout] 50 -      let mut interval = tokio::time::interval(tokio::time::Duration::from_millis(15000));
[INFO] [stdout] 50 +      let mut interval = tokio::time::interval(Duration::from_millis(15000));
[INFO] [stdout]    |
[INFO] [stdout] 
[INFO] [stdout] error[E0609]: no field `pid` on type `swarm_commander::RunnerStopEvent`
[INFO] [stdout]   --> src/runner.rs:172:77
[INFO] [stdout]    |
[INFO] [stdout] 66 | ...                   println!("Process with pid {} died", event.pid)
[INFO] [stdout]    |                                                                  ^^^
[INFO] [stdout]    |
[INFO] [stdout] help: one of the expressions' fields has a field of the same name
[INFO] [stdout]    |
[INFO] [stdout] 66 |                                  println!("Process with pid {} died", event.info.pid)
[INFO] [stdout]    |                                                                             +++++
[INFO] [stdout] help: a field with a similar name exists
[INFO] [stdout]    |
[INFO] [stdout] 66 |                                  println!("Process with pid {} died", event.id)
[INFO] [stdout]    |                                                                             ~~
[INFO] [stdout] 
[INFO] [stdout] error[E0423]: expected function, found macro `println`
[INFO] [stdout]   --> src/runner.rs:192:18
[INFO] [stdout]    |
[INFO] [stdout] 86 |                  println("Before die: {:?}", proc_list);
[INFO] [stdout]    |                  ^^^^^^^ not a function
[INFO] [stdout]    |
[INFO] [stdout] help: use `!` to invoke the macro
[INFO] [stdout]    |
[INFO] [stdout] 86 |                  println!("Before die: {:?}", proc_list);
[INFO] [stdout]    |                         +
[INFO] [stdout] 
[INFO] [stdout] error[E0423]: expected function, found macro `println`
[INFO] [stdout]   --> src/runner.rs:196:18
[INFO] [stdout]    |
[INFO] [stdout] 90 |                  println("After die: {:?}", proc_list);
[INFO] [stdout]    |                  ^^^^^^^ not a function
[INFO] [stdout]    |
[INFO] [stdout] help: use `!` to invoke the macro
[INFO] [stdout]    |
[INFO] [stdout] 90 |                  println!("After die: {:?}", proc_list);
[INFO] [stdout]    |                         +
[INFO] [stdout] 
[INFO] [stdout] error: aborting due to 6 previous errors
[INFO] [stdout] 
[INFO] [stdout] Some errors have detailed explanations: E0423, E0433, E0609.
[INFO] [stdout] For more information about an error, try `rustc --explain E0423`.
[INFO] [stdout] Couldn't compile the test.
[INFO] [stdout] 
[INFO] [stdout] failures:
[INFO] [stdout]     src/runner.rs - runner::run_hive (line 108)
[INFO] [stdout] 
[INFO] [stdout] test result: FAILED. 0 passed; 1 failed; 0 ignored; 0 measured; 0 filtered out; finished in 0.20s
[INFO] [stdout] 
[INFO] running `Command { std: "docker" "inspect" "995b22aaa75a27c3a1e64a44edd636fec75639dfb571e316124b28f2492f0e9f", kill_on_drop: false }`
[INFO] running `Command { std: "docker" "rm" "-f" "995b22aaa75a27c3a1e64a44edd636fec75639dfb571e316124b28f2492f0e9f", kill_on_drop: false }`
[INFO] [stdout] 995b22aaa75a27c3a1e64a44edd636fec75639dfb571e316124b28f2492f0e9f
