[INFO] fetching crate svgrtypes 0.28.5...
[INFO] testing svgrtypes-0.28.5 against 1.75.0 for beta-1.76-1
[INFO] extracting crate svgrtypes 0.28.5 into /workspace/builds/worker-5-tc1/source
[INFO] validating manifest of crates.io crate svgrtypes 0.28.5 on toolchain 1.75.0
[INFO] running `Command { std: CARGO_HOME="/workspace/cargo-home" RUSTUP_HOME="/workspace/rustup-home" "/workspace/cargo-home/bin/cargo" "+1.75.0" "metadata" "--manifest-path" "Cargo.toml" "--no-deps", kill_on_drop: false }`
[INFO] started tweaking crates.io crate svgrtypes 0.28.5
[INFO] finished tweaking crates.io crate svgrtypes 0.28.5
[INFO] tweaked toml for crates.io crate svgrtypes 0.28.5 written to /workspace/builds/worker-5-tc1/source/Cargo.toml
[INFO] running `Command { std: CARGO_HOME="/workspace/cargo-home" RUSTUP_HOME="/workspace/rustup-home" "/workspace/cargo-home/bin/cargo" "+1.75.0" "generate-lockfile" "--manifest-path" "Cargo.toml", kill_on_drop: false }`
[INFO] [stderr]     Updating crates.io index
[INFO] running `Command { std: CARGO_HOME="/workspace/cargo-home" RUSTUP_HOME="/workspace/rustup-home" "/workspace/cargo-home/bin/cargo" "+1.75.0" "fetch" "--manifest-path" "Cargo.toml", kill_on_drop: false }`
[INFO] [stderr]  Downloading crates ...
[INFO] [stderr]   Downloaded kurbo v0.8.3
[INFO] running `Command { std: "docker" "create" "-v" "/var/lib/crater-agent-workspace/builds/worker-5-tc1/target:/opt/rustwide/target:rw,Z" "-v" "/var/lib/crater-agent-workspace/builds/worker-5-tc1/source:/opt/rustwide/workdir:ro,Z" "-v" "/var/lib/crater-agent-workspace/cargo-home:/opt/rustwide/cargo-home:ro,Z" "-v" "/var/lib/crater-agent-workspace/rustup-home:/opt/rustwide/rustup-home:ro,Z" "-e" "SOURCE_DIR=/opt/rustwide/workdir" "-e" "CARGO_TARGET_DIR=/opt/rustwide/target" "-e" "CARGO_HOME=/opt/rustwide/cargo-home" "-e" "RUSTUP_HOME=/opt/rustwide/rustup-home" "-w" "/opt/rustwide/workdir" "-m" "1610612736" "--user" "0:0" "--network" "none" "ghcr.io/rust-lang/crates-build-env/linux@sha256:2788e3201cd34a07e3172128adcd8b3090168a8e3bcc40d7c032b9dda1df7d1c" "/opt/rustwide/cargo-home/bin/cargo" "+1.75.0" "metadata" "--no-deps" "--format-version=1", kill_on_drop: false }`
[INFO] [stdout] ee6ed80fbcaf0c254773ca99f24951ff66b0c776604ad0d1b971293e23322432
[INFO] running `Command { std: "docker" "start" "-a" "ee6ed80fbcaf0c254773ca99f24951ff66b0c776604ad0d1b971293e23322432", kill_on_drop: false }`
[INFO] running `Command { std: "docker" "inspect" "ee6ed80fbcaf0c254773ca99f24951ff66b0c776604ad0d1b971293e23322432", kill_on_drop: false }`
[INFO] running `Command { std: "docker" "rm" "-f" "ee6ed80fbcaf0c254773ca99f24951ff66b0c776604ad0d1b971293e23322432", kill_on_drop: false }`
[INFO] [stdout] ee6ed80fbcaf0c254773ca99f24951ff66b0c776604ad0d1b971293e23322432
[INFO] running `Command { std: "docker" "create" "-v" "/var/lib/crater-agent-workspace/builds/worker-5-tc1/target:/opt/rustwide/target:rw,Z" "-v" "/var/lib/crater-agent-workspace/builds/worker-5-tc1/source:/opt/rustwide/workdir:ro,Z" "-v" "/var/lib/crater-agent-workspace/cargo-home:/opt/rustwide/cargo-home:ro,Z" "-v" "/var/lib/crater-agent-workspace/rustup-home:/opt/rustwide/rustup-home:ro,Z" "-e" "SOURCE_DIR=/opt/rustwide/workdir" "-e" "CARGO_TARGET_DIR=/opt/rustwide/target" "-e" "CARGO_INCREMENTAL=0" "-e" "RUST_BACKTRACE=full" "-e" "RUSTFLAGS=--cap-lints=warn" "-e" "RUSTDOCFLAGS=--cap-lints=warn" "-e" "CARGO_HOME=/opt/rustwide/cargo-home" "-e" "RUSTUP_HOME=/opt/rustwide/rustup-home" "-w" "/opt/rustwide/workdir" "-m" "1610612736" "--user" "0:0" "--network" "none" "ghcr.io/rust-lang/crates-build-env/linux@sha256:2788e3201cd34a07e3172128adcd8b3090168a8e3bcc40d7c032b9dda1df7d1c" "/opt/rustwide/cargo-home/bin/cargo" "+1.75.0" "build" "--frozen" "--message-format=json", kill_on_drop: false }`
[INFO] [stdout] 9ec30c418b2d1cd198880d77c7906dbcf267886fb865442f8888fd06456671f0
[INFO] running `Command { std: "docker" "start" "-a" "9ec30c418b2d1cd198880d77c7906dbcf267886fb865442f8888fd06456671f0", kill_on_drop: false }`
[INFO] [stderr]    Compiling kurbo v0.8.3
[INFO] [stderr]    Compiling quote v1.0.35
[INFO] [stderr]    Compiling svgrtypes v0.28.5 (/opt/rustwide/workdir)
[INFO] [stdout] warning: call to `.borrow()` on a reference in this situation does nothing
[INFO] [stdout]    --> src/colors.rs:213:24
[INFO] [stdout]     |
[INFO] [stdout] 213 |         let b = entry.0.borrow();
[INFO] [stdout]     |                        ^^^^^^^^^ help: remove this redundant call
[INFO] [stdout]     |
[INFO] [stdout]     = note: the type `str` does not implement `Borrow`, so calling `borrow` on `&str` copies the reference, which does not do anything and can be removed
[INFO] [stdout]     = note: `#[warn(noop_method_call)]` on by default
[INFO] [stdout] 
[INFO] [stdout] 
[INFO] [stdout] warning: 1 warning emitted
[INFO] [stdout] 
[INFO] [stdout] 
[INFO] [stderr]     Finished dev [unoptimized + debuginfo] target(s) in 1.26s
[INFO] running `Command { std: "docker" "inspect" "9ec30c418b2d1cd198880d77c7906dbcf267886fb865442f8888fd06456671f0", kill_on_drop: false }`
[INFO] running `Command { std: "docker" "rm" "-f" "9ec30c418b2d1cd198880d77c7906dbcf267886fb865442f8888fd06456671f0", kill_on_drop: false }`
[INFO] [stdout] 9ec30c418b2d1cd198880d77c7906dbcf267886fb865442f8888fd06456671f0
[INFO] running `Command { std: "docker" "create" "-v" "/var/lib/crater-agent-workspace/builds/worker-5-tc1/target:/opt/rustwide/target:rw,Z" "-v" "/var/lib/crater-agent-workspace/builds/worker-5-tc1/source:/opt/rustwide/workdir:ro,Z" "-v" "/var/lib/crater-agent-workspace/cargo-home:/opt/rustwide/cargo-home:ro,Z" "-v" "/var/lib/crater-agent-workspace/rustup-home:/opt/rustwide/rustup-home:ro,Z" "-e" "SOURCE_DIR=/opt/rustwide/workdir" "-e" "CARGO_TARGET_DIR=/opt/rustwide/target" "-e" "CARGO_INCREMENTAL=0" "-e" "RUST_BACKTRACE=full" "-e" "RUSTFLAGS=--cap-lints=warn" "-e" "RUSTDOCFLAGS=--cap-lints=warn" "-e" "CARGO_HOME=/opt/rustwide/cargo-home" "-e" "RUSTUP_HOME=/opt/rustwide/rustup-home" "-w" "/opt/rustwide/workdir" "-m" "1610612736" "--user" "0:0" "--network" "none" "ghcr.io/rust-lang/crates-build-env/linux@sha256:2788e3201cd34a07e3172128adcd8b3090168a8e3bcc40d7c032b9dda1df7d1c" "/opt/rustwide/cargo-home/bin/cargo" "+1.75.0" "test" "--frozen" "--no-run" "--message-format=json", kill_on_drop: false }`
[INFO] [stdout] e1db46dcd4a75bedf30636bb1863cc0a8d4ce12bfb741f3d736c33687e4dcd78
[INFO] running `Command { std: "docker" "start" "-a" "e1db46dcd4a75bedf30636bb1863cc0a8d4ce12bfb741f3d736c33687e4dcd78", kill_on_drop: false }`
[INFO] [stderr]    Compiling svgrtypes v0.28.5 (/opt/rustwide/workdir)
[INFO] [stdout] warning: call to `.borrow()` on a reference in this situation does nothing
[INFO] [stdout]    --> src/colors.rs:213:24
[INFO] [stdout]     |
[INFO] [stdout] 213 |         let b = entry.0.borrow();
[INFO] [stdout]     |                        ^^^^^^^^^ help: remove this redundant call
[INFO] [stdout]     |
[INFO] [stdout]     = note: the type `str` does not implement `Borrow`, so calling `borrow` on `&str` copies the reference, which does not do anything and can be removed
[INFO] [stdout]     = note: `#[warn(noop_method_call)]` on by default
[INFO] [stdout] 
[INFO] [stdout] 
[INFO] [stdout] warning: 1 warning emitted
[INFO] [stdout] 
[INFO] [stdout] 
[INFO] [stdout] warning: call to `.borrow()` on a reference in this situation does nothing
[INFO] [stdout]    --> src/colors.rs:213:24
[INFO] [stdout]     |
[INFO] [stdout] 213 |         let b = entry.0.borrow();
[INFO] [stdout]     |                        ^^^^^^^^^ help: remove this redundant call
[INFO] [stdout]     |
[INFO] [stdout]     = note: the type `str` does not implement `Borrow`, so calling `borrow` on `&str` copies the reference, which does not do anything and can be removed
[INFO] [stdout]     = note: `#[warn(noop_method_call)]` on by default
[INFO] [stdout] 
[INFO] [stdout] 
[INFO] [stdout] warning: 1 warning emitted
[INFO] [stdout] 
[INFO] [stdout] 
[INFO] [stderr]     Finished test [unoptimized + debuginfo] target(s) in 1.74s
[INFO] running `Command { std: "docker" "inspect" "e1db46dcd4a75bedf30636bb1863cc0a8d4ce12bfb741f3d736c33687e4dcd78", kill_on_drop: false }`
[INFO] running `Command { std: "docker" "rm" "-f" "e1db46dcd4a75bedf30636bb1863cc0a8d4ce12bfb741f3d736c33687e4dcd78", kill_on_drop: false }`
[INFO] [stdout] e1db46dcd4a75bedf30636bb1863cc0a8d4ce12bfb741f3d736c33687e4dcd78
[INFO] running `Command { std: "docker" "create" "-v" "/var/lib/crater-agent-workspace/builds/worker-5-tc1/target:/opt/rustwide/target:rw,Z" "-v" "/var/lib/crater-agent-workspace/builds/worker-5-tc1/source:/opt/rustwide/workdir:ro,Z" "-v" "/var/lib/crater-agent-workspace/cargo-home:/opt/rustwide/cargo-home:ro,Z" "-v" "/var/lib/crater-agent-workspace/rustup-home:/opt/rustwide/rustup-home:ro,Z" "-e" "SOURCE_DIR=/opt/rustwide/workdir" "-e" "CARGO_TARGET_DIR=/opt/rustwide/target" "-e" "CARGO_INCREMENTAL=0" "-e" "RUST_BACKTRACE=full" "-e" "RUSTFLAGS=--cap-lints=warn" "-e" "RUSTDOCFLAGS=--cap-lints=warn" "-e" "CARGO_HOME=/opt/rustwide/cargo-home" "-e" "RUSTUP_HOME=/opt/rustwide/rustup-home" "-w" "/opt/rustwide/workdir" "-m" "1610612736" "--user" "0:0" "--network" "none" "ghcr.io/rust-lang/crates-build-env/linux@sha256:2788e3201cd34a07e3172128adcd8b3090168a8e3bcc40d7c032b9dda1df7d1c" "/opt/rustwide/cargo-home/bin/cargo" "+1.75.0" "test" "--frozen", kill_on_drop: false }`
[INFO] [stdout] b8817df2200e8f927782eb58106a1578ac53cc48db916b69e727699856f0c24f
[INFO] running `Command { std: "docker" "start" "-a" "b8817df2200e8f927782eb58106a1578ac53cc48db916b69e727699856f0c24f", kill_on_drop: false }`
[INFO] [stderr] warning: call to `.borrow()` on a reference in this situation does nothing
[INFO] [stderr]    --> src/colors.rs:213:24
[INFO] [stderr]     |
[INFO] [stderr] 213 |         let b = entry.0.borrow();
[INFO] [stderr]     |                        ^^^^^^^^^ help: remove this redundant call
[INFO] [stderr]     |
[INFO] [stderr]     = note: the type `str` does not implement `Borrow`, so calling `borrow` on `&str` copies the reference, which does not do anything and can be removed
[INFO] [stderr]     = note: `#[warn(noop_method_call)]` on by default
[INFO] [stderr] 
[INFO] [stderr] warning: `svgrtypes` (lib) generated 1 warning (run `cargo fix --lib -p svgrtypes` to apply 1 suggestion)
[INFO] [stderr] warning: `svgrtypes` (lib test) generated 1 warning (1 duplicate)
[INFO] [stderr]     Finished test [unoptimized + debuginfo] target(s) in 0.06s
[INFO] [stdout] 
[INFO] [stderr]      Running unittests src/lib.rs (/opt/rustwide/target/debug/deps/svgrtypes-c08a229a6bdb0537)
[INFO] [stdout] running 243 tests
[INFO] [stdout] test angle::tests::parse_4 ... ok
[INFO] [stdout] test angle::tests::parse_5 ... ok
[INFO] [stdout] test aspect_ratio::tests::parse_1 ... ok
[INFO] [stdout] test aspect_ratio::tests::parse_3 ... ok
[INFO] [stdout] test aspect_ratio::tests::parse_2 ... ok
[INFO] [stdout] test angle::tests::parse_3 ... ok
[INFO] [stdout] test angle::tests::err_1 ... ok
[INFO] [stdout] test angle::tests::parse_1 ... ok
[INFO] [stdout] test angle::tests::err_2 ... ok
[INFO] [stdout] test angle::tests::parse_2 ... ok
[INFO] [stdout] test color::tests::invalid_input_2 ... ok
[INFO] [stdout] test aspect_ratio::tests::parse_5 ... ok
[INFO] [stdout] test color::tests::invalid_input_1 ... ok
[INFO] [stdout] test color::tests::icc_color_not_supported_2 ... ok
[INFO] [stdout] test color::tests::hsl_green ... ok
[INFO] [stdout] test color::tests::hsl_yellow ... ok
[INFO] [stdout] test color::tests::icc_color_not_supported_1 ... ok
[INFO] [stdout] test color::tests::name_red ... ok
[INFO] [stdout] test aspect_ratio::tests::parse_4 ... ok
[INFO] [stdout] test color::tests::name_red_mixed_case ... ok
[INFO] [stdout] test color::tests::name_cornflowerblue ... ok
[INFO] [stdout] test color::tests::rgb_numeric_upper_case ... ok
[INFO] [stdout] test color::tests::rgb_percentage ... ok
[INFO] [stdout] test color::tests::name_red_spaced ... ok
[INFO] [stdout] test color::tests::rgb_with_alpha ... ok
[INFO] [stdout] test color::tests::rgb_numeric_mixed_case ... ok
[INFO] [stdout] test color::tests::rgb_numeric_spaced ... ok
[INFO] [stdout] test color::tests::name_red_upper_case ... ok
[INFO] [stdout] test color::tests::rgb_numeric ... ok
[INFO] [stdout] test color::tests::rgb_percentage_float ... ok
[INFO] [stdout] test color::tests::rgb_percentage_overflow ... ok
[INFO] [stdout] test color::tests::hsl_with_alpha ... ok
[INFO] [stdout] test color::tests::rgb_hex ... ok
[INFO] [stdout] test color::tests::not_a_color_1 ... ok
[INFO] [stdout] test color::tests::rgb_mixed_units ... ok
[INFO] [stdout] test color::tests::hsl_hue_360 ... ok
[INFO] [stdout] test color::tests::hsl_out_of_bounds ... ok
[INFO] [stdout] test color::tests::hsla_green ... ok
[INFO] [stdout] test color::tests::rrggbb ... ok
[INFO] [stdout] test color::tests::rrggbb_upper ... ok
[INFO] [stdout] test color::tests::rrggbbaa ... ok
[INFO] [stdout] test color::tests::rgba_with_percent_alpha ... ok
[INFO] [stdout] test enable_background::tests::err_2 ... ok
[INFO] [stdout] test enable_background::tests::err_1 ... ok
[INFO] [stdout] test color::tests::transparent ... ok
[INFO] [stdout] test color::tests::rgba_large_alpha ... ok
[INFO] [stdout] test color::tests::rgba_hex ... ok
[INFO] [stdout] test color::tests::rrggbb_spaced ... ok
[INFO] [stdout] test color::tests::rgba_half ... ok
[INFO] [stdout] test color::tests::rgba_negative ... ok
[INFO] [stdout] test filter_functions::tests::blur_2percent ... ok
[INFO] [stdout] test filter_functions::tests::blur_2mm ... ok
[INFO] [stdout] test enable_background::tests::parse_2 ... ok
[INFO] [stdout] test filter_functions::tests::brightness_2mm ... ok
[INFO] [stdout] test filter_functions::tests::brightness_50percent ... ok
[INFO] [stdout] test filter_functions::tests::brightness_default ... ok
[INFO] [stdout] test filter_functions::tests::brightness_negative ... ok
[INFO] [stdout] test filter_functions::tests::drop_shadow_color_after ... ok
[INFO] [stdout] test filter_functions::tests::drop_shadow_color_first ... ok
[INFO] [stdout] test filter_functions::tests::drop_shadow_color_twice ... ok
[INFO] [stdout] test filter_functions::tests::drop_shadow_curr_color_after ... ok
[INFO] [stdout] test filter_functions::tests::drop_shadow_curr_color_first ... ok
[INFO] [stdout] test filter_functions::tests::drop_shadow_curr_color_twice ... ok
[INFO] [stdout] test filter_functions::tests::drop_shadow_default ... ok
[INFO] [stdout] test filter_functions::tests::drop_shadow_negative_offset ... ok
[INFO] [stdout] test filter_functions::tests::drop_shadow_no_values ... ok
[INFO] [stdout] test filter_functions::tests::drop_shadow_percent ... ok
[INFO] [stdout] test filter_functions::tests::drop_shadow_with_dev ... ok
[INFO] [stdout] test filter_functions::tests::empty ... ok
[INFO] [stdout] test filter_functions::tests::hue_rotate_no_units ... ok
[INFO] [stdout] test filter_functions::tests::multiple_1 ... ok
[INFO] [stdout] test filter_functions::tests::multiple_2 ... ok
[INFO] [stdout] test filter_functions::tests::none ... ok
[INFO] [stdout] test filter_functions::tests::url ... ok
[INFO] [stdout] test funciri::tests::parse_err_func_iri_1 ... ok
[INFO] [stdout] test funciri::tests::parse_err_func_iri_2 ... ok
[INFO] [stdout] test funciri::tests::parse_err_func_iri_3 ... ok
[INFO] [stdout] test funciri::tests::parse_err_iri_1 ... ok
[INFO] [stdout] test funciri::tests::parse_func_iri_1 ... ok
[INFO] [stdout] test funciri::tests::parse_func_iri_2 ... ok
[INFO] [stdout] test funciri::tests::parse_func_iri_3 ... ok
[INFO] [stdout] test funciri::tests::parse_func_iri_4 ... ok
[INFO] [stdout] test funciri::tests::parse_iri_1 ... ok
[INFO] [stdout] test funciri::tests::parse_iri_2 ... ok
[INFO] [stdout] test funciri::tests::parse_iri_3 ... ok
[INFO] [stdout] test funciri::tests::parse_iri_4 ... ok
[INFO] [stdout] test filter_functions::tests::blur_default ... ok
[INFO] [stdout] test length::tests::err_1 ... ok
[INFO] [stdout] test enable_background::tests::parse_1 ... ok
[INFO] [stdout] test color::tests::rrggbbaa_upper ... ok
[INFO] [stdout] test length::tests::err_2 ... ok
[INFO] [stdout] test length::tests::parse_11 ... ok
[INFO] [stdout] test length::tests::parse_12 ... ok
[INFO] [stdout] test enable_background::tests::err_3 ... ok
[INFO] [stdout] test enable_background::tests::parse_3 ... ok
[INFO] [stdout] test enable_background::tests::err_5 ... ok
[INFO] [stdout] test enable_background::tests::err_4 ... ok
[INFO] [stdout] test enable_background::tests::parse_4 ... ok
[INFO] [stdout] test filter_functions::tests::blur_2 ... ok
[INFO] [stdout] test filter_functions::tests::blur_negative ... ok
[INFO] [stdout] test length::tests::parse_13 ... ok
[INFO] [stdout] test length::tests::parse_15 ... ok
[INFO] [stdout] test length::tests::parse_14 ... ok
[INFO] [stdout] test length::tests::parse_2 ... ok
[INFO] [stdout] test length::tests::parse_16 ... ok
[INFO] [stdout] test enable_background::tests::parse_5 ... ok
[INFO] [stdout] test filter_functions::tests::blur_two_values ... ok
[INFO] [stdout] test filter_functions::tests::brightness_2 ... ok
[INFO] [stdout] test length::tests::parse_6 ... ok
[INFO] [stdout] test number::tests::parse_13 ... ok
[INFO] [stdout] test length::tests::parse_8 ... ok
[INFO] [stdout] test number::tests::parse_10 ... ok
[INFO] [stdout] test number::tests::parse_14 ... ok
[INFO] [stdout] test number::tests::parse_11 ... ok
[INFO] [stdout] test length::tests::parse_9 ... ok
[INFO] [stdout] test length::tests::parse_10 ... ok
[INFO] [stdout] test number::tests::parse_16 ... ok
[INFO] [stdout] test number::tests::parse_12 ... ok
[INFO] [stdout] test length::tests::parse_7 ... ok
[INFO] [stdout] test length::tests::parse_4 ... ok
[INFO] [stdout] test number::tests::parse_1 ... ok
[INFO] [stdout] test length::tests::parse_3 ... ok
[INFO] [stdout] test number::tests::parse_15 ... ok
[INFO] [stdout] test length::tests::parse_1 ... ok
[INFO] [stdout] test length::tests::parse_5 ... ok
[INFO] [stdout] test number::tests::parse_2 ... ok
[INFO] [stdout] test number::tests::parse_19 ... ok
[INFO] [stdout] test number::tests::parse_18 ... ok
[INFO] [stdout] test number::tests::parse_21 ... ok
[INFO] [stdout] test number::tests::parse_4 ... ok
[INFO] [stdout] test number::tests::parse_20 ... ok
[INFO] [stdout] test number::tests::parse_23 ... ok
[INFO] [stdout] test number::tests::parse_17 ... ok
[INFO] [stdout] test number::tests::parse_6 ... ok
[INFO] [stdout] test number::tests::parse_3 ... ok
[INFO] [stdout] test number::tests::parse_7 ... ok
[INFO] [stdout] test number::tests::parse_5 ... ok
[INFO] [stdout] test number::tests::parse_9 ... ok
[INFO] [stdout] test number::tests::parse_err_2 ... ok
[INFO] [stdout] test number::tests::parse_err_1 ... ok
[INFO] [stdout] test number::tests::parse_22 ... ok
[INFO] [stdout] test number::tests::parse_err_6 ... ok
[INFO] [stdout] test number::tests::parse_err_8 ... ok
[INFO] [stdout] test paint::tests::parse_4 ... ok
[INFO] [stdout] test paint::tests::parse_5 ... ok
[INFO] [stdout] test paint::tests::parse_6 ... ok
[INFO] [stdout] test paint::tests::parse_7 ... ok
[INFO] [stdout] test paint::tests::parse_8 ... ok
[INFO] [stdout] test paint::tests::parse_err_2 ... ok
[INFO] [stdout] test paint::tests::parse_9 ... ok
[INFO] [stdout] test number::tests::parse_8 ... ok
[INFO] [stdout] test paint::tests::parse_3 ... ok
[INFO] [stdout] test paint_order::tests::parse_1 ... ok
[INFO] [stdout] test number::tests::parse_err_4 ... ok
[INFO] [stdout] test number::tests::parse_err_3 ... ok
[INFO] [stdout] test number::tests::parse_err_5 ... ok
[INFO] [stdout] test number::tests::parse_err_7 ... ok
[INFO] [stdout] test paint::tests::parse_1 ... ok
[INFO] [stdout] test paint::tests::parse_2 ... ok
[INFO] [stdout] test paint_order::tests::parse_3 ... ok
[INFO] [stdout] test paint::tests::parse_err_1 ... ok
[INFO] [stdout] test path::simple_tests::relative_smooth_quadratic_after_quadratic ... ok
[INFO] [stdout] test paint_order::tests::parse_4 ... ok
[INFO] [stdout] test path::simple_tests::quadratic_after_smooth_quadratic ... ok
[INFO] [stdout] test paint_order::tests::parse_2 ... ok
[INFO] [stdout] test paint_order::tests::parse_7 ... ok
[INFO] [stdout] test paint_order::tests::parse_8 ... ok
[INFO] [stdout] test path::simple_tests::smooth_curve_to_after_move_to ... ok
[INFO] [stdout] test path::simple_tests::smooth_quadratic_after_quadratic ... ok
[INFO] [stdout] test path::simple_tests::relative_move_to ... ok
[INFO] [stdout] test paint_order::tests::parse_6 ... ok
[INFO] [stdout] test path::simple_tests::smooth_quadratic_after_relative_smooth_quadratic ... ok
[INFO] [stdout] test path::simple_tests::ignore_duplicated_close_paths ... ok
[INFO] [stdout] test paint_order::tests::parse_10 ... ok
[INFO] [stdout] test paint_order::tests::parse_5 ... ok
[INFO] [stdout] test paint_order::tests::parse_9 ... ok
[INFO] [stdout] test path::simple_tests::relative_smooth_quadratic_after_relative_quadratic ... ok
[INFO] [stdout] test path::simple_tests::smooth_quadratic_after_move_to ... ok
[INFO] [stdout] test path::simple_tests::smooth_quadratic_after_relative_smooth_curve_to ... ok
[INFO] [stdout] test path::simple_tests::smooth_quadratic_after_relative_quadratic ... ok
[INFO] [stdout] test path::simple_tests::smooth_curve_to_after_curve_to ... ok
[INFO] [stdout] test path::tests::all_segments_1 ... ok
[INFO] [stdout] test path::tests::all_segments_2 ... ok
[INFO] [stdout] test paint_order::tests::parse_11 ... ok
[INFO] [stdout] test path::simple_tests::smooth_quadratic_after_smooth_quadratic ... ok
[INFO] [stdout] test path::tests::arc_to_1 ... ok
[INFO] [stdout] test path::tests::move_to_1 ... ok
[INFO] [stdout] test path::tests::arc_to_2 ... ok
[INFO] [stdout] test path::tests::move_to_2 ... ok
[INFO] [stdout] test path::tests::invalid_2 ... ok
[INFO] [stdout] test path::tests::invalid_3 ... ok
[INFO] [stdout] test path::tests::close_path_1 ... ok
[INFO] [stdout] test path::tests::close_path_2 ... ok
[INFO] [stdout] test path::tests::not_a_move_to ... ok
[INFO] [stdout] test path::tests::move_to_3 ... ok
[INFO] [stdout] test path::tests::not_a_path ... ok
[INFO] [stdout] test path::tests::arc_to_10 ... ok
[INFO] [stdout] test path::tests::close_path_3 ... ok
[INFO] [stdout] test path::tests::separator_3 ... ok
[INFO] [stdout] test path::tests::separator_2 ... ok
[INFO] [stdout] test path::tests::separator_1 ... ok
[INFO] [stdout] test path::tests::separator_4 ... ok
[INFO] [stdout] test path::tests::separator_5 ... ok
[INFO] [stdout] test path::tests::invalid_1 ... ok
[INFO] [stdout] test path::tests::null ... ok
[INFO] [stdout] test path::tests::move_to_4 ... ok
[INFO] [stdout] test path::tests::stop_on_err_1 ... ok
[INFO] [stdout] test transform::tests::parse_5 ... ok
[INFO] [stdout] test transform::tests::parse_6 ... ok
[INFO] [stdout] test transform::tests::parse_1 ... ok
[INFO] [stdout] test transform::tests::parse_8 ... ok
[INFO] [stdout] test points::tests::parse_2 ... ok
[INFO] [stdout] test transform::tests::parse_err_1 ... ok
[INFO] [stdout] test stream::tests::parse_err_integer_1 ... ok
[INFO] [stdout] test transform::tests::parse_4 ... ok
[INFO] [stdout] test transform::tests::parse_7 ... ok
[INFO] [stdout] test transform::tests::parse_3 ... ok
[INFO] [stdout] test transform::tests::parse_9 ... ok
[INFO] [stdout] test points::tests::parse_1 ... ok
[INFO] [stdout] test transform::tests::parse_err_2 ... ok
[INFO] [stdout] test stream::tests::parse_integer_1 ... ok
[INFO] [stdout] test transform::tests::parse_2 ... ok
[INFO] [stdout] test transform_origin::tests::parse_1 ... ok
[INFO] [stdout] test transform::tests::parse_err_3 ... ok
[INFO] [stdout] test transform::tests::parse_err_7 ... ok
[INFO] [stdout] test transform_origin::tests::parse_3 ... ok
[INFO] [stdout] test transform_origin::tests::parse_2 ... ok
[INFO] [stdout] test transform_origin::tests::parse_7 ... ok
[INFO] [stdout] test viewbox::tests::parse_err_2 ... ok
[INFO] [stdout] test transform_origin::tests::parse_4 ... ok
[INFO] [stdout] test transform_origin::tests::parse_5 ... ok
[INFO] [stdout] test viewbox::tests::parse_err_1 ... ok
[INFO] [stdout] test transform::tests::parse_err_4 ... ok
[INFO] [stdout] test transform::tests::parse_err_6 ... ok
[INFO] [stdout] test transform_origin::tests::parse_6 ... ok
[INFO] [stdout] test viewbox::tests::parse_1 ... ok
[INFO] [stdout] test transform::tests::parse_err_5 ... ok
[INFO] [stdout] test path::simple_tests::arc_to ... FAILED
[INFO] [stdout] test viewbox::tests::parse_err_4 ... ok
[INFO] [stdout] test viewbox::tests::parse_err_5 ... ok
[INFO] [stderr] error: test failed, to rerun pass `--lib`
[INFO] [stdout] test viewbox::tests::parse_err_7 ... ok
[INFO] [stdout] test viewbox::tests::parse_err_3 ... ok
[INFO] [stdout] test viewbox::tests::parse_err_6 ... ok
[INFO] [stdout] 
[INFO] [stdout] failures:
[INFO] [stdout] 
[INFO] [stdout] ---- path::simple_tests::arc_to stdout ----
[INFO] [stdout] thread 'path::simple_tests::arc_to' panicked at src/path.rs:1048:5:
[INFO] [stdout] assertion `left == right` failed
[INFO] [stdout]   left: CurveTo { x1: 44.74826984236894, y1: 15.992274712892893, x2: 83.567020789685, y2: 9.96162563441861, x: 116.70410629329004, y: 26.53016838622112 }
[INFO] [stdout]  right: CurveTo { x1: 44.74826984236894, y1: 15.992274712892893, x2: 83.56702078968499, y2: 9.961625634418603, x: 116.70410629329004, y: 26.53016838622112 }
[INFO] [stdout] stack backtrace:
[INFO] [stdout]    0:     0x55837af48efc - std::backtrace_rs::backtrace::libunwind::trace::ha637c64ce894333a
[INFO] [stdout]                                at /rustc/82e1608dfa6e0b5569232559e3d385fea5a93112/library/std/src/../../backtrace/src/backtrace/libunwind.rs:104:5
[INFO] [stdout]    1:     0x55837af48efc - std::backtrace_rs::backtrace::trace_unsynchronized::h47f62dea28e0c88d
[INFO] [stdout]                                at /rustc/82e1608dfa6e0b5569232559e3d385fea5a93112/library/std/src/../../backtrace/src/backtrace/mod.rs:66:5
[INFO] [stdout]    2:     0x55837af48efc - std::sys_common::backtrace::_print_fmt::h9eef0abe20ede486
[INFO] [stdout]                                at /rustc/82e1608dfa6e0b5569232559e3d385fea5a93112/library/std/src/sys_common/backtrace.rs:67:5
[INFO] [stdout]    3:     0x55837af48efc - <std::sys_common::backtrace::_print::DisplayBacktrace as core::fmt::Display>::fmt::hed7f999df88cc644
[INFO] [stdout]                                at /rustc/82e1608dfa6e0b5569232559e3d385fea5a93112/library/std/src/sys_common/backtrace.rs:44:22
[INFO] [stdout]    4:     0x55837af73fc0 - core::fmt::rt::Argument::fmt::h1539a9308b8d058d
[INFO] [stdout]                                at /rustc/82e1608dfa6e0b5569232559e3d385fea5a93112/library/core/src/fmt/rt.rs:142:9
[INFO] [stdout]    5:     0x55837af73fc0 - core::fmt::write::h3a39390d8560d9c9
[INFO] [stdout]                                at /rustc/82e1608dfa6e0b5569232559e3d385fea5a93112/library/core/src/fmt/mod.rs:1120:17
[INFO] [stdout]    6:     0x55837af468af - std::io::Write::write_fmt::h040b369f3a0f9cbc
[INFO] [stdout]                                at /rustc/82e1608dfa6e0b5569232559e3d385fea5a93112/library/std/src/io/mod.rs:1762:15
[INFO] [stdout]    7:     0x55837af48ce4 - std::sys_common::backtrace::_print::h894006fb5c6f3d45
[INFO] [stdout]                                at /rustc/82e1608dfa6e0b5569232559e3d385fea5a93112/library/std/src/sys_common/backtrace.rs:47:5
[INFO] [stdout]    8:     0x55837af48ce4 - std::sys_common::backtrace::print::h23a2d212c6fff936
[INFO] [stdout]                                at /rustc/82e1608dfa6e0b5569232559e3d385fea5a93112/library/std/src/sys_common/backtrace.rs:34:9
[INFO] [stdout]    9:     0x55837af4a9a7 - std::panicking::default_hook::{{closure}}::h8a1d2ee00185001a
[INFO] [stdout]   10:     0x55837af4a693 - std::panicking::default_hook::h6038f2eba384e475
[INFO] [stdout]                                at /rustc/82e1608dfa6e0b5569232559e3d385fea5a93112/library/std/src/panicking.rs:289:9
[INFO] [stdout]   11:     0x55837af17817 - <alloc::boxed::Box<F,A> as core::ops::function::Fn<Args>>::call::h0ad024c9bdc6d768
[INFO] [stdout]                                at /rustc/82e1608dfa6e0b5569232559e3d385fea5a93112/library/alloc/src/boxed.rs:2021:9
[INFO] [stdout]   12:     0x55837af17817 - test::test_main::{{closure}}::h7500b54257359db6
[INFO] [stdout]                                at /rustc/82e1608dfa6e0b5569232559e3d385fea5a93112/library/test/src/lib.rs:138:21
[INFO] [stdout]   13:     0x55837af4afb8 - <alloc::boxed::Box<F,A> as core::ops::function::Fn<Args>>::call::h1f8f335eaa9cfaee
[INFO] [stdout]                                at /rustc/82e1608dfa6e0b5569232559e3d385fea5a93112/library/alloc/src/boxed.rs:2021:9
[INFO] [stdout]   14:     0x55837af4afb8 - std::panicking::rust_panic_with_hook::h2b5517d590cab22e
[INFO] [stdout]                                at /rustc/82e1608dfa6e0b5569232559e3d385fea5a93112/library/std/src/panicking.rs:783:13
[INFO] [stdout]   15:     0x55837af4ad0e - std::panicking::begin_panic_handler::{{closure}}::h233112c06e0ef43e
[INFO] [stdout]                                at /rustc/82e1608dfa6e0b5569232559e3d385fea5a93112/library/std/src/panicking.rs:657:13
[INFO] [stdout]   16:     0x55837af493c6 - std::sys_common::backtrace::__rust_end_short_backtrace::h6e893f24d7ebbff8
[INFO] [stdout]                                at /rustc/82e1608dfa6e0b5569232559e3d385fea5a93112/library/std/src/sys_common/backtrace.rs:170:18
[INFO] [stdout]   17:     0x55837af4aa72 - rust_begin_unwind
[INFO] [stdout]                                at /rustc/82e1608dfa6e0b5569232559e3d385fea5a93112/library/std/src/panicking.rs:645:5
[INFO] [stdout]   18:     0x55837ae99cf5 - core::panicking::panic_fmt::hbf0e066aabfa482c
[INFO] [stdout]                                at /rustc/82e1608dfa6e0b5569232559e3d385fea5a93112/library/core/src/panicking.rs:72:14
[INFO] [stdout]   19:     0x55837ae9a14b - core::panicking::assert_failed_inner::h0bba8b7c26ee4492
[INFO] [stdout]   20:     0x55837aeab26e - core::panicking::assert_failed::h51359bfbdb18b8a5
[INFO] [stdout]                                at /rustc/82e1608dfa6e0b5569232559e3d385fea5a93112/library/core/src/panicking.rs:279:5
[INFO] [stdout]   21:     0x55837aed3ce3 - svgrtypes::path::simple_tests::arc_to::h8af9dd96e6195914
[INFO] [stdout]                                at /opt/rustwide/workdir/src/path.rs:962:21
[INFO] [stdout]   22:     0x55837aed3aa7 - svgrtypes::path::simple_tests::arc_to::{{closure}}::hfb38b7c316d1118f
[INFO] [stdout]                                at /opt/rustwide/workdir/src/path.rs:959:23
[INFO] [stdout]   23:     0x55837aea8b66 - core::ops::function::FnOnce::call_once::h973a285c1b1ea52b
[INFO] [stdout]                                at /rustc/82e1608dfa6e0b5569232559e3d385fea5a93112/library/core/src/ops/function.rs:250:5
[INFO] [stdout]   24:     0x55837af1ce6f - core::ops::function::FnOnce::call_once::h2b5d431d5046312d
[INFO] [stdout]                                at /rustc/82e1608dfa6e0b5569232559e3d385fea5a93112/library/core/src/ops/function.rs:250:5
[INFO] [stdout]   25:     0x55837af1ce6f - test::__rust_begin_short_backtrace::h7714669af176e207
[INFO] [stdout]                                at /rustc/82e1608dfa6e0b5569232559e3d385fea5a93112/library/test/src/lib.rs:628:18
[INFO] [stdout]   26:     0x55837af1be85 - test::run_test_in_process::{{closure}}::h85218797dcbcec12
[INFO] [stdout]                                at /rustc/82e1608dfa6e0b5569232559e3d385fea5a93112/library/test/src/lib.rs:651:60
[INFO] [stdout]   27:     0x55837af1be85 - <core::panic::unwind_safe::AssertUnwindSafe<F> as core::ops::function::FnOnce<()>>::call_once::h76c106ea31c14d7b
[INFO] [stdout]                                at /rustc/82e1608dfa6e0b5569232559e3d385fea5a93112/library/core/src/panic/unwind_safe.rs:272:9
[INFO] [stdout]   28:     0x55837af1be85 - std::panicking::try::do_call::h3bd5d0f6620ee946
[INFO] [stdout]                                at /rustc/82e1608dfa6e0b5569232559e3d385fea5a93112/library/std/src/panicking.rs:552:40
[INFO] [stdout]   29:     0x55837af1be85 - std::panicking::try::h232e535e4744fe31
[INFO] [stdout]                                at /rustc/82e1608dfa6e0b5569232559e3d385fea5a93112/library/std/src/panicking.rs:516:19
[INFO] [stdout]   30:     0x55837af1be85 - std::panic::catch_unwind::h3ce3bd6ca8dbac68
[INFO] [stdout]                                at /rustc/82e1608dfa6e0b5569232559e3d385fea5a93112/library/std/src/panic.rs:142:14
[INFO] [stdout]   31:     0x55837af1be85 - test::run_test_in_process::hc97b257c9621286a
[INFO] [stdout]                                at /rustc/82e1608dfa6e0b5569232559e3d385fea5a93112/library/test/src/lib.rs:651:27
[INFO] [stdout]   32:     0x55837af1be85 - test::run_test::{{closure}}::h2aa798823a438d38
[INFO] [stdout]                                at /rustc/82e1608dfa6e0b5569232559e3d385fea5a93112/library/test/src/lib.rs:574:43
[INFO] [stdout]   33:     0x55837aee4146 - test::run_test::{{closure}}::h87d231c78fb59832
[INFO] [stdout]                                at /rustc/82e1608dfa6e0b5569232559e3d385fea5a93112/library/test/src/lib.rs:602:41
[INFO] [stdout]   34:     0x55837aee4146 - std::sys_common::backtrace::__rust_begin_short_backtrace::he6df152596625789
[INFO] [stdout]                                at /rustc/82e1608dfa6e0b5569232559e3d385fea5a93112/library/std/src/sys_common/backtrace.rs:154:18
[INFO] [stdout]   35:     0x55837aee91f7 - std::thread::Builder::spawn_unchecked_::{{closure}}::{{closure}}::ha94be15d1e0acf36
[INFO] [stdout]                                at /rustc/82e1608dfa6e0b5569232559e3d385fea5a93112/library/std/src/thread/mod.rs:529:17
[INFO] [stdout]   36:     0x55837aee91f7 - <core::panic::unwind_safe::AssertUnwindSafe<F> as core::ops::function::FnOnce<()>>::call_once::h9dc6bd6372f16606
[INFO] [stdout]                                at /rustc/82e1608dfa6e0b5569232559e3d385fea5a93112/library/core/src/panic/unwind_safe.rs:272:9
[INFO] [stdout]   37:     0x55837aee91f7 - std::panicking::try::do_call::h9057517f80303cd4
[INFO] [stdout]                                at /rustc/82e1608dfa6e0b5569232559e3d385fea5a93112/library/std/src/panicking.rs:552:40
[INFO] [stdout]   38:     0x55837aee91f7 - std::panicking::try::he3a30b11ee45340c
[INFO] [stdout]                                at /rustc/82e1608dfa6e0b5569232559e3d385fea5a93112/library/std/src/panicking.rs:516:19
[INFO] [stdout]   39:     0x55837aee91f7 - std::panic::catch_unwind::h410458cfd3528b8b
[INFO] [stdout]                                at /rustc/82e1608dfa6e0b5569232559e3d385fea5a93112/library/std/src/panic.rs:142:14
[INFO] [stdout]   40:     0x55837aee91f7 - std::thread::Builder::spawn_unchecked_::{{closure}}::h72ac3bdb567b737b
[INFO] [stdout]                                at /rustc/82e1608dfa6e0b5569232559e3d385fea5a93112/library/std/src/thread/mod.rs:528:30
[INFO] [stdout]   41:     0x55837aee91f7 - core::ops::function::FnOnce::call_once{{vtable.shim}}::h38f34da3654a8344
[INFO] [stdout]                                at /rustc/82e1608dfa6e0b5569232559e3d385fea5a93112/library/core/src/ops/function.rs:250:5
[INFO] [stdout]   42:     0x55837af4fa45 - <alloc::boxed::Box<F,A> as core::ops::function::FnOnce<Args>>::call_once::hc7eafaff61e32df9
[INFO] [stdout]                                at /rustc/82e1608dfa6e0b5569232559e3d385fea5a93112/library/alloc/src/boxed.rs:2007:9
[INFO] [stdout]   43:     0x55837af4fa45 - <alloc::boxed::Box<F,A> as core::ops::function::FnOnce<Args>>::call_once::h6ba4a5de48dd2304
[INFO] [stdout]                                at /rustc/82e1608dfa6e0b5569232559e3d385fea5a93112/library/alloc/src/boxed.rs:2007:9
[INFO] [stdout]   44:     0x55837af4fa45 - std::sys::unix::thread::Thread::new::thread_start::he469335aef763e45
[INFO] [stdout]                                at /rustc/82e1608dfa6e0b5569232559e3d385fea5a93112/library/std/src/sys/unix/thread.rs:108:17
[INFO] [stdout]   45:     0x7f3165e2bac3 - <unknown>
[INFO] [stdout]   46:     0x7f3165ebcbf4 - __clone
[INFO] [stdout]   47:                0x0 - <unknown>
[INFO] [stdout] 
[INFO] [stdout] 
[INFO] [stdout] failures:
[INFO] [stdout]     path::simple_tests::arc_to
[INFO] [stdout] 
[INFO] [stdout] test result: FAILED. 242 passed; 1 failed; 0 ignored; 0 measured; 0 filtered out; finished in 0.31s
[INFO] [stdout] 
[INFO] running `Command { std: "docker" "inspect" "b8817df2200e8f927782eb58106a1578ac53cc48db916b69e727699856f0c24f", kill_on_drop: false }`
[INFO] running `Command { std: "docker" "rm" "-f" "b8817df2200e8f927782eb58106a1578ac53cc48db916b69e727699856f0c24f", kill_on_drop: false }`
[INFO] [stdout] b8817df2200e8f927782eb58106a1578ac53cc48db916b69e727699856f0c24f
[INFO] testing svgrtypes-0.28.5 against beta-2023-12-22 for beta-1.76-1
[INFO] extracting crate svgrtypes 0.28.5 into /workspace/builds/worker-5-tc2/source
[INFO] validating manifest of crates.io crate svgrtypes 0.28.5 on toolchain beta-2023-12-22
[INFO] running `Command { std: CARGO_HOME="/workspace/cargo-home" RUSTUP_HOME="/workspace/rustup-home" "/workspace/cargo-home/bin/cargo" "+beta-2023-12-22" "metadata" "--manifest-path" "Cargo.toml" "--no-deps", kill_on_drop: false }`
[INFO] started tweaking crates.io crate svgrtypes 0.28.5
[INFO] finished tweaking crates.io crate svgrtypes 0.28.5
[INFO] tweaked toml for crates.io crate svgrtypes 0.28.5 written to /workspace/builds/worker-5-tc2/source/Cargo.toml
[INFO] running `Command { std: CARGO_HOME="/workspace/cargo-home" RUSTUP_HOME="/workspace/rustup-home" "/workspace/cargo-home/bin/cargo" "+beta-2023-12-22" "generate-lockfile" "--manifest-path" "Cargo.toml", kill_on_drop: false }`
[INFO] [stderr]     Updating crates.io index
[INFO] running `Command { std: CARGO_HOME="/workspace/cargo-home" RUSTUP_HOME="/workspace/rustup-home" "/workspace/cargo-home/bin/cargo" "+beta-2023-12-22" "fetch" "--manifest-path" "Cargo.toml", kill_on_drop: false }`
[INFO] running `Command { std: "docker" "create" "-v" "/var/lib/crater-agent-workspace/builds/worker-5-tc2/target:/opt/rustwide/target:rw,Z" "-v" "/var/lib/crater-agent-workspace/builds/worker-5-tc2/source:/opt/rustwide/workdir:ro,Z" "-v" "/var/lib/crater-agent-workspace/cargo-home:/opt/rustwide/cargo-home:ro,Z" "-v" "/var/lib/crater-agent-workspace/rustup-home:/opt/rustwide/rustup-home:ro,Z" "-e" "SOURCE_DIR=/opt/rustwide/workdir" "-e" "CARGO_TARGET_DIR=/opt/rustwide/target" "-e" "CARGO_HOME=/opt/rustwide/cargo-home" "-e" "RUSTUP_HOME=/opt/rustwide/rustup-home" "-w" "/opt/rustwide/workdir" "-m" "1610612736" "--user" "0:0" "--network" "none" "ghcr.io/rust-lang/crates-build-env/linux@sha256:2788e3201cd34a07e3172128adcd8b3090168a8e3bcc40d7c032b9dda1df7d1c" "/opt/rustwide/cargo-home/bin/cargo" "+beta-2023-12-22" "metadata" "--no-deps" "--format-version=1", kill_on_drop: false }`
[INFO] [stdout] 46df8733eabdb7fb6d7b277fa475cee00fdd083b7d19edf47ea4fb4e25598d33
[INFO] running `Command { std: "docker" "start" "-a" "46df8733eabdb7fb6d7b277fa475cee00fdd083b7d19edf47ea4fb4e25598d33", kill_on_drop: false }`
[INFO] running `Command { std: "docker" "inspect" "46df8733eabdb7fb6d7b277fa475cee00fdd083b7d19edf47ea4fb4e25598d33", kill_on_drop: false }`
[INFO] running `Command { std: "docker" "rm" "-f" "46df8733eabdb7fb6d7b277fa475cee00fdd083b7d19edf47ea4fb4e25598d33", kill_on_drop: false }`
[INFO] [stdout] 46df8733eabdb7fb6d7b277fa475cee00fdd083b7d19edf47ea4fb4e25598d33
[INFO] running `Command { std: "docker" "create" "-v" "/var/lib/crater-agent-workspace/builds/worker-5-tc2/target:/opt/rustwide/target:rw,Z" "-v" "/var/lib/crater-agent-workspace/builds/worker-5-tc2/source:/opt/rustwide/workdir:ro,Z" "-v" "/var/lib/crater-agent-workspace/cargo-home:/opt/rustwide/cargo-home:ro,Z" "-v" "/var/lib/crater-agent-workspace/rustup-home:/opt/rustwide/rustup-home:ro,Z" "-e" "SOURCE_DIR=/opt/rustwide/workdir" "-e" "CARGO_TARGET_DIR=/opt/rustwide/target" "-e" "CARGO_INCREMENTAL=0" "-e" "RUST_BACKTRACE=full" "-e" "RUSTFLAGS=--cap-lints=warn" "-e" "RUSTDOCFLAGS=--cap-lints=warn" "-e" "CARGO_HOME=/opt/rustwide/cargo-home" "-e" "RUSTUP_HOME=/opt/rustwide/rustup-home" "-w" "/opt/rustwide/workdir" "-m" "1610612736" "--user" "0:0" "--network" "none" "ghcr.io/rust-lang/crates-build-env/linux@sha256:2788e3201cd34a07e3172128adcd8b3090168a8e3bcc40d7c032b9dda1df7d1c" "/opt/rustwide/cargo-home/bin/cargo" "+beta-2023-12-22" "build" "--frozen" "--message-format=json", kill_on_drop: false }`
[INFO] [stdout] c0105666dcd01496720e6e3c1a56049e36ad80a764f7ba03d3715351862a13a0
[INFO] running `Command { std: "docker" "start" "-a" "c0105666dcd01496720e6e3c1a56049e36ad80a764f7ba03d3715351862a13a0", kill_on_drop: false }`
[INFO] [stderr]    Compiling kurbo v0.8.3
[INFO] [stderr]    Compiling quote v1.0.35
[INFO] [stderr]    Compiling svgrtypes v0.28.5 (/opt/rustwide/workdir)
[INFO] [stdout] warning: call to `.borrow()` on a reference in this situation does nothing
[INFO] [stdout]    --> src/colors.rs:213:24
[INFO] [stdout]     |
[INFO] [stdout] 213 |         let b = entry.0.borrow();
[INFO] [stdout]     |                        ^^^^^^^^^ help: remove this redundant call
[INFO] [stdout]     |
[INFO] [stdout]     = note: the type `str` does not implement `Borrow`, so calling `borrow` on `&str` copies the reference, which does not do anything and can be removed
[INFO] [stdout]     = note: `#[warn(noop_method_call)]` on by default
[INFO] [stdout] 
[INFO] [stdout] 
[INFO] [stdout] warning: 1 warning emitted
[INFO] [stdout] 
[INFO] [stdout] 
[INFO] [stderr]     Finished dev [unoptimized + debuginfo] target(s) in 1.33s
[INFO] running `Command { std: "docker" "inspect" "c0105666dcd01496720e6e3c1a56049e36ad80a764f7ba03d3715351862a13a0", kill_on_drop: false }`
[INFO] running `Command { std: "docker" "rm" "-f" "c0105666dcd01496720e6e3c1a56049e36ad80a764f7ba03d3715351862a13a0", kill_on_drop: false }`
[INFO] [stdout] c0105666dcd01496720e6e3c1a56049e36ad80a764f7ba03d3715351862a13a0
[INFO] running `Command { std: "docker" "create" "-v" "/var/lib/crater-agent-workspace/builds/worker-5-tc2/target:/opt/rustwide/target:rw,Z" "-v" "/var/lib/crater-agent-workspace/builds/worker-5-tc2/source:/opt/rustwide/workdir:ro,Z" "-v" "/var/lib/crater-agent-workspace/cargo-home:/opt/rustwide/cargo-home:ro,Z" "-v" "/var/lib/crater-agent-workspace/rustup-home:/opt/rustwide/rustup-home:ro,Z" "-e" "SOURCE_DIR=/opt/rustwide/workdir" "-e" "CARGO_TARGET_DIR=/opt/rustwide/target" "-e" "CARGO_INCREMENTAL=0" "-e" "RUST_BACKTRACE=full" "-e" "RUSTFLAGS=--cap-lints=warn" "-e" "RUSTDOCFLAGS=--cap-lints=warn" "-e" "CARGO_HOME=/opt/rustwide/cargo-home" "-e" "RUSTUP_HOME=/opt/rustwide/rustup-home" "-w" "/opt/rustwide/workdir" "-m" "1610612736" "--user" "0:0" "--network" "none" "ghcr.io/rust-lang/crates-build-env/linux@sha256:2788e3201cd34a07e3172128adcd8b3090168a8e3bcc40d7c032b9dda1df7d1c" "/opt/rustwide/cargo-home/bin/cargo" "+beta-2023-12-22" "test" "--frozen" "--no-run" "--message-format=json", kill_on_drop: false }`
[INFO] [stdout] bed5757012a7064569cd568bb896c5fa8883f4c050854ece7976324b7275bef1
[INFO] running `Command { std: "docker" "start" "-a" "bed5757012a7064569cd568bb896c5fa8883f4c050854ece7976324b7275bef1", kill_on_drop: false }`
[INFO] [stderr]    Compiling svgrtypes v0.28.5 (/opt/rustwide/workdir)
[INFO] [stdout] warning: call to `.borrow()` on a reference in this situation does nothing
[INFO] [stdout]    --> src/colors.rs:213:24
[INFO] [stdout]     |
[INFO] [stdout] 213 |         let b = entry.0.borrow();
[INFO] [stdout]     |                        ^^^^^^^^^ help: remove this redundant call
[INFO] [stdout]     |
[INFO] [stdout]     = note: the type `str` does not implement `Borrow`, so calling `borrow` on `&str` copies the reference, which does not do anything and can be removed
[INFO] [stdout]     = note: `#[warn(noop_method_call)]` on by default
[INFO] [stdout] 
[INFO] [stdout] 
[INFO] [stdout] warning: 1 warning emitted
[INFO] [stdout] 
[INFO] [stdout] 
[INFO] [stdout] warning: call to `.borrow()` on a reference in this situation does nothing
[INFO] [stdout]    --> src/colors.rs:213:24
[INFO] [stdout]     |
[INFO] [stdout] 213 |         let b = entry.0.borrow();
[INFO] [stdout]     |                        ^^^^^^^^^ help: remove this redundant call
[INFO] [stdout]     |
[INFO] [stdout]     = note: the type `str` does not implement `Borrow`, so calling `borrow` on `&str` copies the reference, which does not do anything and can be removed
[INFO] [stdout]     = note: `#[warn(noop_method_call)]` on by default
[INFO] [stdout] 
[INFO] [stdout] 
[INFO] [stdout] warning: 1 warning emitted
[INFO] [stdout] 
[INFO] [stdout] 
[INFO] [stderr]     Finished test [unoptimized + debuginfo] target(s) in 1.61s
[INFO] running `Command { std: "docker" "inspect" "bed5757012a7064569cd568bb896c5fa8883f4c050854ece7976324b7275bef1", kill_on_drop: false }`
[INFO] running `Command { std: "docker" "rm" "-f" "bed5757012a7064569cd568bb896c5fa8883f4c050854ece7976324b7275bef1", kill_on_drop: false }`
[INFO] [stdout] bed5757012a7064569cd568bb896c5fa8883f4c050854ece7976324b7275bef1
[INFO] running `Command { std: "docker" "create" "-v" "/var/lib/crater-agent-workspace/builds/worker-5-tc2/target:/opt/rustwide/target:rw,Z" "-v" "/var/lib/crater-agent-workspace/builds/worker-5-tc2/source:/opt/rustwide/workdir:ro,Z" "-v" "/var/lib/crater-agent-workspace/cargo-home:/opt/rustwide/cargo-home:ro,Z" "-v" "/var/lib/crater-agent-workspace/rustup-home:/opt/rustwide/rustup-home:ro,Z" "-e" "SOURCE_DIR=/opt/rustwide/workdir" "-e" "CARGO_TARGET_DIR=/opt/rustwide/target" "-e" "CARGO_INCREMENTAL=0" "-e" "RUST_BACKTRACE=full" "-e" "RUSTFLAGS=--cap-lints=warn" "-e" "RUSTDOCFLAGS=--cap-lints=warn" "-e" "CARGO_HOME=/opt/rustwide/cargo-home" "-e" "RUSTUP_HOME=/opt/rustwide/rustup-home" "-w" "/opt/rustwide/workdir" "-m" "1610612736" "--user" "0:0" "--network" "none" "ghcr.io/rust-lang/crates-build-env/linux@sha256:2788e3201cd34a07e3172128adcd8b3090168a8e3bcc40d7c032b9dda1df7d1c" "/opt/rustwide/cargo-home/bin/cargo" "+beta-2023-12-22" "test" "--frozen", kill_on_drop: false }`
[INFO] [stdout] 9f551f8fde9e54842588be49226cdd2f9adf13d9247b48cf13321858a05289c7
[INFO] running `Command { std: "docker" "start" "-a" "9f551f8fde9e54842588be49226cdd2f9adf13d9247b48cf13321858a05289c7", kill_on_drop: false }`
[INFO] [stderr] warning: call to `.borrow()` on a reference in this situation does nothing
[INFO] [stderr]    --> src/colors.rs:213:24
[INFO] [stderr]     |
[INFO] [stderr] 213 |         let b = entry.0.borrow();
[INFO] [stderr]     |                        ^^^^^^^^^ help: remove this redundant call
[INFO] [stderr]     |
[INFO] [stderr]     = note: the type `str` does not implement `Borrow`, so calling `borrow` on `&str` copies the reference, which does not do anything and can be removed
[INFO] [stderr]     = note: `#[warn(noop_method_call)]` on by default
[INFO] [stderr] 
[INFO] [stderr] warning: `svgrtypes` (lib) generated 1 warning (run `cargo fix --lib -p svgrtypes` to apply 1 suggestion)
[INFO] [stderr] warning: `svgrtypes` (lib test) generated 1 warning (1 duplicate)
[INFO] [stderr]     Finished test [unoptimized + debuginfo] target(s) in 0.01s
[INFO] [stderr]      Running unittests src/lib.rs (/opt/rustwide/target/debug/deps/svgrtypes-a6b44faa3143971a)
[INFO] [stdout] 
[INFO] [stdout] running 243 tests
[INFO] [stdout] test angle::tests::parse_2 ... ok
[INFO] [stdout] test angle::tests::parse_3 ... ok
[INFO] [stdout] test aspect_ratio::tests::parse_1 ... ok
[INFO] [stdout] test angle::tests::err_1 ... ok
[INFO] [stdout] test angle::tests::parse_4 ... ok
[INFO] [stdout] test angle::tests::err_2 ... ok
[INFO] [stdout] test angle::tests::parse_1 ... ok
[INFO] [stdout] test color::tests::invalid_input_1 ... ok
[INFO] [stdout] test color::tests::invalid_input_2 ... ok
[INFO] [stdout] test color::tests::name_cornflowerblue ... ok
[INFO] [stdout] test color::tests::name_red_spaced ... ok
[INFO] [stdout] test color::tests::name_red_mixed_case ... ok
[INFO] [stdout] test color::tests::icc_color_not_supported_2 ... ok
[INFO] [stdout] test color::tests::name_red_upper_case ... ok
[INFO] [stdout] test color::tests::not_a_color_1 ... ok
[INFO] [stdout] test color::tests::hsl_yellow ... ok
[INFO] [stdout] test color::tests::hsla_green ... ok
[INFO] [stdout] test aspect_ratio::tests::parse_4 ... ok
[INFO] [stdout] test aspect_ratio::tests::parse_2 ... ok
[INFO] [stdout] test aspect_ratio::tests::parse_3 ... ok
[INFO] [stdout] test color::tests::hsl_hue_360 ... ok
[INFO] [stdout] test aspect_ratio::tests::parse_5 ... ok
[INFO] [stdout] test color::tests::hsl_green ... ok
[INFO] [stdout] test color::tests::icc_color_not_supported_1 ... ok
[INFO] [stdout] test color::tests::hsl_out_of_bounds ... ok
[INFO] [stdout] test angle::tests::parse_5 ... ok
[INFO] [stdout] test color::tests::hsl_with_alpha ... ok
[INFO] [stdout] test color::tests::rgb_hex ... ok
[INFO] [stdout] test color::tests::rgba_half ... ok
[INFO] [stdout] test color::tests::rgb_with_alpha ... ok
[INFO] [stdout] test color::tests::rgba_large_alpha ... ok
[INFO] [stdout] test color::tests::name_red ... ok
[INFO] [stdout] test color::tests::rgb_percentage ... ok
[INFO] [stdout] test color::tests::rgb_numeric_upper_case ... ok
[INFO] [stdout] test color::tests::rgb_numeric ... ok
[INFO] [stdout] test color::tests::rgb_mixed_units ... ok
[INFO] [stdout] test color::tests::rgb_numeric_spaced ... ok
[INFO] [stdout] test color::tests::rgb_percentage_overflow ... ok
[INFO] [stdout] test color::tests::rgb_percentage_float ... ok
[INFO] [stdout] test color::tests::rgba_hex ... ok
[INFO] [stdout] test color::tests::rgb_numeric_mixed_case ... ok
[INFO] [stdout] test color::tests::rrggbb_upper ... ok
[INFO] [stdout] test enable_background::tests::parse_2 ... ok
[INFO] [stdout] test enable_background::tests::parse_4 ... ok
[INFO] [stdout] test enable_background::tests::err_5 ... ok
[INFO] [stdout] test enable_background::tests::err_1 ... ok
[INFO] [stdout] test enable_background::tests::parse_1 ... ok
[INFO] [stdout] test color::tests::rgba_with_percent_alpha ... ok
[INFO] [stdout] test color::tests::rrggbb ... ok
[INFO] [stdout] test enable_background::tests::err_2 ... ok
[INFO] [stdout] test enable_background::tests::err_4 ... ok
[INFO] [stdout] test color::tests::rrggbb_spaced ... ok
[INFO] [stdout] test color::tests::rrggbbaa ... ok
[INFO] [stdout] test enable_background::tests::parse_5 ... ok
[INFO] [stdout] test enable_background::tests::parse_3 ... ok
[INFO] [stdout] test enable_background::tests::err_3 ... ok
[INFO] [stdout] test filter_functions::tests::blur_2percent ... ok
[INFO] [stdout] test filter_functions::tests::blur_2 ... ok
[INFO] [stdout] test filter_functions::tests::blur_default ... ok
[INFO] [stdout] test filter_functions::tests::blur_two_values ... ok
[INFO] [stdout] test filter_functions::tests::blur_2mm ... ok
[INFO] [stdout] test color::tests::rgba_negative ... ok
[INFO] [stdout] test color::tests::rrggbbaa_upper ... ok
[INFO] [stdout] test filter_functions::tests::blur_negative ... ok
[INFO] [stdout] test filter_functions::tests::brightness_2 ... ok
[INFO] [stdout] test color::tests::transparent ... ok
[INFO] [stdout] test filter_functions::tests::brightness_negative ... ok
[INFO] [stdout] test filter_functions::tests::brightness_default ... ok
[INFO] [stdout] test filter_functions::tests::drop_shadow_color_twice ... ok
[INFO] [stdout] test filter_functions::tests::brightness_2mm ... ok
[INFO] [stdout] test filter_functions::tests::brightness_50percent ... ok
[INFO] [stdout] test filter_functions::tests::drop_shadow_color_after ... ok
[INFO] [stdout] test filter_functions::tests::drop_shadow_curr_color_twice ... ok
[INFO] [stdout] test filter_functions::tests::hue_rotate_no_units ... ok
[INFO] [stdout] test filter_functions::tests::drop_shadow_negative_offset ... ok
[INFO] [stdout] test filter_functions::tests::drop_shadow_curr_color_after ... ok
[INFO] [stdout] test filter_functions::tests::drop_shadow_with_dev ... ok
[INFO] [stdout] test filter_functions::tests::multiple_2 ... ok
[INFO] [stdout] test filter_functions::tests::drop_shadow_default ... ok
[INFO] [stdout] test filter_functions::tests::drop_shadow_color_first ... ok
[INFO] [stdout] test filter_functions::tests::drop_shadow_curr_color_first ... ok
[INFO] [stdout] test funciri::tests::parse_err_func_iri_3 ... ok
[INFO] [stdout] test funciri::tests::parse_func_iri_3 ... ok
[INFO] [stdout] test funciri::tests::parse_func_iri_2 ... ok
[INFO] [stdout] test filter_functions::tests::drop_shadow_no_values ... ok
[INFO] [stdout] test funciri::tests::parse_func_iri_4 ... ok
[INFO] [stdout] test filter_functions::tests::multiple_1 ... ok
[INFO] [stdout] test filter_functions::tests::url ... ok
[INFO] [stdout] test funciri::tests::parse_err_func_iri_1 ... ok
[INFO] [stdout] test filter_functions::tests::drop_shadow_percent ... ok
[INFO] [stdout] test funciri::tests::parse_err_func_iri_2 ... ok
[INFO] [stdout] test filter_functions::tests::none ... ok
[INFO] [stdout] test funciri::tests::parse_err_iri_1 ... ok
[INFO] [stdout] test funciri::tests::parse_func_iri_1 ... ok
[INFO] [stdout] test filter_functions::tests::empty ... ok
[INFO] [stdout] test length::tests::err_2 ... ok
[INFO] [stdout] test length::tests::parse_15 ... ok
[INFO] [stdout] test length::tests::parse_4 ... ok
[INFO] [stdout] test length::tests::parse_13 ... ok
[INFO] [stdout] test length::tests::parse_2 ... ok
[INFO] [stdout] test length::tests::err_1 ... ok
[INFO] [stdout] test length::tests::parse_12 ... ok
[INFO] [stdout] test length::tests::parse_6 ... ok
[INFO] [stdout] test length::tests::parse_7 ... ok
[INFO] [stdout] test funciri::tests::parse_iri_2 ... ok
[INFO] [stdout] test length::tests::parse_5 ... ok
[INFO] [stdout] test funciri::tests::parse_iri_1 ... ok
[INFO] [stdout] test length::tests::parse_10 ... ok
[INFO] [stdout] test length::tests::parse_11 ... ok
[INFO] [stdout] test length::tests::parse_8 ... ok
[INFO] [stdout] test length::tests::parse_3 ... ok
[INFO] [stdout] test length::tests::parse_9 ... ok
[INFO] [stdout] test length::tests::parse_1 ... ok
[INFO] [stdout] test number::tests::parse_1 ... ok
[INFO] [stdout] test number::tests::parse_11 ... ok
[INFO] [stdout] test number::tests::parse_10 ... ok
[INFO] [stdout] test funciri::tests::parse_iri_4 ... ok
[INFO] [stdout] test funciri::tests::parse_iri_3 ... ok
[INFO] [stdout] test length::tests::parse_16 ... ok
[INFO] [stdout] test number::tests::parse_12 ... ok
[INFO] [stdout] test number::tests::parse_14 ... ok
[INFO] [stdout] test number::tests::parse_16 ... ok
[INFO] [stdout] test number::tests::parse_17 ... ok
[INFO] [stdout] test number::tests::parse_18 ... ok
[INFO] [stdout] test number::tests::parse_13 ... ok
[INFO] [stdout] test number::tests::parse_19 ... ok
[INFO] [stdout] test number::tests::parse_15 ... ok
[INFO] [stdout] test length::tests::parse_14 ... ok
[INFO] [stdout] test number::tests::parse_6 ... ok
[INFO] [stdout] test number::tests::parse_20 ... ok
[INFO] [stdout] test number::tests::parse_23 ... ok
[INFO] [stdout] test number::tests::parse_22 ... ok
[INFO] [stdout] test number::tests::parse_2 ... ok
[INFO] [stdout] test number::tests::parse_21 ... ok
[INFO] [stdout] test number::tests::parse_err_1 ... ok
[INFO] [stdout] test number::tests::parse_3 ... ok
[INFO] [stdout] test number::tests::parse_8 ... ok
[INFO] [stdout] test number::tests::parse_5 ... ok
[INFO] [stdout] test number::tests::parse_9 ... ok
[INFO] [stdout] test number::tests::parse_4 ... ok
[INFO] [stdout] test number::tests::parse_err_2 ... ok
[INFO] [stdout] test number::tests::parse_err_3 ... ok
[INFO] [stdout] test number::tests::parse_err_4 ... ok
[INFO] [stdout] test number::tests::parse_7 ... ok
[INFO] [stdout] test number::tests::parse_err_5 ... ok
[INFO] [stdout] test paint::tests::parse_2 ... ok
[INFO] [stdout] test number::tests::parse_err_6 ... ok
[INFO] [stdout] test paint::tests::parse_4 ... ok
[INFO] [stdout] test paint::tests::parse_6 ... ok
[INFO] [stdout] test paint::tests::parse_1 ... ok
[INFO] [stdout] test paint::tests::parse_5 ... ok
[INFO] [stdout] test number::tests::parse_err_7 ... ok
[INFO] [stdout] test paint::tests::parse_err_1 ... ok
[INFO] [stdout] test paint::tests::parse_7 ... ok
[INFO] [stdout] test paint_order::tests::parse_1 ... ok
[INFO] [stdout] test paint::tests::parse_8 ... ok
[INFO] [stdout] test paint::tests::parse_9 ... ok
[INFO] [stdout] test paint_order::tests::parse_11 ... ok
[INFO] [stdout] test number::tests::parse_err_8 ... ok
[INFO] [stdout] test paint_order::tests::parse_2 ... ok
[INFO] [stdout] test paint_order::tests::parse_10 ... ok
[INFO] [stdout] test paint_order::tests::parse_9 ... ok
[INFO] [stdout] test paint_order::tests::parse_5 ... ok
[INFO] [stdout] test paint_order::tests::parse_3 ... ok
[INFO] [stdout] test paint_order::tests::parse_7 ... ok
[INFO] [stdout] test paint_order::tests::parse_8 ... ok
[INFO] [stdout] test paint::tests::parse_3 ... ok
[INFO] [stdout] test paint::tests::parse_err_2 ... ok
[INFO] [stdout] test paint_order::tests::parse_6 ... ok
[INFO] [stdout] test path::simple_tests::ignore_duplicated_close_paths ... ok
[INFO] [stdout] test path::simple_tests::relative_smooth_quadratic_after_quadratic ... ok
[INFO] [stdout] test path::simple_tests::smooth_curve_to_after_move_to ... ok
[INFO] [stdout] test path::simple_tests::smooth_quadratic_after_relative_quadratic ... ok
[INFO] [stdout] test path::simple_tests::quadratic_after_smooth_quadratic ... ok
[INFO] [stdout] test path::simple_tests::relative_smooth_quadratic_after_relative_quadratic ... ok
[INFO] [stdout] test path::simple_tests::smooth_quadratic_after_move_to ... ok
[INFO] [stdout] test paint_order::tests::parse_4 ... ok
[INFO] [stdout] test path::simple_tests::relative_move_to ... ok
[INFO] [stdout] test path::simple_tests::smooth_curve_to_after_curve_to ... ok
[INFO] [stdout] test path::simple_tests::smooth_quadratic_after_relative_smooth_curve_to ... ok
[INFO] [stdout] test path::simple_tests::smooth_quadratic_after_quadratic ... ok
[INFO] [stdout] test path::tests::arc_to_2 ... ok
[INFO] [stdout] test path::tests::arc_to_1 ... ok
[INFO] [stdout] test path::tests::invalid_1 ... ok
[INFO] [stdout] test path::tests::close_path_1 ... ok
[INFO] [stdout] test path::tests::all_segments_2 ... ok
[INFO] [stdout] test path::tests::all_segments_1 ... ok
[INFO] [stdout] test path::tests::close_path_2 ... ok
[INFO] [stdout] test path::tests::invalid_2 ... ok
[INFO] [stdout] test path::tests::close_path_3 ... ok
[INFO] [stdout] test path::simple_tests::smooth_quadratic_after_smooth_quadratic ... ok
[INFO] [stdout] test path::tests::invalid_3 ... ok
[INFO] [stdout] test path::simple_tests::smooth_quadratic_after_relative_smooth_quadratic ... ok
[INFO] [stdout] test path::tests::move_to_3 ... ok
[INFO] [stdout] test path::tests::arc_to_10 ... ok
[INFO] [stdout] test path::tests::move_to_2 ... ok
[INFO] [stdout] test path::tests::move_to_1 ... ok
[INFO] [stdout] test path::tests::not_a_move_to ... ok
[INFO] [stdout] test path::tests::not_a_path ... ok
[INFO] [stdout] test points::tests::parse_2 ... ok
[INFO] [stdout] test path::tests::separator_5 ... ok
[INFO] [stdout] test path::tests::separator_1 ... ok
[INFO] [stdout] test stream::tests::parse_err_integer_1 ... ok
[INFO] [stdout] test stream::tests::parse_integer_1 ... ok
[INFO] [stdout] test path::tests::separator_2 ... ok
[INFO] [stdout] test path::tests::move_to_4 ... ok
[INFO] [stdout] test path::tests::separator_4 ... ok
[INFO] [stdout] test points::tests::parse_1 ... ok
[INFO] [stdout] test transform::tests::parse_err_3 ... ok
[INFO] [stdout] test transform::tests::parse_err_1 ... ok
[INFO] [stdout] test transform::tests::parse_1 ... ok
[INFO] [stdout] test path::tests::separator_3 ... ok
[INFO] [stdout] test transform::tests::parse_err_2 ... ok
[INFO] [stdout] test transform::tests::parse_err_4 ... ok
[INFO] [stdout] test transform::tests::parse_err_6 ... ok
[INFO] [stdout] test transform::tests::parse_err_7 ... ok
[INFO] [stdout] test transform_origin::tests::parse_2 ... ok
[INFO] [stdout] test transform::tests::parse_3 ... ok
[INFO] [stdout] test transform_origin::tests::parse_1 ... ok
[INFO] [stdout] test transform::tests::parse_2 ... ok
[INFO] [stdout] test path::tests::null ... ok
[INFO] [stdout] test transform_origin::tests::parse_5 ... ok
[INFO] [stdout] test transform::tests::parse_err_5 ... ok
[INFO] [stdout] test transform::tests::parse_7 ... ok
[INFO] [stdout] test transform::tests::parse_5 ... ok
[INFO] [stdout] test transform_origin::tests::parse_4 ... ok
[INFO] [stdout] test transform::tests::parse_6 ... ok
[INFO] [stdout] test path::tests::stop_on_err_1 ... ok
[INFO] [stdout] test transform::tests::parse_4 ... ok
[INFO] [stdout] test transform::tests::parse_9 ... ok
[INFO] [stdout] test transform_origin::tests::parse_3 ... ok
[INFO] [stdout] test viewbox::tests::parse_err_1 ... ok
[INFO] [stdout] test viewbox::tests::parse_1 ... ok
[INFO] [stdout] test viewbox::tests::parse_err_4 ... ok
[INFO] [stdout] test viewbox::tests::parse_err_5 ... ok
[INFO] [stdout] test viewbox::tests::parse_err_2 ... ok
[INFO] [stdout] test viewbox::tests::parse_err_6 ... ok
[INFO] [stdout] test transform_origin::tests::parse_6 ... ok
[INFO] [stdout] test viewbox::tests::parse_err_7 ... ok
[INFO] [stdout] test transform_origin::tests::parse_7 ... ok
[INFO] [stdout] test transform::tests::parse_8 ... ok
[INFO] [stdout] test viewbox::tests::parse_err_3 ... ok
[INFO] [stdout] test path::simple_tests::arc_to ... FAILED
[INFO] [stdout] 
[INFO] [stdout] failures:
[INFO] [stdout] 
[INFO] [stdout] ---- path::simple_tests::arc_to stdout ----
[INFO] [stdout] thread 'path::simple_tests::arc_to' panicked at src/path.rs:1048:5:
[INFO] [stdout] assertion `left == right` failed
[INFO] [stdout]   left: CurveTo { x1: 44.74826984236894, y1: 15.992274712892893, x2: 83.567020789685, y2: 9.96162563441861, x: 116.70410629329004, y: 26.53016838622112 }
[INFO] [stdout]  right: CurveTo { x1: 44.74826984236894, y1: 15.992274712892893, x2: 83.56702078968499, y2: 9.961625634418603, x: 116.70410629329004, y: 26.53016838622112 }
[INFO] [stdout] stack backtrace:
[INFO] [stdout]    0:     0x55fbffb9d936 - std::backtrace_rs::backtrace::libunwind::trace::h261606ad26a499c1
[INFO] [stdout]                                at /rustc/0e09125c6c3c2fd70d7de961bcf0e51575235fad/library/std/src/../../backtrace/src/backtrace/libunwind.rs:104:5
[INFO] [stdout]    1:     0x55fbffb9d936 - std::backtrace_rs::backtrace::trace_unsynchronized::hd183f0625477fb28
[INFO] [stdout]                                at /rustc/0e09125c6c3c2fd70d7de961bcf0e51575235fad/library/std/src/../../backtrace/src/backtrace/mod.rs:66:5
[INFO] [stdout]    2:     0x55fbffb9d936 - std::sys_common::backtrace::_print_fmt::hd7f8fef21b4eda67
[INFO] [stdout]                                at /rustc/0e09125c6c3c2fd70d7de961bcf0e51575235fad/library/std/src/sys_common/backtrace.rs:68:5
[INFO] [stdout]    3:     0x55fbffb9d936 - <std::sys_common::backtrace::_print::DisplayBacktrace as core::fmt::Display>::fmt::h623d9b51f2f453f1
[INFO] [stdout]                                at /rustc/0e09125c6c3c2fd70d7de961bcf0e51575235fad/library/std/src/sys_common/backtrace.rs:44:22
[INFO] [stdout]    4:     0x55fbffbc7cf0 - core::fmt::rt::Argument::fmt::h9f417ac76a86f368
[INFO] [stdout]                                at /rustc/0e09125c6c3c2fd70d7de961bcf0e51575235fad/library/core/src/fmt/rt.rs:142:9
[INFO] [stdout]    5:     0x55fbffbc7cf0 - core::fmt::write::hc9b6faf4ac2aeff7
[INFO] [stdout]                                at /rustc/0e09125c6c3c2fd70d7de961bcf0e51575235fad/library/core/src/fmt/mod.rs:1120:17
[INFO] [stdout]    6:     0x55fbffb9b39f - std::io::Write::write_fmt::he04625a3a989fec3
[INFO] [stdout]                                at /rustc/0e09125c6c3c2fd70d7de961bcf0e51575235fad/library/std/src/io/mod.rs:1810:15
[INFO] [stdout]    7:     0x55fbffb9d714 - std::sys_common::backtrace::_print::hd5d66399c7df88a2
[INFO] [stdout]                                at /rustc/0e09125c6c3c2fd70d7de961bcf0e51575235fad/library/std/src/sys_common/backtrace.rs:47:5
[INFO] [stdout]    8:     0x55fbffb9d714 - std::sys_common::backtrace::print::he81ed2da642d37e5
[INFO] [stdout]                                at /rustc/0e09125c6c3c2fd70d7de961bcf0e51575235fad/library/std/src/sys_common/backtrace.rs:34:9
[INFO] [stdout]    9:     0x55fbffb9f487 - std::panicking::default_hook::{{closure}}::h85773f4fa117163d
[INFO] [stdout]   10:     0x55fbffb9f16d - std::panicking::default_hook::h6a1694a91d09b278
[INFO] [stdout]                                at /rustc/0e09125c6c3c2fd70d7de961bcf0e51575235fad/library/std/src/panicking.rs:289:9
[INFO] [stdout]   11:     0x55fbffb6b7c7 - <alloc::boxed::Box<F,A> as core::ops::function::Fn<Args>>::call::h616ac37fa3cd6c8f
[INFO] [stdout]                                at /rustc/0e09125c6c3c2fd70d7de961bcf0e51575235fad/library/alloc/src/boxed.rs:2029:9
[INFO] [stdout]   12:     0x55fbffb6b7c7 - test::test_main::{{closure}}::h00d84697cefdcbb6
[INFO] [stdout]                                at /rustc/0e09125c6c3c2fd70d7de961bcf0e51575235fad/library/test/src/lib.rs:138:21
[INFO] [stdout]   13:     0x55fbffb9faa6 - <alloc::boxed::Box<F,A> as core::ops::function::Fn<Args>>::call::hcb3fe3b9bb537ba8
[INFO] [stdout]                                at /rustc/0e09125c6c3c2fd70d7de961bcf0e51575235fad/library/alloc/src/boxed.rs:2029:9
[INFO] [stdout]   14:     0x55fbffb9faa6 - std::panicking::rust_panic_with_hook::h0a7ad96e90f7145b
[INFO] [stdout]                                at /rustc/0e09125c6c3c2fd70d7de961bcf0e51575235fad/library/std/src/panicking.rs:783:13
[INFO] [stdout]   15:     0x55fbffb9f7f2 - std::panicking::begin_panic_handler::{{closure}}::h7919090525c6485e
[INFO] [stdout]                                at /rustc/0e09125c6c3c2fd70d7de961bcf0e51575235fad/library/std/src/panicking.rs:657:13
[INFO] [stdout]   16:     0x55fbffb9de36 - std::sys_common::backtrace::__rust_end_short_backtrace::hf3289479464f7dfe
[INFO] [stdout]                                at /rustc/0e09125c6c3c2fd70d7de961bcf0e51575235fad/library/std/src/sys_common/backtrace.rs:171:18
[INFO] [stdout]   17:     0x55fbffb9f550 - rust_begin_unwind
[INFO] [stdout]                                at /rustc/0e09125c6c3c2fd70d7de961bcf0e51575235fad/library/std/src/panicking.rs:645:5
[INFO] [stdout]   18:     0x55fbffaeecd5 - core::panicking::panic_fmt::hcc9f77c5c132af55
[INFO] [stdout]                                at /rustc/0e09125c6c3c2fd70d7de961bcf0e51575235fad/library/core/src/panicking.rs:72:14
[INFO] [stdout]   19:     0x55fbffaef14b - core::panicking::assert_failed_inner::h9f13e27dd63c3a08
[INFO] [stdout]                                at /rustc/0e09125c6c3c2fd70d7de961bcf0e51575235fad/library/core/src/panicking.rs:342:17
[INFO] [stdout]   20:     0x55fbffb2407e - core::panicking::assert_failed::h43442e9e7cd9ac93
[INFO] [stdout]                                at /rustc/0e09125c6c3c2fd70d7de961bcf0e51575235fad/library/core/src/panicking.rs:297:5
[INFO] [stdout]   21:     0x55fbffb044e3 - svgrtypes::path::simple_tests::arc_to::h5ae1a43d6c371e12
[INFO] [stdout]                                at /opt/rustwide/workdir/src/path.rs:962:21
[INFO] [stdout]   22:     0x55fbffb042a7 - svgrtypes::path::simple_tests::arc_to::{{closure}}::h6b7ea61fbd61f09e
[INFO] [stdout]                                at /opt/rustwide/workdir/src/path.rs:959:23
[INFO] [stdout]   23:     0x55fbffb16826 - core::ops::function::FnOnce::call_once::hda95154deca28192
[INFO] [stdout]                                at /rustc/0e09125c6c3c2fd70d7de961bcf0e51575235fad/library/core/src/ops/function.rs:250:5
[INFO] [stdout]   24:     0x55fbffb7109f - core::ops::function::FnOnce::call_once::hd64d26f405258157
[INFO] [stdout]                                at /rustc/0e09125c6c3c2fd70d7de961bcf0e51575235fad/library/core/src/ops/function.rs:250:5
[INFO] [stdout]   25:     0x55fbffb7109f - test::__rust_begin_short_backtrace::he21b0b7a6d731bf9
[INFO] [stdout]                                at /rustc/0e09125c6c3c2fd70d7de961bcf0e51575235fad/library/test/src/lib.rs:627:18
[INFO] [stdout]   26:     0x55fbffb6fe21 - test::run_test_in_process::{{closure}}::hf5c73986d7bdfde2
[INFO] [stdout]                                at /rustc/0e09125c6c3c2fd70d7de961bcf0e51575235fad/library/test/src/lib.rs:650:60
[INFO] [stdout]   27:     0x55fbffb6fe21 - <core::panic::unwind_safe::AssertUnwindSafe<F> as core::ops::function::FnOnce<()>>::call_once::h330011ad032aadc0
[INFO] [stdout]                                at /rustc/0e09125c6c3c2fd70d7de961bcf0e51575235fad/library/core/src/panic/unwind_safe.rs:272:9
[INFO] [stdout]   28:     0x55fbffb6fe21 - std::panicking::try::do_call::he61b0a958b795a41
[INFO] [stdout]                                at /rustc/0e09125c6c3c2fd70d7de961bcf0e51575235fad/library/std/src/panicking.rs:552:40
[INFO] [stdout]   29:     0x55fbffb6fe21 - std::panicking::try::h7309da130f906eb7
[INFO] [stdout]                                at /rustc/0e09125c6c3c2fd70d7de961bcf0e51575235fad/library/std/src/panicking.rs:516:19
[INFO] [stdout]   30:     0x55fbffb6fe21 - std::panic::catch_unwind::hc5c3a06fdaf0a92a
[INFO] [stdout]                                at /rustc/0e09125c6c3c2fd70d7de961bcf0e51575235fad/library/std/src/panic.rs:142:14
[INFO] [stdout]   31:     0x55fbffb6fe21 - test::run_test_in_process::h7e7b7c71c3324e0f
[INFO] [stdout]                                at /rustc/0e09125c6c3c2fd70d7de961bcf0e51575235fad/library/test/src/lib.rs:650:27
[INFO] [stdout]   32:     0x55fbffb6fe21 - test::run_test::{{closure}}::h1f509f28f5cf20b1
[INFO] [stdout]                                at /rustc/0e09125c6c3c2fd70d7de961bcf0e51575235fad/library/test/src/lib.rs:573:43
[INFO] [stdout]   33:     0x55fbffb37156 - test::run_test::{{closure}}::h1754218abf443f6d
[INFO] [stdout]                                at /rustc/0e09125c6c3c2fd70d7de961bcf0e51575235fad/library/test/src/lib.rs:601:41
[INFO] [stdout]   34:     0x55fbffb37156 - std::sys_common::backtrace::__rust_begin_short_backtrace::h2ee174b9d5954948
[INFO] [stdout]                                at /rustc/0e09125c6c3c2fd70d7de961bcf0e51575235fad/library/std/src/sys_common/backtrace.rs:155:18
[INFO] [stdout]   35:     0x55fbffb3c1b7 - std::thread::Builder::spawn_unchecked_::{{closure}}::{{closure}}::hf60bee9c1a17ef09
[INFO] [stdout]                                at /rustc/0e09125c6c3c2fd70d7de961bcf0e51575235fad/library/std/src/thread/mod.rs:529:17
[INFO] [stdout]   36:     0x55fbffb3c1b7 - <core::panic::unwind_safe::AssertUnwindSafe<F> as core::ops::function::FnOnce<()>>::call_once::h33d0dddec5216160
[INFO] [stdout]                                at /rustc/0e09125c6c3c2fd70d7de961bcf0e51575235fad/library/core/src/panic/unwind_safe.rs:272:9
[INFO] [stdout]   37:     0x55fbffb3c1b7 - std::panicking::try::do_call::h144b3048b546f835
[INFO] [stdout]                                at /rustc/0e09125c6c3c2fd70d7de961bcf0e51575235fad/library/std/src/panicking.rs:552:40
[INFO] [stdout]   38:     0x55fbffb3c1b7 - std::panicking::try::h978244d04646189f
[INFO] [stdout]                                at /rustc/0e09125c6c3c2fd70d7de961bcf0e51575235fad/library/std/src/panicking.rs:516:19
[INFO] [stdout]   39:     0x55fbffb3c1b7 - std::panic::catch_unwind::hdf436369d188fe86
[INFO] [stdout]                                at /rustc/0e09125c6c3c2fd70d7de961bcf0e51575235fad/library/std/src/panic.rs:142:14
[INFO] [stdout]   40:     0x55fbffb3c1b7 - std::thread::Builder::spawn_unchecked_::{{closure}}::h87329cbdd33c79ec
[INFO] [stdout]                                at /rustc/0e09125c6c3c2fd70d7de961bcf0e51575235fad/library/std/src/thread/mod.rs:528:30
[INFO] [stdout]   41:     0x55fbffb3c1b7 - core::ops::function::FnOnce::call_once{{vtable.shim}}::h401abbe67897d450
[INFO] [stdout]                                at /rustc/0e09125c6c3c2fd70d7de961bcf0e51575235fad/library/core/src/ops/function.rs:250:5
[INFO] [stdout]   42:     0x55fbffba4555 - <alloc::boxed::Box<F,A> as core::ops::function::FnOnce<Args>>::call_once::h5d7c8f150ab9c84c
[INFO] [stdout]                                at /rustc/0e09125c6c3c2fd70d7de961bcf0e51575235fad/library/alloc/src/boxed.rs:2015:9
[INFO] [stdout]   43:     0x55fbffba4555 - <alloc::boxed::Box<F,A> as core::ops::function::FnOnce<Args>>::call_once::h570d5b005c242c15
[INFO] [stdout]                                at /rustc/0e09125c6c3c2fd70d7de961bcf0e51575235fad/library/alloc/src/boxed.rs:2015:9
[INFO] [stdout]   44:     0x55fbffba4555 - std::sys::unix::thread::Thread::new::thread_start::h36b0a20c0b2361ad
[INFO] [stdout]                                at /rustc/0e09125c6c3c2fd70d7de961bcf0e51575235fad/library/std/src/sys/unix/thread.rs:108:17
[INFO] [stdout]   45:     0x7f488c96fac3 - <unknown>
[INFO] [stdout]   46:     0x7f488ca00bf4 - __clone
[INFO] [stdout]   47:                0x0 - <unknown>
[INFO] [stdout] 
[INFO] [stdout] 
[INFO] [stdout] failures:
[INFO] [stdout]     path::simple_tests::arc_to
[INFO] [stdout] 
[INFO] [stdout] test result: FAILED. 242 passed; 1 failed; 0 ignored; 0 measured; 0 filtered out; finished in 0.32s
[INFO] [stdout] 
[INFO] [stderr] error: test failed, to rerun pass `--lib`
[INFO] running `Command { std: "docker" "inspect" "9f551f8fde9e54842588be49226cdd2f9adf13d9247b48cf13321858a05289c7", kill_on_drop: false }`
[INFO] running `Command { std: "docker" "rm" "-f" "9f551f8fde9e54842588be49226cdd2f9adf13d9247b48cf13321858a05289c7", kill_on_drop: false }`
[INFO] [stdout] 9f551f8fde9e54842588be49226cdd2f9adf13d9247b48cf13321858a05289c7
