[INFO] fetching crate svg2gcode 0.1.4...
[INFO] testing svg2gcode-0.1.4 against 1.75.0 for beta-1.76-1
[INFO] extracting crate svg2gcode 0.1.4 into /workspace/builds/worker-7-tc1/source
[INFO] validating manifest of crates.io crate svg2gcode 0.1.4 on toolchain 1.75.0
[INFO] running `Command { std: CARGO_HOME="/workspace/cargo-home" RUSTUP_HOME="/workspace/rustup-home" "/workspace/cargo-home/bin/cargo" "+1.75.0" "metadata" "--manifest-path" "Cargo.toml" "--no-deps", kill_on_drop: false }`
[INFO] started tweaking crates.io crate svg2gcode 0.1.4
[INFO] finished tweaking crates.io crate svg2gcode 0.1.4
[INFO] tweaked toml for crates.io crate svg2gcode 0.1.4 written to /workspace/builds/worker-7-tc1/source/Cargo.toml
[INFO] running `Command { std: CARGO_HOME="/workspace/cargo-home" RUSTUP_HOME="/workspace/rustup-home" "/workspace/cargo-home/bin/cargo" "+1.75.0" "generate-lockfile" "--manifest-path" "Cargo.toml", kill_on_drop: false }`
[INFO] [stderr]     Updating crates.io index
[INFO] running `Command { std: CARGO_HOME="/workspace/cargo-home" RUSTUP_HOME="/workspace/rustup-home" "/workspace/cargo-home/bin/cargo" "+1.75.0" "fetch" "--manifest-path" "Cargo.toml", kill_on_drop: false }`
[INFO] [stderr]     Blocking waiting for file lock on package cache
[INFO] [stderr]     Blocking waiting for file lock on package cache
[INFO] [stderr]  Downloading crates ...
[INFO] [stderr]   Downloaded peg-runtime v0.8.2
[INFO] [stderr]   Downloaded peg v0.8.2
[INFO] [stderr]   Downloaded cairo-rs v0.18.5
[INFO] [stderr]   Downloaded roxmltree v0.19.0
[INFO] [stderr]   Downloaded peg-macros v0.8.2
[INFO] [stderr]   Downloaded uom v0.35.0
[INFO] [stderr]   Downloaded g-code v0.3.6
[INFO] running `Command { std: "docker" "create" "-v" "/var/lib/crater-agent-workspace/builds/worker-7-tc1/target:/opt/rustwide/target:rw,Z" "-v" "/var/lib/crater-agent-workspace/builds/worker-7-tc1/source:/opt/rustwide/workdir:ro,Z" "-v" "/var/lib/crater-agent-workspace/cargo-home:/opt/rustwide/cargo-home:ro,Z" "-v" "/var/lib/crater-agent-workspace/rustup-home:/opt/rustwide/rustup-home:ro,Z" "-e" "SOURCE_DIR=/opt/rustwide/workdir" "-e" "CARGO_TARGET_DIR=/opt/rustwide/target" "-e" "CARGO_HOME=/opt/rustwide/cargo-home" "-e" "RUSTUP_HOME=/opt/rustwide/rustup-home" "-w" "/opt/rustwide/workdir" "-m" "1610612736" "--user" "0:0" "--network" "none" "ghcr.io/rust-lang/crates-build-env/linux@sha256:2788e3201cd34a07e3172128adcd8b3090168a8e3bcc40d7c032b9dda1df7d1c" "/opt/rustwide/cargo-home/bin/cargo" "+1.75.0" "metadata" "--no-deps" "--format-version=1", kill_on_drop: false }`
[INFO] [stdout] 28abc7046d65163f651b07c73af9fb99b4d243cfc5d9d9a3b2f4488bebf3772a
[INFO] running `Command { std: "docker" "start" "-a" "28abc7046d65163f651b07c73af9fb99b4d243cfc5d9d9a3b2f4488bebf3772a", kill_on_drop: false }`
[INFO] running `Command { std: "docker" "inspect" "28abc7046d65163f651b07c73af9fb99b4d243cfc5d9d9a3b2f4488bebf3772a", kill_on_drop: false }`
[INFO] running `Command { std: "docker" "rm" "-f" "28abc7046d65163f651b07c73af9fb99b4d243cfc5d9d9a3b2f4488bebf3772a", kill_on_drop: false }`
[INFO] [stdout] 28abc7046d65163f651b07c73af9fb99b4d243cfc5d9d9a3b2f4488bebf3772a
[INFO] running `Command { std: "docker" "create" "-v" "/var/lib/crater-agent-workspace/builds/worker-7-tc1/target:/opt/rustwide/target:rw,Z" "-v" "/var/lib/crater-agent-workspace/builds/worker-7-tc1/source:/opt/rustwide/workdir:ro,Z" "-v" "/var/lib/crater-agent-workspace/cargo-home:/opt/rustwide/cargo-home:ro,Z" "-v" "/var/lib/crater-agent-workspace/rustup-home:/opt/rustwide/rustup-home:ro,Z" "-e" "SOURCE_DIR=/opt/rustwide/workdir" "-e" "CARGO_TARGET_DIR=/opt/rustwide/target" "-e" "CARGO_INCREMENTAL=0" "-e" "RUST_BACKTRACE=full" "-e" "RUSTFLAGS=--cap-lints=warn" "-e" "RUSTDOCFLAGS=--cap-lints=warn" "-e" "CARGO_HOME=/opt/rustwide/cargo-home" "-e" "RUSTUP_HOME=/opt/rustwide/rustup-home" "-w" "/opt/rustwide/workdir" "-m" "1610612736" "--user" "0:0" "--network" "none" "ghcr.io/rust-lang/crates-build-env/linux@sha256:2788e3201cd34a07e3172128adcd8b3090168a8e3bcc40d7c032b9dda1df7d1c" "/opt/rustwide/cargo-home/bin/cargo" "+1.75.0" "build" "--frozen" "--message-format=json", kill_on_drop: false }`
[INFO] [stdout] 97e4fcd4e45dd42df01357d12efc8c3aeab9379094b440c04ff1dee60633e8c9
[INFO] running `Command { std: "docker" "start" "-a" "97e4fcd4e45dd42df01357d12efc8c3aeab9379094b440c04ff1dee60633e8c9", kill_on_drop: false }`
[INFO] [stderr]    Compiling proc-macro2 v1.0.75
[INFO] [stderr]    Compiling libm v0.2.8
[INFO] [stderr]    Compiling unicode-ident v1.0.12
[INFO] [stderr]    Compiling arrayvec v0.7.4
[INFO] [stderr]    Compiling unicode-width v0.1.11
[INFO] [stderr]    Compiling typenum v1.17.0
[INFO] [stderr]    Compiling termcolor v1.4.0
[INFO] [stderr]    Compiling peg-runtime v0.8.2
[INFO] [stderr]    Compiling serde v1.0.194
[INFO] [stderr]    Compiling rust_decimal v1.33.1
[INFO] [stderr]    Compiling siphasher v0.3.11
[INFO] [stderr]    Compiling num-traits v0.2.17
[INFO] [stderr]    Compiling roxmltree v0.19.0
[INFO] [stderr]    Compiling kurbo v0.9.5
[INFO] [stderr]    Compiling codespan-reporting v0.11.1
[INFO] [stderr]    Compiling quote v1.0.35
[INFO] [stderr]    Compiling syn v2.0.48
[INFO] [stderr]    Compiling codespan v0.11.1
[INFO] [stderr]    Compiling peg-macros v0.8.2
[INFO] [stderr]    Compiling svgtypes v0.12.0
[INFO] [stderr]    Compiling euclid v0.22.9
[INFO] [stderr]    Compiling uom v0.35.0
[INFO] [stderr]    Compiling lyon_geom v1.0.5
[INFO] [stderr]    Compiling peg v0.8.2
[INFO] [stderr]    Compiling serde_derive v1.0.194
[INFO] [stderr]    Compiling g-code v0.3.6
[INFO] [stderr]    Compiling svg2gcode v0.1.4 (/opt/rustwide/workdir)
[INFO] [stdout] warning: method `pop_all_transforms` is never used
[INFO] [stdout]    --> src/turtle/mod.rs:326:12
[INFO] [stdout]     |
[INFO] [stdout] 38  | impl<T: Turtle + std::fmt::Debug> Terrarium<T> {
[INFO] [stdout]     | ---------------------------------------------- method in this implementation
[INFO] [stdout] ...
[INFO] [stdout] 326 |     pub fn pop_all_transforms(&mut self) {
[INFO] [stdout]     |            ^^^^^^^^^^^^^^^^^^
[INFO] [stdout]     |
[INFO] [stdout]     = note: `#[warn(dead_code)]` on by default
[INFO] [stdout] 
[INFO] [stdout] 
[INFO] [stdout] warning: variable `J` should have a snake case name
[INFO] [stdout]    --> src/arc.rs:218:17
[INFO] [stdout]     |
[INFO] [stdout] 218 |             let J = ma[0].powi(2) + ma[2].powi(2);
[INFO] [stdout]     |                 ^ help: convert the identifier to snake case: `j`
[INFO] [stdout]     |
[INFO] [stdout]     = note: `#[warn(non_snake_case)]` on by default
[INFO] [stdout] 
[INFO] [stdout] 
[INFO] [stdout] warning: variable `K` should have a snake case name
[INFO] [stdout]    --> src/arc.rs:219:17
[INFO] [stdout]     |
[INFO] [stdout] 219 |             let K = ma[1].powi(2) + ma[3].powi(2);
[INFO] [stdout]     |                 ^ help: convert the identifier to snake case (notice the capitalization): `k`
[INFO] [stdout] 
[INFO] [stdout] 
[INFO] [stdout] warning: variable `D` should have a snake case name
[INFO] [stdout]    --> src/arc.rs:222:17
[INFO] [stdout]     |
[INFO] [stdout] 222 |             let D = ((ma[0] - ma[3]).powi(2) + (ma[2] + ma[1]).powi(2))
[INFO] [stdout]     |                 ^ help: convert the identifier to snake case: `d`
[INFO] [stdout] 
[INFO] [stdout] 
[INFO] [stdout] warning: variable `JK` should have a snake case name
[INFO] [stdout]    --> src/arc.rs:226:17
[INFO] [stdout]     |
[INFO] [stdout] 226 |             let JK = (J + K) / S::TWO;
[INFO] [stdout]     |                 ^^ help: convert the identifier to snake case: `jk`
[INFO] [stdout] 
[INFO] [stdout] 
[INFO] [stdout] warning: variable `L` should have a snake case name
[INFO] [stdout]    --> src/arc.rs:234:21
[INFO] [stdout]     |
[INFO] [stdout] 234 |                 let L = ma[0] * ma[1] + ma[2] * ma[3];
[INFO] [stdout]     |                     ^ help: convert the identifier to snake case: `l`
[INFO] [stdout] 
[INFO] [stdout] 
[INFO] [stdout] warning: variable `D` should have a snake case name
[INFO] [stdout]    --> src/arc.rs:236:21
[INFO] [stdout]     |
[INFO] [stdout] 236 |                 let D = D.sqrt();
[INFO] [stdout]     |                     ^ help: convert the identifier to snake case: `d`
[INFO] [stdout] 
[INFO] [stdout] 
[INFO] [stdout] warning: 7 warnings emitted
[INFO] [stdout] 
[INFO] [stdout] 
[INFO] [stderr]     Finished dev [unoptimized + debuginfo] target(s) in 18.08s
[INFO] running `Command { std: "docker" "inspect" "97e4fcd4e45dd42df01357d12efc8c3aeab9379094b440c04ff1dee60633e8c9", kill_on_drop: false }`
[INFO] running `Command { std: "docker" "rm" "-f" "97e4fcd4e45dd42df01357d12efc8c3aeab9379094b440c04ff1dee60633e8c9", kill_on_drop: false }`
[INFO] [stdout] 97e4fcd4e45dd42df01357d12efc8c3aeab9379094b440c04ff1dee60633e8c9
[INFO] running `Command { std: "docker" "create" "-v" "/var/lib/crater-agent-workspace/builds/worker-7-tc1/target:/opt/rustwide/target:rw,Z" "-v" "/var/lib/crater-agent-workspace/builds/worker-7-tc1/source:/opt/rustwide/workdir:ro,Z" "-v" "/var/lib/crater-agent-workspace/cargo-home:/opt/rustwide/cargo-home:ro,Z" "-v" "/var/lib/crater-agent-workspace/rustup-home:/opt/rustwide/rustup-home:ro,Z" "-e" "SOURCE_DIR=/opt/rustwide/workdir" "-e" "CARGO_TARGET_DIR=/opt/rustwide/target" "-e" "CARGO_INCREMENTAL=0" "-e" "RUST_BACKTRACE=full" "-e" "RUSTFLAGS=--cap-lints=warn" "-e" "RUSTDOCFLAGS=--cap-lints=warn" "-e" "CARGO_HOME=/opt/rustwide/cargo-home" "-e" "RUSTUP_HOME=/opt/rustwide/rustup-home" "-w" "/opt/rustwide/workdir" "-m" "1610612736" "--user" "0:0" "--network" "none" "ghcr.io/rust-lang/crates-build-env/linux@sha256:2788e3201cd34a07e3172128adcd8b3090168a8e3bcc40d7c032b9dda1df7d1c" "/opt/rustwide/cargo-home/bin/cargo" "+1.75.0" "test" "--frozen" "--no-run" "--message-format=json", kill_on_drop: false }`
[INFO] [stdout] 230a942e9fb32018c26501d62f22ddba6ab1cc11066c29d9c2bf09e3d55fbf52
[INFO] running `Command { std: "docker" "start" "-a" "230a942e9fb32018c26501d62f22ddba6ab1cc11066c29d9c2bf09e3d55fbf52", kill_on_drop: false }`
[INFO] [stderr]    Compiling serde v1.0.194
[INFO] [stderr]    Compiling equivalent v1.0.1
[INFO] [stderr]    Compiling target-lexicon v0.12.13
[INFO] [stderr]    Compiling hashbrown v0.14.3
[INFO] [stderr]    Compiling winnow v0.5.32
[INFO] [stderr]    Compiling smallvec v1.11.2
[INFO] [stderr]    Compiling version-compare v0.1.1
[INFO] [stderr]    Compiling heck v0.4.1
[INFO] [stderr]    Compiling thiserror-impl v1.0.56
[INFO] [stderr]    Compiling serde_json v1.0.111
[INFO] [stderr]    Compiling itoa v1.0.10
[INFO] [stderr]    Compiling ryu v1.0.16
[INFO] [stderr]    Compiling yansi v0.5.1
[INFO] [stderr]    Compiling bitflags v2.4.1
[INFO] [stderr]    Compiling once_cell v1.19.0
[INFO] [stderr]    Compiling diff v0.1.13
[INFO] [stderr]    Compiling pretty_assertions v1.4.0
[INFO] [stderr]    Compiling indexmap v2.1.0
[INFO] [stderr]    Compiling cfg-expr v0.15.6
[INFO] [stderr]    Compiling thiserror v1.0.56
[INFO] [stderr]    Compiling toml_datetime v0.6.3
[INFO] [stderr]    Compiling serde_spanned v0.6.5
[INFO] [stderr]    Compiling g-code v0.3.6
[INFO] [stderr]    Compiling toml_edit v0.20.2
[INFO] [stderr]    Compiling svg2gcode v0.1.4 (/opt/rustwide/workdir)
[INFO] [stdout] warning: method `pop_all_transforms` is never used
[INFO] [stdout]    --> src/turtle/mod.rs:326:12
[INFO] [stdout]     |
[INFO] [stdout] 38  | impl<T: Turtle + std::fmt::Debug> Terrarium<T> {
[INFO] [stdout]     | ---------------------------------------------- method in this implementation
[INFO] [stdout] ...
[INFO] [stdout] 326 |     pub fn pop_all_transforms(&mut self) {
[INFO] [stdout]     |            ^^^^^^^^^^^^^^^^^^
[INFO] [stdout]     |
[INFO] [stdout]     = note: `#[warn(dead_code)]` on by default
[INFO] [stdout] 
[INFO] [stdout] 
[INFO] [stdout] warning: variable `J` should have a snake case name
[INFO] [stdout]    --> src/arc.rs:218:17
[INFO] [stdout]     |
[INFO] [stdout] 218 |             let J = ma[0].powi(2) + ma[2].powi(2);
[INFO] [stdout]     |                 ^ help: convert the identifier to snake case: `j`
[INFO] [stdout]     |
[INFO] [stdout]     = note: `#[warn(non_snake_case)]` on by default
[INFO] [stdout] 
[INFO] [stdout] 
[INFO] [stdout] warning: variable `K` should have a snake case name
[INFO] [stdout]    --> src/arc.rs:219:17
[INFO] [stdout]     |
[INFO] [stdout] 219 |             let K = ma[1].powi(2) + ma[3].powi(2);
[INFO] [stdout]     |                 ^ help: convert the identifier to snake case (notice the capitalization): `k`
[INFO] [stdout] 
[INFO] [stdout] 
[INFO] [stdout] warning: variable `D` should have a snake case name
[INFO] [stdout]    --> src/arc.rs:222:17
[INFO] [stdout]     |
[INFO] [stdout] 222 |             let D = ((ma[0] - ma[3]).powi(2) + (ma[2] + ma[1]).powi(2))
[INFO] [stdout]     |                 ^ help: convert the identifier to snake case: `d`
[INFO] [stdout] 
[INFO] [stdout] 
[INFO] [stdout] warning: variable `JK` should have a snake case name
[INFO] [stdout]    --> src/arc.rs:226:17
[INFO] [stdout]     |
[INFO] [stdout] 226 |             let JK = (J + K) / S::TWO;
[INFO] [stdout]     |                 ^^ help: convert the identifier to snake case: `jk`
[INFO] [stdout] 
[INFO] [stdout] 
[INFO] [stdout] warning: variable `L` should have a snake case name
[INFO] [stdout]    --> src/arc.rs:234:21
[INFO] [stdout]     |
[INFO] [stdout] 234 |                 let L = ma[0] * ma[1] + ma[2] * ma[3];
[INFO] [stdout]     |                     ^ help: convert the identifier to snake case: `l`
[INFO] [stdout] 
[INFO] [stdout] 
[INFO] [stdout] warning: variable `D` should have a snake case name
[INFO] [stdout]    --> src/arc.rs:236:21
[INFO] [stdout]     |
[INFO] [stdout] 236 |                 let D = D.sqrt();
[INFO] [stdout]     |                     ^ help: convert the identifier to snake case: `d`
[INFO] [stdout] 
[INFO] [stdout] 
[INFO] [stdout] warning: 7 warnings emitted
[INFO] [stdout] 
[INFO] [stdout] 
[INFO] [stderr]    Compiling toml v0.8.2
[INFO] [stderr]    Compiling system-deps v6.2.0
[INFO] [stderr]    Compiling cairo-sys-rs v0.18.2
[INFO] [stderr]    Compiling cairo-rs v0.18.5
[INFO] [stdout] warning: unused import: `super::*`
[INFO] [stdout]    --> src/converter/mod.rs:430:9
[INFO] [stdout]     |
[INFO] [stdout] 430 |     use super::*;
[INFO] [stdout]     |         ^^^^^^^^
[INFO] [stdout]     |
[INFO] [stdout]     = note: `#[warn(unused_imports)]` on by default
[INFO] [stdout] 
[INFO] [stdout] 
[INFO] [stdout] warning: method `pop_all_transforms` is never used
[INFO] [stdout]    --> src/turtle/mod.rs:326:12
[INFO] [stdout]     |
[INFO] [stdout] 38  | impl<T: Turtle + std::fmt::Debug> Terrarium<T> {
[INFO] [stdout]     | ---------------------------------------------- method in this implementation
[INFO] [stdout] ...
[INFO] [stdout] 326 |     pub fn pop_all_transforms(&mut self) {
[INFO] [stdout]     |            ^^^^^^^^^^^^^^^^^^
[INFO] [stdout]     |
[INFO] [stdout]     = note: `#[warn(dead_code)]` on by default
[INFO] [stdout] 
[INFO] [stdout] 
[INFO] [stdout] warning: variable `J` should have a snake case name
[INFO] [stdout]    --> src/arc.rs:218:17
[INFO] [stdout]     |
[INFO] [stdout] 218 |             let J = ma[0].powi(2) + ma[2].powi(2);
[INFO] [stdout]     |                 ^ help: convert the identifier to snake case: `j`
[INFO] [stdout]     |
[INFO] [stdout]     = note: `#[warn(non_snake_case)]` on by default
[INFO] [stdout] 
[INFO] [stdout] 
[INFO] [stdout] warning: variable `K` should have a snake case name
[INFO] [stdout]    --> src/arc.rs:219:17
[INFO] [stdout]     |
[INFO] [stdout] 219 |             let K = ma[1].powi(2) + ma[3].powi(2);
[INFO] [stdout]     |                 ^ help: convert the identifier to snake case (notice the capitalization): `k`
[INFO] [stdout] 
[INFO] [stdout] 
[INFO] [stdout] warning: variable `D` should have a snake case name
[INFO] [stdout]    --> src/arc.rs:222:17
[INFO] [stdout]     |
[INFO] [stdout] 222 |             let D = ((ma[0] - ma[3]).powi(2) + (ma[2] + ma[1]).powi(2))
[INFO] [stdout]     |                 ^ help: convert the identifier to snake case: `d`
[INFO] [stdout] 
[INFO] [stdout] 
[INFO] [stdout] warning: variable `JK` should have a snake case name
[INFO] [stdout]    --> src/arc.rs:226:17
[INFO] [stdout]     |
[INFO] [stdout] 226 |             let JK = (J + K) / S::TWO;
[INFO] [stdout]     |                 ^^ help: convert the identifier to snake case: `jk`
[INFO] [stdout] 
[INFO] [stdout] 
[INFO] [stdout] warning: variable `L` should have a snake case name
[INFO] [stdout]    --> src/arc.rs:234:21
[INFO] [stdout]     |
[INFO] [stdout] 234 |                 let L = ma[0] * ma[1] + ma[2] * ma[3];
[INFO] [stdout]     |                     ^ help: convert the identifier to snake case: `l`
[INFO] [stdout] 
[INFO] [stdout] 
[INFO] [stdout] warning: variable `D` should have a snake case name
[INFO] [stdout]    --> src/arc.rs:236:21
[INFO] [stdout]     |
[INFO] [stdout] 236 |                 let D = D.sqrt();
[INFO] [stdout]     |                     ^ help: convert the identifier to snake case: `d`
[INFO] [stdout] 
[INFO] [stdout] 
[INFO] [stdout] warning: 8 warnings emitted
[INFO] [stdout] 
[INFO] [stdout] 
[INFO] [stderr]     Finished test [unoptimized + debuginfo] target(s) in 7.27s
[INFO] running `Command { std: "docker" "inspect" "230a942e9fb32018c26501d62f22ddba6ab1cc11066c29d9c2bf09e3d55fbf52", kill_on_drop: false }`
[INFO] running `Command { std: "docker" "rm" "-f" "230a942e9fb32018c26501d62f22ddba6ab1cc11066c29d9c2bf09e3d55fbf52", kill_on_drop: false }`
[INFO] [stdout] 230a942e9fb32018c26501d62f22ddba6ab1cc11066c29d9c2bf09e3d55fbf52
[INFO] running `Command { std: "docker" "create" "-v" "/var/lib/crater-agent-workspace/builds/worker-7-tc1/target:/opt/rustwide/target:rw,Z" "-v" "/var/lib/crater-agent-workspace/builds/worker-7-tc1/source:/opt/rustwide/workdir:ro,Z" "-v" "/var/lib/crater-agent-workspace/cargo-home:/opt/rustwide/cargo-home:ro,Z" "-v" "/var/lib/crater-agent-workspace/rustup-home:/opt/rustwide/rustup-home:ro,Z" "-e" "SOURCE_DIR=/opt/rustwide/workdir" "-e" "CARGO_TARGET_DIR=/opt/rustwide/target" "-e" "CARGO_INCREMENTAL=0" "-e" "RUST_BACKTRACE=full" "-e" "RUSTFLAGS=--cap-lints=warn" "-e" "RUSTDOCFLAGS=--cap-lints=warn" "-e" "CARGO_HOME=/opt/rustwide/cargo-home" "-e" "RUSTUP_HOME=/opt/rustwide/rustup-home" "-w" "/opt/rustwide/workdir" "-m" "1610612736" "--user" "0:0" "--network" "none" "ghcr.io/rust-lang/crates-build-env/linux@sha256:2788e3201cd34a07e3172128adcd8b3090168a8e3bcc40d7c032b9dda1df7d1c" "/opt/rustwide/cargo-home/bin/cargo" "+1.75.0" "test" "--frozen", kill_on_drop: false }`
[INFO] [stdout] c5ff96299c5cba6d9acd1740cf4ff7d22de4cc3f6be6ef64f616b24ccb769339
[INFO] running `Command { std: "docker" "start" "-a" "c5ff96299c5cba6d9acd1740cf4ff7d22de4cc3f6be6ef64f616b24ccb769339", kill_on_drop: false }`
[INFO] [stderr] warning: method `pop_all_transforms` is never used
[INFO] [stderr]    --> src/turtle/mod.rs:326:12
[INFO] [stderr]     |
[INFO] [stderr] 38  | impl<T: Turtle + std::fmt::Debug> Terrarium<T> {
[INFO] [stderr]     | ---------------------------------------------- method in this implementation
[INFO] [stderr] ...
[INFO] [stderr] 326 |     pub fn pop_all_transforms(&mut self) {
[INFO] [stderr]     |            ^^^^^^^^^^^^^^^^^^
[INFO] [stderr]     |
[INFO] [stderr]     = note: `#[warn(dead_code)]` on by default
[INFO] [stderr] 
[INFO] [stderr] warning: variable `J` should have a snake case name
[INFO] [stderr]    --> src/arc.rs:218:17
[INFO] [stderr]     |
[INFO] [stderr] 218 |             let J = ma[0].powi(2) + ma[2].powi(2);
[INFO] [stderr]     |                 ^ help: convert the identifier to snake case: `j`
[INFO] [stderr]     |
[INFO] [stderr]     = note: `#[warn(non_snake_case)]` on by default
[INFO] [stderr] 
[INFO] [stderr] warning: variable `K` should have a snake case name
[INFO] [stderr]    --> src/arc.rs:219:17
[INFO] [stderr]     |
[INFO] [stderr] 219 |             let K = ma[1].powi(2) + ma[3].powi(2);
[INFO] [stderr]     |                 ^ help: convert the identifier to snake case (notice the capitalization): `k`
[INFO] [stderr] 
[INFO] [stderr] warning: variable `D` should have a snake case name
[INFO] [stderr]    --> src/arc.rs:222:17
[INFO] [stderr]     |
[INFO] [stderr] 222 |             let D = ((ma[0] - ma[3]).powi(2) + (ma[2] + ma[1]).powi(2))
[INFO] [stderr]     |                 ^ help: convert the identifier to snake case: `d`
[INFO] [stderr] 
[INFO] [stderr] warning: variable `JK` should have a snake case name
[INFO] [stderr]    --> src/arc.rs:226:17
[INFO] [stderr]     |
[INFO] [stderr] 226 |             let JK = (J + K) / S::TWO;
[INFO] [stderr]     |                 ^^ help: convert the identifier to snake case: `jk`
[INFO] [stderr] 
[INFO] [stderr] warning: variable `L` should have a snake case name
[INFO] [stderr]    --> src/arc.rs:234:21
[INFO] [stderr]     |
[INFO] [stderr] 234 |                 let L = ma[0] * ma[1] + ma[2] * ma[3];
[INFO] [stderr]     |                     ^ help: convert the identifier to snake case: `l`
[INFO] [stderr] 
[INFO] [stderr] warning: variable `D` should have a snake case name
[INFO] [stderr]    --> src/arc.rs:236:21
[INFO] [stderr]     |
[INFO] [stderr] 236 |                 let D = D.sqrt();
[INFO] [stderr]     |                     ^ help: convert the identifier to snake case: `d`
[INFO] [stderr] 
[INFO] [stderr] warning: `svg2gcode` (lib) generated 7 warnings
[INFO] [stderr] warning: unused import: `super::*`
[INFO] [stderr]    --> src/converter/mod.rs:430:9
[INFO] [stderr]     |
[INFO] [stderr] 430 |     use super::*;
[INFO] [stderr]     |         ^^^^^^^^
[INFO] [stderr]     |
[INFO] [stderr]     = note: `#[warn(unused_imports)]` on by default
[INFO] [stderr] 
[INFO] [stderr] warning: `svg2gcode` (lib test) generated 8 warnings (7 duplicates) (run `cargo fix --lib -p svg2gcode --tests` to apply 1 suggestion)
[INFO] [stderr]     Finished test [unoptimized + debuginfo] target(s) in 0.07s
[INFO] [stderr]      Running unittests src/lib.rs (/opt/rustwide/target/debug/deps/svg2gcode-3b1ab0df51f302ed)
[INFO] [stdout] 
[INFO] [stdout] running 7 tests
[INFO] [stdout] test test::square_produces_expected_gcode ... ok
[INFO] [stdout] test test::square_viewport_produces_expected_gcode ... ok
[INFO] [stdout] test test::square_transformed_produces_expected_gcode ... ok
[INFO] [stdout] test test::square_dimension_override_produces_expected_gcode ... ok
[INFO] [stdout] test arc::tests::flatten_returns_expected_arcs ... FAILED
[INFO] [stdout] test test::circular_interpolation_produces_expected_gcode ... FAILED
[INFO] [stdout] test test::svg_with_smooth_curves_produces_expected_gcode ... FAILED
[INFO] [stdout] 
[INFO] [stdout] failures:
[INFO] [stdout] 
[INFO] [stdout] ---- arc::tests::flatten_returns_expected_arcs stdout ----
[INFO] [stdout] thread 'arc::tests::flatten_returns_expected_arcs' panicked at src/arc.rs:293:83:
[INFO] [stdout] called `Result::unwrap()` on an `Err` value: WriteError
[INFO] [stdout] stack backtrace:
[INFO] [stdout]    0:     0x56204eece85c - std::backtrace_rs::backtrace::libunwind::trace::ha637c64ce894333a
[INFO] [stdout]                                at /rustc/82e1608dfa6e0b5569232559e3d385fea5a93112/library/std/src/../../backtrace/src/backtrace/libunwind.rs:104:5
[INFO] [stdout]    1:     0x56204eece85c - std::backtrace_rs::backtrace::trace_unsynchronized::h47f62dea28e0c88d
[INFO] [stdout]                                at /rustc/82e1608dfa6e0b5569232559e3d385fea5a93112/library/std/src/../../backtrace/src/backtrace/mod.rs:66:5
[INFO] [stdout]    2:     0x56204eece85c - std::sys_common::backtrace::_print_fmt::h9eef0abe20ede486
[INFO] [stdout]                                at /rustc/82e1608dfa6e0b5569232559e3d385fea5a93112/library/std/src/sys_common/backtrace.rs:67:5
[INFO] [stdout]    3:     0x56204eece85c - <std::sys_common::backtrace::_print::DisplayBacktrace as core::fmt::Display>::fmt::hed7f999df88cc644
[INFO] [stdout]                                at /rustc/82e1608dfa6e0b5569232559e3d385fea5a93112/library/std/src/sys_common/backtrace.rs:44:22
[INFO] [stdout]    4:     0x56204eef9920 - core::fmt::rt::Argument::fmt::h1539a9308b8d058d
[INFO] [stdout]                                at /rustc/82e1608dfa6e0b5569232559e3d385fea5a93112/library/core/src/fmt/rt.rs:142:9
[INFO] [stdout]    5:     0x56204eef9920 - core::fmt::write::h3a39390d8560d9c9
[INFO] [stdout]                                at /rustc/82e1608dfa6e0b5569232559e3d385fea5a93112/library/core/src/fmt/mod.rs:1120:17
[INFO] [stdout]    6:     0x56204eecc20f - std::io::Write::write_fmt::h040b369f3a0f9cbc
[INFO] [stdout]                                at /rustc/82e1608dfa6e0b5569232559e3d385fea5a93112/library/std/src/io/mod.rs:1762:15
[INFO] [stdout]    7:     0x56204eece644 - std::sys_common::backtrace::_print::h894006fb5c6f3d45
[INFO] [stdout]                                at /rustc/82e1608dfa6e0b5569232559e3d385fea5a93112/library/std/src/sys_common/backtrace.rs:47:5
[INFO] [stdout]    8:     0x56204eece644 - std::sys_common::backtrace::print::h23a2d212c6fff936
[INFO] [stdout]                                at /rustc/82e1608dfa6e0b5569232559e3d385fea5a93112/library/std/src/sys_common/backtrace.rs:34:9
[INFO] [stdout]    9:     0x56204eed0307 - std::panicking::default_hook::{{closure}}::h8a1d2ee00185001a
[INFO] [stdout]   10:     0x56204eecfff3 - std::panicking::default_hook::h6038f2eba384e475
[INFO] [stdout]                                at /rustc/82e1608dfa6e0b5569232559e3d385fea5a93112/library/std/src/panicking.rs:289:9
[INFO] [stdout]   11:     0x56204ee158f7 - <alloc::boxed::Box<F,A> as core::ops::function::Fn<Args>>::call::h0ad024c9bdc6d768
[INFO] [stdout]                                at /rustc/82e1608dfa6e0b5569232559e3d385fea5a93112/library/alloc/src/boxed.rs:2021:9
[INFO] [stdout]   12:     0x56204ee158f7 - test::test_main::{{closure}}::h7500b54257359db6
[INFO] [stdout]                                at /rustc/82e1608dfa6e0b5569232559e3d385fea5a93112/library/test/src/lib.rs:138:21
[INFO] [stdout]   13:     0x56204eed0918 - <alloc::boxed::Box<F,A> as core::ops::function::Fn<Args>>::call::h1f8f335eaa9cfaee
[INFO] [stdout]                                at /rustc/82e1608dfa6e0b5569232559e3d385fea5a93112/library/alloc/src/boxed.rs:2021:9
[INFO] [stdout]   14:     0x56204eed0918 - std::panicking::rust_panic_with_hook::h2b5517d590cab22e
[INFO] [stdout]                                at /rustc/82e1608dfa6e0b5569232559e3d385fea5a93112/library/std/src/panicking.rs:783:13
[INFO] [stdout]   15:     0x56204eed066e - std::panicking::begin_panic_handler::{{closure}}::h233112c06e0ef43e
[INFO] [stdout]                                at /rustc/82e1608dfa6e0b5569232559e3d385fea5a93112/library/std/src/panicking.rs:657:13
[INFO] [stdout]   16:     0x56204eeced26 - std::sys_common::backtrace::__rust_end_short_backtrace::h6e893f24d7ebbff8
[INFO] [stdout]                                at /rustc/82e1608dfa6e0b5569232559e3d385fea5a93112/library/std/src/sys_common/backtrace.rs:170:18
[INFO] [stdout]   17:     0x56204eed03d2 - rust_begin_unwind
[INFO] [stdout]                                at /rustc/82e1608dfa6e0b5569232559e3d385fea5a93112/library/std/src/panicking.rs:645:5
[INFO] [stdout]   18:     0x56204ed91d75 - core::panicking::panic_fmt::hbf0e066aabfa482c
[INFO] [stdout]                                at /rustc/82e1608dfa6e0b5569232559e3d385fea5a93112/library/core/src/panicking.rs:72:14
[INFO] [stdout]   19:     0x56204ed92343 - core::result::unwrap_failed::hddb4fea594200c52
[INFO] [stdout]                                at /rustc/82e1608dfa6e0b5569232559e3d385fea5a93112/library/core/src/result.rs:1653:5
[INFO] [stdout]   20:     0x56204edbdac2 - core::result::Result<T,E>::unwrap::h1f7b66619593bd61
[INFO] [stdout]                                at /rustc/82e1608dfa6e0b5569232559e3d385fea5a93112/library/core/src/result.rs:1077:23
[INFO] [stdout]   21:     0x56204edb99fc - svg2gcode::arc::tests::flatten_returns_expected_arcs::h14b67174e689e59d
[INFO] [stdout]                                at /opt/rustwide/workdir/src/arc.rs:293:13
[INFO] [stdout]   22:     0x56204edb9967 - svg2gcode::arc::tests::flatten_returns_expected_arcs::{{closure}}::hf12a72962c35358d
[INFO] [stdout]                                at /opt/rustwide/workdir/src/arc.rs:287:39
[INFO] [stdout]   23:     0x56204edb24d6 - core::ops::function::FnOnce::call_once::hf6e41bd858ecf38a
[INFO] [stdout]                                at /rustc/82e1608dfa6e0b5569232559e3d385fea5a93112/library/core/src/ops/function.rs:250:5
[INFO] [stdout]   24:     0x56204ee1af4f - core::ops::function::FnOnce::call_once::h2b5d431d5046312d
[INFO] [stdout]                                at /rustc/82e1608dfa6e0b5569232559e3d385fea5a93112/library/core/src/ops/function.rs:250:5
[INFO] [stdout]   25:     0x56204ee1af4f - test::__rust_begin_short_backtrace::h7714669af176e207
[INFO] [stdout]                                at /rustc/82e1608dfa6e0b5569232559e3d385fea5a93112/library/test/src/lib.rs:628:18
[INFO] [stdout]   26:     0x56204ee19f65 - test::run_test_in_process::{{closure}}::h85218797dcbcec12
[INFO] [stdout]                                at /rustc/82e1608dfa6e0b5569232559e3d385fea5a93112/library/test/src/lib.rs:651:60
[INFO] [stdout]   27:     0x56204ee19f65 - <core::panic::unwind_safe::AssertUnwindSafe<F> as core::ops::function::FnOnce<()>>::call_once::h76c106ea31c14d7b
[INFO] [stdout]                                at /rustc/82e1608dfa6e0b5569232559e3d385fea5a93112/library/core/src/panic/unwind_safe.rs:272:9
[INFO] [stdout]   28:     0x56204ee19f65 - std::panicking::try::do_call::h3bd5d0f6620ee946
[INFO] [stdout]                                at /rustc/82e1608dfa6e0b5569232559e3d385fea5a93112/library/std/src/panicking.rs:552:40
[INFO] [stdout]   29:     0x56204ee19f65 - std::panicking::try::h232e535e4744fe31
[INFO] [stdout]                                at /rustc/82e1608dfa6e0b5569232559e3d385fea5a93112/library/std/src/panicking.rs:516:19
[INFO] [stdout]   30:     0x56204ee19f65 - std::panic::catch_unwind::h3ce3bd6ca8dbac68
[INFO] [stdout]                                at /rustc/82e1608dfa6e0b5569232559e3d385fea5a93112/library/std/src/panic.rs:142:14
[INFO] [stdout]   31:     0x56204ee19f65 - test::run_test_in_process::hc97b257c9621286a
[INFO] [stdout]                                at /rustc/82e1608dfa6e0b5569232559e3d385fea5a93112/library/test/src/lib.rs:651:27
[INFO] [stdout]   32:     0x56204ee19f65 - test::run_test::{{closure}}::h2aa798823a438d38
[INFO] [stdout]                                at /rustc/82e1608dfa6e0b5569232559e3d385fea5a93112/library/test/src/lib.rs:574:43
[INFO] [stdout]   33:     0x56204ede2226 - test::run_test::{{closure}}::h87d231c78fb59832
[INFO] [stdout]                                at /rustc/82e1608dfa6e0b5569232559e3d385fea5a93112/library/test/src/lib.rs:602:41
[INFO] [stdout]   34:     0x56204ede2226 - std::sys_common::backtrace::__rust_begin_short_backtrace::he6df152596625789
[INFO] [stdout]                                at /rustc/82e1608dfa6e0b5569232559e3d385fea5a93112/library/std/src/sys_common/backtrace.rs:154:18
[INFO] [stdout]   35:     0x56204ede72d7 - std::thread::Builder::spawn_unchecked_::{{closure}}::{{closure}}::ha94be15d1e0acf36
[INFO] [stdout]                                at /rustc/82e1608dfa6e0b5569232559e3d385fea5a93112/library/std/src/thread/mod.rs:529:17
[INFO] [stdout]   36:     0x56204ede72d7 - <core::panic::unwind_safe::AssertUnwindSafe<F> as core::ops::function::FnOnce<()>>::call_once::h9dc6bd6372f16606
[INFO] [stdout]                                at /rustc/82e1608dfa6e0b5569232559e3d385fea5a93112/library/core/src/panic/unwind_safe.rs:272:9
[INFO] [stdout]   37:     0x56204ede72d7 - std::panicking::try::do_call::h9057517f80303cd4
[INFO] [stdout]                                at /rustc/82e1608dfa6e0b5569232559e3d385fea5a93112/library/std/src/panicking.rs:552:40
[INFO] [stdout]   38:     0x56204ede72d7 - std::panicking::try::he3a30b11ee45340c
[INFO] [stdout]                                at /rustc/82e1608dfa6e0b5569232559e3d385fea5a93112/library/std/src/panicking.rs:516:19
[INFO] [stdout]   39:     0x56204ede72d7 - std::panic::catch_unwind::h410458cfd3528b8b
[INFO] [stdout]                                at /rustc/82e1608dfa6e0b5569232559e3d385fea5a93112/library/std/src/panic.rs:142:14
[INFO] [stdout]   40:     0x56204ede72d7 - std::thread::Builder::spawn_unchecked_::{{closure}}::h72ac3bdb567b737b
[INFO] [stdout]                                at /rustc/82e1608dfa6e0b5569232559e3d385fea5a93112/library/std/src/thread/mod.rs:528:30
[INFO] [stdout]   41:     0x56204ede72d7 - core::ops::function::FnOnce::call_once{{vtable.shim}}::h38f34da3654a8344
[INFO] [stdout]                                at /rustc/82e1608dfa6e0b5569232559e3d385fea5a93112/library/core/src/ops/function.rs:250:5
[INFO] [stdout]   42:     0x56204eed53a5 - <alloc::boxed::Box<F,A> as core::ops::function::FnOnce<Args>>::call_once::hc7eafaff61e32df9
[INFO] [stdout]                                at /rustc/82e1608dfa6e0b5569232559e3d385fea5a93112/library/alloc/src/boxed.rs:2007:9
[INFO] [stdout]   43:     0x56204eed53a5 - <alloc::boxed::Box<F,A> as core::ops::function::FnOnce<Args>>::call_once::h6ba4a5de48dd2304
[INFO] [stdout]                                at /rustc/82e1608dfa6e0b5569232559e3d385fea5a93112/library/alloc/src/boxed.rs:2007:9
[INFO] [stdout]   44:     0x56204eed53a5 - std::sys::unix::thread::Thread::new::thread_start::he469335aef763e45
[INFO] [stdout]                                at /rustc/82e1608dfa6e0b5569232559e3d385fea5a93112/library/std/src/sys/unix/thread.rs:108:17
[INFO] [stdout]   45:     0x7fabfeeafac3 - <unknown>
[INFO] [stdout]   46:     0x7fabfef40bf4 - __clone
[INFO] [stdout]   47:                0x0 - <unknown>
[INFO] [stdout] 
[INFO] [stdout] ---- test::circular_interpolation_produces_expected_gcode stdout ----
[INFO] [stdout] thread 'test::circular_interpolation_produces_expected_gcode' panicked at src/lib.rs:63:9:
[INFO] [stdout] assertion failed: `(left == right)`
[INFO] [stdout] 
[INFO] [stdout] [1mDiff[0m [31m< left[0m / [32mright >[0m :
[INFO] [stdout] [31m<6[0m[1;48;5;52;31m61[0m
[INFO] [stdout] [32m>6[0m[1;48;5;22;32m74[0m
[INFO] [stdout] 
[INFO] [stdout] 
[INFO] [stdout] stack backtrace:
[INFO] [stdout]    0:     0x56204eece85c - std::backtrace_rs::backtrace::libunwind::trace::ha637c64ce894333a
[INFO] [stdout]                                at /rustc/82e1608dfa6e0b5569232559e3d385fea5a93112/library/std/src/../../backtrace/src/backtrace/libunwind.rs:104:5
[INFO] [stdout]    1:     0x56204eece85c - std::backtrace_rs::backtrace::trace_unsynchronized::h47f62dea28e0c88d
[INFO] [stdout]                                at /rustc/82e1608dfa6e0b5569232559e3d385fea5a93112/library/std/src/../../backtrace/src/backtrace/mod.rs:66:5
[INFO] [stdout]    2:     0x56204eece85c - std::sys_common::backtrace::_print_fmt::h9eef0abe20ede486
[INFO] [stdout]                                at /rustc/82e1608dfa6e0b5569232559e3d385fea5a93112/library/std/src/sys_common/backtrace.rs:67:5
[INFO] [stdout]    3:     0x56204eece85c - <std::sys_common::backtrace::_print::DisplayBacktrace as core::fmt::Display>::fmt::hed7f999df88cc644
[INFO] [stdout]                                at /rustc/82e1608dfa6e0b5569232559e3d385fea5a93112/library/std/src/sys_common/backtrace.rs:44:22
[INFO] [stdout]    4:     0x56204eef9920 - core::fmt::rt::Argument::fmt::h1539a9308b8d058d
[INFO] [stdout]                                at /rustc/82e1608dfa6e0b5569232559e3d385fea5a93112/library/core/src/fmt/rt.rs:142:9
[INFO] [stdout]    5:     0x56204eef9920 - core::fmt::write::h3a39390d8560d9c9
[INFO] [stdout]                                at /rustc/82e1608dfa6e0b5569232559e3d385fea5a93112/library/core/src/fmt/mod.rs:1120:17
[INFO] [stdout]    6:     0x56204eecc20f - std::io::Write::write_fmt::h040b369f3a0f9cbc
[INFO] [stdout]                                at /rustc/82e1608dfa6e0b5569232559e3d385fea5a93112/library/std/src/io/mod.rs:1762:15
[INFO] [stdout]    7:     0x56204eece644 - std::sys_common::backtrace::_print::h894006fb5c6f3d45
[INFO] [stdout]                                at /rustc/82e1608dfa6e0b5569232559e3d385fea5a93112/library/std/src/sys_common/backtrace.rs:47:5
[INFO] [stdout]    8:     0x56204eece644 - std::sys_common::backtrace::print::h23a2d212c6fff936
[INFO] [stdout]                                at /rustc/82e1608dfa6e0b5569232559e3d385fea5a93112/library/std/src/sys_common/backtrace.rs:34:9
[INFO] [stdout]    9:     0x56204eed0307 - std::panicking::default_hook::{{closure}}::h8a1d2ee00185001a
[INFO] [stdout]   10:     0x56204eecfff3 - std::panicking::default_hook::h6038f2eba384e475
[INFO] [stdout]                                at /rustc/82e1608dfa6e0b5569232559e3d385fea5a93112/library/std/src/panicking.rs:289:9
[INFO] [stdout]   11:     0x56204ee158f7 - <alloc::boxed::Box<F,A> as core::ops::function::Fn<Args>>::call::h0ad024c9bdc6d768
[INFO] [stdout]                                at /rustc/82e1608dfa6e0b5569232559e3d385fea5a93112/library/alloc/src/boxed.rs:2021:9
[INFO] [stdout]   12:     0x56204ee158f7 - test::test_main::{{closure}}::h7500b54257359db6
[INFO] [stdout]                                at /rustc/82e1608dfa6e0b5569232559e3d385fea5a93112/library/test/src/lib.rs:138:21
[INFO] [stdout]   13:     0x56204eed0918 - <alloc::boxed::Box<F,A> as core::ops::function::Fn<Args>>::call::h1f8f335eaa9cfaee
[INFO] [stdout]                                at /rustc/82e1608dfa6e0b5569232559e3d385fea5a93112/library/alloc/src/boxed.rs:2021:9
[INFO] [stdout]   14:     0x56204eed0918 - std::panicking::rust_panic_with_hook::h2b5517d590cab22e
[INFO] [stdout]                                at /rustc/82e1608dfa6e0b5569232559e3d385fea5a93112/library/std/src/panicking.rs:783:13
[INFO] [stdout]   15:     0x56204eed066e - std::panicking::begin_panic_handler::{{closure}}::h233112c06e0ef43e
[INFO] [stdout]                                at /rustc/82e1608dfa6e0b5569232559e3d385fea5a93112/library/std/src/panicking.rs:657:13
[INFO] [stdout]   16:     0x56204eeced26 - std::sys_common::backtrace::__rust_end_short_backtrace::h6e893f24d7ebbff8
[INFO] [stdout]                                at /rustc/82e1608dfa6e0b5569232559e3d385fea5a93112/library/std/src/sys_common/backtrace.rs:170:18
[INFO] [stdout]   17:     0x56204eed03d2 - rust_begin_unwind
[INFO] [stdout]                                at /rustc/82e1608dfa6e0b5569232559e3d385fea5a93112/library/std/src/panicking.rs:645:5
[INFO] [stdout]   18:     0x56204ed91d75 - core::panicking::panic_fmt::hbf0e066aabfa482c
[INFO] [stdout]                                at /rustc/82e1608dfa6e0b5569232559e3d385fea5a93112/library/core/src/panicking.rs:72:14
[INFO] [stdout]   19:     0x56204eda4b06 - svg2gcode::test::assert_close::h91816a8bf9c8a83e
[INFO] [stdout]                                at /opt/rustwide/workdir/src/lib.rs:63:9
[INFO] [stdout]   20:     0x56204eda67c3 - svg2gcode::test::circular_interpolation_produces_expected_gcode::h05ab4bdad5ea4ec6
[INFO] [stdout]                                at /opt/rustwide/workdir/src/lib.rs:162:9
[INFO] [stdout]   21:     0x56204eda65e7 - svg2gcode::test::circular_interpolation_produces_expected_gcode::{{closure}}::h51b6de9dee014285
[INFO] [stdout]                                at /opt/rustwide/workdir/src/lib.rs:153:56
[INFO] [stdout]   22:     0x56204edb2436 - core::ops::function::FnOnce::call_once::hd3bfecff007936a1
[INFO] [stdout]                                at /rustc/82e1608dfa6e0b5569232559e3d385fea5a93112/library/core/src/ops/function.rs:250:5
[INFO] [stdout]   23:     0x56204ee1af4f - core::ops::function::FnOnce::call_once::h2b5d431d5046312d
[INFO] [stdout]                                at /rustc/82e1608dfa6e0b5569232559e3d385fea5a93112/library/core/src/ops/function.rs:250:5
[INFO] [stdout]   24:     0x56204ee1af4f - test::__rust_begin_short_backtrace::h7714669af176e207
[INFO] [stdout]                                at /rustc/82e1608dfa6e0b5569232559e3d385fea5a93112/library/test/src/lib.rs:628:18
[INFO] [stdout]   25:     0x56204ee19f65 - test::run_test_in_process::{{closure}}::h85218797dcbcec12
[INFO] [stdout]                                at /rustc/82e1608dfa6e0b5569232559e3d385fea5a93112/library/test/src/lib.rs:651:60
[INFO] [stdout]   26:     0x56204ee19f65 - <core::panic::unwind_safe::AssertUnwindSafe<F> as core::ops::function::FnOnce<()>>::call_once::h76c106ea31c14d7b
[INFO] [stdout]                                at /rustc/82e1608dfa6e0b5569232559e3d385fea5a93112/library/core/src/panic/unwind_safe.rs:272:9
[INFO] [stdout]   27:     0x56204ee19f65 - std::panicking::try::do_call::h3bd5d0f6620ee946
[INFO] [stdout]                                at /rustc/82e1608dfa6e0b5569232559e3d385fea5a93112/library/std/src/panicking.rs:552:40
[INFO] [stdout]   28:     0x56204ee19f65 - std::panicking::try::h232e535e4744fe31
[INFO] [stdout]                                at /rustc/82e1608dfa6e0b5569232559e3d385fea5a93112/library/std/src/panicking.rs:516:19
[INFO] [stdout]   29:     0x56204ee19f65 - std::panic::catch_unwind::h3ce3bd6ca8dbac68
[INFO] [stdout]                                at /rustc/82e1608dfa6e0b5569232559e3d385fea5a93112/library/std/src/panic.rs:142:14
[INFO] [stdout]   30:     0x56204ee19f65 - test::run_test_in_process::hc97b257c9621286a
[INFO] [stdout]                                at /rustc/82e1608dfa6e0b5569232559e3d385fea5a93112/library/test/src/lib.rs:651:27
[INFO] [stdout]   31:     0x56204ee19f65 - test::run_test::{{closure}}::h2aa798823a438d38
[INFO] [stdout]                                at /rustc/82e1608dfa6e0b5569232559e3d385fea5a93112/library/test/src/lib.rs:574:43
[INFO] [stdout]   32:     0x56204ede2226 - test::run_test::{{closure}}::h87d231c78fb59832
[INFO] [stdout]                                at /rustc/82e1608dfa6e0b5569232559e3d385fea5a93112/library/test/src/lib.rs:602:41
[INFO] [stdout]   33:     0x56204ede2226 - std::sys_common::backtrace::__rust_begin_short_backtrace::he6df152596625789
[INFO] [stdout]                                at /rustc/82e1608dfa6e0b5569232559e3d385fea5a93112/library/std/src/sys_common/backtrace.rs:154:18
[INFO] [stdout]   34:     0x56204ede72d7 - std::thread::Builder::spawn_unchecked_::{{closure}}::{{closure}}::ha94be15d1e0acf36
[INFO] [stdout]                                at /rustc/82e1608dfa6e0b5569232559e3d385fea5a93112/library/std/src/thread/mod.rs:529:17
[INFO] [stdout]   35:     0x56204ede72d7 - <core::panic::unwind_safe::AssertUnwindSafe<F> as core::ops::function::FnOnce<()>>::call_once::h9dc6bd6372f16606
[INFO] [stdout]                                at /rustc/82e1608dfa6e0b5569232559e3d385fea5a93112/library/core/src/panic/unwind_safe.rs:272:9
[INFO] [stdout]   36:     0x56204ede72d7 - std::panicking::try::do_call::h9057517f80303cd4
[INFO] [stdout]                                at /rustc/82e1608dfa6e0b5569232559e3d385fea5a93112/library/std/src/panicking.rs:552:40
[INFO] [stdout]   37:     0x56204ede72d7 - std::panicking::try::he3a30b11ee45340c
[INFO] [stdout]                                at /rustc/82e1608dfa6e0b5569232559e3d385fea5a93112/library/std/src/panicking.rs:516:19
[INFO] [stdout]   38:     0x56204ede72d7 - std::panic::catch_unwind::h410458cfd3528b8b
[INFO] [stdout]                                at /rustc/82e1608dfa6e0b5569232559e3d385fea5a93112/library/std/src/panic.rs:142:14
[INFO] [stdout]   39:     0x56204ede72d7 - std::thread::Builder::spawn_unchecked_::{{closure}}::h72ac3bdb567b737b
[INFO] [stdout]                                at /rustc/82e1608dfa6e0b5569232559e3d385fea5a93112/library/std/src/thread/mod.rs:528:30
[INFO] [stdout]   40:     0x56204ede72d7 - core::ops::function::FnOnce::call_once{{vtable.shim}}::h38f34da3654a8344
[INFO] [stdout]                                at /rustc/82e1608dfa6e0b5569232559e3d385fea5a93112/library/core/src/ops/function.rs:250:5
[INFO] [stdout]   41:     0x56204eed53a5 - <alloc::boxed::Box<F,A> as core::ops::function::FnOnce<Args>>::call_once::hc7eafaff61e32df9
[INFO] [stdout]                                at /rustc/82e1608dfa6e0b5569232559e3d385fea5a93112/library/alloc/src/boxed.rs:2007:9
[INFO] [stdout]   42:     0x56204eed53a5 - <alloc::boxed::Box<F,A> as core::ops::function::FnOnce<Args>>::call_once::h6ba4a5de48dd2304
[INFO] [stdout]                                at /rustc/82e1608dfa6e0b5569232559e3d385fea5a93112/library/alloc/src/boxed.rs:2007:9
[INFO] [stdout]   43:     0x56204eed53a5 - std::sys::unix::thread::Thread::new::thread_start::he469335aef763e45
[INFO] [stdout]                                at /rustc/82e1608dfa6e0b5569232559e3d385fea5a93112/library/std/src/sys/unix/thread.rs:108:17
[INFO] [stdout]   44:     0x7fabfeeafac3 - <unknown>
[INFO] [stdout]   45:     0x7fabfef40bf4 - __clone
[INFO] [stdout]   46:                0x0 - <unknown>
[INFO] [stdout] 
[INFO] [stdout] ---- test::svg_with_smooth_curves_produces_expected_gcode stdout ----
[INFO] [stdout] thread 'test::svg_with_smooth_curves_produces_expected_gcode' panicked at src/lib.rs:63:9:
[INFO] [stdout] assertion failed: `(left == right)`
[INFO] [stdout] 
[INFO] [stdout] [1mDiff[0m [31m< left[0m / [32mright >[0m :
[INFO] [stdout] [31m<1[0m[1;48;5;52;31m2[0m[31m7[0m[1;48;5;52;31m26[0m
[INFO] [stdout] [32m>1[0m[1;48;5;22;32m3[0m[32m7[0m[1;48;5;22;32m58[0m
[INFO] [stdout] 
[INFO] [stdout] 
[INFO] [stdout] stack backtrace:
[INFO] [stdout]    0:     0x56204eece85c - std::backtrace_rs::backtrace::libunwind::trace::ha637c64ce894333a
[INFO] [stdout]                                at /rustc/82e1608dfa6e0b5569232559e3d385fea5a93112/library/std/src/../../backtrace/src/backtrace/libunwind.rs:104:5
[INFO] [stdout]    1:     0x56204eece85c - std::backtrace_rs::backtrace::trace_unsynchronized::h47f62dea28e0c88d
[INFO] [stdout]                                at /rustc/82e1608dfa6e0b5569232559e3d385fea5a93112/library/std/src/../../backtrace/src/backtrace/mod.rs:66:5
[INFO] [stdout]    2:     0x56204eece85c - std::sys_common::backtrace::_print_fmt::h9eef0abe20ede486
[INFO] [stdout]                                at /rustc/82e1608dfa6e0b5569232559e3d385fea5a93112/library/std/src/sys_common/backtrace.rs:67:5
[INFO] [stdout]    3:     0x56204eece85c - <std::sys_common::backtrace::_print::DisplayBacktrace as core::fmt::Display>::fmt::hed7f999df88cc644
[INFO] [stdout]                                at /rustc/82e1608dfa6e0b5569232559e3d385fea5a93112/library/std/src/sys_common/backtrace.rs:44:22
[INFO] [stdout]    4:     0x56204eef9920 - core::fmt::rt::Argument::fmt::h1539a9308b8d058d
[INFO] [stdout]                                at /rustc/82e1608dfa6e0b5569232559e3d385fea5a93112/library/core/src/fmt/rt.rs:142:9
[INFO] [stdout]    5:     0x56204eef9920 - core::fmt::write::h3a39390d8560d9c9
[INFO] [stdout]                                at /rustc/82e1608dfa6e0b5569232559e3d385fea5a93112/library/core/src/fmt/mod.rs:1120:17
[INFO] [stdout]    6:     0x56204eecc20f - std::io::Write::write_fmt::h040b369f3a0f9cbc
[INFO] [stdout]                                at /rustc/82e1608dfa6e0b5569232559e3d385fea5a93112/library/std/src/io/mod.rs:1762:15
[INFO] [stdout]    7:     0x56204eece644 - std::sys_common::backtrace::_print::h894006fb5c6f3d45
[INFO] [stdout]                                at /rustc/82e1608dfa6e0b5569232559e3d385fea5a93112/library/std/src/sys_common/backtrace.rs:47:5
[INFO] [stdout]    8:     0x56204eece644 - std::sys_common::backtrace::print::h23a2d212c6fff936
[INFO] [stdout]                                at /rustc/82e1608dfa6e0b5569232559e3d385fea5a93112/library/std/src/sys_common/backtrace.rs:34:9
[INFO] [stdout]    9:     0x56204eed0307 - std::panicking::default_hook::{{closure}}::h8a1d2ee00185001a
[INFO] [stdout]   10:     0x56204eecfff3 - std::panicking::default_hook::h6038f2eba384e475
[INFO] [stdout]                                at /rustc/82e1608dfa6e0b5569232559e3d385fea5a93112/library/std/src/panicking.rs:289:9
[INFO] [stdout]   11:     0x56204ee158f7 - <alloc::boxed::Box<F,A> as core::ops::function::Fn<Args>>::call::h0ad024c9bdc6d768
[INFO] [stdout]                                at /rustc/82e1608dfa6e0b5569232559e3d385fea5a93112/library/alloc/src/boxed.rs:2021:9
[INFO] [stdout]   12:     0x56204ee158f7 - test::test_main::{{closure}}::h7500b54257359db6
[INFO] [stdout]                                at /rustc/82e1608dfa6e0b5569232559e3d385fea5a93112/library/test/src/lib.rs:138:21
[INFO] [stdout]   13:     0x56204eed0918 - <alloc::boxed::Box<F,A> as core::ops::function::Fn<Args>>::call::h1f8f335eaa9cfaee
[INFO] [stdout]                                at /rustc/82e1608dfa6e0b5569232559e3d385fea5a93112/library/alloc/src/boxed.rs:2021:9
[INFO] [stdout]   14:     0x56204eed0918 - std::panicking::rust_panic_with_hook::h2b5517d590cab22e
[INFO] [stdout]                                at /rustc/82e1608dfa6e0b5569232559e3d385fea5a93112/library/std/src/panicking.rs:783:13
[INFO] [stdout]   15:     0x56204eed066e - std::panicking::begin_panic_handler::{{closure}}::h233112c06e0ef43e
[INFO] [stdout]                                at /rustc/82e1608dfa6e0b5569232559e3d385fea5a93112/library/std/src/panicking.rs:657:13
[INFO] [stdout]   16:     0x56204eeced26 - std::sys_common::backtrace::__rust_end_short_backtrace::h6e893f24d7ebbff8
[INFO] [stdout]                                at /rustc/82e1608dfa6e0b5569232559e3d385fea5a93112/library/std/src/sys_common/backtrace.rs:170:18
[INFO] [stdout]   17:     0x56204eed03d2 - rust_begin_unwind
[INFO] [stdout]                                at /rustc/82e1608dfa6e0b5569232559e3d385fea5a93112/library/std/src/panicking.rs:645:5
[INFO] [stdout]   18:     0x56204ed91d75 - core::panicking::panic_fmt::hbf0e066aabfa482c
[INFO] [stdout]                                at /rustc/82e1608dfa6e0b5569232559e3d385fea5a93112/library/core/src/panicking.rs:72:14
[INFO] [stdout]   19:     0x56204eda4b06 - svg2gcode::test::assert_close::h91816a8bf9c8a83e
[INFO] [stdout]                                at /opt/rustwide/workdir/src/lib.rs:63:9
[INFO] [stdout]   20:     0x56204eda6bb2 - svg2gcode::test::svg_with_smooth_curves_produces_expected_gcode::h51ef5a437d742387
[INFO] [stdout]                                at /opt/rustwide/workdir/src/lib.rs:182:9
[INFO] [stdout]   21:     0x56204eda6817 - svg2gcode::test::svg_with_smooth_curves_produces_expected_gcode::{{closure}}::h0603b75fa317fd83
[INFO] [stdout]                                at /opt/rustwide/workdir/src/lib.rs:166:56
[INFO] [stdout]   22:     0x56204edb2336 - core::ops::function::FnOnce::call_once::h51203630956965e9
[INFO] [stdout]                                at /rustc/82e1608dfa6e0b5569232559e3d385fea5a93112/library/core/src/ops/function.rs:250:5
[INFO] [stdout]   23:     0x56204ee1af4f - core::ops::function::FnOnce::call_once::h2b5d431d5046312d
[INFO] [stdout]                                at /rustc/82e1608dfa6e0b5569232559e3d385fea5a93112/library/core/src/ops/function.rs:250:5
[INFO] [stdout]   24:     0x56204ee1af4f - test::__rust_begin_short_backtrace::h7714669af176e207
[INFO] [stdout]                                at /rustc/82e1608dfa6e0b5569232559e3d385fea5a93112/library/test/src/lib.rs:628:18
[INFO] [stdout]   25:     0x56204ee19f65 - test::run_test_in_process::{{closure}}::h85218797dcbcec12
[INFO] [stdout]                                at /rustc/82e1608dfa6e0b5569232559e3d385fea5a93112/library/test/src/lib.rs:651:60
[INFO] [stdout]   26:     0x56204ee19f65 - <core::panic::unwind_safe::AssertUnwindSafe<F> as core::ops::function::FnOnce<()>>::call_once::h76c106ea31c14d7b
[INFO] [stdout]                                at /rustc/82e1608dfa6e0b5569232559e3d385fea5a93112/library/core/src/panic/unwind_safe.rs:272:9
[INFO] [stdout]   27:     0x56204ee19f65 - std::panicking::try::do_call::h3bd5d0f6620ee946
[INFO] [stdout]                                at /rustc/82e1608dfa6e0b5569232559e3d385fea5a93112/library/std/src/panicking.rs:552:40
[INFO] [stdout]   28:     0x56204ee19f65 - std::panicking::try::h232e535e4744fe31
[INFO] [stdout]                                at /rustc/82e1608dfa6e0b5569232559e3d385fea5a93112/library/std/src/panicking.rs:516:19
[INFO] [stdout]   29:     0x56204ee19f65 - std::panic::catch_unwind::h3ce3bd6ca8dbac68
[INFO] [stdout]                                at /rustc/82e1608dfa6e0b5569232559e3d385fea5a93112/library/std/src/panic.rs:142:14
[INFO] [stdout]   30:     0x56204ee19f65 - test::run_test_in_process::hc97b257c9621286a
[INFO] [stdout]                                at /rustc/82e1608dfa6e0b5569232559e3d385fea5a93112/library/test/src/lib.rs:651:27
[INFO] [stdout]   31:     0x56204ee19f65 - test::run_test::{{closure}}::h2aa798823a438d38
[INFO] [stdout]                                at /rustc/82e1608dfa6e0b5569232559e3d385fea5a93112/library/test/src/lib.rs:574:43
[INFO] [stdout]   32:     0x56204ede2226 - test::run_test::{{closure}}::h87d231c78fb59832
[INFO] [stdout]                                at /rustc/82e1608dfa6e0b5569232559e3d385fea5a93112/library/test/src/lib.rs:602:41
[INFO] [stdout]   33:     0x56204ede2226 - std::sys_common::backtrace::__rust_begin_short_backtrace::he6df152596625789
[INFO] [stdout]                                at /rustc/82e1608dfa6e0b5569232559e3d385fea5a93112/library/std/src/sys_common/backtrace.rs:154:18
[INFO] [stdout]   34:     0x56204ede72d7 - std::thread::Builder::spawn_unchecked_::{{closure}}::{{closure}}::ha94be15d1e0acf36
[INFO] [stdout]                                at /rustc/82e1608dfa6e0b5569232559e3d385fea5a93112/library/std/src/thread/mod.rs:529:17
[INFO] [stdout]   35:     0x56204ede72d7 - <core::panic::unwind_safe::AssertUnwindSafe<F> as core::ops::function::FnOnce<()>>::call_once::h9dc6bd6372f16606
[INFO] [stdout]                                at /rustc/82e1608dfa6e0b5569232559e3d385fea5a93112/library/core/src/panic/unwind_safe.rs:272:9
[INFO] [stdout]   36:     0x56204ede72d7 - std::panicking::try::do_call::h9057517f80303cd4
[INFO] [stdout]                                at /rustc/82e1608dfa6e0b5569232559e3d385fea5a93112/library/std/src/panicking.rs:552:40
[INFO] [stdout]   37:     0x56204ede72d7 - std::panicking::try::he3a30b11ee45340c
[INFO] [stdout]                                at /rustc/82e1608dfa6e0b5569232559e3d385fea5a93112/library/std/src/panicking.rs:516:19
[INFO] [stdout]   38:     0x56204ede72d7 - std::panic::catch_unwind::h410458cfd3528b8b
[INFO] [stdout]                                at /rustc/82e1608dfa6e0b5569232559e3d385fea5a93112/library/std/src/panic.rs:142:14
[INFO] [stdout]   39:     0x56204ede72d7 - std::thread::Builder::spawn_unchecked_::{{closure}}::h72ac3bdb567b737b
[INFO] [stdout]                                at /rustc/82e1608dfa6e0b5569232559e3d385fea5a93112/library/std/src/thread/mod.rs:528:30
[INFO] [stdout]   40:     0x56204ede72d7 - core::ops::function::FnOnce::call_once{{vtable.shim}}::h38f34da3654a8344
[INFO] [stdout]                                at /rustc/82e1608dfa6e0b5569232559e3d385fea5a93112/library/core/src/ops/function.rs:250:5
[INFO] [stdout]   41:     0x56204eed53a5 - <alloc::boxed::Box<F,A> as core::ops::function::FnOnce<Args>>::call_once::hc7eafaff61e32df9
[INFO] [stdout]                                at /rustc/82e1608dfa6e0b5569232559e3d385fea5a93112/library/alloc/src/boxed.rs:2007:9
[INFO] [stdout]   42:     0x56204eed53a5 - <alloc::boxed::Box<F,A> as core::ops::function::FnOnce<Args>>::call_once::h6ba4a5de48dd2304
[INFO] [stdout]                                at /rustc/82e1608dfa6e0b5569232559e3d385fea5a93112/library/alloc/src/boxed.rs:2007:9
[INFO] [stdout]   43:     0x56204eed53a5 - std::sys::unix::thread::Thread::new::thread_start::he469335aef763e45
[INFO] [stdout]                                at /rustc/82e1608dfa6e0b5569232559e3d385fea5a93112/library/std/src/sys/unix/thread.rs:108:17
[INFO] [stdout]   44:     0x7fabfeeafac3 - <unknown>
[INFO] [stdout]   45:     0x7fabfef40bf4 - __clone
[INFO] [stdout]   46:                0x0 - <unknown>
[INFO] [stdout] 
[INFO] [stdout] 
[INFO] [stdout] failures:
[INFO] [stdout]     arc::tests::flatten_returns_expected_arcs
[INFO] [stdout]     test::circular_interpolation_produces_expected_gcode
[INFO] [stdout]     test::svg_with_smooth_curves_produces_expected_gcode
[INFO] [stdout] 
[INFO] [stdout] test result: FAILED. 4 passed; 3 failed; 0 ignored; 0 measured; 0 filtered out; finished in 0.30s
[INFO] [stdout] 
[INFO] [stderr] error: test failed, to rerun pass `--lib`
[INFO] running `Command { std: "docker" "inspect" "c5ff96299c5cba6d9acd1740cf4ff7d22de4cc3f6be6ef64f616b24ccb769339", kill_on_drop: false }`
[INFO] running `Command { std: "docker" "rm" "-f" "c5ff96299c5cba6d9acd1740cf4ff7d22de4cc3f6be6ef64f616b24ccb769339", kill_on_drop: false }`
[INFO] [stdout] c5ff96299c5cba6d9acd1740cf4ff7d22de4cc3f6be6ef64f616b24ccb769339
