[INFO] fetching crate surf-middleware-cache 0.2.3...
[INFO] testing surf-middleware-cache-0.2.3 against 1.75.0 for beta-1.76-1
[INFO] extracting crate surf-middleware-cache 0.2.3 into /workspace/builds/worker-6-tc1/source
[INFO] validating manifest of crates.io crate surf-middleware-cache 0.2.3 on toolchain 1.75.0
[INFO] running `Command { std: CARGO_HOME="/workspace/cargo-home" RUSTUP_HOME="/workspace/rustup-home" "/workspace/cargo-home/bin/cargo" "+1.75.0" "metadata" "--manifest-path" "Cargo.toml" "--no-deps", kill_on_drop: false }`
[INFO] started tweaking crates.io crate surf-middleware-cache 0.2.3
[INFO] finished tweaking crates.io crate surf-middleware-cache 0.2.3
[INFO] tweaked toml for crates.io crate surf-middleware-cache 0.2.3 written to /workspace/builds/worker-6-tc1/source/Cargo.toml
[INFO] crate crates.io crate surf-middleware-cache 0.2.3 already has a lockfile, it will not be regenerated
[INFO] running `Command { std: CARGO_HOME="/workspace/cargo-home" RUSTUP_HOME="/workspace/rustup-home" "/workspace/cargo-home/bin/cargo" "+1.75.0" "fetch" "--manifest-path" "Cargo.toml", kill_on_drop: false }`
[INFO] [stderr]     Updating crates.io index
[INFO] [stderr]  Downloading crates ...
[INFO] [stderr]   Downloaded mockito v0.30.0
[INFO] [stderr]   Downloaded anyhow v1.0.51
[INFO] [stderr]   Downloaded http-serde v1.0.3
[INFO] [stderr]   Downloaded http-cache-semantics v0.9.13
[INFO] [stderr]   Downloaded http-client v6.5.1
[INFO] [stderr]   Downloaded ssri v7.0.0
[INFO] [stderr]   Downloaded curl v0.4.41
[INFO] [stderr]   Downloaded cacache v9.0.0
[INFO] [stderr]   Downloaded gloo-timers v0.2.2
[INFO] [stderr]   Downloaded curl-sys v0.4.51+curl-7.80.0
[INFO] running `Command { std: "docker" "create" "-v" "/var/lib/crater-agent-workspace/builds/worker-6-tc1/target:/opt/rustwide/target:rw,Z" "-v" "/var/lib/crater-agent-workspace/builds/worker-6-tc1/source:/opt/rustwide/workdir:ro,Z" "-v" "/var/lib/crater-agent-workspace/cargo-home:/opt/rustwide/cargo-home:ro,Z" "-v" "/var/lib/crater-agent-workspace/rustup-home:/opt/rustwide/rustup-home:ro,Z" "-e" "SOURCE_DIR=/opt/rustwide/workdir" "-e" "CARGO_TARGET_DIR=/opt/rustwide/target" "-e" "CARGO_HOME=/opt/rustwide/cargo-home" "-e" "RUSTUP_HOME=/opt/rustwide/rustup-home" "-w" "/opt/rustwide/workdir" "-m" "1610612736" "--user" "0:0" "--network" "none" "ghcr.io/rust-lang/crates-build-env/linux@sha256:2788e3201cd34a07e3172128adcd8b3090168a8e3bcc40d7c032b9dda1df7d1c" "/opt/rustwide/cargo-home/bin/cargo" "+1.75.0" "metadata" "--no-deps" "--format-version=1", kill_on_drop: false }`
[INFO] [stdout] 9d90ced94339bd47abbc57d8e59bb892ff8ef12d5f8982e49ef79094ae430b68
[INFO] running `Command { std: "docker" "start" "-a" "9d90ced94339bd47abbc57d8e59bb892ff8ef12d5f8982e49ef79094ae430b68", kill_on_drop: false }`
[INFO] running `Command { std: "docker" "inspect" "9d90ced94339bd47abbc57d8e59bb892ff8ef12d5f8982e49ef79094ae430b68", kill_on_drop: false }`
[INFO] running `Command { std: "docker" "rm" "-f" "9d90ced94339bd47abbc57d8e59bb892ff8ef12d5f8982e49ef79094ae430b68", kill_on_drop: false }`
[INFO] [stdout] 9d90ced94339bd47abbc57d8e59bb892ff8ef12d5f8982e49ef79094ae430b68
[INFO] running `Command { std: "docker" "create" "-v" "/var/lib/crater-agent-workspace/builds/worker-6-tc1/target:/opt/rustwide/target:rw,Z" "-v" "/var/lib/crater-agent-workspace/builds/worker-6-tc1/source:/opt/rustwide/workdir:ro,Z" "-v" "/var/lib/crater-agent-workspace/cargo-home:/opt/rustwide/cargo-home:ro,Z" "-v" "/var/lib/crater-agent-workspace/rustup-home:/opt/rustwide/rustup-home:ro,Z" "-e" "SOURCE_DIR=/opt/rustwide/workdir" "-e" "CARGO_TARGET_DIR=/opt/rustwide/target" "-e" "CARGO_INCREMENTAL=0" "-e" "RUST_BACKTRACE=full" "-e" "RUSTFLAGS=--cap-lints=warn" "-e" "RUSTDOCFLAGS=--cap-lints=warn" "-e" "CARGO_HOME=/opt/rustwide/cargo-home" "-e" "RUSTUP_HOME=/opt/rustwide/rustup-home" "-w" "/opt/rustwide/workdir" "-m" "1610612736" "--user" "0:0" "--network" "none" "ghcr.io/rust-lang/crates-build-env/linux@sha256:2788e3201cd34a07e3172128adcd8b3090168a8e3bcc40d7c032b9dda1df7d1c" "/opt/rustwide/cargo-home/bin/cargo" "+1.75.0" "build" "--frozen" "--message-format=json", kill_on_drop: false }`
[INFO] [stdout] 2775f248f2c87afcb0abdf319956050296b790c627a0ce0fe8fd3234a8708f48
[INFO] running `Command { std: "docker" "start" "-a" "2775f248f2c87afcb0abdf319956050296b790c627a0ce0fe8fd3234a8708f48", kill_on_drop: false }`
[INFO] [stderr]    Compiling version_check v0.9.3
[INFO] [stderr]    Compiling proc-macro2 v1.0.32
[INFO] [stderr]    Compiling unicode-xid v0.2.2
[INFO] [stderr]    Compiling syn v1.0.82
[INFO] [stderr]    Compiling libc v0.2.109
[INFO] [stderr]    Compiling typenum v1.14.0
[INFO] [stderr]    Compiling log v0.4.14
[INFO] [stderr]    Compiling futures-core v0.3.18
[INFO] [stderr]    Compiling autocfg v1.0.1
[INFO] [stderr]    Compiling cc v1.0.72
[INFO] [stderr]    Compiling memchr v2.4.1
[INFO] [stderr]    Compiling pin-project-lite v0.2.7
[INFO] [stderr]    Compiling serde_derive v1.0.130
[INFO] [stderr]    Compiling futures-io v0.3.18
[INFO] [stderr]    Compiling serde v1.0.130
[INFO] [stderr]    Compiling pkg-config v0.3.22
[INFO] [stderr]    Compiling cache-padded v1.1.1
[INFO] [stderr]    Compiling event-listener v2.5.1
[INFO] [stderr]    Compiling concurrent-queue v1.2.2
[INFO] [stderr]    Compiling slab v0.4.5
[INFO] [stderr]    Compiling parking v2.0.0
[INFO] [stderr]    Compiling waker-fn v1.1.0
[INFO] [stderr]    Compiling opaque-debug v0.3.0
[INFO] [stderr]    Compiling fastrand v1.5.0
[INFO] [stderr]    Compiling subtle v2.4.1
[INFO] [stderr]    Compiling once_cell v1.8.0
[INFO] [stderr]    Compiling ppv-lite86 v0.2.15
[INFO] [stderr]    Compiling itoa v0.4.8
[INFO] [stderr]    Compiling generic-array v0.14.4
[INFO] [stderr]    Compiling value-bag v1.0.0-alpha.8
[INFO] [stderr]    Compiling standback v0.2.17
[INFO] [stderr]    Compiling async-channel v1.6.1
[INFO] [stderr]    Compiling percent-encoding v2.1.0
[INFO] [stderr]    Compiling futures-sink v0.3.18
[INFO] [stderr]    Compiling proc-macro-hack v0.5.19
[INFO] [stderr]    Compiling wasm-bindgen-shared v0.2.78
[INFO] [stderr]    Compiling tinyvec_macros v0.1.0
[INFO] [stderr]    Compiling ryu v1.0.6
[INFO] [stderr]    Compiling matches v0.1.9
[INFO] [stderr]    Compiling signal-hook v0.3.10
[INFO] [stderr]    Compiling getrandom v0.1.16
[INFO] [stderr]    Compiling async-task v4.0.3
[INFO] [stderr]    Compiling crossbeam-utils v0.8.5
[INFO] [stderr]    Compiling tinyvec v1.5.1
[INFO] [stderr]    Compiling const_fn v0.4.8
[INFO] [stderr]    Compiling bumpalo v3.8.0
[INFO] [stderr]    Compiling futures-lite v1.12.0
[INFO] [stderr]    Compiling quote v1.0.10
[INFO] [stderr]    Compiling atomic-waker v1.0.0
[INFO] [stderr]    Compiling futures-channel v0.3.18
[INFO] [stderr]    Compiling cpufeatures v0.2.1
[INFO] [stderr]    Compiling futures-task v0.3.18
[INFO] [stderr]    Compiling cpuid-bool v0.2.0
[INFO] [stderr]    Compiling socket2 v0.4.2
[INFO] [stderr]    Compiling getrandom v0.2.3
[INFO] [stderr]    Compiling signal-hook-registry v1.4.0
[INFO] [stderr]    Compiling num_cpus v1.13.0
[INFO] [stderr]    Compiling libz-sys v1.1.3
[INFO] [stderr]    Compiling openssl-sys v0.9.71
[INFO] [stderr]    Compiling libnghttp2-sys v0.1.7+1.45.0
[INFO] [stderr]    Compiling curl-sys v0.4.51+curl-7.80.0
[INFO] [stderr]    Compiling rand_core v0.6.3
[INFO] [stderr]    Compiling blocking v1.1.0
[INFO] [stderr]    Compiling rand_chacha v0.3.1
[INFO] [stderr]    Compiling unicode-normalization v0.1.19
[INFO] [stderr]    Compiling generic-array v0.12.4
[INFO] [stderr]    Compiling async-executor v1.4.1
[INFO] [stderr]    Compiling form_urlencoded v1.0.1
[INFO] [stderr]    Compiling time v0.2.27
[INFO] [stderr]    Compiling unicase v2.6.0
[INFO] [stderr]    Compiling async-mutex v1.4.0
[INFO] [stderr]    Compiling futures-util v0.3.18
[INFO] [stderr]    Compiling byte-tools v0.3.1
[INFO] [stderr]    Compiling rand v0.8.4
[INFO] [stderr]    Compiling scopeguard v1.1.0
[INFO] [stderr]    Compiling serde_json v1.0.72
[INFO] [stderr]    Compiling unicode-bidi v0.3.7
[INFO] [stderr]    Compiling bytes v1.1.0
[INFO] [stderr]    Compiling byteorder v1.4.3
[INFO] [stderr]    Compiling lock_api v0.4.5
[INFO] [stderr]    Compiling block-padding v0.1.5
[INFO] [stderr]    Compiling digest v0.9.0
[INFO] [stderr]    Compiling cipher v0.2.5
[INFO] [stderr]    Compiling block-buffer v0.9.0
[INFO] [stderr]    Compiling universal-hash v0.4.1
[INFO] [stderr]    Compiling crypto-mac v0.10.1
[INFO] [stderr]    Compiling polyval v0.4.5
[INFO] [stderr]    Compiling sha2 v0.9.8
[INFO] [stderr]    Compiling aead v0.3.2
[INFO] [stderr]    Compiling aes-soft v0.6.4
[INFO] [stderr]    Compiling hmac v0.10.1
[INFO] [stderr]    Compiling ctr v0.6.0
[INFO] [stderr]    Compiling ghash v0.3.1
[INFO] [stderr]    Compiling rand_core v0.5.1
[INFO] [stderr]    Compiling idna v0.2.3
[INFO] [stderr]    Compiling http v0.2.5
[INFO] [stderr]    Compiling num-traits v0.2.14
[INFO] [stderr]    Compiling cookie v0.14.4
[INFO] [stderr]    Compiling async-lock v2.4.0
[INFO] [stderr]    Compiling tracing-core v0.1.21
[INFO] [stderr]    Compiling curl v0.4.41
[INFO] [stderr]    Compiling aes v0.6.0
[INFO] [stderr]    Compiling anyhow v1.0.51
[INFO] [stderr]    Compiling wasm-bindgen v0.2.78
[INFO] [stderr]    Compiling aes-gcm v0.8.0
[INFO] [stderr]    Compiling rand_chacha v0.2.2
[INFO] [stderr]    Compiling hkdf v0.10.0
[INFO] [stderr]    Compiling spinning_top v0.2.4
[INFO] [stderr]    Compiling block-buffer v0.7.3
[INFO] [stderr]    Compiling digest v0.8.1
[INFO] [stderr]    Compiling num-integer v0.1.44
[INFO] [stderr]    Compiling http-types v2.12.0
[INFO] [stderr]    Compiling base64 v0.13.0
[INFO] [stderr]    Compiling fake-simd v0.1.2
[INFO] [stderr]    Compiling isahc v0.9.14
[INFO] [stderr]    Compiling opaque-debug v0.2.3
[INFO] [stderr]    Compiling openssl-probe v0.1.4
[INFO] [stderr]    Compiling async-trait v0.1.51
[INFO] [stderr]    Compiling rand v0.7.3
[INFO] [stderr]    Compiling mime_guess v2.0.3
[INFO] [stderr]    Compiling flume v0.9.2
[INFO] [stderr]    Compiling sluice v0.5.5
[INFO] [stderr]    Compiling encoding_rs v0.8.29
[INFO] [stderr]    Compiling bytes v0.5.6
[INFO] [stderr]    Compiling infer v0.2.3
[INFO] [stderr]    Compiling sha-1 v0.8.2
[INFO] [stderr]    Compiling sha2 v0.8.2
[INFO] [stderr]    Compiling base64 v0.10.1
[INFO] [stderr]    Compiling dashmap v4.0.2
[INFO] [stderr]    Compiling remove_dir_all v0.5.3
[INFO] [stderr]    Compiling mime v0.3.16
[INFO] [stderr]    Compiling hex v0.3.2
[INFO] [stderr]    Compiling walkdir v2.3.2
[INFO] [stderr]    Compiling tempfile v3.2.0
[INFO] [stderr]    Compiling sha-1 v0.9.8
[INFO] [stderr]    Compiling memmap v0.7.0
[INFO] [stderr]    Compiling either v1.6.1
[INFO] [stderr]    Compiling httpdate v1.0.2
[INFO] [stderr]    Compiling chrono v0.4.19
[INFO] [stderr]    Compiling ctor v0.1.21
[INFO] [stderr]    Compiling thiserror-impl v1.0.30
[INFO] [stderr]    Compiling time-macros-impl v0.1.2
[INFO] [stderr]    Compiling async-attributes v1.1.2
[INFO] [stderr]    Compiling futures-macro v0.3.18
[INFO] [stderr]    Compiling pin-project-internal v1.0.8
[INFO] [stderr]    Compiling tracing-attributes v0.1.18
[INFO] [stderr]    Compiling time-macros v0.1.1
[INFO] [stderr]    Compiling polling v2.2.0
[INFO] [stderr]    Compiling wasm-bindgen-backend v0.2.78
[INFO] [stderr]    Compiling kv-log-macro v1.0.7
[INFO] [stderr]    Compiling tracing v0.1.29
[INFO] [stderr]    Compiling thiserror v1.0.30
[INFO] [stderr]    Compiling pin-project v1.0.8
[INFO] [stderr]    Compiling async-io v1.6.0
[INFO] [stderr]    Compiling tracing-futures v0.2.5
[INFO] [stderr]    Compiling async-global-executor v2.0.2
[INFO] [stderr]    Compiling async-process v1.3.0
[INFO] [stderr]    Compiling async-std v1.10.0
[INFO] [stderr]    Compiling wasm-bindgen-macro-support v0.2.78
[INFO] [stderr]    Compiling wasm-bindgen-macro v0.2.78
[INFO] [stderr]    Compiling futures-executor v0.3.18
[INFO] [stderr]    Compiling futures v0.3.18
[INFO] [stderr]    Compiling js-sys v0.3.55
[INFO] [stderr]    Compiling web-sys v0.3.55
[INFO] [stderr]    Compiling url v2.2.2
[INFO] [stderr]    Compiling serde_qs v0.8.5
[INFO] [stderr]    Compiling serde_urlencoded v0.7.0
[INFO] [stderr]    Compiling ssri v7.0.0
[INFO] [stderr]    Compiling http-serde v1.0.3
[INFO] [stderr]    Compiling bincode v1.3.3
[INFO] [stderr]    Compiling http-cache-semantics v0.9.13
[INFO] [stderr]    Compiling cacache v9.0.0
[INFO] [stderr]    Compiling http-client v6.5.1
[INFO] [stderr]    Compiling surf v2.3.2
[INFO] [stderr]    Compiling surf-middleware-cache v0.2.3 (/opt/rustwide/workdir)
[INFO] [stderr]     Finished dev [unoptimized + debuginfo] target(s) in 13.29s
[INFO] running `Command { std: "docker" "inspect" "2775f248f2c87afcb0abdf319956050296b790c627a0ce0fe8fd3234a8708f48", kill_on_drop: false }`
[INFO] running `Command { std: "docker" "rm" "-f" "2775f248f2c87afcb0abdf319956050296b790c627a0ce0fe8fd3234a8708f48", kill_on_drop: false }`
[INFO] [stdout] 2775f248f2c87afcb0abdf319956050296b790c627a0ce0fe8fd3234a8708f48
[INFO] running `Command { std: "docker" "create" "-v" "/var/lib/crater-agent-workspace/builds/worker-6-tc1/target:/opt/rustwide/target:rw,Z" "-v" "/var/lib/crater-agent-workspace/builds/worker-6-tc1/source:/opt/rustwide/workdir:ro,Z" "-v" "/var/lib/crater-agent-workspace/cargo-home:/opt/rustwide/cargo-home:ro,Z" "-v" "/var/lib/crater-agent-workspace/rustup-home:/opt/rustwide/rustup-home:ro,Z" "-e" "SOURCE_DIR=/opt/rustwide/workdir" "-e" "CARGO_TARGET_DIR=/opt/rustwide/target" "-e" "CARGO_INCREMENTAL=0" "-e" "RUST_BACKTRACE=full" "-e" "RUSTFLAGS=--cap-lints=warn" "-e" "RUSTDOCFLAGS=--cap-lints=warn" "-e" "CARGO_HOME=/opt/rustwide/cargo-home" "-e" "RUSTUP_HOME=/opt/rustwide/rustup-home" "-w" "/opt/rustwide/workdir" "-m" "1610612736" "--user" "0:0" "--network" "none" "ghcr.io/rust-lang/crates-build-env/linux@sha256:2788e3201cd34a07e3172128adcd8b3090168a8e3bcc40d7c032b9dda1df7d1c" "/opt/rustwide/cargo-home/bin/cargo" "+1.75.0" "test" "--frozen" "--no-run" "--message-format=json", kill_on_drop: false }`
[INFO] [stdout] 6db41cdd6a3f2b8e70ebaa4c8cb397f7973b3e99cd570ce38e480ebe7518f5a3
[INFO] running `Command { std: "docker" "start" "-a" "6db41cdd6a3f2b8e70ebaa4c8cb397f7973b3e99cd570ce38e480ebe7518f5a3", kill_on_drop: false }`
[INFO] [stderr]    Compiling httparse v1.5.1
[INFO] [stderr]    Compiling aho-corasick v0.7.18
[INFO] [stderr]    Compiling atty v0.2.14
[INFO] [stderr]    Compiling regex-syntax v0.6.25
[INFO] [stderr]    Compiling assert-json-diff v2.0.1
[INFO] [stderr]    Compiling difference v2.0.0
[INFO] [stderr]    Compiling colored v2.0.0
[INFO] [stderr]    Compiling regex v1.5.4
[INFO] [stderr]    Compiling mockito v0.30.0
[INFO] [stderr]    Compiling surf-middleware-cache v0.2.3 (/opt/rustwide/workdir)
[INFO] [stderr]     Finished test [unoptimized + debuginfo] target(s) in 5.57s
[INFO] running `Command { std: "docker" "inspect" "6db41cdd6a3f2b8e70ebaa4c8cb397f7973b3e99cd570ce38e480ebe7518f5a3", kill_on_drop: false }`
[INFO] running `Command { std: "docker" "rm" "-f" "6db41cdd6a3f2b8e70ebaa4c8cb397f7973b3e99cd570ce38e480ebe7518f5a3", kill_on_drop: false }`
[INFO] [stdout] 6db41cdd6a3f2b8e70ebaa4c8cb397f7973b3e99cd570ce38e480ebe7518f5a3
[INFO] running `Command { std: "docker" "create" "-v" "/var/lib/crater-agent-workspace/builds/worker-6-tc1/target:/opt/rustwide/target:rw,Z" "-v" "/var/lib/crater-agent-workspace/builds/worker-6-tc1/source:/opt/rustwide/workdir:ro,Z" "-v" "/var/lib/crater-agent-workspace/cargo-home:/opt/rustwide/cargo-home:ro,Z" "-v" "/var/lib/crater-agent-workspace/rustup-home:/opt/rustwide/rustup-home:ro,Z" "-e" "SOURCE_DIR=/opt/rustwide/workdir" "-e" "CARGO_TARGET_DIR=/opt/rustwide/target" "-e" "CARGO_INCREMENTAL=0" "-e" "RUST_BACKTRACE=full" "-e" "RUSTFLAGS=--cap-lints=warn" "-e" "RUSTDOCFLAGS=--cap-lints=warn" "-e" "CARGO_HOME=/opt/rustwide/cargo-home" "-e" "RUSTUP_HOME=/opt/rustwide/rustup-home" "-w" "/opt/rustwide/workdir" "-m" "1610612736" "--user" "0:0" "--network" "none" "ghcr.io/rust-lang/crates-build-env/linux@sha256:2788e3201cd34a07e3172128adcd8b3090168a8e3bcc40d7c032b9dda1df7d1c" "/opt/rustwide/cargo-home/bin/cargo" "+1.75.0" "test" "--frozen", kill_on_drop: false }`
[INFO] [stdout] 8a9184216aa5a1cac328c8f617b88b0089a982ac81464fe8b567487129ddcff2
[INFO] running `Command { std: "docker" "start" "-a" "8a9184216aa5a1cac328c8f617b88b0089a982ac81464fe8b567487129ddcff2", kill_on_drop: false }`
[INFO] [stderr]     Finished test [unoptimized + debuginfo] target(s) in 0.15s
[INFO] [stderr]      Running unittests src/lib.rs (/opt/rustwide/target/debug/deps/surf_middleware_cache-42a0f3b9ca0c1255)
[INFO] [stdout] 
[INFO] [stdout] running 3 tests
[INFO] [stdout] test tests::can_check_revalidate ... ok
[INFO] [stdout] test tests::can_get_warning_code ... ok
[INFO] [stdout] test managers::cacache::tests::can_cache_response ... FAILED
[INFO] [stdout] 
[INFO] [stdout] failures:
[INFO] [stdout] 
[INFO] [stdout] ---- managers::cacache::tests::can_cache_response stdout ----
[INFO] [stdout] Error: Read-only file system (os error 30)
[INFO] [stdout] 
[INFO] [stdout]   
[INFO] [stdout] 
[INFO] [stdout] Caused by:
[INFO] [stdout]     Read-only file system (os error 30)
[INFO] [stdout] 
[INFO] [stdout] 
[INFO] [stdout] failures:
[INFO] [stdout]     managers::cacache::tests::can_cache_response
[INFO] [stdout] 
[INFO] [stdout] test result: FAILED. 2 passed; 1 failed; 0 ignored; 0 measured; 0 filtered out; finished in 0.00s
[INFO] [stdout] 
[INFO] [stderr] error: test failed, to rerun pass `--lib`
[INFO] running `Command { std: "docker" "inspect" "8a9184216aa5a1cac328c8f617b88b0089a982ac81464fe8b567487129ddcff2", kill_on_drop: false }`
[INFO] running `Command { std: "docker" "rm" "-f" "8a9184216aa5a1cac328c8f617b88b0089a982ac81464fe8b567487129ddcff2", kill_on_drop: false }`
[INFO] [stdout] 8a9184216aa5a1cac328c8f617b88b0089a982ac81464fe8b567487129ddcff2
[INFO] testing surf-middleware-cache-0.2.3 against beta-2023-12-22 for beta-1.76-1
[INFO] extracting crate surf-middleware-cache 0.2.3 into /workspace/builds/worker-6-tc2/source
[INFO] validating manifest of crates.io crate surf-middleware-cache 0.2.3 on toolchain beta-2023-12-22
[INFO] running `Command { std: CARGO_HOME="/workspace/cargo-home" RUSTUP_HOME="/workspace/rustup-home" "/workspace/cargo-home/bin/cargo" "+beta-2023-12-22" "metadata" "--manifest-path" "Cargo.toml" "--no-deps", kill_on_drop: false }`
[INFO] started tweaking crates.io crate surf-middleware-cache 0.2.3
[INFO] finished tweaking crates.io crate surf-middleware-cache 0.2.3
[INFO] tweaked toml for crates.io crate surf-middleware-cache 0.2.3 written to /workspace/builds/worker-6-tc2/source/Cargo.toml
[INFO] crate crates.io crate surf-middleware-cache 0.2.3 already has a lockfile, it will not be regenerated
[INFO] running `Command { std: CARGO_HOME="/workspace/cargo-home" RUSTUP_HOME="/workspace/rustup-home" "/workspace/cargo-home/bin/cargo" "+beta-2023-12-22" "fetch" "--manifest-path" "Cargo.toml", kill_on_drop: false }`
[INFO] running `Command { std: "docker" "create" "-v" "/var/lib/crater-agent-workspace/builds/worker-6-tc2/target:/opt/rustwide/target:rw,Z" "-v" "/var/lib/crater-agent-workspace/builds/worker-6-tc2/source:/opt/rustwide/workdir:ro,Z" "-v" "/var/lib/crater-agent-workspace/cargo-home:/opt/rustwide/cargo-home:ro,Z" "-v" "/var/lib/crater-agent-workspace/rustup-home:/opt/rustwide/rustup-home:ro,Z" "-e" "SOURCE_DIR=/opt/rustwide/workdir" "-e" "CARGO_TARGET_DIR=/opt/rustwide/target" "-e" "CARGO_HOME=/opt/rustwide/cargo-home" "-e" "RUSTUP_HOME=/opt/rustwide/rustup-home" "-w" "/opt/rustwide/workdir" "-m" "1610612736" "--user" "0:0" "--network" "none" "ghcr.io/rust-lang/crates-build-env/linux@sha256:2788e3201cd34a07e3172128adcd8b3090168a8e3bcc40d7c032b9dda1df7d1c" "/opt/rustwide/cargo-home/bin/cargo" "+beta-2023-12-22" "metadata" "--no-deps" "--format-version=1", kill_on_drop: false }`
[INFO] [stdout] 86494addfc2abc739b3e5586fbcf56033f0f525d96aa9142fa856938f1979b12
[INFO] running `Command { std: "docker" "start" "-a" "86494addfc2abc739b3e5586fbcf56033f0f525d96aa9142fa856938f1979b12", kill_on_drop: false }`
[INFO] running `Command { std: "docker" "inspect" "86494addfc2abc739b3e5586fbcf56033f0f525d96aa9142fa856938f1979b12", kill_on_drop: false }`
[INFO] running `Command { std: "docker" "rm" "-f" "86494addfc2abc739b3e5586fbcf56033f0f525d96aa9142fa856938f1979b12", kill_on_drop: false }`
[INFO] [stdout] 86494addfc2abc739b3e5586fbcf56033f0f525d96aa9142fa856938f1979b12
[INFO] running `Command { std: "docker" "create" "-v" "/var/lib/crater-agent-workspace/builds/worker-6-tc2/target:/opt/rustwide/target:rw,Z" "-v" "/var/lib/crater-agent-workspace/builds/worker-6-tc2/source:/opt/rustwide/workdir:ro,Z" "-v" "/var/lib/crater-agent-workspace/cargo-home:/opt/rustwide/cargo-home:ro,Z" "-v" "/var/lib/crater-agent-workspace/rustup-home:/opt/rustwide/rustup-home:ro,Z" "-e" "SOURCE_DIR=/opt/rustwide/workdir" "-e" "CARGO_TARGET_DIR=/opt/rustwide/target" "-e" "CARGO_INCREMENTAL=0" "-e" "RUST_BACKTRACE=full" "-e" "RUSTFLAGS=--cap-lints=warn" "-e" "RUSTDOCFLAGS=--cap-lints=warn" "-e" "CARGO_HOME=/opt/rustwide/cargo-home" "-e" "RUSTUP_HOME=/opt/rustwide/rustup-home" "-w" "/opt/rustwide/workdir" "-m" "1610612736" "--user" "0:0" "--network" "none" "ghcr.io/rust-lang/crates-build-env/linux@sha256:2788e3201cd34a07e3172128adcd8b3090168a8e3bcc40d7c032b9dda1df7d1c" "/opt/rustwide/cargo-home/bin/cargo" "+beta-2023-12-22" "build" "--frozen" "--message-format=json", kill_on_drop: false }`
[INFO] [stdout] 89732661fd0fba21cc35787120d26ce1d69e77c1ef8369999c276d1e2a89c8c7
[INFO] running `Command { std: "docker" "start" "-a" "89732661fd0fba21cc35787120d26ce1d69e77c1ef8369999c276d1e2a89c8c7", kill_on_drop: false }`
[INFO] [stderr]    Compiling version_check v0.9.3
[INFO] [stderr]    Compiling proc-macro2 v1.0.32
[INFO] [stderr]    Compiling unicode-xid v0.2.2
[INFO] [stderr]    Compiling syn v1.0.82
[INFO] [stderr]    Compiling libc v0.2.109
[INFO] [stderr]    Compiling typenum v1.14.0
[INFO] [stderr]    Compiling futures-core v0.3.18
[INFO] [stderr]    Compiling log v0.4.14
[INFO] [stderr]    Compiling autocfg v1.0.1
[INFO] [stderr]    Compiling cc v1.0.72
[INFO] [stderr]    Compiling memchr v2.4.1
[INFO] [stderr]    Compiling pin-project-lite v0.2.7
[INFO] [stderr]    Compiling futures-io v0.3.18
[INFO] [stderr]    Compiling serde_derive v1.0.130
[INFO] [stderr]    Compiling pkg-config v0.3.22
[INFO] [stderr]    Compiling serde v1.0.130
[INFO] [stderr]    Compiling cache-padded v1.1.1
[INFO] [stderr]    Compiling event-listener v2.5.1
[INFO] [stderr]    Compiling concurrent-queue v1.2.2
[INFO] [stderr]    Compiling slab v0.4.5
[INFO] [stderr]    Compiling fastrand v1.5.0
[INFO] [stderr]    Compiling opaque-debug v0.3.0
[INFO] [stderr]    Compiling waker-fn v1.1.0
[INFO] [stderr]    Compiling parking v2.0.0
[INFO] [stderr]    Compiling generic-array v0.14.4
[INFO] [stderr]    Compiling value-bag v1.0.0-alpha.8
[INFO] [stderr]    Compiling subtle v2.4.1
[INFO] [stderr]    Compiling once_cell v1.8.0
[INFO] [stderr]    Compiling ppv-lite86 v0.2.15
[INFO] [stderr]    Compiling itoa v0.4.8
[INFO] [stderr]    Compiling standback v0.2.17
[INFO] [stderr]    Compiling async-channel v1.6.1
[INFO] [stderr]    Compiling percent-encoding v2.1.0
[INFO] [stderr]    Compiling futures-sink v0.3.18
[INFO] [stderr]    Compiling wasm-bindgen-shared v0.2.78
[INFO] [stderr]    Compiling proc-macro-hack v0.5.19
[INFO] [stderr]    Compiling signal-hook v0.3.10
[INFO] [stderr]    Compiling getrandom v0.1.16
[INFO] [stderr]    Compiling async-task v4.0.3
[INFO] [stderr]    Compiling ryu v1.0.6
[INFO] [stderr]    Compiling matches v0.1.9
[INFO] [stderr]    Compiling tinyvec_macros v0.1.0
[INFO] [stderr]    Compiling crossbeam-utils v0.8.5
[INFO] [stderr]    Compiling bumpalo v3.8.0
[INFO] [stderr]    Compiling quote v1.0.10
[INFO] [stderr]    Compiling futures-lite v1.12.0
[INFO] [stderr]    Compiling tinyvec v1.5.1
[INFO] [stderr]    Compiling const_fn v0.4.8
[INFO] [stderr]    Compiling cpufeatures v0.2.1
[INFO] [stderr]    Compiling futures-task v0.3.18
[INFO] [stderr]    Compiling futures-channel v0.3.18
[INFO] [stderr]    Compiling atomic-waker v1.0.0
[INFO] [stderr]    Compiling cpuid-bool v0.2.0
[INFO] [stderr]    Compiling form_urlencoded v1.0.1
[INFO] [stderr]    Compiling socket2 v0.4.2
[INFO] [stderr]    Compiling getrandom v0.2.3
[INFO] [stderr]    Compiling libz-sys v1.1.3
[INFO] [stderr]    Compiling openssl-sys v0.9.71
[INFO] [stderr]    Compiling libnghttp2-sys v0.1.7+1.45.0
[INFO] [stderr]    Compiling curl-sys v0.4.51+curl-7.80.0
[INFO] [stderr]    Compiling signal-hook-registry v1.4.0
[INFO] [stderr]    Compiling num_cpus v1.13.0
[INFO] [stderr]    Compiling rand_core v0.6.3
[INFO] [stderr]    Compiling rand_chacha v0.3.1
[INFO] [stderr]    Compiling unicode-normalization v0.1.19
[INFO] [stderr]    Compiling unicase v2.6.0
[INFO] [stderr]    Compiling time v0.2.27
[INFO] [stderr]    Compiling async-mutex v1.4.0
[INFO] [stderr]    Compiling blocking v1.1.0
[INFO] [stderr]    Compiling async-executor v1.4.1
[INFO] [stderr]    Compiling rand v0.8.4
[INFO] [stderr]    Compiling serde_json v1.0.72
[INFO] [stderr]    Compiling unicode-bidi v0.3.7
[INFO] [stderr]    Compiling bytes v1.1.0
[INFO] [stderr]    Compiling scopeguard v1.1.0
[INFO] [stderr]    Compiling generic-array v0.12.4
[INFO] [stderr]    Compiling byteorder v1.4.3
[INFO] [stderr]    Compiling futures-util v0.3.18
[INFO] [stderr]    Compiling byte-tools v0.3.1
[INFO] [stderr]    Compiling block-padding v0.1.5
[INFO] [stderr]    Compiling lock_api v0.4.5
[INFO] [stderr]    Compiling http v0.2.5
[INFO] [stderr]    Compiling rand_core v0.5.1
[INFO] [stderr]    Compiling digest v0.9.0
[INFO] [stderr]    Compiling cipher v0.2.5
[INFO] [stderr]    Compiling universal-hash v0.4.1
[INFO] [stderr]    Compiling block-buffer v0.9.0
[INFO] [stderr]    Compiling crypto-mac v0.10.1
[INFO] [stderr]    Compiling sha2 v0.9.8
[INFO] [stderr]    Compiling hmac v0.10.1
[INFO] [stderr]    Compiling polyval v0.4.5
[INFO] [stderr]    Compiling idna v0.2.3
[INFO] [stderr]    Compiling aead v0.3.2
[INFO] [stderr]    Compiling num-traits v0.2.14
[INFO] [stderr]    Compiling aes-soft v0.6.4
[INFO] [stderr]    Compiling ctr v0.6.0
[INFO] [stderr]    Compiling cookie v0.14.4
[INFO] [stderr]    Compiling ghash v0.3.1
[INFO] [stderr]    Compiling async-lock v2.4.0
[INFO] [stderr]    Compiling tracing-core v0.1.21
[INFO] [stderr]    Compiling curl v0.4.41
[INFO] [stderr]    Compiling wasm-bindgen v0.2.78
[INFO] [stderr]    Compiling anyhow v1.0.51
[INFO] [stderr]    Compiling aes v0.6.0
[INFO] [stderr]    Compiling hkdf v0.10.0
[INFO] [stderr]    Compiling aes-gcm v0.8.0
[INFO] [stderr]    Compiling rand_chacha v0.2.2
[INFO] [stderr]    Compiling spinning_top v0.2.4
[INFO] [stderr]    Compiling block-buffer v0.7.3
[INFO] [stderr]    Compiling digest v0.8.1
[INFO] [stderr]    Compiling num-integer v0.1.44
[INFO] [stderr]    Compiling async-trait v0.1.51
[INFO] [stderr]    Compiling openssl-probe v0.1.4
[INFO] [stderr]    Compiling isahc v0.9.14
[INFO] [stderr]    Compiling opaque-debug v0.2.3
[INFO] [stderr]    Compiling fake-simd v0.1.2
[INFO] [stderr]    Compiling http-types v2.12.0
[INFO] [stderr]    Compiling base64 v0.13.0
[INFO] [stderr]    Compiling mime_guess v2.0.3
[INFO] [stderr]    Compiling rand v0.7.3
[INFO] [stderr]    Compiling flume v0.9.2
[INFO] [stderr]    Compiling sluice v0.5.5
[INFO] [stderr]    Compiling encoding_rs v0.8.29
[INFO] [stderr]    Compiling bytes v0.5.6
[INFO] [stderr]    Compiling infer v0.2.3
[INFO] [stderr]    Compiling sha2 v0.8.2
[INFO] [stderr]    Compiling sha-1 v0.8.2
[INFO] [stderr]    Compiling base64 v0.10.1
[INFO] [stderr]    Compiling dashmap v4.0.2
[INFO] [stderr]    Compiling mime v0.3.16
[INFO] [stderr]    Compiling remove_dir_all v0.5.3
[INFO] [stderr]    Compiling hex v0.3.2
[INFO] [stderr]    Compiling walkdir v2.3.2
[INFO] [stderr]    Compiling tempfile v3.2.0
[INFO] [stderr]    Compiling sha-1 v0.9.8
[INFO] [stderr]    Compiling memmap v0.7.0
[INFO] [stderr]    Compiling either v1.6.1
[INFO] [stderr]    Compiling httpdate v1.0.2
[INFO] [stderr]    Compiling chrono v0.4.19
[INFO] [stderr]    Compiling ctor v0.1.21
[INFO] [stderr]    Compiling thiserror-impl v1.0.30
[INFO] [stderr]    Compiling time-macros-impl v0.1.2
[INFO] [stderr]    Compiling pin-project-internal v1.0.8
[INFO] [stderr]    Compiling async-attributes v1.1.2
[INFO] [stderr]    Compiling tracing-attributes v0.1.18
[INFO] [stderr]    Compiling futures-macro v0.3.18
[INFO] [stderr]    Compiling time-macros v0.1.1
[INFO] [stderr]    Compiling polling v2.2.0
[INFO] [stderr]    Compiling wasm-bindgen-backend v0.2.78
[INFO] [stderr]    Compiling kv-log-macro v1.0.7
[INFO] [stderr]    Compiling pin-project v1.0.8
[INFO] [stderr]    Compiling async-io v1.6.0
[INFO] [stderr]    Compiling tracing v0.1.29
[INFO] [stderr]    Compiling tracing-futures v0.2.5
[INFO] [stderr]    Compiling thiserror v1.0.30
[INFO] [stderr]    Compiling async-process v1.3.0
[INFO] [stderr]    Compiling async-global-executor v2.0.2
[INFO] [stderr]    Compiling async-std v1.10.0
[INFO] [stderr]    Compiling wasm-bindgen-macro-support v0.2.78
[INFO] [stderr]    Compiling wasm-bindgen-macro v0.2.78
[INFO] [stderr]    Compiling futures-executor v0.3.18
[INFO] [stderr]    Compiling futures v0.3.18
[INFO] [stderr]    Compiling js-sys v0.3.55
[INFO] [stderr]    Compiling web-sys v0.3.55
[INFO] [stderr]    Compiling url v2.2.2
[INFO] [stderr]    Compiling serde_urlencoded v0.7.0
[INFO] [stderr]    Compiling serde_qs v0.8.5
[INFO] [stderr]    Compiling http-serde v1.0.3
[INFO] [stderr]    Compiling ssri v7.0.0
[INFO] [stderr]    Compiling bincode v1.3.3
[INFO] [stderr]    Compiling http-cache-semantics v0.9.13
[INFO] [stderr]    Compiling cacache v9.0.0
[INFO] [stderr]    Compiling http-client v6.5.1
[INFO] [stderr]    Compiling surf v2.3.2
[INFO] [stderr]    Compiling surf-middleware-cache v0.2.3 (/opt/rustwide/workdir)
[INFO] [stderr]     Finished dev [unoptimized + debuginfo] target(s) in 25.38s
[INFO] running `Command { std: "docker" "inspect" "89732661fd0fba21cc35787120d26ce1d69e77c1ef8369999c276d1e2a89c8c7", kill_on_drop: false }`
[INFO] running `Command { std: "docker" "rm" "-f" "89732661fd0fba21cc35787120d26ce1d69e77c1ef8369999c276d1e2a89c8c7", kill_on_drop: false }`
[INFO] [stdout] 89732661fd0fba21cc35787120d26ce1d69e77c1ef8369999c276d1e2a89c8c7
[INFO] running `Command { std: "docker" "create" "-v" "/var/lib/crater-agent-workspace/builds/worker-6-tc2/target:/opt/rustwide/target:rw,Z" "-v" "/var/lib/crater-agent-workspace/builds/worker-6-tc2/source:/opt/rustwide/workdir:ro,Z" "-v" "/var/lib/crater-agent-workspace/cargo-home:/opt/rustwide/cargo-home:ro,Z" "-v" "/var/lib/crater-agent-workspace/rustup-home:/opt/rustwide/rustup-home:ro,Z" "-e" "SOURCE_DIR=/opt/rustwide/workdir" "-e" "CARGO_TARGET_DIR=/opt/rustwide/target" "-e" "CARGO_INCREMENTAL=0" "-e" "RUST_BACKTRACE=full" "-e" "RUSTFLAGS=--cap-lints=warn" "-e" "RUSTDOCFLAGS=--cap-lints=warn" "-e" "CARGO_HOME=/opt/rustwide/cargo-home" "-e" "RUSTUP_HOME=/opt/rustwide/rustup-home" "-w" "/opt/rustwide/workdir" "-m" "1610612736" "--user" "0:0" "--network" "none" "ghcr.io/rust-lang/crates-build-env/linux@sha256:2788e3201cd34a07e3172128adcd8b3090168a8e3bcc40d7c032b9dda1df7d1c" "/opt/rustwide/cargo-home/bin/cargo" "+beta-2023-12-22" "test" "--frozen" "--no-run" "--message-format=json", kill_on_drop: false }`
[INFO] [stdout] 0be6a75b61aac18d9724855eedcb0c0ba55ca9c82fb4660eb3ac4f83d53ab7e9
[INFO] running `Command { std: "docker" "start" "-a" "0be6a75b61aac18d9724855eedcb0c0ba55ca9c82fb4660eb3ac4f83d53ab7e9", kill_on_drop: false }`
[INFO] [stderr]    Compiling httparse v1.5.1
[INFO] [stderr]    Compiling atty v0.2.14
[INFO] [stderr]    Compiling aho-corasick v0.7.18
[INFO] [stderr]    Compiling regex-syntax v0.6.25
[INFO] [stderr]    Compiling assert-json-diff v2.0.1
[INFO] [stderr]    Compiling difference v2.0.0
[INFO] [stderr]    Compiling colored v2.0.0
[INFO] [stderr]    Compiling regex v1.5.4
[INFO] [stderr]    Compiling mockito v0.30.0
[INFO] [stderr]    Compiling surf-middleware-cache v0.2.3 (/opt/rustwide/workdir)
[INFO] [stderr]     Finished test [unoptimized + debuginfo] target(s) in 7.26s
[INFO] running `Command { std: "docker" "inspect" "0be6a75b61aac18d9724855eedcb0c0ba55ca9c82fb4660eb3ac4f83d53ab7e9", kill_on_drop: false }`
[INFO] running `Command { std: "docker" "rm" "-f" "0be6a75b61aac18d9724855eedcb0c0ba55ca9c82fb4660eb3ac4f83d53ab7e9", kill_on_drop: false }`
[INFO] [stdout] 0be6a75b61aac18d9724855eedcb0c0ba55ca9c82fb4660eb3ac4f83d53ab7e9
[INFO] running `Command { std: "docker" "create" "-v" "/var/lib/crater-agent-workspace/builds/worker-6-tc2/target:/opt/rustwide/target:rw,Z" "-v" "/var/lib/crater-agent-workspace/builds/worker-6-tc2/source:/opt/rustwide/workdir:ro,Z" "-v" "/var/lib/crater-agent-workspace/cargo-home:/opt/rustwide/cargo-home:ro,Z" "-v" "/var/lib/crater-agent-workspace/rustup-home:/opt/rustwide/rustup-home:ro,Z" "-e" "SOURCE_DIR=/opt/rustwide/workdir" "-e" "CARGO_TARGET_DIR=/opt/rustwide/target" "-e" "CARGO_INCREMENTAL=0" "-e" "RUST_BACKTRACE=full" "-e" "RUSTFLAGS=--cap-lints=warn" "-e" "RUSTDOCFLAGS=--cap-lints=warn" "-e" "CARGO_HOME=/opt/rustwide/cargo-home" "-e" "RUSTUP_HOME=/opt/rustwide/rustup-home" "-w" "/opt/rustwide/workdir" "-m" "1610612736" "--user" "0:0" "--network" "none" "ghcr.io/rust-lang/crates-build-env/linux@sha256:2788e3201cd34a07e3172128adcd8b3090168a8e3bcc40d7c032b9dda1df7d1c" "/opt/rustwide/cargo-home/bin/cargo" "+beta-2023-12-22" "test" "--frozen", kill_on_drop: false }`
[INFO] [stdout] f3a9f872ae03cb3beb3b386ab47b781d6ba745608234ad6e453b92908c32a2b6
[INFO] running `Command { std: "docker" "start" "-a" "f3a9f872ae03cb3beb3b386ab47b781d6ba745608234ad6e453b92908c32a2b6", kill_on_drop: false }`
[INFO] [stderr]     Finished test [unoptimized + debuginfo] target(s) in 0.11s
[INFO] [stderr]      Running unittests src/lib.rs (/opt/rustwide/target/debug/deps/surf_middleware_cache-b1ee88828d5f9d60)
[INFO] [stdout] 
[INFO] [stdout] running 3 tests
[INFO] [stdout] test tests::can_check_revalidate ... ok
[INFO] [stdout] test tests::can_get_warning_code ... ok
[INFO] [stdout] test managers::cacache::tests::can_cache_response ... FAILED
[INFO] [stdout] 
[INFO] [stdout] failures:
[INFO] [stdout] 
[INFO] [stdout] ---- managers::cacache::tests::can_cache_response stdout ----
[INFO] [stdout] Error: Read-only file system (os error 30)
[INFO] [stdout] 
[INFO] [stdout]   
[INFO] [stdout] 
[INFO] [stdout] Caused by:
[INFO] [stdout]     Read-only file system (os error 30)
[INFO] [stdout] 
[INFO] [stdout] 
[INFO] [stdout] failures:
[INFO] [stdout]     managers::cacache::tests::can_cache_response
[INFO] [stdout] 
[INFO] [stdout] test result: FAILED. 2 passed; 1 failed; 0 ignored; 0 measured; 0 filtered out; finished in 0.00s
[INFO] [stdout] 
[INFO] [stderr] error: test failed, to rerun pass `--lib`
[INFO] running `Command { std: "docker" "inspect" "f3a9f872ae03cb3beb3b386ab47b781d6ba745608234ad6e453b92908c32a2b6", kill_on_drop: false }`
[INFO] running `Command { std: "docker" "rm" "-f" "f3a9f872ae03cb3beb3b386ab47b781d6ba745608234ad6e453b92908c32a2b6", kill_on_drop: false }`
[INFO] [stdout] f3a9f872ae03cb3beb3b386ab47b781d6ba745608234ad6e453b92908c32a2b6
