[INFO] fetching crate surd 0.1.0...
[INFO] testing surd-0.1.0 against 1.75.0 for beta-1.76-1
[INFO] extracting crate surd 0.1.0 into /workspace/builds/worker-2-tc1/source
[INFO] validating manifest of crates.io crate surd 0.1.0 on toolchain 1.75.0
[INFO] running `Command { std: CARGO_HOME="/workspace/cargo-home" RUSTUP_HOME="/workspace/rustup-home" "/workspace/cargo-home/bin/cargo" "+1.75.0" "metadata" "--manifest-path" "Cargo.toml" "--no-deps", kill_on_drop: false }`
[INFO] started tweaking crates.io crate surd 0.1.0
[INFO] finished tweaking crates.io crate surd 0.1.0
[INFO] tweaked toml for crates.io crate surd 0.1.0 written to /workspace/builds/worker-2-tc1/source/Cargo.toml
[INFO] running `Command { std: CARGO_HOME="/workspace/cargo-home" RUSTUP_HOME="/workspace/rustup-home" "/workspace/cargo-home/bin/cargo" "+1.75.0" "generate-lockfile" "--manifest-path" "Cargo.toml", kill_on_drop: false }`
[INFO] running `Command { std: CARGO_HOME="/workspace/cargo-home" RUSTUP_HOME="/workspace/rustup-home" "/workspace/cargo-home/bin/cargo" "+1.75.0" "fetch" "--manifest-path" "Cargo.toml", kill_on_drop: false }`
[INFO] running `Command { std: "docker" "create" "-v" "/var/lib/crater-agent-workspace/builds/worker-2-tc1/target:/opt/rustwide/target:rw,Z" "-v" "/var/lib/crater-agent-workspace/builds/worker-2-tc1/source:/opt/rustwide/workdir:ro,Z" "-v" "/var/lib/crater-agent-workspace/cargo-home:/opt/rustwide/cargo-home:ro,Z" "-v" "/var/lib/crater-agent-workspace/rustup-home:/opt/rustwide/rustup-home:ro,Z" "-e" "SOURCE_DIR=/opt/rustwide/workdir" "-e" "CARGO_TARGET_DIR=/opt/rustwide/target" "-e" "CARGO_HOME=/opt/rustwide/cargo-home" "-e" "RUSTUP_HOME=/opt/rustwide/rustup-home" "-w" "/opt/rustwide/workdir" "-m" "1610612736" "--user" "0:0" "--network" "none" "ghcr.io/rust-lang/crates-build-env/linux@sha256:2788e3201cd34a07e3172128adcd8b3090168a8e3bcc40d7c032b9dda1df7d1c" "/opt/rustwide/cargo-home/bin/cargo" "+1.75.0" "metadata" "--no-deps" "--format-version=1", kill_on_drop: false }`
[INFO] [stdout] df573ae44fe901c622573fde54110f455f8ba977f8b84c7c4b11536304c36039
[INFO] running `Command { std: "docker" "start" "-a" "df573ae44fe901c622573fde54110f455f8ba977f8b84c7c4b11536304c36039", kill_on_drop: false }`
[INFO] running `Command { std: "docker" "inspect" "df573ae44fe901c622573fde54110f455f8ba977f8b84c7c4b11536304c36039", kill_on_drop: false }`
[INFO] running `Command { std: "docker" "rm" "-f" "df573ae44fe901c622573fde54110f455f8ba977f8b84c7c4b11536304c36039", kill_on_drop: false }`
[INFO] [stdout] df573ae44fe901c622573fde54110f455f8ba977f8b84c7c4b11536304c36039
[INFO] running `Command { std: "docker" "create" "-v" "/var/lib/crater-agent-workspace/builds/worker-2-tc1/target:/opt/rustwide/target:rw,Z" "-v" "/var/lib/crater-agent-workspace/builds/worker-2-tc1/source:/opt/rustwide/workdir:ro,Z" "-v" "/var/lib/crater-agent-workspace/cargo-home:/opt/rustwide/cargo-home:ro,Z" "-v" "/var/lib/crater-agent-workspace/rustup-home:/opt/rustwide/rustup-home:ro,Z" "-e" "SOURCE_DIR=/opt/rustwide/workdir" "-e" "CARGO_TARGET_DIR=/opt/rustwide/target" "-e" "CARGO_INCREMENTAL=0" "-e" "RUST_BACKTRACE=full" "-e" "RUSTFLAGS=--cap-lints=warn" "-e" "RUSTDOCFLAGS=--cap-lints=warn" "-e" "CARGO_HOME=/opt/rustwide/cargo-home" "-e" "RUSTUP_HOME=/opt/rustwide/rustup-home" "-w" "/opt/rustwide/workdir" "-m" "1610612736" "--user" "0:0" "--network" "none" "ghcr.io/rust-lang/crates-build-env/linux@sha256:2788e3201cd34a07e3172128adcd8b3090168a8e3bcc40d7c032b9dda1df7d1c" "/opt/rustwide/cargo-home/bin/cargo" "+1.75.0" "build" "--frozen" "--message-format=json", kill_on_drop: false }`
[INFO] [stdout] 3bc891b795a09ed19692886caa9781023d9aade760262649f8c87e9991d7f43e
[INFO] running `Command { std: "docker" "start" "-a" "3bc891b795a09ed19692886caa9781023d9aade760262649f8c87e9991d7f43e", kill_on_drop: false }`
[INFO] [stderr]    Compiling surd v0.1.0 (/opt/rustwide/workdir)
[INFO] [stderr]     Finished dev [unoptimized + debuginfo] target(s) in 0.36s
[INFO] running `Command { std: "docker" "inspect" "3bc891b795a09ed19692886caa9781023d9aade760262649f8c87e9991d7f43e", kill_on_drop: false }`
[INFO] running `Command { std: "docker" "rm" "-f" "3bc891b795a09ed19692886caa9781023d9aade760262649f8c87e9991d7f43e", kill_on_drop: false }`
[INFO] [stdout] 3bc891b795a09ed19692886caa9781023d9aade760262649f8c87e9991d7f43e
[INFO] running `Command { std: "docker" "create" "-v" "/var/lib/crater-agent-workspace/builds/worker-2-tc1/target:/opt/rustwide/target:rw,Z" "-v" "/var/lib/crater-agent-workspace/builds/worker-2-tc1/source:/opt/rustwide/workdir:ro,Z" "-v" "/var/lib/crater-agent-workspace/cargo-home:/opt/rustwide/cargo-home:ro,Z" "-v" "/var/lib/crater-agent-workspace/rustup-home:/opt/rustwide/rustup-home:ro,Z" "-e" "SOURCE_DIR=/opt/rustwide/workdir" "-e" "CARGO_TARGET_DIR=/opt/rustwide/target" "-e" "CARGO_INCREMENTAL=0" "-e" "RUST_BACKTRACE=full" "-e" "RUSTFLAGS=--cap-lints=warn" "-e" "RUSTDOCFLAGS=--cap-lints=warn" "-e" "CARGO_HOME=/opt/rustwide/cargo-home" "-e" "RUSTUP_HOME=/opt/rustwide/rustup-home" "-w" "/opt/rustwide/workdir" "-m" "1610612736" "--user" "0:0" "--network" "none" "ghcr.io/rust-lang/crates-build-env/linux@sha256:2788e3201cd34a07e3172128adcd8b3090168a8e3bcc40d7c032b9dda1df7d1c" "/opt/rustwide/cargo-home/bin/cargo" "+1.75.0" "test" "--frozen" "--no-run" "--message-format=json", kill_on_drop: false }`
[INFO] [stdout] 827805e1797c45acd1b4e6d484eca22ae6f31282b8b3457fc3911d04e7592687
[INFO] running `Command { std: "docker" "start" "-a" "827805e1797c45acd1b4e6d484eca22ae6f31282b8b3457fc3911d04e7592687", kill_on_drop: false }`
[INFO] [stderr]    Compiling surd v0.1.0 (/opt/rustwide/workdir)
[INFO] [stderr]     Finished test [unoptimized + debuginfo] target(s) in 0.40s
[INFO] running `Command { std: "docker" "inspect" "827805e1797c45acd1b4e6d484eca22ae6f31282b8b3457fc3911d04e7592687", kill_on_drop: false }`
[INFO] running `Command { std: "docker" "rm" "-f" "827805e1797c45acd1b4e6d484eca22ae6f31282b8b3457fc3911d04e7592687", kill_on_drop: false }`
[INFO] [stdout] 827805e1797c45acd1b4e6d484eca22ae6f31282b8b3457fc3911d04e7592687
[INFO] running `Command { std: "docker" "create" "-v" "/var/lib/crater-agent-workspace/builds/worker-2-tc1/target:/opt/rustwide/target:rw,Z" "-v" "/var/lib/crater-agent-workspace/builds/worker-2-tc1/source:/opt/rustwide/workdir:ro,Z" "-v" "/var/lib/crater-agent-workspace/cargo-home:/opt/rustwide/cargo-home:ro,Z" "-v" "/var/lib/crater-agent-workspace/rustup-home:/opt/rustwide/rustup-home:ro,Z" "-e" "SOURCE_DIR=/opt/rustwide/workdir" "-e" "CARGO_TARGET_DIR=/opt/rustwide/target" "-e" "CARGO_INCREMENTAL=0" "-e" "RUST_BACKTRACE=full" "-e" "RUSTFLAGS=--cap-lints=warn" "-e" "RUSTDOCFLAGS=--cap-lints=warn" "-e" "CARGO_HOME=/opt/rustwide/cargo-home" "-e" "RUSTUP_HOME=/opt/rustwide/rustup-home" "-w" "/opt/rustwide/workdir" "-m" "1610612736" "--user" "0:0" "--network" "none" "ghcr.io/rust-lang/crates-build-env/linux@sha256:2788e3201cd34a07e3172128adcd8b3090168a8e3bcc40d7c032b9dda1df7d1c" "/opt/rustwide/cargo-home/bin/cargo" "+1.75.0" "test" "--frozen", kill_on_drop: false }`
[INFO] [stdout] a1d682e0d97b7cdb6b6e4108e0ddfb1520a558ae37ed649396a75d2735449bc6
[INFO] running `Command { std: "docker" "start" "-a" "a1d682e0d97b7cdb6b6e4108e0ddfb1520a558ae37ed649396a75d2735449bc6", kill_on_drop: false }`
[INFO] [stderr]     Finished test [unoptimized + debuginfo] target(s) in 0.00s
[INFO] [stderr]      Running unittests src/lib.rs (/opt/rustwide/target/debug/deps/surd-c83f6476da8d714a)
[INFO] [stderr]    Doc-tests surd
[INFO] [stdout] 
[INFO] [stdout] running 0 tests
[INFO] [stdout] 
[INFO] [stdout] test result: ok. 0 passed; 0 failed; 0 ignored; 0 measured; 0 filtered out; finished in 0.00s
[INFO] [stdout] 
[INFO] [stdout] 
[INFO] [stdout] running 10 tests
[INFO] [stdout] test src/types.rs - types::SubCommand::add_flag (line 86) ... FAILED
[INFO] [stdout] test src/surd.rs - surd::Surd::start (line 123) ... FAILED
[INFO] [stdout] test src/surd.rs - surd::Surd::set_handler (line 58) ... FAILED
[INFO] [stdout] test src/surd.rs - surd::Surd::add_command (line 108) ... FAILED
[INFO] [stdout] test src/surd.rs - surd::Surd::add_flag (line 88) ... FAILED
[INFO] [stdout] test src/types.rs - types::SubCommand::add_alias (line 69) ... FAILED
[INFO] [stdout] test src/types.rs - types::SubCommand::add_usage (line 54) ... FAILED
[INFO] [stdout] test src/types.rs - types::SubCommand::set_handler (line 106) ... FAILED
[INFO] [stdout] test src/surd.rs - surd::Surd::new (line 29) ... ok
[INFO] [stderr] error: doctest failed, to rerun pass `--doc`
[INFO] [stdout] test src/types.rs - types::SubCommand::new (line 32) ... ok
[INFO] [stdout] 
[INFO] [stdout] failures:
[INFO] [stdout] 
[INFO] [stdout] ---- src/types.rs - types::SubCommand::add_flag (line 86) stdout ----
[INFO] [stdout] error[E0425]: cannot find value `test_command` in this scope
[INFO] [stdout]  --> src/types.rs:87:1
[INFO] [stdout]   |
[INFO] [stdout] 3 | test_command.add_flag("minimize", "minimize the output", vec![String::from("m")]);
[INFO] [stdout]   | ^^^^^^^^^^^^ not found in this scope
[INFO] [stdout] 
[INFO] [stdout] error: aborting due to previous error
[INFO] [stdout] 
[INFO] [stdout] For more information about this error, try `rustc --explain E0425`.
[INFO] [stdout] Couldn't compile the test.
[INFO] [stdout] ---- src/surd.rs - surd::Surd::start (line 123) stdout ----
[INFO] [stdout] error[E0425]: cannot find value `app` in this scope
[INFO] [stdout]  --> src/surd.rs:124:1
[INFO] [stdout]   |
[INFO] [stdout] 3 | app.start();
[INFO] [stdout]   | ^^^ not found in this scope
[INFO] [stdout] 
[INFO] [stdout] error: aborting due to previous error
[INFO] [stdout] 
[INFO] [stdout] For more information about this error, try `rustc --explain E0425`.
[INFO] [stdout] Couldn't compile the test.
[INFO] [stdout] ---- src/surd.rs - surd::Surd::set_handler (line 58) stdout ----
[INFO] [stdout] error[E0425]: cannot find value `app` in this scope
[INFO] [stdout]  --> src/surd.rs:60:1
[INFO] [stdout]   |
[INFO] [stdout] 5 | app.set_handler(run_main);
[INFO] [stdout]   | ^^^ not found in this scope
[INFO] [stdout] 
[INFO] [stdout] error: aborting due to previous error
[INFO] [stdout] 
[INFO] [stdout] For more information about this error, try `rustc --explain E0425`.
[INFO] [stdout] Couldn't compile the test.
[INFO] [stdout] ---- src/surd.rs - surd::Surd::add_command (line 108) stdout ----
[INFO] [stdout] error[E0425]: cannot find value `app` in this scope
[INFO] [stdout]  --> src/surd.rs:114:1
[INFO] [stdout]   |
[INFO] [stdout] 9 | app.add_flag("minimize", "minimize the output", vec![String::from("m")]);
[INFO] [stdout]   | ^^^ not found in this scope
[INFO] [stdout] 
[INFO] [stdout] error: aborting due to previous error
[INFO] [stdout] 
[INFO] [stdout] For more information about this error, try `rustc --explain E0425`.
[INFO] [stdout] Couldn't compile the test.
[INFO] [stdout] ---- src/surd.rs - surd::Surd::add_flag (line 88) stdout ----
[INFO] [stdout] error[E0425]: cannot find value `app` in this scope
[INFO] [stdout]  --> src/surd.rs:89:1
[INFO] [stdout]   |
[INFO] [stdout] 3 | app.add_flag("minimize", "minimize the output", vec![String::from("m")]);
[INFO] [stdout]   | ^^^ not found in this scope
[INFO] [stdout] 
[INFO] [stdout] error: aborting due to previous error
[INFO] [stdout] 
[INFO] [stdout] For more information about this error, try `rustc --explain E0425`.
[INFO] [stdout] Couldn't compile the test.
[INFO] [stdout] ---- src/types.rs - types::SubCommand::add_alias (line 69) stdout ----
[INFO] [stdout] error[E0425]: cannot find value `test_command` in this scope
[INFO] [stdout]  --> src/types.rs:70:1
[INFO] [stdout]   |
[INFO] [stdout] 3 | test_command.add_alias(String::from("t"));
[INFO] [stdout]   | ^^^^^^^^^^^^ not found in this scope
[INFO] [stdout] 
[INFO] [stdout] error: aborting due to previous error
[INFO] [stdout] 
[INFO] [stdout] For more information about this error, try `rustc --explain E0425`.
[INFO] [stdout] Couldn't compile the test.
[INFO] [stdout] ---- src/types.rs - types::SubCommand::add_usage (line 54) stdout ----
[INFO] [stdout] error[E0425]: cannot find value `test_command` in this scope
[INFO] [stdout]  --> src/types.rs:55:1
[INFO] [stdout]   |
[INFO] [stdout] 3 | test_command.add_usage("app test [-m=value]");
[INFO] [stdout]   | ^^^^^^^^^^^^ not found in this scope
[INFO] [stdout] 
[INFO] [stdout] error: aborting due to previous error
[INFO] [stdout] 
[INFO] [stdout] For more information about this error, try `rustc --explain E0425`.
[INFO] [stdout] Couldn't compile the test.
[INFO] [stdout] ---- src/types.rs - types::SubCommand::set_handler (line 106) stdout ----
[INFO] [stdout] error[E0425]: cannot find value `test_command` in this scope
[INFO] [stdout]  --> src/types.rs:108:1
[INFO] [stdout]   |
[INFO] [stdout] 5 | test_command.set_handler(run_test_c);
[INFO] [stdout]   | ^^^^^^^^^^^^ not found in this scope
[INFO] [stdout] 
[INFO] [stdout] error: aborting due to previous error
[INFO] [stdout] 
[INFO] [stdout] For more information about this error, try `rustc --explain E0425`.
[INFO] [stdout] Couldn't compile the test.
[INFO] [stdout] 
[INFO] [stdout] failures:
[INFO] [stdout]     src/surd.rs - surd::Surd::add_command (line 108)
[INFO] [stdout]     src/surd.rs - surd::Surd::add_flag (line 88)
[INFO] [stdout]     src/surd.rs - surd::Surd::set_handler (line 58)
[INFO] [stdout]     src/surd.rs - surd::Surd::start (line 123)
[INFO] [stdout]     src/types.rs - types::SubCommand::add_alias (line 69)
[INFO] [stdout]     src/types.rs - types::SubCommand::add_flag (line 86)
[INFO] [stdout]     src/types.rs - types::SubCommand::add_usage (line 54)
[INFO] [stdout]     src/types.rs - types::SubCommand::set_handler (line 106)
[INFO] [stdout] 
[INFO] [stdout] test result: FAILED. 2 passed; 8 failed; 0 ignored; 0 measured; 0 filtered out; finished in 0.60s
[INFO] [stdout] 
[INFO] running `Command { std: "docker" "inspect" "a1d682e0d97b7cdb6b6e4108e0ddfb1520a558ae37ed649396a75d2735449bc6", kill_on_drop: false }`
[INFO] running `Command { std: "docker" "rm" "-f" "a1d682e0d97b7cdb6b6e4108e0ddfb1520a558ae37ed649396a75d2735449bc6", kill_on_drop: false }`
[INFO] [stdout] a1d682e0d97b7cdb6b6e4108e0ddfb1520a558ae37ed649396a75d2735449bc6
[INFO] testing surd-0.1.0 against beta-2023-12-22 for beta-1.76-1
[INFO] extracting crate surd 0.1.0 into /workspace/builds/worker-2-tc2/source
[INFO] validating manifest of crates.io crate surd 0.1.0 on toolchain beta-2023-12-22
[INFO] running `Command { std: CARGO_HOME="/workspace/cargo-home" RUSTUP_HOME="/workspace/rustup-home" "/workspace/cargo-home/bin/cargo" "+beta-2023-12-22" "metadata" "--manifest-path" "Cargo.toml" "--no-deps", kill_on_drop: false }`
[INFO] started tweaking crates.io crate surd 0.1.0
[INFO] finished tweaking crates.io crate surd 0.1.0
[INFO] tweaked toml for crates.io crate surd 0.1.0 written to /workspace/builds/worker-2-tc2/source/Cargo.toml
[INFO] running `Command { std: CARGO_HOME="/workspace/cargo-home" RUSTUP_HOME="/workspace/rustup-home" "/workspace/cargo-home/bin/cargo" "+beta-2023-12-22" "generate-lockfile" "--manifest-path" "Cargo.toml", kill_on_drop: false }`
[INFO] running `Command { std: CARGO_HOME="/workspace/cargo-home" RUSTUP_HOME="/workspace/rustup-home" "/workspace/cargo-home/bin/cargo" "+beta-2023-12-22" "fetch" "--manifest-path" "Cargo.toml", kill_on_drop: false }`
[INFO] running `Command { std: "docker" "create" "-v" "/var/lib/crater-agent-workspace/builds/worker-2-tc2/target:/opt/rustwide/target:rw,Z" "-v" "/var/lib/crater-agent-workspace/builds/worker-2-tc2/source:/opt/rustwide/workdir:ro,Z" "-v" "/var/lib/crater-agent-workspace/cargo-home:/opt/rustwide/cargo-home:ro,Z" "-v" "/var/lib/crater-agent-workspace/rustup-home:/opt/rustwide/rustup-home:ro,Z" "-e" "SOURCE_DIR=/opt/rustwide/workdir" "-e" "CARGO_TARGET_DIR=/opt/rustwide/target" "-e" "CARGO_HOME=/opt/rustwide/cargo-home" "-e" "RUSTUP_HOME=/opt/rustwide/rustup-home" "-w" "/opt/rustwide/workdir" "-m" "1610612736" "--user" "0:0" "--network" "none" "ghcr.io/rust-lang/crates-build-env/linux@sha256:2788e3201cd34a07e3172128adcd8b3090168a8e3bcc40d7c032b9dda1df7d1c" "/opt/rustwide/cargo-home/bin/cargo" "+beta-2023-12-22" "metadata" "--no-deps" "--format-version=1", kill_on_drop: false }`
[INFO] [stdout] 93d9259befa737679258fe2b0e1d3e5bf357372a60d634efe343076bb8464324
[INFO] running `Command { std: "docker" "start" "-a" "93d9259befa737679258fe2b0e1d3e5bf357372a60d634efe343076bb8464324", kill_on_drop: false }`
[INFO] running `Command { std: "docker" "inspect" "93d9259befa737679258fe2b0e1d3e5bf357372a60d634efe343076bb8464324", kill_on_drop: false }`
[INFO] running `Command { std: "docker" "rm" "-f" "93d9259befa737679258fe2b0e1d3e5bf357372a60d634efe343076bb8464324", kill_on_drop: false }`
[INFO] [stdout] 93d9259befa737679258fe2b0e1d3e5bf357372a60d634efe343076bb8464324
[INFO] running `Command { std: "docker" "create" "-v" "/var/lib/crater-agent-workspace/builds/worker-2-tc2/target:/opt/rustwide/target:rw,Z" "-v" "/var/lib/crater-agent-workspace/builds/worker-2-tc2/source:/opt/rustwide/workdir:ro,Z" "-v" "/var/lib/crater-agent-workspace/cargo-home:/opt/rustwide/cargo-home:ro,Z" "-v" "/var/lib/crater-agent-workspace/rustup-home:/opt/rustwide/rustup-home:ro,Z" "-e" "SOURCE_DIR=/opt/rustwide/workdir" "-e" "CARGO_TARGET_DIR=/opt/rustwide/target" "-e" "CARGO_INCREMENTAL=0" "-e" "RUST_BACKTRACE=full" "-e" "RUSTFLAGS=--cap-lints=warn" "-e" "RUSTDOCFLAGS=--cap-lints=warn" "-e" "CARGO_HOME=/opt/rustwide/cargo-home" "-e" "RUSTUP_HOME=/opt/rustwide/rustup-home" "-w" "/opt/rustwide/workdir" "-m" "1610612736" "--user" "0:0" "--network" "none" "ghcr.io/rust-lang/crates-build-env/linux@sha256:2788e3201cd34a07e3172128adcd8b3090168a8e3bcc40d7c032b9dda1df7d1c" "/opt/rustwide/cargo-home/bin/cargo" "+beta-2023-12-22" "build" "--frozen" "--message-format=json", kill_on_drop: false }`
[INFO] [stdout] ebc902c3a9c2af01789023a6da486c0bf66eaa2dc7eef692430c27f65a184ff7
[INFO] running `Command { std: "docker" "start" "-a" "ebc902c3a9c2af01789023a6da486c0bf66eaa2dc7eef692430c27f65a184ff7", kill_on_drop: false }`
[INFO] [stderr]    Compiling surd v0.1.0 (/opt/rustwide/workdir)
[INFO] [stderr]     Finished dev [unoptimized + debuginfo] target(s) in 0.32s
[INFO] running `Command { std: "docker" "inspect" "ebc902c3a9c2af01789023a6da486c0bf66eaa2dc7eef692430c27f65a184ff7", kill_on_drop: false }`
[INFO] running `Command { std: "docker" "rm" "-f" "ebc902c3a9c2af01789023a6da486c0bf66eaa2dc7eef692430c27f65a184ff7", kill_on_drop: false }`
[INFO] [stdout] ebc902c3a9c2af01789023a6da486c0bf66eaa2dc7eef692430c27f65a184ff7
[INFO] running `Command { std: "docker" "create" "-v" "/var/lib/crater-agent-workspace/builds/worker-2-tc2/target:/opt/rustwide/target:rw,Z" "-v" "/var/lib/crater-agent-workspace/builds/worker-2-tc2/source:/opt/rustwide/workdir:ro,Z" "-v" "/var/lib/crater-agent-workspace/cargo-home:/opt/rustwide/cargo-home:ro,Z" "-v" "/var/lib/crater-agent-workspace/rustup-home:/opt/rustwide/rustup-home:ro,Z" "-e" "SOURCE_DIR=/opt/rustwide/workdir" "-e" "CARGO_TARGET_DIR=/opt/rustwide/target" "-e" "CARGO_INCREMENTAL=0" "-e" "RUST_BACKTRACE=full" "-e" "RUSTFLAGS=--cap-lints=warn" "-e" "RUSTDOCFLAGS=--cap-lints=warn" "-e" "CARGO_HOME=/opt/rustwide/cargo-home" "-e" "RUSTUP_HOME=/opt/rustwide/rustup-home" "-w" "/opt/rustwide/workdir" "-m" "1610612736" "--user" "0:0" "--network" "none" "ghcr.io/rust-lang/crates-build-env/linux@sha256:2788e3201cd34a07e3172128adcd8b3090168a8e3bcc40d7c032b9dda1df7d1c" "/opt/rustwide/cargo-home/bin/cargo" "+beta-2023-12-22" "test" "--frozen" "--no-run" "--message-format=json", kill_on_drop: false }`
[INFO] [stdout] e023dd5b0b14eb0f243944c60ee533ffc218b9fc0b5ce2223611814f57f78e41
[INFO] running `Command { std: "docker" "start" "-a" "e023dd5b0b14eb0f243944c60ee533ffc218b9fc0b5ce2223611814f57f78e41", kill_on_drop: false }`
[INFO] [stderr]    Compiling surd v0.1.0 (/opt/rustwide/workdir)
[INFO] [stderr]     Finished test [unoptimized + debuginfo] target(s) in 0.43s
[INFO] running `Command { std: "docker" "inspect" "e023dd5b0b14eb0f243944c60ee533ffc218b9fc0b5ce2223611814f57f78e41", kill_on_drop: false }`
[INFO] running `Command { std: "docker" "rm" "-f" "e023dd5b0b14eb0f243944c60ee533ffc218b9fc0b5ce2223611814f57f78e41", kill_on_drop: false }`
[INFO] [stdout] e023dd5b0b14eb0f243944c60ee533ffc218b9fc0b5ce2223611814f57f78e41
[INFO] running `Command { std: "docker" "create" "-v" "/var/lib/crater-agent-workspace/builds/worker-2-tc2/target:/opt/rustwide/target:rw,Z" "-v" "/var/lib/crater-agent-workspace/builds/worker-2-tc2/source:/opt/rustwide/workdir:ro,Z" "-v" "/var/lib/crater-agent-workspace/cargo-home:/opt/rustwide/cargo-home:ro,Z" "-v" "/var/lib/crater-agent-workspace/rustup-home:/opt/rustwide/rustup-home:ro,Z" "-e" "SOURCE_DIR=/opt/rustwide/workdir" "-e" "CARGO_TARGET_DIR=/opt/rustwide/target" "-e" "CARGO_INCREMENTAL=0" "-e" "RUST_BACKTRACE=full" "-e" "RUSTFLAGS=--cap-lints=warn" "-e" "RUSTDOCFLAGS=--cap-lints=warn" "-e" "CARGO_HOME=/opt/rustwide/cargo-home" "-e" "RUSTUP_HOME=/opt/rustwide/rustup-home" "-w" "/opt/rustwide/workdir" "-m" "1610612736" "--user" "0:0" "--network" "none" "ghcr.io/rust-lang/crates-build-env/linux@sha256:2788e3201cd34a07e3172128adcd8b3090168a8e3bcc40d7c032b9dda1df7d1c" "/opt/rustwide/cargo-home/bin/cargo" "+beta-2023-12-22" "test" "--frozen", kill_on_drop: false }`
[INFO] [stdout] 51971a3806c68a63a37ec8f821ecfe8f2a17c7b1d8c48c8c640d3ede6b41db8e
[INFO] running `Command { std: "docker" "start" "-a" "51971a3806c68a63a37ec8f821ecfe8f2a17c7b1d8c48c8c640d3ede6b41db8e", kill_on_drop: false }`
[INFO] [stderr]     Finished test [unoptimized + debuginfo] target(s) in 0.01s
[INFO] [stderr]      Running unittests src/lib.rs (/opt/rustwide/target/debug/deps/surd-ba36a68d4debb04d)
[INFO] [stderr]    Doc-tests surd
[INFO] [stdout] 
[INFO] [stdout] running 0 tests
[INFO] [stdout] 
[INFO] [stdout] test result: ok. 0 passed; 0 failed; 0 ignored; 0 measured; 0 filtered out; finished in 0.00s
[INFO] [stdout] 
[INFO] [stdout] 
[INFO] [stdout] running 10 tests
[INFO] [stdout] test src/surd.rs - surd::Surd::add_command (line 108) ... FAILED
[INFO] [stdout] test src/types.rs - types::SubCommand::add_usage (line 54) ... FAILED
[INFO] [stdout] test src/surd.rs - surd::Surd::start (line 123) ... FAILED
[INFO] [stdout] test src/surd.rs - surd::Surd::set_handler (line 58) ... FAILED
[INFO] [stdout] test src/surd.rs - surd::Surd::add_flag (line 88) ... FAILED
[INFO] [stdout] test src/types.rs - types::SubCommand::add_flag (line 86) ... FAILED
[INFO] [stdout] test src/types.rs - types::SubCommand::add_alias (line 69) ... FAILED
[INFO] [stdout] test src/types.rs - types::SubCommand::set_handler (line 106) ... FAILED
[INFO] [stdout] test src/surd.rs - surd::Surd::new (line 29) ... ok
[INFO] [stdout] test src/types.rs - types::SubCommand::new (line 32) ... ok
[INFO] [stderr] error: doctest failed, to rerun pass `--doc`
[INFO] [stdout] 
[INFO] [stdout] failures:
[INFO] [stdout] 
[INFO] [stdout] ---- src/surd.rs - surd::Surd::add_command (line 108) stdout ----
[INFO] [stdout] error[E0425]: cannot find value `app` in this scope
[INFO] [stdout]  --> src/surd.rs:114:1
[INFO] [stdout]   |
[INFO] [stdout] 9 | app.add_flag("minimize", "minimize the output", vec![String::from("m")]);
[INFO] [stdout]   | ^^^ not found in this scope
[INFO] [stdout] 
[INFO] [stdout] error: aborting due to 1 previous error
[INFO] [stdout] 
[INFO] [stdout] For more information about this error, try `rustc --explain E0425`.
[INFO] [stdout] Couldn't compile the test.
[INFO] [stdout] ---- src/types.rs - types::SubCommand::add_usage (line 54) stdout ----
[INFO] [stdout] error[E0425]: cannot find value `test_command` in this scope
[INFO] [stdout]  --> src/types.rs:55:1
[INFO] [stdout]   |
[INFO] [stdout] 3 | test_command.add_usage("app test [-m=value]");
[INFO] [stdout]   | ^^^^^^^^^^^^ not found in this scope
[INFO] [stdout] 
[INFO] [stdout] error: aborting due to 1 previous error
[INFO] [stdout] 
[INFO] [stdout] For more information about this error, try `rustc --explain E0425`.
[INFO] [stdout] Couldn't compile the test.
[INFO] [stdout] ---- src/surd.rs - surd::Surd::start (line 123) stdout ----
[INFO] [stdout] error[E0425]: cannot find value `app` in this scope
[INFO] [stdout]  --> src/surd.rs:124:1
[INFO] [stdout]   |
[INFO] [stdout] 3 | app.start();
[INFO] [stdout]   | ^^^ not found in this scope
[INFO] [stdout] 
[INFO] [stdout] error: aborting due to 1 previous error
[INFO] [stdout] 
[INFO] [stdout] For more information about this error, try `rustc --explain E0425`.
[INFO] [stdout] Couldn't compile the test.
[INFO] [stdout] ---- src/surd.rs - surd::Surd::set_handler (line 58) stdout ----
[INFO] [stdout] error[E0425]: cannot find value `app` in this scope
[INFO] [stdout]  --> src/surd.rs:60:1
[INFO] [stdout]   |
[INFO] [stdout] 5 | app.set_handler(run_main);
[INFO] [stdout]   | ^^^ not found in this scope
[INFO] [stdout] 
[INFO] [stdout] error: aborting due to 1 previous error
[INFO] [stdout] 
[INFO] [stdout] For more information about this error, try `rustc --explain E0425`.
[INFO] [stdout] Couldn't compile the test.
[INFO] [stdout] ---- src/surd.rs - surd::Surd::add_flag (line 88) stdout ----
[INFO] [stdout] error[E0425]: cannot find value `app` in this scope
[INFO] [stdout]  --> src/surd.rs:89:1
[INFO] [stdout]   |
[INFO] [stdout] 3 | app.add_flag("minimize", "minimize the output", vec![String::from("m")]);
[INFO] [stdout]   | ^^^ not found in this scope
[INFO] [stdout] 
[INFO] [stdout] error: aborting due to 1 previous error
[INFO] [stdout] 
[INFO] [stdout] For more information about this error, try `rustc --explain E0425`.
[INFO] [stdout] Couldn't compile the test.
[INFO] [stdout] ---- src/types.rs - types::SubCommand::add_flag (line 86) stdout ----
[INFO] [stdout] error[E0425]: cannot find value `test_command` in this scope
[INFO] [stdout]  --> src/types.rs:87:1
[INFO] [stdout]   |
[INFO] [stdout] 3 | test_command.add_flag("minimize", "minimize the output", vec![String::from("m")]);
[INFO] [stdout]   | ^^^^^^^^^^^^ not found in this scope
[INFO] [stdout] 
[INFO] [stdout] error: aborting due to 1 previous error
[INFO] [stdout] 
[INFO] [stdout] For more information about this error, try `rustc --explain E0425`.
[INFO] [stdout] Couldn't compile the test.
[INFO] [stdout] ---- src/types.rs - types::SubCommand::add_alias (line 69) stdout ----
[INFO] [stdout] error[E0425]: cannot find value `test_command` in this scope
[INFO] [stdout]  --> src/types.rs:70:1
[INFO] [stdout]   |
[INFO] [stdout] 3 | test_command.add_alias(String::from("t"));
[INFO] [stdout]   | ^^^^^^^^^^^^ not found in this scope
[INFO] [stdout] 
[INFO] [stdout] error: aborting due to 1 previous error
[INFO] [stdout] 
[INFO] [stdout] For more information about this error, try `rustc --explain E0425`.
[INFO] [stdout] Couldn't compile the test.
[INFO] [stdout] ---- src/types.rs - types::SubCommand::set_handler (line 106) stdout ----
[INFO] [stdout] error[E0425]: cannot find value `test_command` in this scope
[INFO] [stdout]  --> src/types.rs:108:1
[INFO] [stdout]   |
[INFO] [stdout] 5 | test_command.set_handler(run_test_c);
[INFO] [stdout]   | ^^^^^^^^^^^^ not found in this scope
[INFO] [stdout] 
[INFO] [stdout] error: aborting due to 1 previous error
[INFO] [stdout] 
[INFO] [stdout] For more information about this error, try `rustc --explain E0425`.
[INFO] [stdout] Couldn't compile the test.
[INFO] [stdout] 
[INFO] [stdout] failures:
[INFO] [stdout]     src/surd.rs - surd::Surd::add_command (line 108)
[INFO] [stdout]     src/surd.rs - surd::Surd::add_flag (line 88)
[INFO] [stdout]     src/surd.rs - surd::Surd::set_handler (line 58)
[INFO] [stdout]     src/surd.rs - surd::Surd::start (line 123)
[INFO] [stdout]     src/types.rs - types::SubCommand::add_alias (line 69)
[INFO] [stdout]     src/types.rs - types::SubCommand::add_flag (line 86)
[INFO] [stdout]     src/types.rs - types::SubCommand::add_usage (line 54)
[INFO] [stdout]     src/types.rs - types::SubCommand::set_handler (line 106)
[INFO] [stdout] 
[INFO] [stdout] test result: FAILED. 2 passed; 8 failed; 0 ignored; 0 measured; 0 filtered out; finished in 0.60s
[INFO] [stdout] 
[INFO] running `Command { std: "docker" "inspect" "51971a3806c68a63a37ec8f821ecfe8f2a17c7b1d8c48c8c640d3ede6b41db8e", kill_on_drop: false }`
[INFO] running `Command { std: "docker" "rm" "-f" "51971a3806c68a63a37ec8f821ecfe8f2a17c7b1d8c48c8c640d3ede6b41db8e", kill_on_drop: false }`
[INFO] [stdout] 51971a3806c68a63a37ec8f821ecfe8f2a17c7b1d8c48c8c640d3ede6b41db8e
