[INFO] fetching crate super-shell 1.2.3...
[INFO] testing super-shell-1.2.3 against 1.75.0 for beta-1.76-1
[INFO] extracting crate super-shell 1.2.3 into /workspace/builds/worker-1-tc1/source
[INFO] validating manifest of crates.io crate super-shell 1.2.3 on toolchain 1.75.0
[INFO] running `Command { std: CARGO_HOME="/workspace/cargo-home" RUSTUP_HOME="/workspace/rustup-home" "/workspace/cargo-home/bin/cargo" "+1.75.0" "metadata" "--manifest-path" "Cargo.toml" "--no-deps", kill_on_drop: false }`
[INFO] started tweaking crates.io crate super-shell 1.2.3
[INFO] finished tweaking crates.io crate super-shell 1.2.3
[INFO] tweaked toml for crates.io crate super-shell 1.2.3 written to /workspace/builds/worker-1-tc1/source/Cargo.toml
[INFO] running `Command { std: CARGO_HOME="/workspace/cargo-home" RUSTUP_HOME="/workspace/rustup-home" "/workspace/cargo-home/bin/cargo" "+1.75.0" "generate-lockfile" "--manifest-path" "Cargo.toml", kill_on_drop: false }`
[INFO] [stderr]     Blocking waiting for file lock on package cache
[INFO] running `Command { std: CARGO_HOME="/workspace/cargo-home" RUSTUP_HOME="/workspace/rustup-home" "/workspace/cargo-home/bin/cargo" "+1.75.0" "fetch" "--manifest-path" "Cargo.toml", kill_on_drop: false }`
[INFO] running `Command { std: "docker" "create" "-v" "/var/lib/crater-agent-workspace/builds/worker-1-tc1/target:/opt/rustwide/target:rw,Z" "-v" "/var/lib/crater-agent-workspace/builds/worker-1-tc1/source:/opt/rustwide/workdir:ro,Z" "-v" "/var/lib/crater-agent-workspace/cargo-home:/opt/rustwide/cargo-home:ro,Z" "-v" "/var/lib/crater-agent-workspace/rustup-home:/opt/rustwide/rustup-home:ro,Z" "-e" "SOURCE_DIR=/opt/rustwide/workdir" "-e" "CARGO_TARGET_DIR=/opt/rustwide/target" "-e" "CARGO_HOME=/opt/rustwide/cargo-home" "-e" "RUSTUP_HOME=/opt/rustwide/rustup-home" "-w" "/opt/rustwide/workdir" "-m" "1610612736" "--user" "0:0" "--network" "none" "ghcr.io/rust-lang/crates-build-env/linux@sha256:2788e3201cd34a07e3172128adcd8b3090168a8e3bcc40d7c032b9dda1df7d1c" "/opt/rustwide/cargo-home/bin/cargo" "+1.75.0" "metadata" "--no-deps" "--format-version=1", kill_on_drop: false }`
[INFO] [stdout] 026ce030b4603ea8f42a63ce778215bcdf2758c2153f7bfc8198de27bda50c78
[INFO] running `Command { std: "docker" "start" "-a" "026ce030b4603ea8f42a63ce778215bcdf2758c2153f7bfc8198de27bda50c78", kill_on_drop: false }`
[INFO] running `Command { std: "docker" "inspect" "026ce030b4603ea8f42a63ce778215bcdf2758c2153f7bfc8198de27bda50c78", kill_on_drop: false }`
[INFO] running `Command { std: "docker" "rm" "-f" "026ce030b4603ea8f42a63ce778215bcdf2758c2153f7bfc8198de27bda50c78", kill_on_drop: false }`
[INFO] [stdout] 026ce030b4603ea8f42a63ce778215bcdf2758c2153f7bfc8198de27bda50c78
[INFO] running `Command { std: "docker" "create" "-v" "/var/lib/crater-agent-workspace/builds/worker-1-tc1/target:/opt/rustwide/target:rw,Z" "-v" "/var/lib/crater-agent-workspace/builds/worker-1-tc1/source:/opt/rustwide/workdir:ro,Z" "-v" "/var/lib/crater-agent-workspace/cargo-home:/opt/rustwide/cargo-home:ro,Z" "-v" "/var/lib/crater-agent-workspace/rustup-home:/opt/rustwide/rustup-home:ro,Z" "-e" "SOURCE_DIR=/opt/rustwide/workdir" "-e" "CARGO_TARGET_DIR=/opt/rustwide/target" "-e" "CARGO_INCREMENTAL=0" "-e" "RUST_BACKTRACE=full" "-e" "RUSTFLAGS=--cap-lints=warn" "-e" "RUSTDOCFLAGS=--cap-lints=warn" "-e" "CARGO_HOME=/opt/rustwide/cargo-home" "-e" "RUSTUP_HOME=/opt/rustwide/rustup-home" "-w" "/opt/rustwide/workdir" "-m" "1610612736" "--user" "0:0" "--network" "none" "ghcr.io/rust-lang/crates-build-env/linux@sha256:2788e3201cd34a07e3172128adcd8b3090168a8e3bcc40d7c032b9dda1df7d1c" "/opt/rustwide/cargo-home/bin/cargo" "+1.75.0" "build" "--frozen" "--message-format=json", kill_on_drop: false }`
[INFO] [stdout] aa1479bee662166fbac1afb454de63c175d6c199cd808cb204d3a31f5ecf3aca
[INFO] running `Command { std: "docker" "start" "-a" "aa1479bee662166fbac1afb454de63c175d6c199cd808cb204d3a31f5ecf3aca", kill_on_drop: false }`
[INFO] [stderr]    Compiling super-shell v1.2.3 (/opt/rustwide/workdir)
[INFO] [stderr]     Finished dev [unoptimized + debuginfo] target(s) in 0.16s
[INFO] running `Command { std: "docker" "inspect" "aa1479bee662166fbac1afb454de63c175d6c199cd808cb204d3a31f5ecf3aca", kill_on_drop: false }`
[INFO] running `Command { std: "docker" "rm" "-f" "aa1479bee662166fbac1afb454de63c175d6c199cd808cb204d3a31f5ecf3aca", kill_on_drop: false }`
[INFO] [stdout] aa1479bee662166fbac1afb454de63c175d6c199cd808cb204d3a31f5ecf3aca
[INFO] running `Command { std: "docker" "create" "-v" "/var/lib/crater-agent-workspace/builds/worker-1-tc1/target:/opt/rustwide/target:rw,Z" "-v" "/var/lib/crater-agent-workspace/builds/worker-1-tc1/source:/opt/rustwide/workdir:ro,Z" "-v" "/var/lib/crater-agent-workspace/cargo-home:/opt/rustwide/cargo-home:ro,Z" "-v" "/var/lib/crater-agent-workspace/rustup-home:/opt/rustwide/rustup-home:ro,Z" "-e" "SOURCE_DIR=/opt/rustwide/workdir" "-e" "CARGO_TARGET_DIR=/opt/rustwide/target" "-e" "CARGO_INCREMENTAL=0" "-e" "RUST_BACKTRACE=full" "-e" "RUSTFLAGS=--cap-lints=warn" "-e" "RUSTDOCFLAGS=--cap-lints=warn" "-e" "CARGO_HOME=/opt/rustwide/cargo-home" "-e" "RUSTUP_HOME=/opt/rustwide/rustup-home" "-w" "/opt/rustwide/workdir" "-m" "1610612736" "--user" "0:0" "--network" "none" "ghcr.io/rust-lang/crates-build-env/linux@sha256:2788e3201cd34a07e3172128adcd8b3090168a8e3bcc40d7c032b9dda1df7d1c" "/opt/rustwide/cargo-home/bin/cargo" "+1.75.0" "test" "--frozen" "--no-run" "--message-format=json", kill_on_drop: false }`
[INFO] [stdout] 7c7289ebd2de0031ee9d22af15620628f399f7627ae67698d29ce6f37a1e9e7b
[INFO] running `Command { std: "docker" "start" "-a" "7c7289ebd2de0031ee9d22af15620628f399f7627ae67698d29ce6f37a1e9e7b", kill_on_drop: false }`
[INFO] [stderr]    Compiling super-shell v1.2.3 (/opt/rustwide/workdir)
[INFO] [stderr]     Finished test [unoptimized + debuginfo] target(s) in 0.47s
[INFO] running `Command { std: "docker" "inspect" "7c7289ebd2de0031ee9d22af15620628f399f7627ae67698d29ce6f37a1e9e7b", kill_on_drop: false }`
[INFO] running `Command { std: "docker" "rm" "-f" "7c7289ebd2de0031ee9d22af15620628f399f7627ae67698d29ce6f37a1e9e7b", kill_on_drop: false }`
[INFO] [stdout] 7c7289ebd2de0031ee9d22af15620628f399f7627ae67698d29ce6f37a1e9e7b
[INFO] running `Command { std: "docker" "create" "-v" "/var/lib/crater-agent-workspace/builds/worker-1-tc1/target:/opt/rustwide/target:rw,Z" "-v" "/var/lib/crater-agent-workspace/builds/worker-1-tc1/source:/opt/rustwide/workdir:ro,Z" "-v" "/var/lib/crater-agent-workspace/cargo-home:/opt/rustwide/cargo-home:ro,Z" "-v" "/var/lib/crater-agent-workspace/rustup-home:/opt/rustwide/rustup-home:ro,Z" "-e" "SOURCE_DIR=/opt/rustwide/workdir" "-e" "CARGO_TARGET_DIR=/opt/rustwide/target" "-e" "CARGO_INCREMENTAL=0" "-e" "RUST_BACKTRACE=full" "-e" "RUSTFLAGS=--cap-lints=warn" "-e" "RUSTDOCFLAGS=--cap-lints=warn" "-e" "CARGO_HOME=/opt/rustwide/cargo-home" "-e" "RUSTUP_HOME=/opt/rustwide/rustup-home" "-w" "/opt/rustwide/workdir" "-m" "1610612736" "--user" "0:0" "--network" "none" "ghcr.io/rust-lang/crates-build-env/linux@sha256:2788e3201cd34a07e3172128adcd8b3090168a8e3bcc40d7c032b9dda1df7d1c" "/opt/rustwide/cargo-home/bin/cargo" "+1.75.0" "test" "--frozen", kill_on_drop: false }`
[INFO] [stdout] b146864afa39d5b332f6d04edc4b1ef356dd0253b26f9a3e2f42022376e6ef58
[INFO] running `Command { std: "docker" "start" "-a" "b146864afa39d5b332f6d04edc4b1ef356dd0253b26f9a3e2f42022376e6ef58", kill_on_drop: false }`
[INFO] [stderr]     Finished test [unoptimized + debuginfo] target(s) in 0.01s
[INFO] [stderr]      Running unittests src/lib.rs (/opt/rustwide/target/debug/deps/super_shell-920374b96bf2be6f)
[INFO] [stdout] 
[INFO] [stdout] running 1 test
[INFO] [stderr] sudo: unable to resolve host b146864afa39: Temporary failure in name resolution
[INFO] [stdout] test tests::test_custom ... ok
[INFO] [stdout] 
[INFO] [stdout] test result: ok. 1 passed; 0 failed; 0 ignored; 0 measured; 0 filtered out; finished in 0.13s
[INFO] [stdout] 
[INFO] [stderr]    Doc-tests super-shell
[INFO] [stdout] 
[INFO] [stdout] running 3 tests
[INFO] [stdout] test src/lib.rs - RootShell::new_custom (line 46) ... FAILED
[INFO] [stdout] test src/lib.rs - RootShell::execute (line 86) has been running for over 60 seconds
[INFO] [stdout] test src/lib.rs - RootShell::new (line 19) has been running for over 60 seconds
[ERROR] error running command: no output for 300 seconds
[INFO] running `Command { std: "docker" "inspect" "b146864afa39d5b332f6d04edc4b1ef356dd0253b26f9a3e2f42022376e6ef58", kill_on_drop: false }`
[INFO] running `Command { std: "docker" "rm" "-f" "b146864afa39d5b332f6d04edc4b1ef356dd0253b26f9a3e2f42022376e6ef58", kill_on_drop: false }`
[INFO] [stdout] b146864afa39d5b332f6d04edc4b1ef356dd0253b26f9a3e2f42022376e6ef58
[INFO] testing super-shell-1.2.3 against beta-2023-12-22 for beta-1.76-1
[INFO] extracting crate super-shell 1.2.3 into /workspace/builds/worker-1-tc2/source
[INFO] validating manifest of crates.io crate super-shell 1.2.3 on toolchain beta-2023-12-22
[INFO] running `Command { std: CARGO_HOME="/workspace/cargo-home" RUSTUP_HOME="/workspace/rustup-home" "/workspace/cargo-home/bin/cargo" "+beta-2023-12-22" "metadata" "--manifest-path" "Cargo.toml" "--no-deps", kill_on_drop: false }`
[INFO] started tweaking crates.io crate super-shell 1.2.3
[INFO] finished tweaking crates.io crate super-shell 1.2.3
[INFO] tweaked toml for crates.io crate super-shell 1.2.3 written to /workspace/builds/worker-1-tc2/source/Cargo.toml
[INFO] running `Command { std: CARGO_HOME="/workspace/cargo-home" RUSTUP_HOME="/workspace/rustup-home" "/workspace/cargo-home/bin/cargo" "+beta-2023-12-22" "generate-lockfile" "--manifest-path" "Cargo.toml", kill_on_drop: false }`
[INFO] running `Command { std: CARGO_HOME="/workspace/cargo-home" RUSTUP_HOME="/workspace/rustup-home" "/workspace/cargo-home/bin/cargo" "+beta-2023-12-22" "fetch" "--manifest-path" "Cargo.toml", kill_on_drop: false }`
[INFO] running `Command { std: "docker" "create" "-v" "/var/lib/crater-agent-workspace/builds/worker-1-tc2/target:/opt/rustwide/target:rw,Z" "-v" "/var/lib/crater-agent-workspace/builds/worker-1-tc2/source:/opt/rustwide/workdir:ro,Z" "-v" "/var/lib/crater-agent-workspace/cargo-home:/opt/rustwide/cargo-home:ro,Z" "-v" "/var/lib/crater-agent-workspace/rustup-home:/opt/rustwide/rustup-home:ro,Z" "-e" "SOURCE_DIR=/opt/rustwide/workdir" "-e" "CARGO_TARGET_DIR=/opt/rustwide/target" "-e" "CARGO_HOME=/opt/rustwide/cargo-home" "-e" "RUSTUP_HOME=/opt/rustwide/rustup-home" "-w" "/opt/rustwide/workdir" "-m" "1610612736" "--user" "0:0" "--network" "none" "ghcr.io/rust-lang/crates-build-env/linux@sha256:2788e3201cd34a07e3172128adcd8b3090168a8e3bcc40d7c032b9dda1df7d1c" "/opt/rustwide/cargo-home/bin/cargo" "+beta-2023-12-22" "metadata" "--no-deps" "--format-version=1", kill_on_drop: false }`
[INFO] [stdout] d929b7d1092f2f70e877a5ce56b277bc1cd9522c5112e184fdb44dcf375c0437
[INFO] running `Command { std: "docker" "start" "-a" "d929b7d1092f2f70e877a5ce56b277bc1cd9522c5112e184fdb44dcf375c0437", kill_on_drop: false }`
[INFO] running `Command { std: "docker" "inspect" "d929b7d1092f2f70e877a5ce56b277bc1cd9522c5112e184fdb44dcf375c0437", kill_on_drop: false }`
[INFO] running `Command { std: "docker" "rm" "-f" "d929b7d1092f2f70e877a5ce56b277bc1cd9522c5112e184fdb44dcf375c0437", kill_on_drop: false }`
[INFO] [stdout] d929b7d1092f2f70e877a5ce56b277bc1cd9522c5112e184fdb44dcf375c0437
[INFO] running `Command { std: "docker" "create" "-v" "/var/lib/crater-agent-workspace/builds/worker-1-tc2/target:/opt/rustwide/target:rw,Z" "-v" "/var/lib/crater-agent-workspace/builds/worker-1-tc2/source:/opt/rustwide/workdir:ro,Z" "-v" "/var/lib/crater-agent-workspace/cargo-home:/opt/rustwide/cargo-home:ro,Z" "-v" "/var/lib/crater-agent-workspace/rustup-home:/opt/rustwide/rustup-home:ro,Z" "-e" "SOURCE_DIR=/opt/rustwide/workdir" "-e" "CARGO_TARGET_DIR=/opt/rustwide/target" "-e" "CARGO_INCREMENTAL=0" "-e" "RUST_BACKTRACE=full" "-e" "RUSTFLAGS=--cap-lints=warn" "-e" "RUSTDOCFLAGS=--cap-lints=warn" "-e" "CARGO_HOME=/opt/rustwide/cargo-home" "-e" "RUSTUP_HOME=/opt/rustwide/rustup-home" "-w" "/opt/rustwide/workdir" "-m" "1610612736" "--user" "0:0" "--network" "none" "ghcr.io/rust-lang/crates-build-env/linux@sha256:2788e3201cd34a07e3172128adcd8b3090168a8e3bcc40d7c032b9dda1df7d1c" "/opt/rustwide/cargo-home/bin/cargo" "+beta-2023-12-22" "build" "--frozen" "--message-format=json", kill_on_drop: false }`
[INFO] [stdout] 1236b43e1b6c2df1019364ff0f06614335afeb7be3c2fe67c808ed25b8eb7e83
[INFO] running `Command { std: "docker" "start" "-a" "1236b43e1b6c2df1019364ff0f06614335afeb7be3c2fe67c808ed25b8eb7e83", kill_on_drop: false }`
[INFO] [stderr]    Compiling super-shell v1.2.3 (/opt/rustwide/workdir)
[INFO] [stderr]     Finished dev [unoptimized + debuginfo] target(s) in 0.14s
[INFO] running `Command { std: "docker" "inspect" "1236b43e1b6c2df1019364ff0f06614335afeb7be3c2fe67c808ed25b8eb7e83", kill_on_drop: false }`
[INFO] running `Command { std: "docker" "rm" "-f" "1236b43e1b6c2df1019364ff0f06614335afeb7be3c2fe67c808ed25b8eb7e83", kill_on_drop: false }`
[INFO] [stdout] 1236b43e1b6c2df1019364ff0f06614335afeb7be3c2fe67c808ed25b8eb7e83
[INFO] running `Command { std: "docker" "create" "-v" "/var/lib/crater-agent-workspace/builds/worker-1-tc2/target:/opt/rustwide/target:rw,Z" "-v" "/var/lib/crater-agent-workspace/builds/worker-1-tc2/source:/opt/rustwide/workdir:ro,Z" "-v" "/var/lib/crater-agent-workspace/cargo-home:/opt/rustwide/cargo-home:ro,Z" "-v" "/var/lib/crater-agent-workspace/rustup-home:/opt/rustwide/rustup-home:ro,Z" "-e" "SOURCE_DIR=/opt/rustwide/workdir" "-e" "CARGO_TARGET_DIR=/opt/rustwide/target" "-e" "CARGO_INCREMENTAL=0" "-e" "RUST_BACKTRACE=full" "-e" "RUSTFLAGS=--cap-lints=warn" "-e" "RUSTDOCFLAGS=--cap-lints=warn" "-e" "CARGO_HOME=/opt/rustwide/cargo-home" "-e" "RUSTUP_HOME=/opt/rustwide/rustup-home" "-w" "/opt/rustwide/workdir" "-m" "1610612736" "--user" "0:0" "--network" "none" "ghcr.io/rust-lang/crates-build-env/linux@sha256:2788e3201cd34a07e3172128adcd8b3090168a8e3bcc40d7c032b9dda1df7d1c" "/opt/rustwide/cargo-home/bin/cargo" "+beta-2023-12-22" "test" "--frozen" "--no-run" "--message-format=json", kill_on_drop: false }`
[INFO] [stdout] 2d234b2a5172ca15906b570f61841188cdb269d0d2c8bc28a2bda4763e0d70fc
[INFO] running `Command { std: "docker" "start" "-a" "2d234b2a5172ca15906b570f61841188cdb269d0d2c8bc28a2bda4763e0d70fc", kill_on_drop: false }`
[INFO] [stderr]    Compiling super-shell v1.2.3 (/opt/rustwide/workdir)
[INFO] [stderr]     Finished test [unoptimized + debuginfo] target(s) in 0.31s
[INFO] running `Command { std: "docker" "inspect" "2d234b2a5172ca15906b570f61841188cdb269d0d2c8bc28a2bda4763e0d70fc", kill_on_drop: false }`
[INFO] running `Command { std: "docker" "rm" "-f" "2d234b2a5172ca15906b570f61841188cdb269d0d2c8bc28a2bda4763e0d70fc", kill_on_drop: false }`
[INFO] [stdout] 2d234b2a5172ca15906b570f61841188cdb269d0d2c8bc28a2bda4763e0d70fc
[INFO] running `Command { std: "docker" "create" "-v" "/var/lib/crater-agent-workspace/builds/worker-1-tc2/target:/opt/rustwide/target:rw,Z" "-v" "/var/lib/crater-agent-workspace/builds/worker-1-tc2/source:/opt/rustwide/workdir:ro,Z" "-v" "/var/lib/crater-agent-workspace/cargo-home:/opt/rustwide/cargo-home:ro,Z" "-v" "/var/lib/crater-agent-workspace/rustup-home:/opt/rustwide/rustup-home:ro,Z" "-e" "SOURCE_DIR=/opt/rustwide/workdir" "-e" "CARGO_TARGET_DIR=/opt/rustwide/target" "-e" "CARGO_INCREMENTAL=0" "-e" "RUST_BACKTRACE=full" "-e" "RUSTFLAGS=--cap-lints=warn" "-e" "RUSTDOCFLAGS=--cap-lints=warn" "-e" "CARGO_HOME=/opt/rustwide/cargo-home" "-e" "RUSTUP_HOME=/opt/rustwide/rustup-home" "-w" "/opt/rustwide/workdir" "-m" "1610612736" "--user" "0:0" "--network" "none" "ghcr.io/rust-lang/crates-build-env/linux@sha256:2788e3201cd34a07e3172128adcd8b3090168a8e3bcc40d7c032b9dda1df7d1c" "/opt/rustwide/cargo-home/bin/cargo" "+beta-2023-12-22" "test" "--frozen", kill_on_drop: false }`
[INFO] [stdout] 6f308576de6770452d08b63007eb9c3b189f615b2ede5247210b7e0cf953864f
[INFO] running `Command { std: "docker" "start" "-a" "6f308576de6770452d08b63007eb9c3b189f615b2ede5247210b7e0cf953864f", kill_on_drop: false }`
[INFO] [stderr]     Finished test [unoptimized + debuginfo] target(s) in 0.00s
[INFO] [stderr]      Running unittests src/lib.rs (/opt/rustwide/target/debug/deps/super_shell-5d6760c90f9f4f39)
[INFO] [stdout] 
[INFO] [stdout] running 1 test
[INFO] [stderr] sudo: unable to resolve host 6f308576de67: Temporary failure in name resolution
[INFO] [stdout] test tests::test_custom ... ok
[INFO] [stdout] 
[INFO] [stdout] test result: ok. 1 passed; 0 failed; 0 ignored; 0 measured; 0 filtered out; finished in 0.05s
[INFO] [stdout] 
[INFO] [stderr]    Doc-tests super-shell
[INFO] [stdout] 
[INFO] [stdout] running 3 tests
[INFO] [stdout] test src/lib.rs - RootShell::new_custom (line 46) ... FAILED
[INFO] [stdout] test src/lib.rs - RootShell::execute (line 86) has been running for over 60 seconds
[INFO] [stdout] test src/lib.rs - RootShell::new (line 19) has been running for over 60 seconds
[ERROR] error running command: no output for 300 seconds
[INFO] running `Command { std: "docker" "inspect" "6f308576de6770452d08b63007eb9c3b189f615b2ede5247210b7e0cf953864f", kill_on_drop: false }`
[INFO] running `Command { std: "docker" "rm" "-f" "6f308576de6770452d08b63007eb9c3b189f615b2ede5247210b7e0cf953864f", kill_on_drop: false }`
[INFO] [stdout] 6f308576de6770452d08b63007eb9c3b189f615b2ede5247210b7e0cf953864f
