[INFO] fetching crate summon-api-sdk 0.1.96...
[INFO] testing summon-api-sdk-0.1.96 against 1.75.0 for beta-1.76-1
[INFO] extracting crate summon-api-sdk 0.1.96 into /workspace/builds/worker-1-tc1/source
[INFO] validating manifest of crates.io crate summon-api-sdk 0.1.96 on toolchain 1.75.0
[INFO] running `Command { std: CARGO_HOME="/workspace/cargo-home" RUSTUP_HOME="/workspace/rustup-home" "/workspace/cargo-home/bin/cargo" "+1.75.0" "metadata" "--manifest-path" "Cargo.toml" "--no-deps", kill_on_drop: false }`
[INFO] started tweaking crates.io crate summon-api-sdk 0.1.96
[INFO] finished tweaking crates.io crate summon-api-sdk 0.1.96
[INFO] tweaked toml for crates.io crate summon-api-sdk 0.1.96 written to /workspace/builds/worker-1-tc1/source/Cargo.toml
[INFO] running `Command { std: CARGO_HOME="/workspace/cargo-home" RUSTUP_HOME="/workspace/rustup-home" "/workspace/cargo-home/bin/cargo" "+1.75.0" "generate-lockfile" "--manifest-path" "Cargo.toml", kill_on_drop: false }`
[INFO] [stderr]     Updating crates.io index
[INFO] running `Command { std: CARGO_HOME="/workspace/cargo-home" RUSTUP_HOME="/workspace/rustup-home" "/workspace/cargo-home/bin/cargo" "+1.75.0" "fetch" "--manifest-path" "Cargo.toml", kill_on_drop: false }`
[INFO] [stderr]     Blocking waiting for file lock on package cache
[INFO] [stderr]     Blocking waiting for file lock on package cache
[INFO] [stderr]  Downloading crates ...
[INFO] [stderr]   Downloaded ed25519-bip32 v0.4.1
[INFO] [stderr]   Downloaded pruefung v0.2.1
[INFO] [stderr]   Downloaded cbor_event v2.4.0
[INFO] [stderr]   Downloaded cryptoxide v0.3.6
[INFO] [stderr]   Downloaded cardano-message-signing v1.0.1
[INFO] [stderr]   Downloaded cardano-multiplatform-lib v3.1.3
[INFO] [stderr]   Downloaded fraction v0.10.0
[INFO] running `Command { std: "docker" "create" "-v" "/var/lib/crater-agent-workspace/builds/worker-1-tc1/target:/opt/rustwide/target:rw,Z" "-v" "/var/lib/crater-agent-workspace/builds/worker-1-tc1/source:/opt/rustwide/workdir:ro,Z" "-v" "/var/lib/crater-agent-workspace/cargo-home:/opt/rustwide/cargo-home:ro,Z" "-v" "/var/lib/crater-agent-workspace/rustup-home:/opt/rustwide/rustup-home:ro,Z" "-e" "SOURCE_DIR=/opt/rustwide/workdir" "-e" "CARGO_TARGET_DIR=/opt/rustwide/target" "-e" "CARGO_HOME=/opt/rustwide/cargo-home" "-e" "RUSTUP_HOME=/opt/rustwide/rustup-home" "-w" "/opt/rustwide/workdir" "-m" "1610612736" "--user" "0:0" "--network" "none" "ghcr.io/rust-lang/crates-build-env/linux@sha256:2788e3201cd34a07e3172128adcd8b3090168a8e3bcc40d7c032b9dda1df7d1c" "/opt/rustwide/cargo-home/bin/cargo" "+1.75.0" "metadata" "--no-deps" "--format-version=1", kill_on_drop: false }`
[INFO] [stdout] 1ef443cbcbde895caf31331749488b4c41500ee3287bce2e378932e659c36211
[INFO] running `Command { std: "docker" "start" "-a" "1ef443cbcbde895caf31331749488b4c41500ee3287bce2e378932e659c36211", kill_on_drop: false }`
[INFO] running `Command { std: "docker" "inspect" "1ef443cbcbde895caf31331749488b4c41500ee3287bce2e378932e659c36211", kill_on_drop: false }`
[INFO] running `Command { std: "docker" "rm" "-f" "1ef443cbcbde895caf31331749488b4c41500ee3287bce2e378932e659c36211", kill_on_drop: false }`
[INFO] [stdout] 1ef443cbcbde895caf31331749488b4c41500ee3287bce2e378932e659c36211
[INFO] running `Command { std: "docker" "create" "-v" "/var/lib/crater-agent-workspace/builds/worker-1-tc1/target:/opt/rustwide/target:rw,Z" "-v" "/var/lib/crater-agent-workspace/builds/worker-1-tc1/source:/opt/rustwide/workdir:ro,Z" "-v" "/var/lib/crater-agent-workspace/cargo-home:/opt/rustwide/cargo-home:ro,Z" "-v" "/var/lib/crater-agent-workspace/rustup-home:/opt/rustwide/rustup-home:ro,Z" "-e" "SOURCE_DIR=/opt/rustwide/workdir" "-e" "CARGO_TARGET_DIR=/opt/rustwide/target" "-e" "CARGO_INCREMENTAL=0" "-e" "RUST_BACKTRACE=full" "-e" "RUSTFLAGS=--cap-lints=warn" "-e" "RUSTDOCFLAGS=--cap-lints=warn" "-e" "CARGO_HOME=/opt/rustwide/cargo-home" "-e" "RUSTUP_HOME=/opt/rustwide/rustup-home" "-w" "/opt/rustwide/workdir" "-m" "1610612736" "--user" "0:0" "--network" "none" "ghcr.io/rust-lang/crates-build-env/linux@sha256:2788e3201cd34a07e3172128adcd8b3090168a8e3bcc40d7c032b9dda1df7d1c" "/opt/rustwide/cargo-home/bin/cargo" "+1.75.0" "build" "--frozen" "--message-format=json", kill_on_drop: false }`
[INFO] [stdout] 257d1c1527def286b39fb1660f1c3f08f11831763c6bae7e11d397b667a5a177
[INFO] running `Command { std: "docker" "start" "-a" "257d1c1527def286b39fb1660f1c3f08f11831763c6bae7e11d397b667a5a177", kill_on_drop: false }`
[INFO] [stderr]    Compiling syn v1.0.109
[INFO] [stderr]    Compiling num-traits v0.2.17
[INFO] [stderr]    Compiling log v0.4.20
[INFO] [stderr]    Compiling serde v1.0.194
[INFO] [stderr]    Compiling num-integer v0.1.45
[INFO] [stderr]    Compiling libc v0.2.151
[INFO] [stderr]    Compiling wasm-bindgen-shared v0.2.83
[INFO] [stderr]    Compiling bumpalo v3.14.0
[INFO] [stderr]    Compiling tracing-core v0.1.32
[INFO] [stderr]    Compiling num-bigint v0.2.6
[INFO] [stderr]    Compiling mio v0.8.10
[INFO] [stderr]    Compiling socket2 v0.5.5
[INFO] [stderr]    Compiling openssl v0.10.62
[INFO] [stderr]    Compiling foreign-types-shared v0.1.1
[INFO] [stderr]    Compiling syn v2.0.48
[INFO] [stderr]    Compiling num-rational v0.2.4
[INFO] [stderr]    Compiling foreign-types v0.3.2
[INFO] [stderr]    Compiling num-complex v0.2.4
[INFO] [stderr]    Compiling num-iter v0.1.43
[INFO] [stderr]    Compiling wasm-bindgen v0.2.83
[INFO] [stderr]    Compiling bitflags v2.4.1
[INFO] [stderr]    Compiling native-tls v0.2.11
[INFO] [stderr]    Compiling futures-task v0.3.30
[INFO] [stderr]    Compiling futures-util v0.3.30
[INFO] [stderr]    Compiling getrandom v0.2.11
[INFO] [stderr]    Compiling nodrop v0.1.14
[INFO] [stderr]    Compiling futures-channel v0.3.30
[INFO] [stderr]    Compiling num-bigint v0.4.4
[INFO] [stderr]    Compiling schemars v0.8.16
[INFO] [stderr]    Compiling generic-array v0.8.4
[INFO] [stderr]    Compiling rand_core v0.6.4
[INFO] [stderr]    Compiling base64 v0.13.1
[INFO] [stderr]    Compiling digest v0.10.7
[INFO] [stderr]    Compiling linked-hash-map v0.5.6
[INFO] [stderr]    Compiling tokio v1.35.1
[INFO] [stderr]    Compiling tracing v0.1.40
[INFO] [stderr]    Compiling rand_chacha v0.3.1
[INFO] [stderr]    Compiling cc v1.0.83
[INFO] [stderr]    Compiling digest v0.6.1
[INFO] [stderr]    Compiling cbor_event v2.4.0
[INFO] [stderr]    Compiling rand_core v0.4.2
[INFO] [stderr]    Compiling cryptoxide v0.4.4
[INFO] [stderr]    Compiling sha2 v0.10.8
[INFO] [stderr]    Compiling rand_os v0.1.3
[INFO] [stderr]    Compiling base64-url v1.4.13
[INFO] [stderr]    Compiling pruefung v0.2.1
[INFO] [stderr]    Compiling digest v0.9.0
[INFO] [stderr]    Compiling rand v0.8.5
[INFO] [stderr]    Compiling encoding_rs v0.8.33
[INFO] [stderr]    Compiling bech32 v0.7.3
[INFO] [stderr]    Compiling ipnet v2.9.0
[INFO] [stderr]    Compiling cryptoxide v0.3.6
[INFO] [stderr]    Compiling mime v0.3.17
[INFO] [stderr]    Compiling byteorder v1.5.0
[INFO] [stderr]    Compiling noop_proc_macro v0.3.0
[INFO] [stderr]    Compiling unicode-segmentation v1.10.1
[INFO] [stderr]    Compiling openssl-sys v0.9.98
[INFO] [stderr]    Compiling clear_on_drop v0.2.5
[INFO] [stderr]    Compiling ed25519-bip32 v0.4.1
[INFO] [stderr]    Compiling cardano-message-signing v1.0.1
[INFO] [stderr]    Compiling num v0.2.1
[INFO] [stderr]    Compiling fraction v0.10.0
[INFO] [stderr]    Compiling serde_derive v1.0.194
[INFO] [stderr]    Compiling openssl-macros v0.1.1
[INFO] [stderr]    Compiling wasm-bindgen-backend v0.2.83
[INFO] [stderr]    Compiling serde_derive_internals v0.26.0
[INFO] [stderr]    Compiling tokio-util v0.7.10
[INFO] [stderr]    Compiling wasm-bindgen-macro-support v0.2.83
[INFO] [stderr]    Compiling schemars_derive v0.8.16
[INFO] [stderr]    Compiling h2 v0.3.22
[INFO] [stderr]    Compiling wasm-bindgen-macro v0.2.83
[INFO] [stderr]    Compiling tokio-native-tls v0.3.1
[INFO] [stderr]    Compiling hyper v0.14.28
[INFO] [stderr]    Compiling serde_json v1.0.111
[INFO] [stderr]    Compiling serde_urlencoded v0.7.1
[INFO] [stderr]    Compiling hyper-tls v0.5.0
[INFO] [stderr]    Compiling reqwest v0.11.23
[INFO] [stderr]    Compiling js-sys v0.3.59
[INFO] [stderr]    Compiling cardano-multiplatform-lib v3.1.3
[INFO] [stderr]    Compiling serde-wasm-bindgen v0.4.5
[INFO] [stderr]    Compiling wasm-bindgen-futures v0.4.32
[INFO] [stderr]    Compiling summon-api-sdk v0.1.96 (/opt/rustwide/workdir)
[INFO] [stderr]     Finished dev [unoptimized + debuginfo] target(s) in 34.94s
[INFO] running `Command { std: "docker" "inspect" "257d1c1527def286b39fb1660f1c3f08f11831763c6bae7e11d397b667a5a177", kill_on_drop: false }`
[INFO] running `Command { std: "docker" "rm" "-f" "257d1c1527def286b39fb1660f1c3f08f11831763c6bae7e11d397b667a5a177", kill_on_drop: false }`
[INFO] [stdout] 257d1c1527def286b39fb1660f1c3f08f11831763c6bae7e11d397b667a5a177
[INFO] running `Command { std: "docker" "create" "-v" "/var/lib/crater-agent-workspace/builds/worker-1-tc1/target:/opt/rustwide/target:rw,Z" "-v" "/var/lib/crater-agent-workspace/builds/worker-1-tc1/source:/opt/rustwide/workdir:ro,Z" "-v" "/var/lib/crater-agent-workspace/cargo-home:/opt/rustwide/cargo-home:ro,Z" "-v" "/var/lib/crater-agent-workspace/rustup-home:/opt/rustwide/rustup-home:ro,Z" "-e" "SOURCE_DIR=/opt/rustwide/workdir" "-e" "CARGO_TARGET_DIR=/opt/rustwide/target" "-e" "CARGO_INCREMENTAL=0" "-e" "RUST_BACKTRACE=full" "-e" "RUSTFLAGS=--cap-lints=warn" "-e" "RUSTDOCFLAGS=--cap-lints=warn" "-e" "CARGO_HOME=/opt/rustwide/cargo-home" "-e" "RUSTUP_HOME=/opt/rustwide/rustup-home" "-w" "/opt/rustwide/workdir" "-m" "1610612736" "--user" "0:0" "--network" "none" "ghcr.io/rust-lang/crates-build-env/linux@sha256:2788e3201cd34a07e3172128adcd8b3090168a8e3bcc40d7c032b9dda1df7d1c" "/opt/rustwide/cargo-home/bin/cargo" "+1.75.0" "test" "--frozen" "--no-run" "--message-format=json", kill_on_drop: false }`
[INFO] [stdout] 4b0dff95b500c0ffe8fe126c5dd6c0506f82ce15b261436ba0a37f862770f8b1
[INFO] running `Command { std: "docker" "start" "-a" "4b0dff95b500c0ffe8fe126c5dd6c0506f82ce15b261436ba0a37f862770f8b1", kill_on_drop: false }`
[INFO] [stderr]    Compiling summon-api-sdk v0.1.96 (/opt/rustwide/workdir)
[INFO] [stderr]     Finished test [unoptimized + debuginfo] target(s) in 0.74s
[INFO] running `Command { std: "docker" "inspect" "4b0dff95b500c0ffe8fe126c5dd6c0506f82ce15b261436ba0a37f862770f8b1", kill_on_drop: false }`
[INFO] running `Command { std: "docker" "rm" "-f" "4b0dff95b500c0ffe8fe126c5dd6c0506f82ce15b261436ba0a37f862770f8b1", kill_on_drop: false }`
[INFO] [stdout] 4b0dff95b500c0ffe8fe126c5dd6c0506f82ce15b261436ba0a37f862770f8b1
[INFO] running `Command { std: "docker" "create" "-v" "/var/lib/crater-agent-workspace/builds/worker-1-tc1/target:/opt/rustwide/target:rw,Z" "-v" "/var/lib/crater-agent-workspace/builds/worker-1-tc1/source:/opt/rustwide/workdir:ro,Z" "-v" "/var/lib/crater-agent-workspace/cargo-home:/opt/rustwide/cargo-home:ro,Z" "-v" "/var/lib/crater-agent-workspace/rustup-home:/opt/rustwide/rustup-home:ro,Z" "-e" "SOURCE_DIR=/opt/rustwide/workdir" "-e" "CARGO_TARGET_DIR=/opt/rustwide/target" "-e" "CARGO_INCREMENTAL=0" "-e" "RUST_BACKTRACE=full" "-e" "RUSTFLAGS=--cap-lints=warn" "-e" "RUSTDOCFLAGS=--cap-lints=warn" "-e" "CARGO_HOME=/opt/rustwide/cargo-home" "-e" "RUSTUP_HOME=/opt/rustwide/rustup-home" "-w" "/opt/rustwide/workdir" "-m" "1610612736" "--user" "0:0" "--network" "none" "ghcr.io/rust-lang/crates-build-env/linux@sha256:2788e3201cd34a07e3172128adcd8b3090168a8e3bcc40d7c032b9dda1df7d1c" "/opt/rustwide/cargo-home/bin/cargo" "+1.75.0" "test" "--frozen", kill_on_drop: false }`
[INFO] [stdout] 9217975e6c297df4ebbff94e53f917e5f6eddc9ab9aae15d00770551d5900dd9
[INFO] running `Command { std: "docker" "start" "-a" "9217975e6c297df4ebbff94e53f917e5f6eddc9ab9aae15d00770551d5900dd9", kill_on_drop: false }`
[INFO] [stderr]     Finished test [unoptimized + debuginfo] target(s) in 0.14s
[INFO] [stderr]      Running unittests src/lib.rs (/opt/rustwide/target/debug/deps/summon_api_sdk-21ce302359df4d16)
[INFO] [stdout] 
[INFO] [stdout] running 0 tests
[INFO] [stdout] 
[INFO] [stdout] test result: ok. 0 passed; 0 failed; 0 ignored; 0 measured; 0 filtered out; finished in 0.00s
[INFO] [stdout] 
[INFO] [stderr]    Doc-tests summon-api-sdk
[INFO] [stdout] 
[INFO] [stdout] running 8 tests
[INFO] [stdout] test src/lib.rs - verify_data_signature (line 68) ... FAILED
[INFO] [stdout] test src/lib.rs - __wasm_bindgen_generated_verify_data_signature__const::__wasm_bindgen_generated_verify_data_signature (line 67) ... FAILED
[INFO] [stdout] test src/lib.rs - __wasm_bindgen_generated_verify_data_signature_new__const::__wasm_bindgen_generated_verify_data_signature_new (line 237) ... FAILED
[INFO] [stdout] test src/lib.rs - verify_data_signature_new (line 236) ... FAILED
[INFO] [stdout] test src/lib.rs - verify_data_signature (line 67) ... FAILED
[INFO] [stdout] test src/lib.rs - __wasm_bindgen_generated_verify_data_signature__const::__wasm_bindgen_generated_verify_data_signature (line 68) ... FAILED
[INFO] [stdout] test src/lib.rs - __wasm_bindgen_generated_verify_data_signature_new__const::__wasm_bindgen_generated_verify_data_signature_new (line 236) ... FAILED
[INFO] [stdout] test src/lib.rs - verify_data_signature_new (line 237) ... FAILED
[INFO] [stdout] 
[INFO] [stdout] failures:
[INFO] [stdout] 
[INFO] [stdout] ---- src/lib.rs - verify_data_signature (line 68) stdout ----
[INFO] [stdout] error: struct literal body without path
[INFO] [stdout]  --> src/lib.rs:68:73
[INFO] [stdout]   |
[INFO] [stdout] 2 |   fn main() { #[allow(non_snake_case)] fn _doctest_main_src_lib_rs_68_0() {
[INFO] [stdout]   |  _________________________________________________________________________^
[INFO] [stdout] 3 | | is_valid: bool,
[INFO] [stdout] 4 | | } _doctest_main_src_lib_rs_68_0() }
[INFO] [stdout]   | |_^
[INFO] [stdout]   |
[INFO] [stdout] help: you might have forgotten to add the struct literal inside the block
[INFO] [stdout]   |
[INFO] [stdout] 2 ~ fn main() { #[allow(non_snake_case)] fn _doctest_main_src_lib_rs_68_0() { SomeStruct {
[INFO] [stdout] 3 | is_valid: bool,
[INFO] [stdout] 4 ~ } } _doctest_main_src_lib_rs_68_0() }
[INFO] [stdout]   |
[INFO] [stdout] 
[INFO] [stdout] error: aborting due to previous error
[INFO] [stdout] 
[INFO] [stdout] Couldn't compile the test.
[INFO] [stdout] ---- src/lib.rs - __wasm_bindgen_generated_verify_data_signature__const::__wasm_bindgen_generated_verify_data_signature (line 67) stdout ----
[INFO] [stdout] error: struct literal body without path
[INFO] [stdout]  --> src/lib.rs:67:73
[INFO] [stdout]   |
[INFO] [stdout] 2 |   fn main() { #[allow(non_snake_case)] fn _doctest_main_src_lib_rs_67_1() {
[INFO] [stdout]   |  _________________________________________________________________________^
[INFO] [stdout] 3 | | error: String,
[INFO] [stdout] 4 | | } _doctest_main_src_lib_rs_67_1() }
[INFO] [stdout]   | |_^
[INFO] [stdout]   |
[INFO] [stdout] help: you might have forgotten to add the struct literal inside the block
[INFO] [stdout]   |
[INFO] [stdout] 2 ~ fn main() { #[allow(non_snake_case)] fn _doctest_main_src_lib_rs_67_1() { SomeStruct {
[INFO] [stdout] 3 | error: String,
[INFO] [stdout] 4 ~ } } _doctest_main_src_lib_rs_67_1() }
[INFO] [stdout]   |
[INFO] [stdout] 
[INFO] [stdout] error: aborting due to previous error
[INFO] [stdout] 
[INFO] [stdout] Couldn't compile the test.
[INFO] [stdout] ---- src/lib.rs - __wasm_bindgen_generated_verify_data_signature_new__const::__wasm_bindgen_generated_verify_data_signature_new (line 237) stdout ----
[INFO] [stdout] error: struct literal body without path
[INFO] [stdout]  --> src/lib.rs:237:74
[INFO] [stdout]   |
[INFO] [stdout] 2 |   fn main() { #[allow(non_snake_case)] fn _doctest_main_src_lib_rs_237_1() {
[INFO] [stdout]   |  __________________________________________________________________________^
[INFO] [stdout] 3 | | is_valid: bool,
[INFO] [stdout] 4 | | } _doctest_main_src_lib_rs_237_1() }
[INFO] [stdout]   | |_^
[INFO] [stdout]   |
[INFO] [stdout] help: you might have forgotten to add the struct literal inside the block
[INFO] [stdout]   |
[INFO] [stdout] 2 ~ fn main() { #[allow(non_snake_case)] fn _doctest_main_src_lib_rs_237_1() { SomeStruct {
[INFO] [stdout] 3 | is_valid: bool,
[INFO] [stdout] 4 ~ } } _doctest_main_src_lib_rs_237_1() }
[INFO] [stdout]   |
[INFO] [stdout] 
[INFO] [stdout] error: aborting due to previous error
[INFO] [stdout] 
[INFO] [stdout] Couldn't compile the test.
[INFO] [stdout] ---- src/lib.rs - verify_data_signature_new (line 236) stdout ----
[INFO] [stdout] error: struct literal body without path
[INFO] [stdout]  --> src/lib.rs:236:74
[INFO] [stdout]   |
[INFO] [stdout] 2 |   fn main() { #[allow(non_snake_case)] fn _doctest_main_src_lib_rs_236_0() {
[INFO] [stdout]   |  __________________________________________________________________________^
[INFO] [stdout] 3 | | error: String,
[INFO] [stdout] 4 | | } _doctest_main_src_lib_rs_236_0() }
[INFO] [stdout]   | |_^
[INFO] [stdout]   |
[INFO] [stdout] help: you might have forgotten to add the struct literal inside the block
[INFO] [stdout]   |
[INFO] [stdout] 2 ~ fn main() { #[allow(non_snake_case)] fn _doctest_main_src_lib_rs_236_0() { SomeStruct {
[INFO] [stdout] 3 | error: String,
[INFO] [stdout] 4 ~ } } _doctest_main_src_lib_rs_236_0() }
[INFO] [stdout]   |
[INFO] [stdout] 
[INFO] [stdout] error: aborting due to previous error
[INFO] [stdout] 
[INFO] [stdout] Couldn't compile the test.
[INFO] [stdout] ---- src/lib.rs - verify_data_signature (line 67) stdout ----
[INFO] [stdout] error: struct literal body without path
[INFO] [stdout]  --> src/lib.rs:67:73
[INFO] [stdout]   |
[INFO] [stdout] 2 |   fn main() { #[allow(non_snake_case)] fn _doctest_main_src_lib_rs_67_0() {
[INFO] [stdout]   |  _________________________________________________________________________^
[INFO] [stdout] 3 | | error: String,
[INFO] [stdout] 4 | | } _doctest_main_src_lib_rs_67_0() }
[INFO] [stdout]   | |_^
[INFO] [stdout]   |
[INFO] [stdout] help: you might have forgotten to add the struct literal inside the block
[INFO] [stdout]   |
[INFO] [stdout] 2 ~ fn main() { #[allow(non_snake_case)] fn _doctest_main_src_lib_rs_67_0() { SomeStruct {
[INFO] [stdout] 3 | error: String,
[INFO] [stdout] 4 ~ } } _doctest_main_src_lib_rs_67_0() }
[INFO] [stdout]   |
[INFO] [stdout] 
[INFO] [stdout] error: aborting due to previous error
[INFO] [stdout] 
[INFO] [stdout] Couldn't compile the test.
[INFO] [stdout] ---- src/lib.rs - __wasm_bindgen_generated_verify_data_signature__const::__wasm_bindgen_generated_verify_data_signature (line 68) stdout ----
[INFO] [stdout] error: struct literal body without path
[INFO] [stdout]  --> src/lib.rs:68:73
[INFO] [stdout]   |
[INFO] [stdout] 2 |   fn main() { #[allow(non_snake_case)] fn _doctest_main_src_lib_rs_68_1() {
[INFO] [stdout]   |  _________________________________________________________________________^
[INFO] [stdout] 3 | | is_valid: bool,
[INFO] [stdout] 4 | | } _doctest_main_src_lib_rs_68_1() }
[INFO] [stdout]   | |_^
[INFO] [stdout]   |
[INFO] [stdout] help: you might have forgotten to add the struct literal inside the block
[INFO] [stdout]   |
[INFO] [stdout] 2 ~ fn main() { #[allow(non_snake_case)] fn _doctest_main_src_lib_rs_68_1() { SomeStruct {
[INFO] [stdout] 3 | is_valid: bool,
[INFO] [stdout] 4 ~ } } _doctest_main_src_lib_rs_68_1() }
[INFO] [stdout]   |
[INFO] [stdout] 
[INFO] [stdout] error: aborting due to previous error
[INFO] [stdout] 
[INFO] [stdout] Couldn't compile the test.
[INFO] [stdout] ---- src/lib.rs - __wasm_bindgen_generated_verify_data_signature_new__const::__wasm_bindgen_generated_verify_data_signature_new (line 236) stdout ----
[INFO] [stdout] error: struct literal body without path
[INFO] [stdout]  --> src/lib.rs:236:74
[INFO] [stdout]   |
[INFO] [stdout] 2 |   fn main() { #[allow(non_snake_case)] fn _doctest_main_src_lib_rs_236_1() {
[INFO] [stdout]   |  __________________________________________________________________________^
[INFO] [stdout] 3 | | error: String,
[INFO] [stdout] 4 | | } _doctest_main_src_lib_rs_236_1() }
[INFO] [stdout]   | |_^
[INFO] [stdout]   |
[INFO] [stdout] help: you might have forgotten to add the struct literal inside the block
[INFO] [stdout]   |
[INFO] [stdout] 2 ~ fn main() { #[allow(non_snake_case)] fn _doctest_main_src_lib_rs_236_1() { SomeStruct {
[INFO] [stdout] 3 | error: String,
[INFO] [stdout] 4 ~ } } _doctest_main_src_lib_rs_236_1() }
[INFO] [stdout]   |
[INFO] [stdout] 
[INFO] [stdout] error: aborting due to previous error
[INFO] [stdout] 
[INFO] [stdout] Couldn't compile the test.
[INFO] [stdout] ---- src/lib.rs - verify_data_signature_new (line 237) stdout ----
[INFO] [stdout] error: struct literal body without path
[INFO] [stdout]  --> src/lib.rs:237:74
[INFO] [stdout]   |
[INFO] [stdout] 2 |   fn main() { #[allow(non_snake_case)] fn _doctest_main_src_lib_rs_237_0() {
[INFO] [stdout]   |  __________________________________________________________________________^
[INFO] [stdout] 3 | | is_valid: bool,
[INFO] [stdout] 4 | | } _doctest_main_src_lib_rs_237_0() }
[INFO] [stdout]   | |_^
[INFO] [stdout]   |
[INFO] [stdout] help: you might have forgotten to add the struct literal inside the block
[INFO] [stdout]   |
[INFO] [stdout] 2 ~ fn main() { #[allow(non_snake_case)] fn _doctest_main_src_lib_rs_237_0() { SomeStruct {
[INFO] [stdout] 3 | is_valid: bool,
[INFO] [stdout] 4 ~ } } _doctest_main_src_lib_rs_237_0() }
[INFO] [stdout]   |
[INFO] [stdout] 
[INFO] [stdout] error: aborting due to previous error
[INFO] [stdout] 
[INFO] [stdout] Couldn't compile the test.
[INFO] [stdout] 
[INFO] [stdout] failures:
[INFO] [stdout]     src/lib.rs - __wasm_bindgen_generated_verify_data_signature__const::__wasm_bindgen_generated_verify_data_signature (line 67)
[INFO] [stdout]     src/lib.rs - __wasm_bindgen_generated_verify_data_signature__const::__wasm_bindgen_generated_verify_data_signature (line 68)
[INFO] [stdout]     src/lib.rs - __wasm_bindgen_generated_verify_data_signature_new__const::__wasm_bindgen_generated_verify_data_signature_new (line 236)
[INFO] [stdout]     src/lib.rs - __wasm_bindgen_generated_verify_data_signature_new__const::__wasm_bindgen_generated_verify_data_signature_new (line 237)
[INFO] [stdout]     src/lib.rs - verify_data_signature (line 67)
[INFO] [stdout]     src/lib.rs - verify_data_signature (line 68)
[INFO] [stdout]     src/lib.rs - verify_data_signature_new (line 236)
[INFO] [stdout]     src/lib.rs - verify_data_signature_new (line 237)
[INFO] [stdout] 
[INFO] [stdout] test result: FAILED. 0 passed; 8 failed; 0 ignored; 0 measured; 0 filtered out; finished in 0.07s
[INFO] [stdout] 
[INFO] [stderr] error: doctest failed, to rerun pass `--doc`
[INFO] running `Command { std: "docker" "inspect" "9217975e6c297df4ebbff94e53f917e5f6eddc9ab9aae15d00770551d5900dd9", kill_on_drop: false }`
[INFO] running `Command { std: "docker" "rm" "-f" "9217975e6c297df4ebbff94e53f917e5f6eddc9ab9aae15d00770551d5900dd9", kill_on_drop: false }`
[INFO] [stdout] 9217975e6c297df4ebbff94e53f917e5f6eddc9ab9aae15d00770551d5900dd9
