[INFO] fetching crate summavy-common 0.5.0...
[INFO] testing summavy-common-0.5.0 against 1.75.0 for beta-1.76-1
[INFO] extracting crate summavy-common 0.5.0 into /workspace/builds/worker-7-tc1/source
[INFO] validating manifest of crates.io crate summavy-common 0.5.0 on toolchain 1.75.0
[INFO] running `Command { std: CARGO_HOME="/workspace/cargo-home" RUSTUP_HOME="/workspace/rustup-home" "/workspace/cargo-home/bin/cargo" "+1.75.0" "metadata" "--manifest-path" "Cargo.toml" "--no-deps", kill_on_drop: false }`
[INFO] started tweaking crates.io crate summavy-common 0.5.0
[INFO] finished tweaking crates.io crate summavy-common 0.5.0
[INFO] tweaked toml for crates.io crate summavy-common 0.5.0 written to /workspace/builds/worker-7-tc1/source/Cargo.toml
[INFO] running `Command { std: CARGO_HOME="/workspace/cargo-home" RUSTUP_HOME="/workspace/rustup-home" "/workspace/cargo-home/bin/cargo" "+1.75.0" "generate-lockfile" "--manifest-path" "Cargo.toml", kill_on_drop: false }`
[INFO] [stderr]     Updating crates.io index
[INFO] running `Command { std: CARGO_HOME="/workspace/cargo-home" RUSTUP_HOME="/workspace/rustup-home" "/workspace/cargo-home/bin/cargo" "+1.75.0" "fetch" "--manifest-path" "Cargo.toml", kill_on_drop: false }`
[INFO] [stderr]  Downloading crates ...
[INFO] [stderr]   Downloaded summavy-ownedbytes v0.5.0
[INFO] running `Command { std: "docker" "create" "-v" "/var/lib/crater-agent-workspace/builds/worker-7-tc1/target:/opt/rustwide/target:rw,Z" "-v" "/var/lib/crater-agent-workspace/builds/worker-7-tc1/source:/opt/rustwide/workdir:ro,Z" "-v" "/var/lib/crater-agent-workspace/cargo-home:/opt/rustwide/cargo-home:ro,Z" "-v" "/var/lib/crater-agent-workspace/rustup-home:/opt/rustwide/rustup-home:ro,Z" "-e" "SOURCE_DIR=/opt/rustwide/workdir" "-e" "CARGO_TARGET_DIR=/opt/rustwide/target" "-e" "CARGO_HOME=/opt/rustwide/cargo-home" "-e" "RUSTUP_HOME=/opt/rustwide/rustup-home" "-w" "/opt/rustwide/workdir" "-m" "1610612736" "--user" "0:0" "--network" "none" "ghcr.io/rust-lang/crates-build-env/linux@sha256:2788e3201cd34a07e3172128adcd8b3090168a8e3bcc40d7c032b9dda1df7d1c" "/opt/rustwide/cargo-home/bin/cargo" "+1.75.0" "metadata" "--no-deps" "--format-version=1", kill_on_drop: false }`
[INFO] [stdout] eea97f2c07a30fe4ca3df6fd027c6e75ccba1ed0d2bfaf18a608cb7325a2871b
[INFO] running `Command { std: "docker" "start" "-a" "eea97f2c07a30fe4ca3df6fd027c6e75ccba1ed0d2bfaf18a608cb7325a2871b", kill_on_drop: false }`
[INFO] running `Command { std: "docker" "inspect" "eea97f2c07a30fe4ca3df6fd027c6e75ccba1ed0d2bfaf18a608cb7325a2871b", kill_on_drop: false }`
[INFO] running `Command { std: "docker" "rm" "-f" "eea97f2c07a30fe4ca3df6fd027c6e75ccba1ed0d2bfaf18a608cb7325a2871b", kill_on_drop: false }`
[INFO] [stdout] eea97f2c07a30fe4ca3df6fd027c6e75ccba1ed0d2bfaf18a608cb7325a2871b
[INFO] running `Command { std: "docker" "create" "-v" "/var/lib/crater-agent-workspace/builds/worker-7-tc1/target:/opt/rustwide/target:rw,Z" "-v" "/var/lib/crater-agent-workspace/builds/worker-7-tc1/source:/opt/rustwide/workdir:ro,Z" "-v" "/var/lib/crater-agent-workspace/cargo-home:/opt/rustwide/cargo-home:ro,Z" "-v" "/var/lib/crater-agent-workspace/rustup-home:/opt/rustwide/rustup-home:ro,Z" "-e" "SOURCE_DIR=/opt/rustwide/workdir" "-e" "CARGO_TARGET_DIR=/opt/rustwide/target" "-e" "CARGO_INCREMENTAL=0" "-e" "RUST_BACKTRACE=full" "-e" "RUSTFLAGS=--cap-lints=warn" "-e" "RUSTDOCFLAGS=--cap-lints=warn" "-e" "CARGO_HOME=/opt/rustwide/cargo-home" "-e" "RUSTUP_HOME=/opt/rustwide/rustup-home" "-w" "/opt/rustwide/workdir" "-m" "1610612736" "--user" "0:0" "--network" "none" "ghcr.io/rust-lang/crates-build-env/linux@sha256:2788e3201cd34a07e3172128adcd8b3090168a8e3bcc40d7c032b9dda1df7d1c" "/opt/rustwide/cargo-home/bin/cargo" "+1.75.0" "build" "--frozen" "--message-format=json", kill_on_drop: false }`
[INFO] [stdout] 0c308f4eafd7ceca42051967ed37a7e454ff3d5aff4c5fd4e9f6fc14a01a7185
[INFO] running `Command { std: "docker" "start" "-a" "0c308f4eafd7ceca42051967ed37a7e454ff3d5aff4c5fd4e9f6fc14a01a7185", kill_on_drop: false }`
[INFO] [stderr]    Compiling async-trait v0.1.77
[INFO] [stderr]    Compiling stable_deref_trait v1.2.0
[INFO] [stderr]    Compiling syn v2.0.48
[INFO] [stderr]    Compiling summavy-ownedbytes v0.5.0
[INFO] [stderr]    Compiling summavy-common v0.5.0 (/opt/rustwide/workdir)
[INFO] [stderr]     Finished dev [unoptimized + debuginfo] target(s) in 3.01s
[INFO] running `Command { std: "docker" "inspect" "0c308f4eafd7ceca42051967ed37a7e454ff3d5aff4c5fd4e9f6fc14a01a7185", kill_on_drop: false }`
[INFO] running `Command { std: "docker" "rm" "-f" "0c308f4eafd7ceca42051967ed37a7e454ff3d5aff4c5fd4e9f6fc14a01a7185", kill_on_drop: false }`
[INFO] [stdout] 0c308f4eafd7ceca42051967ed37a7e454ff3d5aff4c5fd4e9f6fc14a01a7185
[INFO] running `Command { std: "docker" "create" "-v" "/var/lib/crater-agent-workspace/builds/worker-7-tc1/target:/opt/rustwide/target:rw,Z" "-v" "/var/lib/crater-agent-workspace/builds/worker-7-tc1/source:/opt/rustwide/workdir:ro,Z" "-v" "/var/lib/crater-agent-workspace/cargo-home:/opt/rustwide/cargo-home:ro,Z" "-v" "/var/lib/crater-agent-workspace/rustup-home:/opt/rustwide/rustup-home:ro,Z" "-e" "SOURCE_DIR=/opt/rustwide/workdir" "-e" "CARGO_TARGET_DIR=/opt/rustwide/target" "-e" "CARGO_INCREMENTAL=0" "-e" "RUST_BACKTRACE=full" "-e" "RUSTFLAGS=--cap-lints=warn" "-e" "RUSTDOCFLAGS=--cap-lints=warn" "-e" "CARGO_HOME=/opt/rustwide/cargo-home" "-e" "RUSTUP_HOME=/opt/rustwide/rustup-home" "-w" "/opt/rustwide/workdir" "-m" "1610612736" "--user" "0:0" "--network" "none" "ghcr.io/rust-lang/crates-build-env/linux@sha256:2788e3201cd34a07e3172128adcd8b3090168a8e3bcc40d7c032b9dda1df7d1c" "/opt/rustwide/cargo-home/bin/cargo" "+1.75.0" "test" "--frozen" "--no-run" "--message-format=json", kill_on_drop: false }`
[INFO] [stdout] f2a65fb4f527b400cb4f8dad6861a393b5e24d9558524f6ed7a3df2eaf20812c
[INFO] running `Command { std: "docker" "start" "-a" "f2a65fb4f527b400cb4f8dad6861a393b5e24d9558524f6ed7a3df2eaf20812c", kill_on_drop: false }`
[INFO] [stderr]    Compiling libc v0.2.151
[INFO] [stderr]    Compiling rustix v0.38.28
[INFO] [stderr]    Compiling libm v0.2.8
[INFO] [stderr]    Compiling linux-raw-sys v0.4.12
[INFO] [stderr]    Compiling fnv v1.0.7
[INFO] [stderr]    Compiling bit-vec v0.6.3
[INFO] [stderr]    Compiling unarray v0.1.4
[INFO] [stderr]    Compiling num-traits v0.2.17
[INFO] [stderr]    Compiling bit-set v0.5.3
[INFO] [stderr]    Compiling getrandom v0.2.11
[INFO] [stderr]    Compiling wait-timeout v0.2.0
[INFO] [stderr]    Compiling rand_core v0.6.4
[INFO] [stderr]    Compiling rand_chacha v0.3.1
[INFO] [stderr]    Compiling rand_xorshift v0.3.0
[INFO] [stderr]    Compiling rand v0.8.5
[INFO] [stderr]    Compiling tempfile v3.9.0
[INFO] [stderr]    Compiling rusty-fork v0.3.0
[INFO] [stderr]    Compiling proptest v1.4.0
[INFO] [stderr]    Compiling summavy-common v0.5.0 (/opt/rustwide/workdir)
[INFO] [stderr]     Finished test [unoptimized + debuginfo] target(s) in 5.31s
[INFO] running `Command { std: "docker" "inspect" "f2a65fb4f527b400cb4f8dad6861a393b5e24d9558524f6ed7a3df2eaf20812c", kill_on_drop: false }`
[INFO] running `Command { std: "docker" "rm" "-f" "f2a65fb4f527b400cb4f8dad6861a393b5e24d9558524f6ed7a3df2eaf20812c", kill_on_drop: false }`
[INFO] [stdout] f2a65fb4f527b400cb4f8dad6861a393b5e24d9558524f6ed7a3df2eaf20812c
[INFO] running `Command { std: "docker" "create" "-v" "/var/lib/crater-agent-workspace/builds/worker-7-tc1/target:/opt/rustwide/target:rw,Z" "-v" "/var/lib/crater-agent-workspace/builds/worker-7-tc1/source:/opt/rustwide/workdir:ro,Z" "-v" "/var/lib/crater-agent-workspace/cargo-home:/opt/rustwide/cargo-home:ro,Z" "-v" "/var/lib/crater-agent-workspace/rustup-home:/opt/rustwide/rustup-home:ro,Z" "-e" "SOURCE_DIR=/opt/rustwide/workdir" "-e" "CARGO_TARGET_DIR=/opt/rustwide/target" "-e" "CARGO_INCREMENTAL=0" "-e" "RUST_BACKTRACE=full" "-e" "RUSTFLAGS=--cap-lints=warn" "-e" "RUSTDOCFLAGS=--cap-lints=warn" "-e" "CARGO_HOME=/opt/rustwide/cargo-home" "-e" "RUSTUP_HOME=/opt/rustwide/rustup-home" "-w" "/opt/rustwide/workdir" "-m" "1610612736" "--user" "0:0" "--network" "none" "ghcr.io/rust-lang/crates-build-env/linux@sha256:2788e3201cd34a07e3172128adcd8b3090168a8e3bcc40d7c032b9dda1df7d1c" "/opt/rustwide/cargo-home/bin/cargo" "+1.75.0" "test" "--frozen", kill_on_drop: false }`
[INFO] [stdout] 421368e521b12d4a0a71e4c078c9663cb7526750614db042a2dd1e17a7ac60d2
[INFO] running `Command { std: "docker" "start" "-a" "421368e521b12d4a0a71e4c078c9663cb7526750614db042a2dd1e17a7ac60d2", kill_on_drop: false }`
[INFO] [stderr]     Finished test [unoptimized + debuginfo] target(s) in 0.02s
[INFO] [stderr]      Running unittests src/lib.rs (/opt/rustwide/target/debug/deps/summavy_common-4aa154a7ccffb111)
[INFO] [stdout] 
[INFO] [stdout] running 39 tests
[INFO] [stdout] test bitset::tests::test_bitset_len ... ok
[INFO] [stdout] test bitset::tests::test_bitset ... ok
[INFO] [stdout] test bitset::tests::test_bitset_intersect ... ok
[INFO] [stdout] test bitset::tests::test_bitset_num_buckets ... ok
[INFO] [stdout] test bitset::tests::test_read_serialized_bitset_empty ... ok
[INFO] [stdout] test bitset::tests::test_read_serialized_bitset_full ... ok
[INFO] [stdout] test bitset::tests::test_read_serialized_bitset_full_block ... ok
[INFO] [stdout] test bitset::tests::test_bitset_clear ... ok
[INFO] [stdout] test bitset::tests::test_tiny_set ... ok
[INFO] [stdout] test bitset::tests::test_tiny_set_remove ... ok
[INFO] [stdout] test bitset::tests::test_tinyset_range ... ok
[INFO] [stdout] test file_slice::tests::test_combine_range ... ok
[INFO] [stdout] test file_slice::tests::test_file_slice ... ok
[INFO] [stdout] test file_slice::tests::test_file_slice_trait_slice_len ... ok
[INFO] [stdout] test file_slice::tests::test_slice_read_slice ... ok
[INFO] [stdout] test file_slice::tests::test_slice_simple_read ... ok
[INFO] [stdout] test group_by::tests::group_by_test_empty ... ok
[INFO] [stdout] test group_by::tests::group_by_two_groups ... ok
[INFO] [stdout] test serialize::test::test_serialize_bool ... ok
[INFO] [stdout] test serialize::test::test_serialize_u32 ... ok
[INFO] [stdout] test serialize::test::test_serialize_i64 ... ok
[INFO] [stdout] test group_by::tests::group_by_three_groups ... ok
[INFO] [stdout] test serialize::test::test_serialize_string ... ok
[INFO] [stdout] test serialize::test::test_serialize_f64 ... ok
[INFO] [stdout] test serialize::test::test_serialize_vec ... ok
[INFO] [stdout] test serialize::test::test_serialize_u8 ... ok
[INFO] [stdout] test test::test_f64_converter ... ok
[INFO] [stdout] test serialize::test::test_serialize_u64 ... ok
[INFO] [stdout] test bitset::tests::test_read_serialized_bitset_full_multi ... ok
[INFO] [stdout] test vint::tests::test_vint_u32 ... ok
[INFO] [stdout] test test::test_i64_converter ... ok
[INFO] [stdout] test vint::tests::test_vint ... ok
[INFO] [stdout] test writer::test::test_counting_writer ... ok
[INFO] [stdout] test vint::tests::test_vint_u128 ... ok
[INFO] [stdout] test test::test_f64_order ... ok
[INFO] [stdout] test serialize::test::test_serialize_vint ... ok
[INFO] [stdout] test test::test_f64_converter_monotonicity_proptest ... ok
[INFO] [stdout] test file_slice::tests::test_combine_range_panics - should panic ... ok
[INFO] [stdout] test file_slice::tests::test_slice_read_slice_invalid_range_exceeds - should panic ... ok
[INFO] [stdout] 
[INFO] [stdout] test result: ok. 39 passed; 0 failed; 0 ignored; 0 measured; 0 filtered out; finished in 0.02s
[INFO] [stdout] 
[INFO] [stderr]    Doc-tests summavy-common
[INFO] [stdout] 
[INFO] [stdout] running 1 test
[INFO] [stdout] test src/group_by.rs - group_by::GroupByIteratorExtended::group_by (line 12) ... FAILED
[INFO] [stdout] 
[INFO] [stdout] failures:
[INFO] [stdout] 
[INFO] [stdout] ---- src/group_by.rs - group_by::GroupByIteratorExtended::group_by (line 12) stdout ----
[INFO] [stdout] error[E0432]: unresolved import `tantivy_common`
[INFO] [stdout]  --> src/group_by.rs:13:5
[INFO] [stdout]   |
[INFO] [stdout] 3 | use tantivy_common::GroupByIteratorExtended;
[INFO] [stdout]   |     ^^^^^^^^^^^^^^ use of undeclared crate or module `tantivy_common`
[INFO] [stdout] 
[INFO] [stdout] error[E0599]: no method named `group_by` found for struct `std::vec::IntoIter` in the current scope
[INFO] [stdout]   --> src/group_by.rs:21:38
[INFO] [stdout]    |
[INFO] [stdout] 11 | for (key, group) in data.into_iter().group_by(|val| *val >= 0) {
[INFO] [stdout]    |                     ----             ^^^^^^^^ method not found in `IntoIter<i32>`
[INFO] [stdout]    |                     |
[INFO] [stdout]    |                     method `group_by` is available on `Vec<i32>`
[INFO] [stdout]    |
[INFO] [stdout]   ::: /opt/rustwide/workdir/src/group_by.rs:26:8
[INFO] [stdout]    |
[INFO] [stdout] 26 |     fn group_by<K, F>(self, key: F) -> GroupByIterator<Self, F, K>
[INFO] [stdout]    |        -------- the method is available for `std::vec::IntoIter<i32>` here
[INFO] [stdout]    |
[INFO] [stdout]    = help: items from traits can only be used if the trait is in scope
[INFO] [stdout] help: the following trait is implemented but not in scope; perhaps add a `use` for it:
[INFO] [stdout]    |
[INFO] [stdout] 2  + use summavy_common::GroupByIteratorExtended;
[INFO] [stdout]    |
[INFO] [stdout] 
[INFO] [stdout] error: aborting due to 2 previous errors
[INFO] [stdout] 
[INFO] [stdout] Some errors have detailed explanations: E0432, E0599.
[INFO] [stdout] For more information about an error, try `rustc --explain E0432`.
[INFO] [stdout] Couldn't compile the test.
[INFO] [stdout] 
[INFO] [stdout] failures:
[INFO] [stdout]     src/group_by.rs - group_by::GroupByIteratorExtended::group_by (line 12)
[INFO] [stdout] 
[INFO] [stdout] test result: FAILED. 0 passed; 1 failed; 0 ignored; 0 measured; 0 filtered out; finished in 0.05s
[INFO] [stdout] 
[INFO] [stderr] error: doctest failed, to rerun pass `--doc`
[INFO] running `Command { std: "docker" "inspect" "421368e521b12d4a0a71e4c078c9663cb7526750614db042a2dd1e17a7ac60d2", kill_on_drop: false }`
[INFO] running `Command { std: "docker" "rm" "-f" "421368e521b12d4a0a71e4c078c9663cb7526750614db042a2dd1e17a7ac60d2", kill_on_drop: false }`
[INFO] [stdout] 421368e521b12d4a0a71e4c078c9663cb7526750614db042a2dd1e17a7ac60d2
[INFO] testing summavy-common-0.5.0 against beta-2023-12-22 for beta-1.76-1
[INFO] extracting crate summavy-common 0.5.0 into /workspace/builds/worker-7-tc2/source
[INFO] validating manifest of crates.io crate summavy-common 0.5.0 on toolchain beta-2023-12-22
[INFO] running `Command { std: CARGO_HOME="/workspace/cargo-home" RUSTUP_HOME="/workspace/rustup-home" "/workspace/cargo-home/bin/cargo" "+beta-2023-12-22" "metadata" "--manifest-path" "Cargo.toml" "--no-deps", kill_on_drop: false }`
[INFO] started tweaking crates.io crate summavy-common 0.5.0
[INFO] finished tweaking crates.io crate summavy-common 0.5.0
[INFO] tweaked toml for crates.io crate summavy-common 0.5.0 written to /workspace/builds/worker-7-tc2/source/Cargo.toml
[INFO] running `Command { std: CARGO_HOME="/workspace/cargo-home" RUSTUP_HOME="/workspace/rustup-home" "/workspace/cargo-home/bin/cargo" "+beta-2023-12-22" "generate-lockfile" "--manifest-path" "Cargo.toml", kill_on_drop: false }`
[INFO] [stderr]     Blocking waiting for file lock on package cache
[INFO] [stderr]     Updating crates.io index
[INFO] running `Command { std: CARGO_HOME="/workspace/cargo-home" RUSTUP_HOME="/workspace/rustup-home" "/workspace/cargo-home/bin/cargo" "+beta-2023-12-22" "fetch" "--manifest-path" "Cargo.toml", kill_on_drop: false }`
[INFO] [stderr]     Blocking waiting for file lock on package cache
[INFO] [stderr]     Blocking waiting for file lock on package cache
[INFO] running `Command { std: "docker" "create" "-v" "/var/lib/crater-agent-workspace/builds/worker-7-tc2/target:/opt/rustwide/target:rw,Z" "-v" "/var/lib/crater-agent-workspace/builds/worker-7-tc2/source:/opt/rustwide/workdir:ro,Z" "-v" "/var/lib/crater-agent-workspace/cargo-home:/opt/rustwide/cargo-home:ro,Z" "-v" "/var/lib/crater-agent-workspace/rustup-home:/opt/rustwide/rustup-home:ro,Z" "-e" "SOURCE_DIR=/opt/rustwide/workdir" "-e" "CARGO_TARGET_DIR=/opt/rustwide/target" "-e" "CARGO_HOME=/opt/rustwide/cargo-home" "-e" "RUSTUP_HOME=/opt/rustwide/rustup-home" "-w" "/opt/rustwide/workdir" "-m" "1610612736" "--user" "0:0" "--network" "none" "ghcr.io/rust-lang/crates-build-env/linux@sha256:2788e3201cd34a07e3172128adcd8b3090168a8e3bcc40d7c032b9dda1df7d1c" "/opt/rustwide/cargo-home/bin/cargo" "+beta-2023-12-22" "metadata" "--no-deps" "--format-version=1", kill_on_drop: false }`
[INFO] [stdout] b661305ae7f388c25bd9439487f69b1f3887998173547761047be3df2d45af27
[INFO] running `Command { std: "docker" "start" "-a" "b661305ae7f388c25bd9439487f69b1f3887998173547761047be3df2d45af27", kill_on_drop: false }`
[INFO] running `Command { std: "docker" "inspect" "b661305ae7f388c25bd9439487f69b1f3887998173547761047be3df2d45af27", kill_on_drop: false }`
[INFO] running `Command { std: "docker" "rm" "-f" "b661305ae7f388c25bd9439487f69b1f3887998173547761047be3df2d45af27", kill_on_drop: false }`
[INFO] [stdout] b661305ae7f388c25bd9439487f69b1f3887998173547761047be3df2d45af27
[INFO] running `Command { std: "docker" "create" "-v" "/var/lib/crater-agent-workspace/builds/worker-7-tc2/target:/opt/rustwide/target:rw,Z" "-v" "/var/lib/crater-agent-workspace/builds/worker-7-tc2/source:/opt/rustwide/workdir:ro,Z" "-v" "/var/lib/crater-agent-workspace/cargo-home:/opt/rustwide/cargo-home:ro,Z" "-v" "/var/lib/crater-agent-workspace/rustup-home:/opt/rustwide/rustup-home:ro,Z" "-e" "SOURCE_DIR=/opt/rustwide/workdir" "-e" "CARGO_TARGET_DIR=/opt/rustwide/target" "-e" "CARGO_INCREMENTAL=0" "-e" "RUST_BACKTRACE=full" "-e" "RUSTFLAGS=--cap-lints=warn" "-e" "RUSTDOCFLAGS=--cap-lints=warn" "-e" "CARGO_HOME=/opt/rustwide/cargo-home" "-e" "RUSTUP_HOME=/opt/rustwide/rustup-home" "-w" "/opt/rustwide/workdir" "-m" "1610612736" "--user" "0:0" "--network" "none" "ghcr.io/rust-lang/crates-build-env/linux@sha256:2788e3201cd34a07e3172128adcd8b3090168a8e3bcc40d7c032b9dda1df7d1c" "/opt/rustwide/cargo-home/bin/cargo" "+beta-2023-12-22" "build" "--frozen" "--message-format=json", kill_on_drop: false }`
[INFO] [stdout] fbd83485f8d12985f9fef429f3a0a6cc70cf96627727fd408b9abbf4a368d53a
[INFO] running `Command { std: "docker" "start" "-a" "fbd83485f8d12985f9fef429f3a0a6cc70cf96627727fd408b9abbf4a368d53a", kill_on_drop: false }`
[INFO] [stderr]    Compiling async-trait v0.1.77
[INFO] [stderr]    Compiling stable_deref_trait v1.2.0
[INFO] [stderr]    Compiling syn v2.0.48
[INFO] [stderr]    Compiling summavy-ownedbytes v0.5.0
[INFO] [stderr]    Compiling summavy-common v0.5.0 (/opt/rustwide/workdir)
[INFO] [stderr]     Finished dev [unoptimized + debuginfo] target(s) in 4.83s
[INFO] running `Command { std: "docker" "inspect" "fbd83485f8d12985f9fef429f3a0a6cc70cf96627727fd408b9abbf4a368d53a", kill_on_drop: false }`
[INFO] running `Command { std: "docker" "rm" "-f" "fbd83485f8d12985f9fef429f3a0a6cc70cf96627727fd408b9abbf4a368d53a", kill_on_drop: false }`
[INFO] [stdout] fbd83485f8d12985f9fef429f3a0a6cc70cf96627727fd408b9abbf4a368d53a
[INFO] running `Command { std: "docker" "create" "-v" "/var/lib/crater-agent-workspace/builds/worker-7-tc2/target:/opt/rustwide/target:rw,Z" "-v" "/var/lib/crater-agent-workspace/builds/worker-7-tc2/source:/opt/rustwide/workdir:ro,Z" "-v" "/var/lib/crater-agent-workspace/cargo-home:/opt/rustwide/cargo-home:ro,Z" "-v" "/var/lib/crater-agent-workspace/rustup-home:/opt/rustwide/rustup-home:ro,Z" "-e" "SOURCE_DIR=/opt/rustwide/workdir" "-e" "CARGO_TARGET_DIR=/opt/rustwide/target" "-e" "CARGO_INCREMENTAL=0" "-e" "RUST_BACKTRACE=full" "-e" "RUSTFLAGS=--cap-lints=warn" "-e" "RUSTDOCFLAGS=--cap-lints=warn" "-e" "CARGO_HOME=/opt/rustwide/cargo-home" "-e" "RUSTUP_HOME=/opt/rustwide/rustup-home" "-w" "/opt/rustwide/workdir" "-m" "1610612736" "--user" "0:0" "--network" "none" "ghcr.io/rust-lang/crates-build-env/linux@sha256:2788e3201cd34a07e3172128adcd8b3090168a8e3bcc40d7c032b9dda1df7d1c" "/opt/rustwide/cargo-home/bin/cargo" "+beta-2023-12-22" "test" "--frozen" "--no-run" "--message-format=json", kill_on_drop: false }`
[INFO] [stdout] 09f9f8a12b5b62ca35c8913b8cda4ac454b7fd2b285db64dcb88076713925b6a
[INFO] running `Command { std: "docker" "start" "-a" "09f9f8a12b5b62ca35c8913b8cda4ac454b7fd2b285db64dcb88076713925b6a", kill_on_drop: false }`
[INFO] [stderr]    Compiling libc v0.2.151
[INFO] [stderr]    Compiling rustix v0.38.28
[INFO] [stderr]    Compiling linux-raw-sys v0.4.12
[INFO] [stderr]    Compiling libm v0.2.8
[INFO] [stderr]    Compiling fnv v1.0.7
[INFO] [stderr]    Compiling bit-vec v0.6.3
[INFO] [stderr]    Compiling num-traits v0.2.17
[INFO] [stderr]    Compiling unarray v0.1.4
[INFO] [stderr]    Compiling bit-set v0.5.3
[INFO] [stderr]    Compiling getrandom v0.2.11
[INFO] [stderr]    Compiling wait-timeout v0.2.0
[INFO] [stderr]    Compiling rand_core v0.6.4
[INFO] [stderr]    Compiling rand_chacha v0.3.1
[INFO] [stderr]    Compiling rand_xorshift v0.3.0
[INFO] [stderr]    Compiling rand v0.8.5
[INFO] [stderr]    Compiling tempfile v3.9.0
[INFO] [stderr]    Compiling rusty-fork v0.3.0
[INFO] [stderr]    Compiling proptest v1.4.0
[INFO] [stderr]    Compiling summavy-common v0.5.0 (/opt/rustwide/workdir)
[INFO] [stderr]     Finished test [unoptimized + debuginfo] target(s) in 8.07s
[INFO] running `Command { std: "docker" "inspect" "09f9f8a12b5b62ca35c8913b8cda4ac454b7fd2b285db64dcb88076713925b6a", kill_on_drop: false }`
[INFO] running `Command { std: "docker" "rm" "-f" "09f9f8a12b5b62ca35c8913b8cda4ac454b7fd2b285db64dcb88076713925b6a", kill_on_drop: false }`
[INFO] [stdout] 09f9f8a12b5b62ca35c8913b8cda4ac454b7fd2b285db64dcb88076713925b6a
[INFO] running `Command { std: "docker" "create" "-v" "/var/lib/crater-agent-workspace/builds/worker-7-tc2/target:/opt/rustwide/target:rw,Z" "-v" "/var/lib/crater-agent-workspace/builds/worker-7-tc2/source:/opt/rustwide/workdir:ro,Z" "-v" "/var/lib/crater-agent-workspace/cargo-home:/opt/rustwide/cargo-home:ro,Z" "-v" "/var/lib/crater-agent-workspace/rustup-home:/opt/rustwide/rustup-home:ro,Z" "-e" "SOURCE_DIR=/opt/rustwide/workdir" "-e" "CARGO_TARGET_DIR=/opt/rustwide/target" "-e" "CARGO_INCREMENTAL=0" "-e" "RUST_BACKTRACE=full" "-e" "RUSTFLAGS=--cap-lints=warn" "-e" "RUSTDOCFLAGS=--cap-lints=warn" "-e" "CARGO_HOME=/opt/rustwide/cargo-home" "-e" "RUSTUP_HOME=/opt/rustwide/rustup-home" "-w" "/opt/rustwide/workdir" "-m" "1610612736" "--user" "0:0" "--network" "none" "ghcr.io/rust-lang/crates-build-env/linux@sha256:2788e3201cd34a07e3172128adcd8b3090168a8e3bcc40d7c032b9dda1df7d1c" "/opt/rustwide/cargo-home/bin/cargo" "+beta-2023-12-22" "test" "--frozen", kill_on_drop: false }`
[INFO] [stdout] 57eb185adb0a19ebd03c2ab476a73659bd1c61d3896856dd922733341bcfa559
[INFO] running `Command { std: "docker" "start" "-a" "57eb185adb0a19ebd03c2ab476a73659bd1c61d3896856dd922733341bcfa559", kill_on_drop: false }`
[INFO] [stderr]     Finished test [unoptimized + debuginfo] target(s) in 0.04s
[INFO] [stderr]      Running unittests src/lib.rs (/opt/rustwide/target/debug/deps/summavy_common-28c63a8bd853e4b3)
[INFO] [stdout] 
[INFO] [stdout] running 39 tests
[INFO] [stdout] test bitset::tests::test_bitset_len ... ok
[INFO] [stdout] test bitset::tests::test_bitset_intersect ... ok
[INFO] [stdout] test bitset::tests::test_bitset_clear ... ok
[INFO] [stdout] test bitset::tests::test_read_serialized_bitset_empty ... ok
[INFO] [stdout] test bitset::tests::test_bitset ... ok
[INFO] [stdout] test bitset::tests::test_bitset_num_buckets ... ok
[INFO] [stdout] test bitset::tests::test_read_serialized_bitset_full ... ok
[INFO] [stdout] test serialize::test::test_serialize_bool ... ok
[INFO] [stdout] test group_by::tests::group_by_two_groups ... ok
[INFO] [stdout] test serialize::test::test_serialize_f64 ... ok
[INFO] [stdout] test file_slice::tests::test_combine_range ... ok
[INFO] [stdout] test group_by::tests::group_by_test_empty ... ok
[INFO] [stdout] test file_slice::tests::test_file_slice_trait_slice_len ... ok
[INFO] [stdout] test file_slice::tests::test_file_slice ... ok
[INFO] [stdout] test file_slice::tests::test_slice_simple_read ... ok
[INFO] [stdout] test bitset::tests::test_tiny_set ... ok
[INFO] [stdout] test bitset::tests::test_tinyset_range ... ok
[INFO] [stdout] test group_by::tests::group_by_three_groups ... ok
[INFO] [stdout] test bitset::tests::test_tiny_set_remove ... ok
[INFO] [stdout] test bitset::tests::test_read_serialized_bitset_full_multi ... ok
[INFO] [stdout] test file_slice::tests::test_slice_read_slice ... ok
[INFO] [stdout] test serialize::test::test_serialize_string ... ok
[INFO] [stdout] test serialize::test::test_serialize_i64 ... ok
[INFO] [stdout] test serialize::test::test_serialize_vec ... ok
[INFO] [stdout] test serialize::test::test_serialize_u32 ... ok
[INFO] [stdout] test bitset::tests::test_read_serialized_bitset_full_block ... ok
[INFO] [stdout] test test::test_f64_converter ... ok
[INFO] [stdout] test serialize::test::test_serialize_vint ... ok
[INFO] [stdout] test serialize::test::test_serialize_u64 ... ok
[INFO] [stdout] test serialize::test::test_serialize_u8 ... ok
[INFO] [stdout] test test::test_f64_order ... ok
[INFO] [stdout] test test::test_i64_converter ... ok
[INFO] [stdout] test vint::tests::test_vint_u32 ... ok
[INFO] [stdout] test vint::tests::test_vint_u128 ... ok
[INFO] [stdout] test test::test_f64_converter_monotonicity_proptest ... ok
[INFO] [stdout] test vint::tests::test_vint ... ok
[INFO] [stdout] test writer::test::test_counting_writer ... ok
[INFO] [stdout] test file_slice::tests::test_slice_read_slice_invalid_range_exceeds - should panic ... ok
[INFO] [stdout] test file_slice::tests::test_combine_range_panics - should panic ... ok
[INFO] [stdout] 
[INFO] [stdout] test result: ok. 39 passed; 0 failed; 0 ignored; 0 measured; 0 filtered out; finished in 0.10s
[INFO] [stdout] 
[INFO] [stderr]    Doc-tests summavy-common
[INFO] [stdout] 
[INFO] [stdout] running 1 test
[INFO] [stdout] test src/group_by.rs - group_by::GroupByIteratorExtended::group_by (line 12) ... FAILED
[INFO] [stdout] 
[INFO] [stdout] failures:
[INFO] [stdout] 
[INFO] [stdout] ---- src/group_by.rs - group_by::GroupByIteratorExtended::group_by (line 12) stdout ----
[INFO] [stdout] error[E0432]: unresolved import `tantivy_common`
[INFO] [stdout]  --> src/group_by.rs:13:5
[INFO] [stdout]   |
[INFO] [stdout] 3 | use tantivy_common::GroupByIteratorExtended;
[INFO] [stdout]   |     ^^^^^^^^^^^^^^ use of undeclared crate or module `tantivy_common`
[INFO] [stdout] 
[INFO] [stdout] error[E0599]: no method named `group_by` found for struct `std::vec::IntoIter` in the current scope
[INFO] [stdout]   --> src/group_by.rs:21:38
[INFO] [stdout]    |
[INFO] [stdout] 11 | for (key, group) in data.into_iter().group_by(|val| *val >= 0) {
[INFO] [stdout]    |                     ----             ^^^^^^^^ method not found in `IntoIter<i32>`
[INFO] [stdout]    |                     |
[INFO] [stdout]    |                     method `group_by` is available on `Vec<i32>`
[INFO] [stdout]    |
[INFO] [stdout]   ::: /opt/rustwide/workdir/src/group_by.rs:26:8
[INFO] [stdout]    |
[INFO] [stdout] 26 |     fn group_by<K, F>(self, key: F) -> GroupByIterator<Self, F, K>
[INFO] [stdout]    |        -------- the method is available for `std::vec::IntoIter<i32>` here
[INFO] [stdout]    |
[INFO] [stdout]    = help: items from traits can only be used if the trait is in scope
[INFO] [stdout] help: the following trait is implemented but not in scope; perhaps add a `use` for it:
[INFO] [stdout]    |
[INFO] [stdout] 2  + use summavy_common::GroupByIteratorExtended;
[INFO] [stdout]    |
[INFO] [stdout] 
[INFO] [stdout] error: aborting due to 2 previous errors
[INFO] [stdout] 
[INFO] [stdout] Some errors have detailed explanations: E0432, E0599.
[INFO] [stdout] For more information about an error, try `rustc --explain E0432`.
[INFO] [stdout] Couldn't compile the test.
[INFO] [stdout] 
[INFO] [stdout] failures:
[INFO] [stdout]     src/group_by.rs - group_by::GroupByIteratorExtended::group_by (line 12)
[INFO] [stdout] 
[INFO] [stdout] test result: FAILED. 0 passed; 1 failed; 0 ignored; 0 measured; 0 filtered out; finished in 0.08s
[INFO] [stdout] 
[INFO] [stderr] error: doctest failed, to rerun pass `--doc`
[INFO] running `Command { std: "docker" "inspect" "57eb185adb0a19ebd03c2ab476a73659bd1c61d3896856dd922733341bcfa559", kill_on_drop: false }`
[INFO] running `Command { std: "docker" "rm" "-f" "57eb185adb0a19ebd03c2ab476a73659bd1c61d3896856dd922733341bcfa559", kill_on_drop: false }`
[INFO] [stdout] 57eb185adb0a19ebd03c2ab476a73659bd1c61d3896856dd922733341bcfa559
