[INFO] fetching crate subrc 0.2.0...
[INFO] testing subrc-0.2.0 against 1.75.0 for beta-1.76-1
[INFO] extracting crate subrc 0.2.0 into /workspace/builds/worker-2-tc1/source
[INFO] validating manifest of crates.io crate subrc 0.2.0 on toolchain 1.75.0
[INFO] running `Command { std: CARGO_HOME="/workspace/cargo-home" RUSTUP_HOME="/workspace/rustup-home" "/workspace/cargo-home/bin/cargo" "+1.75.0" "metadata" "--manifest-path" "Cargo.toml" "--no-deps", kill_on_drop: false }`
[INFO] started tweaking crates.io crate subrc 0.2.0
[INFO] finished tweaking crates.io crate subrc 0.2.0
[INFO] tweaked toml for crates.io crate subrc 0.2.0 written to /workspace/builds/worker-2-tc1/source/Cargo.toml
[INFO] running `Command { std: CARGO_HOME="/workspace/cargo-home" RUSTUP_HOME="/workspace/rustup-home" "/workspace/cargo-home/bin/cargo" "+1.75.0" "generate-lockfile" "--manifest-path" "Cargo.toml", kill_on_drop: false }`
[INFO] running `Command { std: CARGO_HOME="/workspace/cargo-home" RUSTUP_HOME="/workspace/rustup-home" "/workspace/cargo-home/bin/cargo" "+1.75.0" "fetch" "--manifest-path" "Cargo.toml", kill_on_drop: false }`
[INFO] running `Command { std: "docker" "create" "-v" "/var/lib/crater-agent-workspace/builds/worker-2-tc1/target:/opt/rustwide/target:rw,Z" "-v" "/var/lib/crater-agent-workspace/builds/worker-2-tc1/source:/opt/rustwide/workdir:ro,Z" "-v" "/var/lib/crater-agent-workspace/cargo-home:/opt/rustwide/cargo-home:ro,Z" "-v" "/var/lib/crater-agent-workspace/rustup-home:/opt/rustwide/rustup-home:ro,Z" "-e" "SOURCE_DIR=/opt/rustwide/workdir" "-e" "CARGO_TARGET_DIR=/opt/rustwide/target" "-e" "CARGO_HOME=/opt/rustwide/cargo-home" "-e" "RUSTUP_HOME=/opt/rustwide/rustup-home" "-w" "/opt/rustwide/workdir" "-m" "1610612736" "--user" "0:0" "--network" "none" "ghcr.io/rust-lang/crates-build-env/linux@sha256:2788e3201cd34a07e3172128adcd8b3090168a8e3bcc40d7c032b9dda1df7d1c" "/opt/rustwide/cargo-home/bin/cargo" "+1.75.0" "metadata" "--no-deps" "--format-version=1", kill_on_drop: false }`
[INFO] [stdout] 164371a3efbc8c831d3a47ee696755def980bb2ebb36204b11d244f3d16c0dd8
[INFO] running `Command { std: "docker" "start" "-a" "164371a3efbc8c831d3a47ee696755def980bb2ebb36204b11d244f3d16c0dd8", kill_on_drop: false }`
[INFO] running `Command { std: "docker" "inspect" "164371a3efbc8c831d3a47ee696755def980bb2ebb36204b11d244f3d16c0dd8", kill_on_drop: false }`
[INFO] running `Command { std: "docker" "rm" "-f" "164371a3efbc8c831d3a47ee696755def980bb2ebb36204b11d244f3d16c0dd8", kill_on_drop: false }`
[INFO] [stdout] 164371a3efbc8c831d3a47ee696755def980bb2ebb36204b11d244f3d16c0dd8
[INFO] running `Command { std: "docker" "create" "-v" "/var/lib/crater-agent-workspace/builds/worker-2-tc1/target:/opt/rustwide/target:rw,Z" "-v" "/var/lib/crater-agent-workspace/builds/worker-2-tc1/source:/opt/rustwide/workdir:ro,Z" "-v" "/var/lib/crater-agent-workspace/cargo-home:/opt/rustwide/cargo-home:ro,Z" "-v" "/var/lib/crater-agent-workspace/rustup-home:/opt/rustwide/rustup-home:ro,Z" "-e" "SOURCE_DIR=/opt/rustwide/workdir" "-e" "CARGO_TARGET_DIR=/opt/rustwide/target" "-e" "CARGO_INCREMENTAL=0" "-e" "RUST_BACKTRACE=full" "-e" "RUSTFLAGS=--cap-lints=warn" "-e" "RUSTDOCFLAGS=--cap-lints=warn" "-e" "CARGO_HOME=/opt/rustwide/cargo-home" "-e" "RUSTUP_HOME=/opt/rustwide/rustup-home" "-w" "/opt/rustwide/workdir" "-m" "1610612736" "--user" "0:0" "--network" "none" "ghcr.io/rust-lang/crates-build-env/linux@sha256:2788e3201cd34a07e3172128adcd8b3090168a8e3bcc40d7c032b9dda1df7d1c" "/opt/rustwide/cargo-home/bin/cargo" "+1.75.0" "build" "--frozen" "--message-format=json", kill_on_drop: false }`
[INFO] [stdout] 9f3c8afdac3ac41dfefe17f00115f31df9e711124c0861f155b532ca720f3801
[INFO] running `Command { std: "docker" "start" "-a" "9f3c8afdac3ac41dfefe17f00115f31df9e711124c0861f155b532ca720f3801", kill_on_drop: false }`
[INFO] [stderr]    Compiling subrc v0.2.0 (/opt/rustwide/workdir)
[INFO] [stderr]     Finished dev [unoptimized + debuginfo] target(s) in 0.04s
[INFO] running `Command { std: "docker" "inspect" "9f3c8afdac3ac41dfefe17f00115f31df9e711124c0861f155b532ca720f3801", kill_on_drop: false }`
[INFO] running `Command { std: "docker" "rm" "-f" "9f3c8afdac3ac41dfefe17f00115f31df9e711124c0861f155b532ca720f3801", kill_on_drop: false }`
[INFO] [stdout] 9f3c8afdac3ac41dfefe17f00115f31df9e711124c0861f155b532ca720f3801
[INFO] running `Command { std: "docker" "create" "-v" "/var/lib/crater-agent-workspace/builds/worker-2-tc1/target:/opt/rustwide/target:rw,Z" "-v" "/var/lib/crater-agent-workspace/builds/worker-2-tc1/source:/opt/rustwide/workdir:ro,Z" "-v" "/var/lib/crater-agent-workspace/cargo-home:/opt/rustwide/cargo-home:ro,Z" "-v" "/var/lib/crater-agent-workspace/rustup-home:/opt/rustwide/rustup-home:ro,Z" "-e" "SOURCE_DIR=/opt/rustwide/workdir" "-e" "CARGO_TARGET_DIR=/opt/rustwide/target" "-e" "CARGO_INCREMENTAL=0" "-e" "RUST_BACKTRACE=full" "-e" "RUSTFLAGS=--cap-lints=warn" "-e" "RUSTDOCFLAGS=--cap-lints=warn" "-e" "CARGO_HOME=/opt/rustwide/cargo-home" "-e" "RUSTUP_HOME=/opt/rustwide/rustup-home" "-w" "/opt/rustwide/workdir" "-m" "1610612736" "--user" "0:0" "--network" "none" "ghcr.io/rust-lang/crates-build-env/linux@sha256:2788e3201cd34a07e3172128adcd8b3090168a8e3bcc40d7c032b9dda1df7d1c" "/opt/rustwide/cargo-home/bin/cargo" "+1.75.0" "test" "--frozen" "--no-run" "--message-format=json", kill_on_drop: false }`
[INFO] [stdout] 386dfbd6101ecac7cd822e498b80573685ac1ec5ae5cd3e91e16e14d8f71b6c1
[INFO] running `Command { std: "docker" "start" "-a" "386dfbd6101ecac7cd822e498b80573685ac1ec5ae5cd3e91e16e14d8f71b6c1", kill_on_drop: false }`
[INFO] [stderr]    Compiling subrc v0.2.0 (/opt/rustwide/workdir)
[INFO] [stderr]     Finished test [unoptimized + debuginfo] target(s) in 0.22s
[INFO] running `Command { std: "docker" "inspect" "386dfbd6101ecac7cd822e498b80573685ac1ec5ae5cd3e91e16e14d8f71b6c1", kill_on_drop: false }`
[INFO] running `Command { std: "docker" "rm" "-f" "386dfbd6101ecac7cd822e498b80573685ac1ec5ae5cd3e91e16e14d8f71b6c1", kill_on_drop: false }`
[INFO] [stdout] 386dfbd6101ecac7cd822e498b80573685ac1ec5ae5cd3e91e16e14d8f71b6c1
[INFO] running `Command { std: "docker" "create" "-v" "/var/lib/crater-agent-workspace/builds/worker-2-tc1/target:/opt/rustwide/target:rw,Z" "-v" "/var/lib/crater-agent-workspace/builds/worker-2-tc1/source:/opt/rustwide/workdir:ro,Z" "-v" "/var/lib/crater-agent-workspace/cargo-home:/opt/rustwide/cargo-home:ro,Z" "-v" "/var/lib/crater-agent-workspace/rustup-home:/opt/rustwide/rustup-home:ro,Z" "-e" "SOURCE_DIR=/opt/rustwide/workdir" "-e" "CARGO_TARGET_DIR=/opt/rustwide/target" "-e" "CARGO_INCREMENTAL=0" "-e" "RUST_BACKTRACE=full" "-e" "RUSTFLAGS=--cap-lints=warn" "-e" "RUSTDOCFLAGS=--cap-lints=warn" "-e" "CARGO_HOME=/opt/rustwide/cargo-home" "-e" "RUSTUP_HOME=/opt/rustwide/rustup-home" "-w" "/opt/rustwide/workdir" "-m" "1610612736" "--user" "0:0" "--network" "none" "ghcr.io/rust-lang/crates-build-env/linux@sha256:2788e3201cd34a07e3172128adcd8b3090168a8e3bcc40d7c032b9dda1df7d1c" "/opt/rustwide/cargo-home/bin/cargo" "+1.75.0" "test" "--frozen", kill_on_drop: false }`
[INFO] [stdout] 83d9d536b4601d7b87b51fe8f1877e266cd3ac2bdf6c669901b02be9fe9144f3
[INFO] running `Command { std: "docker" "start" "-a" "83d9d536b4601d7b87b51fe8f1877e266cd3ac2bdf6c669901b02be9fe9144f3", kill_on_drop: false }`
[INFO] [stderr]     Finished test [unoptimized + debuginfo] target(s) in 0.00s
[INFO] [stderr]      Running unittests src/lib.rs (/opt/rustwide/target/debug/deps/subrc-8d60d76baa5579ac)
[INFO] [stdout] 
[INFO] [stdout] running 2 tests
[INFO] [stdout] test tests::test_subrc_struct_member ... ok
[INFO] [stdout] test tests::should_panic_for_invalid_offset - should panic ... ok
[INFO] [stdout] 
[INFO] [stdout] test result: ok. 2 passed; 0 failed; 0 ignored; 0 measured; 0 filtered out; finished in 0.01s
[INFO] [stdout] 
[INFO] [stderr]    Doc-tests subrc
[INFO] [stdout] 
[INFO] [stdout] running 3 tests
[INFO] [stdout] test src/lib.rs - Subrc (line 6) ... FAILED
[INFO] [stdout] test src/lib.rs - Subrc<T,U>::new (line 58) ... FAILED
[INFO] [stdout] test src/lib.rs - subrc (line 96) ... FAILED
[INFO] [stdout] 
[INFO] [stdout] failures:
[INFO] [stdout] 
[INFO] [stdout] ---- src/lib.rs - Subrc (line 6) stdout ----
[INFO] [stdout] error[E0433]: failed to resolve: use of undeclared type `Rc`
[INFO] [stdout]  --> src/lib.rs:12:10
[INFO] [stdout]   |
[INFO] [stdout] 9 | let rc = Rc::new(Foo { value: 42 });
[INFO] [stdout]   |          ^^ use of undeclared type `Rc`
[INFO] [stdout]   |
[INFO] [stdout] help: consider importing this struct
[INFO] [stdout]   |
[INFO] [stdout] 2 + use std::rc::Rc;
[INFO] [stdout]   |
[INFO] [stdout] 
[INFO] [stdout] error[E0433]: failed to resolve: use of undeclared type `Subrc`
[INFO] [stdout]   --> src/lib.rs:13:13
[INFO] [stdout]    |
[INFO] [stdout] 10 | let subrc = Subrc::new(rc.clone(), |foo| &foo.value);
[INFO] [stdout]    |             ^^^^^ use of undeclared type `Subrc`
[INFO] [stdout]    |
[INFO] [stdout] help: consider importing this struct
[INFO] [stdout]    |
[INFO] [stdout] 2  + use subrc::Subrc;
[INFO] [stdout]    |
[INFO] [stdout] 
[INFO] [stdout] error: aborting due to 2 previous errors
[INFO] [stdout] 
[INFO] [stdout] For more information about this error, try `rustc --explain E0433`.
[INFO] [stdout] Couldn't compile the test.
[INFO] [stdout] ---- src/lib.rs - Subrc<T,U>::new (line 58) stdout ----
[INFO] [stdout] error[E0433]: failed to resolve: use of undeclared type `Rc`
[INFO] [stdout]  --> src/lib.rs:61:14
[INFO] [stdout]   |
[INFO] [stdout] 6 |     let rc = Rc::new(s);
[INFO] [stdout]   |              ^^ use of undeclared type `Rc`
[INFO] [stdout]   |
[INFO] [stdout] help: consider importing this struct
[INFO] [stdout]   |
[INFO] [stdout] 2 + use std::rc::Rc;
[INFO] [stdout]   |
[INFO] [stdout] 
[INFO] [stdout] error[E0433]: failed to resolve: use of undeclared type `Subrc`
[INFO] [stdout]  --> src/lib.rs:62:17
[INFO] [stdout]   |
[INFO] [stdout] 7 |     let subrc = Subrc::new(rc.clone(), |s| &123);   // panic here: `123` is totally unrelated to `s`!
[INFO] [stdout]   |                 ^^^^^ use of undeclared type `Subrc`
[INFO] [stdout]   |
[INFO] [stdout] help: consider importing this struct
[INFO] [stdout]   |
[INFO] [stdout] 2 + use subrc::Subrc;
[INFO] [stdout]   |
[INFO] [stdout] 
[INFO] [stdout] error: aborting due to 2 previous errors
[INFO] [stdout] 
[INFO] [stdout] For more information about this error, try `rustc --explain E0433`.
[INFO] [stdout] Couldn't compile the test.
[INFO] [stdout] ---- src/lib.rs - subrc (line 96) stdout ----
[INFO] [stdout] error: cannot find macro `subrc` in this scope
[INFO] [stdout]  --> src/lib.rs:102:13
[INFO] [stdout]   |
[INFO] [stdout] 9 | let subrc = subrc!(rc.value);
[INFO] [stdout]   |             ^^^^^
[INFO] [stdout]   |
[INFO] [stdout] note: `subrc` is imported here, but it is a crate, not a macro
[INFO] [stdout]  --> src/lib.rs:96:1
[INFO] [stdout]   |
[INFO] [stdout] 3 | extern crate r#subrc;
[INFO] [stdout]   | ^^^^^^^^^^^^^^^^^^^^^
[INFO] [stdout] help: consider importing this macro
[INFO] [stdout]   |
[INFO] [stdout] 2 + use subrc::subrc;
[INFO] [stdout]   |
[INFO] [stdout] 
[INFO] [stdout] error[E0433]: failed to resolve: use of undeclared type `Rc`
[INFO] [stdout]  --> src/lib.rs:101:10
[INFO] [stdout]   |
[INFO] [stdout] 8 | let rc = Rc::new(Foo { value: 42 });
[INFO] [stdout]   |          ^^ use of undeclared type `Rc`
[INFO] [stdout]   |
[INFO] [stdout] help: consider importing this struct
[INFO] [stdout]   |
[INFO] [stdout] 2 + use std::rc::Rc;
[INFO] [stdout]   |
[INFO] [stdout] 
[INFO] [stdout] error: aborting due to 2 previous errors
[INFO] [stdout] 
[INFO] [stdout] For more information about this error, try `rustc --explain E0433`.
[INFO] [stdout] Couldn't compile the test.
[INFO] [stdout] 
[INFO] [stdout] failures:
[INFO] [stdout]     src/lib.rs - Subrc (line 6)
[INFO] [stdout]     src/lib.rs - Subrc<T,U>::new (line 58)
[INFO] [stdout]     src/lib.rs - subrc (line 96)
[INFO] [stdout] 
[INFO] [stdout] test result: FAILED. 0 passed; 3 failed; 0 ignored; 0 measured; 0 filtered out; finished in 0.05s
[INFO] [stdout] 
[INFO] [stderr] error: doctest failed, to rerun pass `--doc`
[INFO] running `Command { std: "docker" "inspect" "83d9d536b4601d7b87b51fe8f1877e266cd3ac2bdf6c669901b02be9fe9144f3", kill_on_drop: false }`
[INFO] running `Command { std: "docker" "rm" "-f" "83d9d536b4601d7b87b51fe8f1877e266cd3ac2bdf6c669901b02be9fe9144f3", kill_on_drop: false }`
[INFO] [stdout] 83d9d536b4601d7b87b51fe8f1877e266cd3ac2bdf6c669901b02be9fe9144f3
