[INFO] fetching crate subplot 0.9.0...
[INFO] testing subplot-0.9.0 against 1.75.0 for beta-1.76-1
[INFO] extracting crate subplot 0.9.0 into /workspace/builds/worker-7-tc1/source
[INFO] validating manifest of crates.io crate subplot 0.9.0 on toolchain 1.75.0
[INFO] running `Command { std: CARGO_HOME="/workspace/cargo-home" RUSTUP_HOME="/workspace/rustup-home" "/workspace/cargo-home/bin/cargo" "+1.75.0" "metadata" "--manifest-path" "Cargo.toml" "--no-deps", kill_on_drop: false }`
[INFO] started tweaking crates.io crate subplot 0.9.0
[INFO] finished tweaking crates.io crate subplot 0.9.0
[INFO] tweaked toml for crates.io crate subplot 0.9.0 written to /workspace/builds/worker-7-tc1/source/Cargo.toml
[INFO] crate crates.io crate subplot 0.9.0 already has a lockfile, it will not be regenerated
[INFO] running `Command { std: CARGO_HOME="/workspace/cargo-home" RUSTUP_HOME="/workspace/rustup-home" "/workspace/cargo-home/bin/cargo" "+1.75.0" "fetch" "--manifest-path" "Cargo.toml", kill_on_drop: false }`
[INFO] [stderr]     Updating crates.io index
[INFO] [stderr]  Downloading crates ...
[INFO] [stderr]   Downloaded tempfile-fast v0.3.4
[INFO] [stderr]   Downloaded pikchr v0.1.1
[INFO] [stderr]   Downloaded roadmap v0.5.0
[INFO] [stderr]   Downloaded line-col v0.2.1
[INFO] running `Command { std: "docker" "create" "-v" "/var/lib/crater-agent-workspace/builds/worker-7-tc1/target:/opt/rustwide/target:rw,Z" "-v" "/var/lib/crater-agent-workspace/builds/worker-7-tc1/source:/opt/rustwide/workdir:ro,Z" "-v" "/var/lib/crater-agent-workspace/cargo-home:/opt/rustwide/cargo-home:ro,Z" "-v" "/var/lib/crater-agent-workspace/rustup-home:/opt/rustwide/rustup-home:ro,Z" "-e" "SOURCE_DIR=/opt/rustwide/workdir" "-e" "CARGO_TARGET_DIR=/opt/rustwide/target" "-e" "CARGO_HOME=/opt/rustwide/cargo-home" "-e" "RUSTUP_HOME=/opt/rustwide/rustup-home" "-w" "/opt/rustwide/workdir" "-m" "1610612736" "--user" "0:0" "--network" "none" "ghcr.io/rust-lang/crates-build-env/linux@sha256:2788e3201cd34a07e3172128adcd8b3090168a8e3bcc40d7c032b9dda1df7d1c" "/opt/rustwide/cargo-home/bin/cargo" "+1.75.0" "metadata" "--no-deps" "--format-version=1", kill_on_drop: false }`
[INFO] [stdout] a86c7f98ce23410eb1fbd8c9244230d8edc1fd331c59eda18ee4b343afa9561a
[INFO] running `Command { std: "docker" "start" "-a" "a86c7f98ce23410eb1fbd8c9244230d8edc1fd331c59eda18ee4b343afa9561a", kill_on_drop: false }`
[INFO] running `Command { std: "docker" "inspect" "a86c7f98ce23410eb1fbd8c9244230d8edc1fd331c59eda18ee4b343afa9561a", kill_on_drop: false }`
[INFO] running `Command { std: "docker" "rm" "-f" "a86c7f98ce23410eb1fbd8c9244230d8edc1fd331c59eda18ee4b343afa9561a", kill_on_drop: false }`
[INFO] [stdout] a86c7f98ce23410eb1fbd8c9244230d8edc1fd331c59eda18ee4b343afa9561a
[INFO] running `Command { std: "docker" "create" "-v" "/var/lib/crater-agent-workspace/builds/worker-7-tc1/target:/opt/rustwide/target:rw,Z" "-v" "/var/lib/crater-agent-workspace/builds/worker-7-tc1/source:/opt/rustwide/workdir:ro,Z" "-v" "/var/lib/crater-agent-workspace/cargo-home:/opt/rustwide/cargo-home:ro,Z" "-v" "/var/lib/crater-agent-workspace/rustup-home:/opt/rustwide/rustup-home:ro,Z" "-e" "SOURCE_DIR=/opt/rustwide/workdir" "-e" "CARGO_TARGET_DIR=/opt/rustwide/target" "-e" "CARGO_INCREMENTAL=0" "-e" "RUST_BACKTRACE=full" "-e" "RUSTFLAGS=--cap-lints=warn" "-e" "RUSTDOCFLAGS=--cap-lints=warn" "-e" "CARGO_HOME=/opt/rustwide/cargo-home" "-e" "RUSTUP_HOME=/opt/rustwide/rustup-home" "-w" "/opt/rustwide/workdir" "-m" "1610612736" "--user" "0:0" "--network" "none" "ghcr.io/rust-lang/crates-build-env/linux@sha256:2788e3201cd34a07e3172128adcd8b3090168a8e3bcc40d7c032b9dda1df7d1c" "/opt/rustwide/cargo-home/bin/cargo" "+1.75.0" "build" "--frozen" "--message-format=json", kill_on_drop: false }`
[INFO] [stdout] fa92dc8553b4d1c15781754cbf2164ac7cdbf986835055a0e0d67693ce9573a8
[INFO] running `Command { std: "docker" "start" "-a" "fa92dc8553b4d1c15781754cbf2164ac7cdbf986835055a0e0d67693ce9573a8", kill_on_drop: false }`
[INFO] [stderr]    Compiling proc-macro2 v1.0.60
[INFO] [stderr]    Compiling unicode-ident v1.0.9
[INFO] [stderr]    Compiling quote v1.0.28
[INFO] [stderr]    Compiling memchr v2.5.0
[INFO] [stderr]    Compiling libc v0.2.146
[INFO] [stderr]    Compiling regex-syntax v0.7.2
[INFO] [stderr]    Compiling ahash v0.7.6
[INFO] [stderr]    Compiling io-lifetimes v1.0.11
[INFO] [stderr]    Compiling thiserror v1.0.40
[INFO] [stderr]    Compiling serde v1.0.164
[INFO] [stderr]    Compiling itoa v1.0.6
[INFO] [stderr]    Compiling syn v1.0.109
[INFO] [stderr]    Compiling rustix v0.37.20
[INFO] [stderr]    Compiling ryu v1.0.13
[INFO] [stderr]    Compiling aho-corasick v1.0.2
[INFO] [stderr]    Compiling getrandom v0.2.10
[INFO] [stderr]    Compiling syn v2.0.18
[INFO] [stderr]    Compiling same-file v1.0.6
[INFO] [stderr]    Compiling linux-raw-sys v0.3.8
[INFO] [stderr]    Compiling hashbrown v0.12.3
[INFO] [stderr]    Compiling walkdir v2.3.3
[INFO] [stderr]    Compiling regex v1.8.4
[INFO] [stderr]    Compiling indexmap v1.9.3
[INFO] [stderr]    Compiling proc-macro-error-attr v1.0.4
[INFO] [stderr]    Compiling log v0.4.19
[INFO] [stderr]    Compiling anyhow v1.0.71
[INFO] [stderr]    Compiling ucd-trie v0.1.5
[INFO] [stderr]    Compiling rand_core v0.6.4
[INFO] [stderr]    Compiling aho-corasick v0.7.20
[INFO] [stderr]    Compiling bstr v1.5.0
[INFO] [stderr]    Compiling proc-macro-error v1.0.4
[INFO] [stderr]    Compiling unicode-width v0.1.10
[INFO] [stderr]    Compiling libm v0.2.7
[INFO] [stderr]    Compiling serde_json v1.0.96
[INFO] [stderr]    Compiling thiserror-impl v1.0.40
[INFO] [stderr]    Compiling serde_derive v1.0.164
[INFO] [stderr]    Compiling time-macros v0.2.4
[INFO] [stderr]    Compiling num_threads v0.1.6
[INFO] [stderr]    Compiling unic-char-range v0.9.0
[INFO] [stderr]    Compiling unic-common v0.9.0
[INFO] [stderr]    Compiling unic-ucd-version v0.9.0
[INFO] [stderr]    Compiling globset v0.4.10
[INFO] [stderr]    Compiling unic-char-property v0.9.0
[INFO] [stderr]    Compiling rand_chacha v0.3.1
[INFO] [stderr]    Compiling pest v2.6.0
[INFO] [stderr]    Compiling tempfile v3.6.0
[INFO] [stderr]    Compiling thread_local v1.1.4
[INFO] [stderr]    Compiling unicase v2.6.0
[INFO] [stderr]    Compiling cc v1.0.79
[INFO] [stderr]    Compiling linked-hash-map v0.5.6
[INFO] [stderr]    Compiling ignore v0.4.20
[INFO] [stderr]    Compiling yaml-rust v0.4.5
[INFO] [stderr]    Compiling time v0.3.9
[INFO] [stderr]    Compiling unicode-linebreak v0.1.4
[INFO] [stderr]    Compiling pest_meta v2.6.0
[INFO] [stderr]    Compiling rand v0.8.5
[INFO] [stderr]    Compiling pikchr v0.1.1
[INFO] [stderr]    Compiling unic-ucd-segment v0.9.0
[INFO] [stderr]    Compiling is-terminal v0.4.7
[INFO] [stderr]    Compiling deunicode v0.4.3
[INFO] [stderr]    Compiling pest_generator v2.6.0
[INFO] [stderr]    Compiling fastrand v1.9.0
[INFO] [stderr]    Compiling os_str_bytes v6.5.1
[INFO] [stderr]    Compiling smawk v0.3.1
[INFO] [stderr]    Compiling pulldown-cmark v0.9.3
[INFO] [stderr]    Compiling termcolor v1.2.0
[INFO] [stderr]    Compiling heck v0.4.1
[INFO] [stderr]    Compiling clap_lex v0.3.0
[INFO] [stderr]    Compiling git-testament-derive v0.1.14
[INFO] [stderr]    Compiling clap_derive v4.0.21
[INFO] [stderr]    Compiling textwrap v0.15.2
[INFO] [stderr]    Compiling humansize v2.1.3
[INFO] [stderr]    Compiling unic-segment v0.9.0
[INFO] [stderr]    Compiling slug v0.1.4
[INFO] [stderr]    Compiling globwalk v0.8.1
[INFO] [stderr]    Compiling pest_derive v2.6.0
[INFO] [stderr]    Compiling subplot v0.9.0 (/opt/rustwide/workdir)
[INFO] [stderr]    Compiling getopts v0.2.21
[INFO] [stderr]    Compiling unsafe-libyaml v0.2.8
[INFO] [stderr]    Compiling strsim v0.10.0
[INFO] [stderr]    Compiling no-std-compat v0.4.1
[INFO] [stderr]    Compiling utf8-width v0.1.6
[INFO] [stderr]    Compiling humantime v2.1.0
[INFO] [stderr]    Compiling html-escape v0.2.13
[INFO] [stderr]    Compiling env_logger v0.10.0
[INFO] [stderr]    Compiling git-testament v0.2.4
[INFO] [stderr]    Compiling tempfile-fast v0.3.4
[INFO] [stderr]    Compiling base64 v0.21.2
[INFO] [stderr]    Compiling file_diff v1.0.0
[INFO] [stderr]    Compiling line-col v0.2.1
[INFO] [stderr]    Compiling clap v4.0.32
[INFO] [stderr]    Compiling serde_yaml v0.8.26
[INFO] [stderr]    Compiling serde_yaml v0.9.21
[INFO] [stderr]    Compiling roadmap v0.5.0
[INFO] [stderr]    Compiling tera v1.19.0
[INFO] [stderr]    Compiling serde-aux v4.2.0
[INFO] [stderr]     Finished dev [unoptimized + debuginfo] target(s) in 28.09s
[INFO] running `Command { std: "docker" "inspect" "fa92dc8553b4d1c15781754cbf2164ac7cdbf986835055a0e0d67693ce9573a8", kill_on_drop: false }`
[INFO] running `Command { std: "docker" "rm" "-f" "fa92dc8553b4d1c15781754cbf2164ac7cdbf986835055a0e0d67693ce9573a8", kill_on_drop: false }`
[INFO] [stdout] fa92dc8553b4d1c15781754cbf2164ac7cdbf986835055a0e0d67693ce9573a8
[INFO] running `Command { std: "docker" "create" "-v" "/var/lib/crater-agent-workspace/builds/worker-7-tc1/target:/opt/rustwide/target:rw,Z" "-v" "/var/lib/crater-agent-workspace/builds/worker-7-tc1/source:/opt/rustwide/workdir:ro,Z" "-v" "/var/lib/crater-agent-workspace/cargo-home:/opt/rustwide/cargo-home:ro,Z" "-v" "/var/lib/crater-agent-workspace/rustup-home:/opt/rustwide/rustup-home:ro,Z" "-e" "SOURCE_DIR=/opt/rustwide/workdir" "-e" "CARGO_TARGET_DIR=/opt/rustwide/target" "-e" "CARGO_INCREMENTAL=0" "-e" "RUST_BACKTRACE=full" "-e" "RUSTFLAGS=--cap-lints=warn" "-e" "RUSTDOCFLAGS=--cap-lints=warn" "-e" "CARGO_HOME=/opt/rustwide/cargo-home" "-e" "RUSTUP_HOME=/opt/rustwide/rustup-home" "-w" "/opt/rustwide/workdir" "-m" "1610612736" "--user" "0:0" "--network" "none" "ghcr.io/rust-lang/crates-build-env/linux@sha256:2788e3201cd34a07e3172128adcd8b3090168a8e3bcc40d7c032b9dda1df7d1c" "/opt/rustwide/cargo-home/bin/cargo" "+1.75.0" "test" "--frozen" "--no-run" "--message-format=json", kill_on_drop: false }`
[INFO] [stdout] 517502dc81b6fdb2e4cb57e845b1385d55904d8f4c00547b35f39e7b649b6452
[INFO] running `Command { std: "docker" "start" "-a" "517502dc81b6fdb2e4cb57e845b1385d55904d8f4c00547b35f39e7b649b6452", kill_on_drop: false }`
[INFO] [stderr]    Compiling subplot v0.9.0 (/opt/rustwide/workdir)
[INFO] [stderr]     Finished test [unoptimized + debuginfo] target(s) in 4.31s
[INFO] running `Command { std: "docker" "inspect" "517502dc81b6fdb2e4cb57e845b1385d55904d8f4c00547b35f39e7b649b6452", kill_on_drop: false }`
[INFO] running `Command { std: "docker" "rm" "-f" "517502dc81b6fdb2e4cb57e845b1385d55904d8f4c00547b35f39e7b649b6452", kill_on_drop: false }`
[INFO] [stdout] 517502dc81b6fdb2e4cb57e845b1385d55904d8f4c00547b35f39e7b649b6452
[INFO] running `Command { std: "docker" "create" "-v" "/var/lib/crater-agent-workspace/builds/worker-7-tc1/target:/opt/rustwide/target:rw,Z" "-v" "/var/lib/crater-agent-workspace/builds/worker-7-tc1/source:/opt/rustwide/workdir:ro,Z" "-v" "/var/lib/crater-agent-workspace/cargo-home:/opt/rustwide/cargo-home:ro,Z" "-v" "/var/lib/crater-agent-workspace/rustup-home:/opt/rustwide/rustup-home:ro,Z" "-e" "SOURCE_DIR=/opt/rustwide/workdir" "-e" "CARGO_TARGET_DIR=/opt/rustwide/target" "-e" "CARGO_INCREMENTAL=0" "-e" "RUST_BACKTRACE=full" "-e" "RUSTFLAGS=--cap-lints=warn" "-e" "RUSTDOCFLAGS=--cap-lints=warn" "-e" "CARGO_HOME=/opt/rustwide/cargo-home" "-e" "RUSTUP_HOME=/opt/rustwide/rustup-home" "-w" "/opt/rustwide/workdir" "-m" "1610612736" "--user" "0:0" "--network" "none" "ghcr.io/rust-lang/crates-build-env/linux@sha256:2788e3201cd34a07e3172128adcd8b3090168a8e3bcc40d7c032b9dda1df7d1c" "/opt/rustwide/cargo-home/bin/cargo" "+1.75.0" "test" "--frozen", kill_on_drop: false }`
[INFO] [stdout] fa513de03ad2eb28f8462d89ebd8d22c070f3f85a818c43987c0bade1a02bda6
[INFO] running `Command { std: "docker" "start" "-a" "fa513de03ad2eb28f8462d89ebd8d22c070f3f85a818c43987c0bade1a02bda6", kill_on_drop: false }`
[INFO] [stderr]     Finished test [unoptimized + debuginfo] target(s) in 0.06s
[INFO] [stderr]      Running unittests src/lib.rs (/opt/rustwide/target/debug/deps/subplot-5398e42c983f99e9)
[INFO] [stdout] 
[INFO] [stdout] running 90 tests
[INFO] [stdout] test bindings::test_binding::does_not_match_with_wrong_kind ... ok
[INFO] [stdout] test bindings::test_binding::does_not_match_with_wrong_text ... ok
[INFO] [stdout] test bindings::test_binding::match_with_fixed_pattern ... ok
[INFO] [stdout] test bindings::test_binding::creates_new ... ok
[INFO] [stdout] test bindings::test_binding::case_sensitive_mismatch ... ok
[INFO] [stdout] test bindings::test_bindings::add_from_yaml_notices_multiple_keywords ... ok
[INFO] [stdout] test bindings::test_bindings::adds_binding ... ok
[INFO] [stdout] test bindings::test_binding::equal ... ok
[INFO] [stdout] test bindings::test_bindings::has_no_bindings_initially ... ok
[INFO] [stdout] test bindings::test_bindings::does_not_find_match_for_unmatching_kind ... ok
[INFO] [stdout] test bindings::test_bindings::does_not_find_match_for_unmatching_pattern ... ok
[INFO] [stdout] test bindings::test_binding::not_equal ... ok
[INFO] [stdout] test bindings::test_bindings::finds_match_for_fixed_string_pattern ... ok
[INFO] [stdout] test bindings::test_regex_from_simple_pattern::returns_boring_pattern_as_is ... ok
[INFO] [stdout] test bindings::test_bindings::typemap_must_match_pattern ... ok
[INFO] [stdout] test bindings::test_regex_from_simple_pattern::returns_empty_string_as_is ... ok
[INFO] [stdout] test bindings::test_binding::match_with_regex ... ok
[INFO] [stdout] test bindings::test_bindings::finds_match_for_regexp_pattern ... ok
[INFO] [stdout] test bindings::test_regex_from_simple_pattern::returns_error_for_stray_closing_brace_before_capture ... ok
[INFO] [stdout] test bindings::test_regex_from_simple_pattern::returns_error_for_stray_closing_brace ... ok
[INFO] [stdout] test bindings::test_bindings::two_matching_bindings ... ok
[INFO] [stdout] test bindings::test_regex_from_simple_pattern::returns_error_for_stray_opening_brace ... ok
[INFO] [stdout] test bindings::test_regex_from_simple_pattern::returns_pattern_with_regexp_chars_escaped ... ok
[INFO] [stdout] test bindings::test_regex_from_simple_pattern::kindless_simple_pattern ... ok
[INFO] [stdout] test bindings::test_regex_from_simple_pattern::typemap_and_pattern_kind_must_match ... ok
[INFO] [stdout] test bindings::test_regex_from_simple_pattern::returns_error_for_stray_opening_brace_before_capture ... ok
[INFO] [stdout] test bindings::test_regex_from_simple_pattern::simple_word_pattern ... ok
[INFO] [stdout] test bindings::test_regex_from_simple_pattern::typemap_checked_on_pattern_parse_and_default_agrees ... ok
[INFO] [stdout] test bindings::test_regex_from_simple_pattern::simple_text_pattern ... ok
[INFO] [stdout] test bindings::test_bindings::adds_from_yaml ... ok
[INFO] [stdout] test bindings::test_regex_from_simple_pattern::typemap_updated_on_pattern_parse_explicit ... ok
[INFO] [stdout] test codegen::test::verify_commentsafe_filter ... ok
[INFO] [stdout] test codegen::test::verify_name_slugification ... ok
[INFO] [stdout] test html::test_block_attr::dot_word ... ok
[INFO] [stdout] test html::test_block_attr::hash_word ... ok
[INFO] [stdout] test html::test_block_attr::key_value ... ok
[INFO] [stdout] test html::test_block_attr::plain_word ... ok
[INFO] [stdout] test html::test_block_attr::empty_string ... ok
[INFO] [stdout] test html::test_block_attr::several ... ok
[INFO] [stdout] test matches::test::returns_text ... ok
[INFO] [stdout] test matches::test::returns_uncaptured ... ok
[INFO] [stdout] test matches::test_partial_steps::different_uncaptured_texts_dont_match ... ok
[INFO] [stdout] test matches::test_partial_steps::differently_captured_texts_dont_match ... ok
[INFO] [stdout] test matches::test_partial_steps::different_captured_texts_dont_match ... ok
[INFO] [stdout] test matches::test_partial_steps::differently_named_captured_texts_dont_match ... ok
[INFO] [stdout] test bindings::test_regex_from_simple_pattern::typemap_updated_on_pattern_parse_default ... ok
[INFO] [stdout] test matches::test_partial_steps::identical_uncaptured_texts_match ... ok
[INFO] [stdout] test matches::test_partial_steps::identical_captured_texts_match ... ok
[INFO] [stdout] test md::test::finds_block_classes ... ok
[INFO] [stdout] test md::test::finds_images ... ok
[INFO] [stdout] test md::test::finds_no_classes_when_no_blocks_have_them ... ok
[INFO] [stdout] test md::test::finds_embedded_files ... ok
[INFO] [stdout] test md::test::finds_no_blocks_in_empty_doc ... ok
[INFO] [stdout] test md::test::finds_no_embedded_files_in_empty_doc ... ok
[INFO] [stdout] test md::test::finds_no_images_in_empty_doc ... ok
[INFO] [stdout] test md::test::loads_empty_doc ... ok
[INFO] [stdout] test md::test::finds_no_scenarios_in_empty_doc ... ok
[INFO] [stdout] test md::test::parses_auto_as_auto ... ok
[INFO] [stdout] test bindings::test_regex_from_simple_pattern::typemap_used_when_kind_not_present ... ok
[INFO] [stdout] test md::test::finds_scenarios ... ok
[INFO] [stdout] test md::test::parses_garbage_as_error ... ok
[INFO] [stdout] test md::test::parses_empty_as_error ... ok
[INFO] [stdout] test md::test::parses_no_auto_newline_as_auto ... ok
[INFO] [stdout] test bindings::test_regex_from_simple_pattern::simple_uint_pattern ... ok
[INFO] [stdout] test md::test_extract::returns_error_if_scenario_has_no_title ... ok
[INFO] [stdout] test bindings::test_regex_from_simple_pattern::simple_int_pattern ... ok
[INFO] [stdout] test md::test::parses_no_as_no ... ok
[INFO] [stdout] test md::test::parses_yes_as_yes ... ok
[INFO] [stdout] test md::test_extract::returns_nothing_if_there_is_no_scenario ... ok
[INFO] [stdout] test md::test_extract::returns_parent_section_with_scenario_snippet ... ok
[INFO] [stdout] test md::test_extract::returns_scenario_if_there_is_one ... ok
[INFO] [stdout] test md::test_extract::skips_scenarioless_deeper_headings ... ok
[INFO] [stdout] test md::test_extract::skips_scenarioless_parent_heading ... ok
[INFO] [stdout] test md::test_extract::skips_scenarioless_section_in_favour_of_same_level ... ok
[INFO] [stdout] test parser::test::parses_two_lines ... ok
[INFO] [stdout] test parser::test::parses_empty_snippet_into_no_lines ... ok
[INFO] [stdout] test parser::test::parses_single_line ... ok
[INFO] [stdout] test metadata::test::full_meta ... ok
[INFO] [stdout] test scenarios::test::adds_step ... ok
[INFO] [stdout] test parser::test::parses_two_lines_with_empty_line ... ok
[INFO] [stdout] test scenarios::test::has_no_steps_initially ... ok
[INFO] [stdout] test scenarios::test::has_title ... ok
[INFO] [stdout] test steps::test::fails_to_parse_and ... ok
[INFO] [stdout] test steps::test::parses_given ... ok
[INFO] [stdout] test steps::test::parses_then ... ok
[INFO] [stdout] test steps::test::parses_given_with_extra_spaces ... ok
[INFO] [stdout] test steps::test::parses_and ... ok
[INFO] [stdout] test steps::test::parses_when ... ok
[INFO] [stdout] test templatespec::test::new_from_yaml ... ok
[INFO] [stdout] test bindings::test_regex_from_simple_pattern::simple_number_pattern ... ok
[INFO] [stdout] 
[INFO] [stdout] test result: ok. 90 passed; 0 failed; 0 ignored; 0 measured; 0 filtered out; finished in 0.02s
[INFO] [stdout] 
[INFO] [stderr]      Running unittests src/bin/subplot.rs (/opt/rustwide/target/debug/deps/subplot-234e45548c58ca78)
[INFO] [stdout] 
[INFO] [stdout] running 0 tests
[INFO] [stdout] 
[INFO] [stdout] test result: ok. 0 passed; 0 failed; 0 ignored; 0 measured; 0 filtered out; finished in 0.00s
[INFO] [stdout] 
[INFO] [stderr]      Running tests/bindings-ubm.rs (/opt/rustwide/target/debug/deps/bindings_ubm-3423d0d220a5f59c)
[INFO] [stdout] 
[INFO] [stdout] running 1 test
[INFO] [stdout] test bindings_microbenchmark ... ok
[INFO] [stdout] 
[INFO] [stdout] test result: ok. 1 passed; 0 failed; 0 ignored; 0 measured; 0 filtered out; finished in 1.91s
[INFO] [stdout] 
[INFO] [stderr]    Doc-tests subplot
[INFO] [stdout] 
[INFO] [stdout] running 6 tests
[INFO] [stdout] test src/bindings.rs - bindings::BindingImpl::cleanup (line 142) ... ignored
[INFO] [stdout] test src/bindings.rs - bindings::BindingImpl::function (line 130) ... ignored
[INFO] [stdout] test src/bindings.rs - bindings::BindingImpl::new (line 116) ... ignored
[INFO] [stdout] test src/diagrams.rs - diagrams::PikchrMarkup (line 105) ... ok
[INFO] [stdout] test src/diagrams.rs - diagrams::DotMarkup (line 138) ... ok
[INFO] [stdout] test src/diagrams.rs - diagrams::PlantumlMarkup (line 187) ... FAILED
[INFO] [stdout] 
[INFO] [stdout] failures:
[INFO] [stdout] 
[INFO] [stdout] ---- src/diagrams.rs - diagrams::PlantumlMarkup (line 187) stdout ----
[INFO] [stdout] Test executable failed (exit status: 101).
[INFO] [stdout] 
[INFO] [stdout] stderr:
[INFO] [stdout] thread 'main' panicked at src/diagrams.rs:7:49:
[INFO] [stdout] called `Result::unwrap()` on an `Err` value: ChildFailed("plantuml: 1: \"Error: Unable to access jarfile /usr/share/plantuml/plantuml.jar\\n\"")
[INFO] [stdout] stack backtrace:
[INFO] [stdout]    0:     0x55fbf36e46bc - std::backtrace_rs::backtrace::libunwind::trace::ha637c64ce894333a
[INFO] [stdout]                                at /rustc/82e1608dfa6e0b5569232559e3d385fea5a93112/library/std/src/../../backtrace/src/backtrace/libunwind.rs:104:5
[INFO] [stdout]    1:     0x55fbf36e46bc - std::backtrace_rs::backtrace::trace_unsynchronized::h47f62dea28e0c88d
[INFO] [stdout]                                at /rustc/82e1608dfa6e0b5569232559e3d385fea5a93112/library/std/src/../../backtrace/src/backtrace/mod.rs:66:5
[INFO] [stdout]    2:     0x55fbf36e46bc - std::sys_common::backtrace::_print_fmt::h9eef0abe20ede486
[INFO] [stdout]                                at /rustc/82e1608dfa6e0b5569232559e3d385fea5a93112/library/std/src/sys_common/backtrace.rs:67:5
[INFO] [stdout]    3:     0x55fbf36e46bc - <std::sys_common::backtrace::_print::DisplayBacktrace as core::fmt::Display>::fmt::hed7f999df88cc644
[INFO] [stdout]                                at /rustc/82e1608dfa6e0b5569232559e3d385fea5a93112/library/std/src/sys_common/backtrace.rs:44:22
[INFO] [stdout]    4:     0x55fbf3708560 - core::fmt::rt::Argument::fmt::h1539a9308b8d058d
[INFO] [stdout]                                at /rustc/82e1608dfa6e0b5569232559e3d385fea5a93112/library/core/src/fmt/rt.rs:142:9
[INFO] [stdout]    5:     0x55fbf3708560 - core::fmt::write::h3a39390d8560d9c9
[INFO] [stdout]                                at /rustc/82e1608dfa6e0b5569232559e3d385fea5a93112/library/core/src/fmt/mod.rs:1120:17
[INFO] [stdout]    6:     0x55fbf36e22ef - std::io::Write::write_fmt::h5fc9997dfe05f882
[INFO] [stdout]                                at /rustc/82e1608dfa6e0b5569232559e3d385fea5a93112/library/std/src/io/mod.rs:1762:15
[INFO] [stdout]    7:     0x55fbf36e44a4 - std::sys_common::backtrace::_print::h894006fb5c6f3d45
[INFO] [stdout]                                at /rustc/82e1608dfa6e0b5569232559e3d385fea5a93112/library/std/src/sys_common/backtrace.rs:47:5
[INFO] [stdout]    8:     0x55fbf36e44a4 - std::sys_common::backtrace::print::h23a2d212c6fff936
[INFO] [stdout]                                at /rustc/82e1608dfa6e0b5569232559e3d385fea5a93112/library/std/src/sys_common/backtrace.rs:34:9
[INFO] [stdout]    9:     0x55fbf36e5b47 - std::panicking::default_hook::{{closure}}::h8a1d2ee00185001a
[INFO] [stdout]   10:     0x55fbf36e58af - std::panicking::default_hook::h6038f2eba384e475
[INFO] [stdout]                                at /rustc/82e1608dfa6e0b5569232559e3d385fea5a93112/library/std/src/panicking.rs:292:9
[INFO] [stdout]   11:     0x55fbf36e5fc8 - std::panicking::rust_panic_with_hook::h2b5517d590cab22e
[INFO] [stdout]                                at /rustc/82e1608dfa6e0b5569232559e3d385fea5a93112/library/std/src/panicking.rs:779:13
[INFO] [stdout]   12:     0x55fbf36e5eae - std::panicking::begin_panic_handler::{{closure}}::h233112c06e0ef43e
[INFO] [stdout]                                at /rustc/82e1608dfa6e0b5569232559e3d385fea5a93112/library/std/src/panicking.rs:657:13
[INFO] [stdout]   13:     0x55fbf36e4b86 - std::sys_common::backtrace::__rust_end_short_backtrace::h6e893f24d7ebbff8
[INFO] [stdout]                                at /rustc/82e1608dfa6e0b5569232559e3d385fea5a93112/library/std/src/sys_common/backtrace.rs:170:18
[INFO] [stdout]   14:     0x55fbf36e5c12 - rust_begin_unwind
[INFO] [stdout]                                at /rustc/82e1608dfa6e0b5569232559e3d385fea5a93112/library/std/src/panicking.rs:645:5
[INFO] [stdout]   15:     0x55fbf3698f25 - core::panicking::panic_fmt::hbf0e066aabfa482c
[INFO] [stdout]                                at /rustc/82e1608dfa6e0b5569232559e3d385fea5a93112/library/core/src/panicking.rs:72:14
[INFO] [stdout]   16:     0x55fbf36993c3 - core::result::unwrap_failed::hddb4fea594200c52
[INFO] [stdout]                                at /rustc/82e1608dfa6e0b5569232559e3d385fea5a93112/library/core/src/result.rs:1653:5
[INFO] [stdout]   17:     0x55fbf36999eb - core::result::Result<T,E>::unwrap::hd1ed7fc6626148d9
[INFO] [stdout]                                at /opt/rustwide/cargo-home/registry/src/index.crates.io-6f17d22bba15001f/regex-1.8.4/src/exec.rs:597:37
[INFO] [stdout]   18:     0x55fbf369a993 - rust_out::main::_doctest_main_src_diagrams_rs_187_0::hb93c62e182eab166
[INFO] [stdout]   19:     0x55fbf369a8f6 - rust_out::main::hc20c0d07e2402830
[INFO] [stdout]   20:     0x55fbf36997d3 - core::ops::function::FnOnce::call_once::hbc459743598298c4
[INFO] [stdout]                                at /opt/rustwide/cargo-home/registry/src/index.crates.io-6f17d22bba15001f/regex-1.8.4/src/dfa.rs:474:6
[INFO] [stdout]   21:     0x55fbf3699756 - std::sys_common::backtrace::__rust_begin_short_backtrace::h62debe7d3058b76a
[INFO] [stdout]                                at /opt/rustwide/cargo-home/registry/src/index.crates.io-6f17d22bba15001f/regex-1.8.4/src/dfa.rs:744:6
[INFO] [stdout]   22:     0x55fbf36997a9 - std::rt::lang_start::{{closure}}::h8f486f3e1e6418b2
[INFO] [stdout]                                at /opt/rustwide/cargo-home/registry/src/index.crates.io-6f17d22bba15001f/regex-1.8.4/src/dfa.rs:447:5
[INFO] [stdout]   23:     0x55fbf36df777 - core::ops::function::impls::<impl core::ops::function::FnOnce<A> for &F>::call_once::hd95060ecd5e1ca24
[INFO] [stdout]                                at /rustc/82e1608dfa6e0b5569232559e3d385fea5a93112/library/core/src/ops/function.rs:284:13
[INFO] [stdout]   24:     0x55fbf36df777 - std::panicking::try::do_call::h6e8cf51db32a6e4b
[INFO] [stdout]                                at /rustc/82e1608dfa6e0b5569232559e3d385fea5a93112/library/std/src/panicking.rs:552:40
[INFO] [stdout]   25:     0x55fbf36df777 - std::panicking::try::h3a52eefe24fe3c29
[INFO] [stdout]                                at /rustc/82e1608dfa6e0b5569232559e3d385fea5a93112/library/std/src/panicking.rs:516:19
[INFO] [stdout]   26:     0x55fbf36df777 - std::panic::catch_unwind::h24c28c23c02c3841
[INFO] [stdout]                                at /rustc/82e1608dfa6e0b5569232559e3d385fea5a93112/library/std/src/panic.rs:142:14
[INFO] [stdout]   27:     0x55fbf36df777 - std::rt::lang_start_internal::{{closure}}::h705d3c9cbc06ef47
[INFO] [stdout]                                at /rustc/82e1608dfa6e0b5569232559e3d385fea5a93112/library/std/src/rt.rs:148:48
[INFO] [stdout]   28:     0x55fbf36df777 - std::panicking::try::do_call::ha21f52ba13158470
[INFO] [stdout]                                at /rustc/82e1608dfa6e0b5569232559e3d385fea5a93112/library/std/src/panicking.rs:552:40
[INFO] [stdout]   29:     0x55fbf36df777 - std::panicking::try::h5581346bf6aeb1f8
[INFO] [stdout]                                at /rustc/82e1608dfa6e0b5569232559e3d385fea5a93112/library/std/src/panicking.rs:516:19
[INFO] [stdout]   30:     0x55fbf36df777 - std::panic::catch_unwind::h7919645a6b72e25b
[INFO] [stdout]                                at /rustc/82e1608dfa6e0b5569232559e3d385fea5a93112/library/std/src/panic.rs:142:14
[INFO] [stdout]   31:     0x55fbf36df777 - std::rt::lang_start_internal::h12de51168669836e
[INFO] [stdout]                                at /rustc/82e1608dfa6e0b5569232559e3d385fea5a93112/library/std/src/rt.rs:148:20
[INFO] [stdout]   32:     0x55fbf3699787 - std::rt::lang_start::h2c48f91a7bf85629
[INFO] [stdout]                                at /opt/rustwide/cargo-home/registry/src/index.crates.io-6f17d22bba15001f/regex-1.8.4/src/dfa.rs:472:9
[INFO] [stdout]   33:     0x55fbf369aa55 - main
[INFO] [stdout]   34:     0x7efc34ab1d90 - <unknown>
[INFO] [stdout]   35:     0x7efc34ab1e40 - __libc_start_main
[INFO] [stdout]   36:     0x55fbf3699685 - _start
[INFO] [stdout]                                at /opt/rustwide/cargo-home/registry/src/index.crates.io-6f17d22bba15001f/regex-1.8.4/src/dfa.rs:675:21
[INFO] [stdout]   37:                0x0 - <unknown>
[INFO] [stdout] 
[INFO] [stdout] 
[INFO] [stdout] 
[INFO] [stdout] failures:
[INFO] [stdout]     src/diagrams.rs - diagrams::PlantumlMarkup (line 187)
[INFO] [stdout] 
[INFO] [stdout] test result: FAILED. 2 passed; 1 failed; 3 ignored; 0 measured; 0 filtered out; finished in 2.15s
[INFO] [stdout] 
[INFO] [stderr] error: doctest failed, to rerun pass `--doc`
[INFO] running `Command { std: "docker" "inspect" "fa513de03ad2eb28f8462d89ebd8d22c070f3f85a818c43987c0bade1a02bda6", kill_on_drop: false }`
[INFO] running `Command { std: "docker" "rm" "-f" "fa513de03ad2eb28f8462d89ebd8d22c070f3f85a818c43987c0bade1a02bda6", kill_on_drop: false }`
[INFO] [stdout] fa513de03ad2eb28f8462d89ebd8d22c070f3f85a818c43987c0bade1a02bda6
