[INFO] fetching crate subcli 0.1.1...
[INFO] testing subcli-0.1.1 against 1.75.0 for beta-1.76-1
[INFO] extracting crate subcli 0.1.1 into /workspace/builds/worker-6-tc1/source
[INFO] validating manifest of crates.io crate subcli 0.1.1 on toolchain 1.75.0
[INFO] running `Command { std: CARGO_HOME="/workspace/cargo-home" RUSTUP_HOME="/workspace/rustup-home" "/workspace/cargo-home/bin/cargo" "+1.75.0" "metadata" "--manifest-path" "Cargo.toml" "--no-deps", kill_on_drop: false }`
[INFO] started tweaking crates.io crate subcli 0.1.1
[INFO] finished tweaking crates.io crate subcli 0.1.1
[INFO] tweaked toml for crates.io crate subcli 0.1.1 written to /workspace/builds/worker-6-tc1/source/Cargo.toml
[INFO] crate crates.io crate subcli 0.1.1 already has a lockfile, it will not be regenerated
[INFO] running `Command { std: CARGO_HOME="/workspace/cargo-home" RUSTUP_HOME="/workspace/rustup-home" "/workspace/cargo-home/bin/cargo" "+1.75.0" "fetch" "--manifest-path" "Cargo.toml", kill_on_drop: false }`
[INFO] [stderr]     Updating crates.io index
[INFO] [stderr]  Downloading crates ...
[INFO] [stderr]   Downloaded liquid v0.26.4
[INFO] [stderr]   Downloaded gix-fs v0.5.0
[INFO] [stderr]   Downloaded gix-tempfile v8.0.0
[INFO] [stderr]   Downloaded liquid-lib v0.26.4
[INFO] [stderr]   Downloaded sanitize-filename v0.5.0
[INFO] [stderr]   Downloaded gix-lock v8.0.0
[INFO] [stderr]   Downloaded liquid-derive v0.26.4
[INFO] [stderr]   Downloaded gix-hash v0.12.0
[INFO] [stderr]   Downloaded fs_at v0.1.10
[INFO] [stderr]   Downloaded clap v4.3.24
[INFO] [stderr]   Downloaded clap_builder v4.3.24
[INFO] [stderr]   Downloaded gix-ref v0.35.0
[INFO] [stderr]   Downloaded rhai v1.15.1
[INFO] [stderr]   Downloaded cargo-generate v0.18.4
[INFO] [stderr]   Downloaded gix-object v0.35.0
[INFO] [stderr]   Downloaded gix-config v0.28.0
[INFO] [stderr]   Downloaded gix-sec v0.9.0
[INFO] [stderr]   Downloaded liquid-core v0.26.4
[INFO] [stderr]   Downloaded tracing v0.1.39
[INFO] [stderr]   Downloaded gix-glob v0.11.0
[INFO] [stderr]   Downloaded gix-features v0.33.0
[INFO] [stderr]   Downloaded gix-config-value v0.13.0
[INFO] [stderr]   Downloaded gix-actor v0.25.0
[INFO] [stderr]   Downloaded gix-date v0.7.4
[INFO] [stderr]   Downloaded gix-path v0.9.0
[INFO] running `Command { std: "docker" "create" "-v" "/var/lib/crater-agent-workspace/builds/worker-6-tc1/target:/opt/rustwide/target:rw,Z" "-v" "/var/lib/crater-agent-workspace/builds/worker-6-tc1/source:/opt/rustwide/workdir:ro,Z" "-v" "/var/lib/crater-agent-workspace/cargo-home:/opt/rustwide/cargo-home:ro,Z" "-v" "/var/lib/crater-agent-workspace/rustup-home:/opt/rustwide/rustup-home:ro,Z" "-e" "SOURCE_DIR=/opt/rustwide/workdir" "-e" "CARGO_TARGET_DIR=/opt/rustwide/target" "-e" "CARGO_HOME=/opt/rustwide/cargo-home" "-e" "RUSTUP_HOME=/opt/rustwide/rustup-home" "-w" "/opt/rustwide/workdir" "-m" "1610612736" "--user" "0:0" "--network" "none" "ghcr.io/rust-lang/crates-build-env/linux@sha256:2788e3201cd34a07e3172128adcd8b3090168a8e3bcc40d7c032b9dda1df7d1c" "/opt/rustwide/cargo-home/bin/cargo" "+1.75.0" "metadata" "--no-deps" "--format-version=1", kill_on_drop: false }`
[INFO] [stdout] b45e1d154b3f22df0919221b13c41eb1f2a5b36e51277a39cd8e2916be302cd7
[INFO] running `Command { std: "docker" "start" "-a" "b45e1d154b3f22df0919221b13c41eb1f2a5b36e51277a39cd8e2916be302cd7", kill_on_drop: false }`
[INFO] running `Command { std: "docker" "inspect" "b45e1d154b3f22df0919221b13c41eb1f2a5b36e51277a39cd8e2916be302cd7", kill_on_drop: false }`
[INFO] running `Command { std: "docker" "rm" "-f" "b45e1d154b3f22df0919221b13c41eb1f2a5b36e51277a39cd8e2916be302cd7", kill_on_drop: false }`
[INFO] [stdout] b45e1d154b3f22df0919221b13c41eb1f2a5b36e51277a39cd8e2916be302cd7
[INFO] running `Command { std: "docker" "create" "-v" "/var/lib/crater-agent-workspace/builds/worker-6-tc1/target:/opt/rustwide/target:rw,Z" "-v" "/var/lib/crater-agent-workspace/builds/worker-6-tc1/source:/opt/rustwide/workdir:ro,Z" "-v" "/var/lib/crater-agent-workspace/cargo-home:/opt/rustwide/cargo-home:ro,Z" "-v" "/var/lib/crater-agent-workspace/rustup-home:/opt/rustwide/rustup-home:ro,Z" "-e" "SOURCE_DIR=/opt/rustwide/workdir" "-e" "CARGO_TARGET_DIR=/opt/rustwide/target" "-e" "CARGO_INCREMENTAL=0" "-e" "RUST_BACKTRACE=full" "-e" "RUSTFLAGS=--cap-lints=warn" "-e" "RUSTDOCFLAGS=--cap-lints=warn" "-e" "CARGO_HOME=/opt/rustwide/cargo-home" "-e" "RUSTUP_HOME=/opt/rustwide/rustup-home" "-w" "/opt/rustwide/workdir" "-m" "1610612736" "--user" "0:0" "--network" "none" "ghcr.io/rust-lang/crates-build-env/linux@sha256:2788e3201cd34a07e3172128adcd8b3090168a8e3bcc40d7c032b9dda1df7d1c" "/opt/rustwide/cargo-home/bin/cargo" "+1.75.0" "build" "--frozen" "--message-format=json", kill_on_drop: false }`
[INFO] [stdout] ae4ef22abc4a6f6bb6284faa4f5b951755803ed730778af25d5ae06df39337e7
[INFO] running `Command { std: "docker" "start" "-a" "ae4ef22abc4a6f6bb6284faa4f5b951755803ed730778af25d5ae06df39337e7", kill_on_drop: false }`
[INFO] [stderr]    Compiling libc v0.2.149
[INFO] [stderr]    Compiling proc-macro2 v1.0.69
[INFO] [stderr]    Compiling unicode-ident v1.0.12
[INFO] [stderr]    Compiling once_cell v1.18.0
[INFO] [stderr]    Compiling pkg-config v0.3.27
[INFO] [stderr]    Compiling memchr v2.6.4
[INFO] [stderr]    Compiling serde v1.0.189
[INFO] [stderr]    Compiling thiserror v1.0.49
[INFO] [stderr]    Compiling bitflags v2.4.0
[INFO] [stderr]    Compiling itoa v1.0.9
[INFO] [stderr]    Compiling smallvec v1.11.1
[INFO] [stderr]    Compiling lock_api v0.4.10
[INFO] [stderr]    Compiling parking_lot_core v0.9.8
[INFO] [stderr]    Compiling rustix v0.38.19
[INFO] [stderr]    Compiling regex-automata v0.4.2
[INFO] [stderr]    Compiling linux-raw-sys v0.4.10
[INFO] [stderr]    Compiling num-traits v0.2.17
[INFO] [stderr]    Compiling powerfmt v0.2.0
[INFO] [stderr]    Compiling quote v1.0.33
[INFO] [stderr]    Compiling time-core v0.1.2
[INFO] [stderr]    Compiling time-macros v0.2.15
[INFO] [stderr]    Compiling syn v2.0.38
[INFO] [stderr]    Compiling deranged v0.3.9
[INFO] [stderr]    Compiling bstr v1.7.0
[INFO] [stderr]    Compiling gix-trace v0.1.3
[INFO] [stderr]    Compiling jobserver v0.1.27
[INFO] [stderr]    Compiling cc v1.0.83
[INFO] [stderr]    Compiling parking_lot v0.12.1
[INFO] [stderr]    Compiling getrandom v0.2.10
[INFO] [stderr]    Compiling same-file v1.0.6
[INFO] [stderr]    Compiling num_threads v0.1.6
[INFO] [stderr]    Compiling walkdir v2.3.3
[INFO] [stderr]    Compiling aho-corasick v1.1.2
[INFO] [stderr]    Compiling time v0.3.30
[INFO] [stderr]    Compiling regex-syntax v0.7.5
[INFO] [stderr]    Compiling futures-core v0.3.28
[INFO] [stderr]    Compiling bytes v1.5.0
[INFO] [stderr]    Compiling openssl-sys v0.9.93
[INFO] [stderr]    Compiling sha1_smol v1.0.0
[INFO] [stderr]    Compiling libz-sys v1.1.12
[INFO] [stderr]    Compiling ucd-trie v0.1.6
[INFO] [stderr]    Compiling percent-encoding v2.3.0
[INFO] [stderr]    Compiling rand_core v0.6.4
[INFO] [stderr]    Compiling mio v0.8.8
[INFO] [stderr]    Compiling num_cpus v1.16.0
[INFO] [stderr]    Compiling socket2 v0.5.4
[INFO] [stderr]    Compiling signal-hook-registry v1.4.1
[INFO] [stderr]    Compiling winnow v0.5.17
[INFO] [stderr]    Compiling regex-automata v0.3.9
[INFO] [stderr]    Compiling tiny-keccak v2.0.2
[INFO] [stderr]    Compiling futures-task v0.3.28
[INFO] [stderr]    Compiling proc-macro-hack v0.5.20+deprecated
[INFO] [stderr]    Compiling subtle v2.5.0
[INFO] [stderr]    Compiling tempfile v3.8.0
[INFO] [stderr]    Compiling libssh2-sys v0.3.0
[INFO] [stderr]    Compiling zstd-sys v2.0.9+zstd.1.5.5
[INFO] [stderr]    Compiling tracing-core v0.1.32
[INFO] [stderr]    Compiling indexmap v1.9.3
[INFO] [stderr]    Compiling foreign-types-shared v0.1.1
[INFO] [stderr]    Compiling home v0.5.5
[INFO] [stderr]    Compiling openssl v0.10.57
[INFO] [stderr]    Compiling openssl-probe v0.1.5
[INFO] [stderr]    Compiling futures-util v0.3.28
[INFO] [stderr]    Compiling tracing v0.1.39
[INFO] [stderr]    Compiling foreign-types v0.3.2
[INFO] [stderr]    Compiling digest v0.10.7
[INFO] [stderr]    Compiling regex v1.9.6
[INFO] [stderr]    Compiling unicode-normalization v0.1.22
[INFO] [stderr]    Compiling form_urlencoded v1.2.0
[INFO] [stderr]    Compiling btoi v0.4.3
[INFO] [stderr]    Compiling http v0.2.9
[INFO] [stderr]    Compiling is-terminal v0.4.9
[INFO] [stderr]    Compiling httparse v1.8.0
[INFO] [stderr]    Compiling cpufeatures v0.2.9
[INFO] [stderr]    Compiling unicode-bidi v0.3.13
[INFO] [stderr]    Compiling utf8parse v0.2.1
[INFO] [stderr]    Compiling hashbrown v0.12.3
[INFO] [stderr]    Compiling futures-sink v0.3.28
[INFO] [stderr]    Compiling futures-channel v0.3.28
[INFO] [stderr]    Compiling native-tls v0.2.11
[INFO] [stderr]    Compiling const-random-macro v0.1.15
[INFO] [stderr]    Compiling idna v0.4.0
[INFO] [stderr]    Compiling anstyle-parse v0.2.2
[INFO] [stderr]    Compiling gix-utils v0.1.5
[INFO] [stderr]    Compiling bzip2-sys v0.1.11+1.0.8
[INFO] [stderr]    Compiling libgit2-sys v0.15.2+1.6.4
[INFO] [stderr]    Compiling smartstring v1.0.1
[INFO] [stderr]    Compiling ahash v0.8.3
[INFO] [stderr]    Compiling unicode-segmentation v1.10.1
[INFO] [stderr]    Compiling try-lock v0.2.4
[INFO] [stderr]    Compiling portable-atomic v1.4.3
[INFO] [stderr]    Compiling unicode-width v0.1.11
[INFO] [stderr]    Compiling anymap2 v0.13.0
[INFO] [stderr]    Compiling colorchoice v1.0.0
[INFO] [stderr]    Compiling anstyle-query v1.0.0
[INFO] [stderr]    Compiling zstd-safe v5.0.2+zstd.1.5.2
[INFO] [stderr]    Compiling doc-comment v0.3.3
[INFO] [stderr]    Compiling equivalent v1.0.1
[INFO] [stderr]    Compiling hashbrown v0.14.1
[INFO] [stderr]    Compiling anstyle v1.0.4
[INFO] [stderr]    Compiling crc32fast v1.3.2
[INFO] [stderr]    Compiling anstream v0.3.2
[INFO] [stderr]    Compiling serde_derive v1.0.189
[INFO] [stderr]    Compiling thiserror-impl v1.0.49
[INFO] [stderr]    Compiling tokio-macros v2.1.0
[INFO] [stderr]    Compiling openssl-macros v0.1.1
[INFO] [stderr]    Compiling liquid-derive v0.26.4
[INFO] [stderr]    Compiling rand_chacha v0.3.1
[INFO] [stderr]    Compiling console v0.15.7
[INFO] [stderr]    Compiling want v0.3.1
[INFO] [stderr]    Compiling url v2.4.1
[INFO] [stderr]    Compiling const-random v0.1.15
[INFO] [stderr]    Compiling tokio v1.33.0
[INFO] [stderr]    Compiling http-body v0.4.5
[INFO] [stderr]    Compiling nix v0.26.4
[INFO] [stderr]    Compiling socket2 v0.4.9
[INFO] [stderr]    Compiling pest v2.7.4
[INFO] [stderr]    Compiling gix-path v0.9.0
[INFO] [stderr]    Compiling gix-date v0.7.4
[INFO] [stderr]    Compiling gix-validate v0.8.0
[INFO] [stderr]    Compiling gix-actor v0.25.0
[INFO] [stderr]    Compiling memmap2 v0.7.1
[INFO] [stderr]    Compiling inout v0.1.3
[INFO] [stderr]    Compiling cvt v0.1.2
[INFO] [stderr]    Compiling ryu v1.0.15
[INFO] [stderr]    Compiling anyhow v1.0.75
[INFO] [stderr]    Compiling base64ct v1.6.0
[INFO] [stderr]    Compiling clap_lex v0.5.1
[INFO] [stderr]    Compiling semver v1.0.20
[INFO] [stderr]    Compiling strsim v0.10.0
[INFO] [stderr]    Compiling tower-service v0.3.2
[INFO] [stderr]    Compiling names v0.14.0
[INFO] [stderr]    Compiling heck v0.4.1
[INFO] [stderr]    Compiling httpdate v1.0.3
[INFO] [stderr]    Compiling clap_derive v4.3.12
[INFO] [stderr]    Compiling pest_meta v2.7.4
[INFO] [stderr]    Compiling clap_builder v4.3.24
[INFO] [stderr]    Compiling password-hash v0.4.2
[INFO] [stderr]    Compiling miniz_oxide v0.7.1
[INFO] [stderr]    Compiling pest_generator v2.7.4
[INFO] [stderr]    Compiling cipher v0.4.4
[INFO] [stderr]    Compiling fs_at v0.1.10
[INFO] [stderr]    Compiling gix-config-value v0.13.0
[INFO] [stderr]    Compiling pest_derive v2.7.4
[INFO] [stderr]    Compiling tokio-util v0.7.9
[INFO] [stderr]    Compiling tokio-native-tls v0.3.1
[INFO] [stderr]    Compiling h2 v0.3.21
[INFO] [stderr]    Compiling rand v0.8.5
[INFO] [stderr]    Compiling rhai_codegen v1.6.0
[INFO] [stderr]    Compiling sha2 v0.10.8
[INFO] [stderr]    Compiling globset v0.4.13
[INFO] [stderr]    Compiling hmac v0.12.1
[INFO] [stderr]    Compiling gix-sec v0.9.0
[INFO] [stderr]    Compiling thread_local v1.1.7
[INFO] [stderr]    Compiling faster-hex v0.8.1
[INFO] [stderr]    Compiling kstring v2.0.0
[INFO] [stderr]    Compiling indexmap v2.0.2
[INFO] [stderr]    Compiling liquid-core v0.26.4
[INFO] [stderr]    Compiling gix-hash v0.12.0
[INFO] [stderr]    Compiling gix-features v0.33.0
[INFO] [stderr]    Compiling gix-fs v0.5.0
[INFO] [stderr]    Compiling gix-object v0.35.0
[INFO] [stderr]    Compiling toml_datetime v0.6.3
[INFO] [stderr]    Compiling gix-tempfile v8.0.0
[INFO] [stderr]    Compiling serde_spanned v0.6.3
[INFO] [stderr]    Compiling gix-lock v8.0.0
[INFO] [stderr]    Compiling toml_edit v0.19.15
[INFO] [stderr]    Compiling hyper v0.14.27
[INFO] [stderr]    Compiling gix-glob v0.11.0
[INFO] [stderr]    Compiling gix-ref v0.35.0
[INFO] [stderr]    Compiling liquid-lib v0.26.4
[INFO] [stderr]    Compiling path-dedot v3.1.1
[INFO] [stderr]    Compiling unicode-bom v2.0.2
[INFO] [stderr]    Compiling humantime v2.1.0
[INFO] [stderr]    Compiling number_prefix v0.4.0
[INFO] [stderr]    Compiling serde_json v1.0.107
[INFO] [stderr]    Compiling normpath v1.1.1
[INFO] [stderr]    Compiling shell-words v1.1.0
[INFO] [stderr]    Compiling termcolor v1.3.0
[INFO] [stderr]    Compiling zeroize v1.6.0
[INFO] [stderr]    Compiling remove_dir_all v0.8.2
[INFO] [stderr]    Compiling dialoguer v0.10.4
[INFO] [stderr]    Compiling hyper-tls v0.5.0
[INFO] [stderr]    Compiling env_logger v0.10.0
[INFO] [stderr]    Compiling liquid v0.26.4
[INFO] [stderr]    Compiling indicatif v0.17.7
[INFO] [stderr]    Compiling gix-config v0.28.0
[INFO] [stderr]    Compiling path-absolutize v3.1.1
[INFO] [stderr]    Compiling toml v0.7.8
[INFO] [stderr]    Compiling rhai v1.15.1
[INFO] [stderr]    Compiling ignore v0.4.20
[INFO] [stderr]    Compiling serde_urlencoded v0.7.1
[INFO] [stderr]    Compiling pbkdf2 v0.11.0
[INFO] [stderr]    Compiling flate2 v1.0.28
[INFO] [stderr]    Compiling clap v4.3.24
[INFO] [stderr]    Compiling aes v0.8.3
[INFO] [stderr]    Compiling sha1 v0.10.6
[INFO] [stderr]    Compiling sanitize-filename v0.5.0
[INFO] [stderr]    Compiling encoding_rs v0.8.33
[INFO] [stderr]    Compiling ipnet v2.8.0
[INFO] [stderr]    Compiling mime v0.3.17
[INFO] [stderr]    Compiling base64 v0.21.4
[INFO] [stderr]    Compiling constant_time_eq v0.1.5
[INFO] [stderr]    Compiling convert_case v0.6.0
[INFO] [stderr]    Compiling string-builder v0.2.0
[INFO] [stderr]    Compiling reqwest v0.11.22
[INFO] [stderr]    Compiling bzip2 v0.4.4
[INFO] [stderr]    Compiling zstd v0.11.2+zstd.1.5.2
[INFO] [stderr]    Compiling zip v0.6.6
[INFO] [stderr]    Compiling git2 v0.17.2
[INFO] [stderr]    Compiling cargo-generate v0.18.4
[INFO] [stderr]    Compiling subcli v0.1.1 (/opt/rustwide/workdir)
[INFO] [stdout] warning: unused import: `crate::utils::pallets::share::parse_keyhash`
[INFO] [stdout]  --> src/modules/params/error.rs:2:5
[INFO] [stdout]   |
[INFO] [stdout] 2 | use crate::utils::pallets::share::parse_keyhash;
[INFO] [stdout]   |     ^^^^^^^^^^^^^^^^^^^^^^^^^^^^^^^^^^^^^^^^^^^
[INFO] [stdout]   |
[INFO] [stdout]   = note: `#[warn(unused_imports)]` on by default
[INFO] [stdout] 
[INFO] [stdout] 
[INFO] [stdout] warning: unused import: `crate::utils::pallets::share::parse_keyhash`
[INFO] [stdout]  --> src/modules/params/event.rs:2:5
[INFO] [stdout]   |
[INFO] [stdout] 2 | use crate::utils::pallets::share::parse_keyhash;
[INFO] [stdout]   |     ^^^^^^^^^^^^^^^^^^^^^^^^^^^^^^^^^^^^^^^^^^^
[INFO] [stdout] 
[INFO] [stdout] 
[INFO] [stdout] warning: unused import: `crate::utils::pallets::share::parse_keyhash`
[INFO] [stdout]  --> src/modules/params/extrinsic.rs:2:5
[INFO] [stdout]   |
[INFO] [stdout] 2 | use crate::utils::pallets::share::parse_keyhash;
[INFO] [stdout]   |     ^^^^^^^^^^^^^^^^^^^^^^^^^^^^^^^^^^^^^^^^^^^
[INFO] [stdout] 
[INFO] [stdout] 
[INFO] [stdout] warning: unused import: `std::vec`
[INFO] [stdout]  --> src/modules/params/storage.rs:1:5
[INFO] [stdout]   |
[INFO] [stdout] 1 | use std::vec;
[INFO] [stdout]   |     ^^^^^^^^
[INFO] [stdout] 
[INFO] [stdout] 
[INFO] [stdout] warning: unused import: `proc_macro::TokenStream`
[INFO] [stdout]  --> src/utils/pallets/event.rs:3:5
[INFO] [stdout]   |
[INFO] [stdout] 3 | use proc_macro::TokenStream;
[INFO] [stdout]   |     ^^^^^^^^^^^^^^^^^^^^^^^
[INFO] [stdout] 
[INFO] [stdout] 
[INFO] [stdout] warning: unused import: `proc_macro2::TokenStream as TokenStream2`
[INFO] [stdout]  --> src/utils/pallets/event.rs:4:5
[INFO] [stdout]   |
[INFO] [stdout] 4 | use proc_macro2::TokenStream as TokenStream2;
[INFO] [stdout]   |     ^^^^^^^^^^^^^^^^^^^^^^^^^^^^^^^^^^^^^^^^
[INFO] [stdout] 
[INFO] [stdout] 
[INFO] [stdout] warning: unused imports: `File`, `error::Error`
[INFO] [stdout]  --> src/utils/pallets/event.rs:6:5
[INFO] [stdout]   |
[INFO] [stdout] 6 |     error::Error,
[INFO] [stdout]   |     ^^^^^^^^^^^^
[INFO] [stdout] 7 |     fs::{File, OpenOptions},
[INFO] [stdout]   |          ^^^^
[INFO] [stdout] 
[INFO] [stdout] 
[INFO] [stdout] warning: unused imports: `DeriveInput`, `ItemEnum`, `parse_macro_input`
[INFO] [stdout]   --> src/utils/pallets/event.rs:10:11
[INFO] [stdout]    |
[INFO] [stdout] 10 | use syn::{parse_macro_input, DeriveInput, Item, ItemEnum};
[INFO] [stdout]    |           ^^^^^^^^^^^^^^^^^  ^^^^^^^^^^^        ^^^^^^^^
[INFO] [stdout] 
[INFO] [stdout] 
[INFO] [stdout] warning: unused imports: `Write`, `collections::HashMap`
[INFO] [stdout]  --> src/utils/pallets/extrinsic_template.rs:2:5
[INFO] [stdout]   |
[INFO] [stdout] 2 |     collections::HashMap,
[INFO] [stdout]   |     ^^^^^^^^^^^^^^^^^^^^
[INFO] [stdout] 3 |     fs::OpenOptions,
[INFO] [stdout] 4 |     io::{Read, Write},
[INFO] [stdout]   |                ^^^^^
[INFO] [stdout] 
[INFO] [stdout] 
[INFO] [stdout] warning: unused import: `ItemImpl`
[INFO] [stdout]  --> src/utils/pallets/extrinsic_template.rs:7:27
[INFO] [stdout]   |
[INFO] [stdout] 7 | use syn::{ImplItem, Item, ItemImpl};
[INFO] [stdout]   |                           ^^^^^^^^
[INFO] [stdout] 
[INFO] [stdout] 
[INFO] [stdout] warning: unused imports: `Analyze`, `TODO_TEMPLATE`, `analyze_file`, `append_after_pallet`, `split_content_from_file`
[INFO] [stdout]   --> src/utils/pallets/extrinsic_template.rs:14:15
[INFO] [stdout]    |
[INFO] [stdout] 14 |         self, analyze_file, append_after_pallet, get_pallet_from_file, split_content_from_file,
[INFO] [stdout]    |               ^^^^^^^^^^^^  ^^^^^^^^^^^^^^^^^^^                        ^^^^^^^^^^^^^^^^^^^^^^^
[INFO] [stdout] 15 |         Analyze, EMPTY_TEMPLATE, PALLET_PATH_DEFAULT, TODO_TEMPLATE,
[INFO] [stdout]    |         ^^^^^^^                                       ^^^^^^^^^^^^^
[INFO] [stdout] 
[INFO] [stdout] 
[INFO] [stdout] warning: unused import: `crate::modules::params::error`
[INFO] [stdout]  --> src/utils/pallets/func.rs:1:5
[INFO] [stdout]   |
[INFO] [stdout] 1 | use crate::modules::params::error;
[INFO] [stdout]   |     ^^^^^^^^^^^^^^^^^^^^^^^^^^^^^
[INFO] [stdout] 
[INFO] [stdout] 
[INFO] [stdout] warning: unused import: `first_letter_to_uppper_case`
[INFO] [stdout]  --> src/utils/pallets/func.rs:4:13
[INFO] [stdout]   |
[INFO] [stdout] 4 |     share::{first_letter_to_uppper_case, EMPTY_TEMPLATE, TODO_TEMPLATE},
[INFO] [stdout]   |             ^^^^^^^^^^^^^^^^^^^^^^^^^^^
[INFO] [stdout] 
[INFO] [stdout] 
[INFO] [stdout] warning: unused import: `quote::quote`
[INFO] [stdout]  --> src/utils/pallets/func.rs:7:5
[INFO] [stdout]   |
[INFO] [stdout] 7 | use quote::quote;
[INFO] [stdout]   |     ^^^^^^^^^^^^
[INFO] [stdout] 
[INFO] [stdout] 
[INFO] [stdout] warning: unused imports: `Stmt`, `parse_quote`
[INFO] [stdout]  --> src/utils/pallets/func.rs:8:11
[INFO] [stdout]   |
[INFO] [stdout] 8 | use syn::{parse_quote, Stmt};
[INFO] [stdout]   |           ^^^^^^^^^^^  ^^^^
[INFO] [stdout] 
[INFO] [stdout] 
[INFO] [stdout] warning: unused import: `File`
[INFO] [stdout]  --> src/utils/pallets/pallet_mod.rs:1:15
[INFO] [stdout]   |
[INFO] [stdout] 1 | use std::fs::{File, OpenOptions};
[INFO] [stdout]   |               ^^^^
[INFO] [stdout] 
[INFO] [stdout] 
[INFO] [stdout] warning: unused import: `quote::TokenStreamExt`
[INFO] [stdout]  --> src/utils/pallets/pallet_mod.rs:4:5
[INFO] [stdout]   |
[INFO] [stdout] 4 | use quote::TokenStreamExt;
[INFO] [stdout]   |     ^^^^^^^^^^^^^^^^^^^^^
[INFO] [stdout] 
[INFO] [stdout] 
[INFO] [stdout] warning: unused import: `Error`
[INFO] [stdout]  --> src/utils/pallets/share.rs:4:35
[INFO] [stdout]   |
[INFO] [stdout] 4 | use std::io::{BufRead, BufReader, Error, Read, Write};
[INFO] [stdout]   |                                   ^^^^^
[INFO] [stdout] 
[INFO] [stdout] 
[INFO] [stdout] warning: unused import: `std::os::unix::prelude::FileExt`
[INFO] [stdout]  --> src/utils/pallets/share.rs:5:5
[INFO] [stdout]   |
[INFO] [stdout] 5 | use std::os::unix::prelude::FileExt;
[INFO] [stdout]   |     ^^^^^^^^^^^^^^^^^^^^^^^^^^^^^^^
[INFO] [stdout] 
[INFO] [stdout] 
[INFO] [stdout] warning: unused import: `parse_quote`
[INFO] [stdout]  --> src/utils/pallets/share.rs:9:11
[INFO] [stdout]   |
[INFO] [stdout] 9 | use syn::{parse_quote, Item};
[INFO] [stdout]   |           ^^^^^^^^^^^
[INFO] [stdout] 
[INFO] [stdout] 
[INFO] [stdout] warning: unused imports: `Field`, `Token`
[INFO] [stdout]   --> src/utils/pallets/share.rs:10:11
[INFO] [stdout]    |
[INFO] [stdout] 10 | use syn::{Field, Fields, ItemStruct, Token};
[INFO] [stdout]    |           ^^^^^                      ^^^^^
[INFO] [stdout] 
[INFO] [stdout] 
[INFO] [stdout] warning: unused imports: `Deserialize`, `Serialize`
[INFO] [stdout]  --> src/utils/pallets/pallet_template.rs:4:13
[INFO] [stdout]   |
[INFO] [stdout] 4 | use serde::{Deserialize, Serialize};
[INFO] [stdout]   |             ^^^^^^^^^^^  ^^^^^^^^^
[INFO] [stdout] 
[INFO] [stdout] 
[INFO] [stdout] warning: unused import: `std::fmt::format`
[INFO] [stdout]  --> src/utils/pallets/pallet_template.rs:6:5
[INFO] [stdout]   |
[INFO] [stdout] 6 | use std::fmt::format;
[INFO] [stdout]   |     ^^^^^^^^^^^^^^^^
[INFO] [stdout] 
[INFO] [stdout] 
[INFO] [stdout] warning: unused import: `self`
[INFO] [stdout]  --> src/utils/pallets/pallet_template.rs:9:15
[INFO] [stdout]   |
[INFO] [stdout] 9 | use std::io::{self, Read, Write};
[INFO] [stdout]   |               ^^^^
[INFO] [stdout] 
[INFO] [stdout] 
[INFO] [stdout] warning: unused import: `quote::quote`
[INFO] [stdout]   --> src/utils/pallets/pallet_template.rs:11:5
[INFO] [stdout]    |
[INFO] [stdout] 11 | use quote::quote;
[INFO] [stdout]    |     ^^^^^^^^^^^^
[INFO] [stdout] 
[INFO] [stdout] 
[INFO] [stdout] warning: unreachable pattern
[INFO] [stdout]   --> src/utils/pallets/func.rs:33:13
[INFO] [stdout]    |
[INFO] [stdout] 33 |             _ => EMPTY_TEMPLATE.to_string(),
[INFO] [stdout]    |             ^
[INFO] [stdout]    |
[INFO] [stdout]    = note: `#[warn(unreachable_patterns)]` on by default
[INFO] [stdout] 
[INFO] [stdout] 
[INFO] [stdout] warning: unused variable: `opt`
[INFO] [stdout]    --> src/utils/pallets/func.rs:151:37
[INFO] [stdout]     |
[INFO] [stdout] 151 | fn gen_create_storate_double_map_fn(opt: &Opt) -> String {
[INFO] [stdout]     |                                     ^^^ help: if this is intentional, prefix it with an underscore: `_opt`
[INFO] [stdout]     |
[INFO] [stdout]     = note: `#[warn(unused_variables)]` on by default
[INFO] [stdout] 
[INFO] [stdout] 
[INFO] [stdout] warning: unused variable: `opt`
[INFO] [stdout]    --> src/utils/pallets/func.rs:154:31
[INFO] [stdout]     |
[INFO] [stdout] 154 | fn gen_create_storate_nmap_fn(opt: &Opt) -> String {
[INFO] [stdout]     |                               ^^^ help: if this is intentional, prefix it with an underscore: `_opt`
[INFO] [stdout] 
[INFO] [stdout] 
[INFO] [stdout] warning: unused variable: `k`
[INFO] [stdout]    --> src/utils/pallets/share.rs:334:15
[INFO] [stdout]     |
[INFO] [stdout] 334 |         Some((k, val)) => Ok(if val.occur_lines.len() != 0 {
[INFO] [stdout]     |               ^ help: if this is intentional, prefix it with an underscore: `_k`
[INFO] [stdout] 
[INFO] [stdout] 
[INFO] [stdout] warning: unused variable: `v`
[INFO] [stdout]    --> src/utils/pallets/share.rs:395:36
[INFO] [stdout]     |
[INFO] [stdout] 395 |                         Item::Impl(v) => {
[INFO] [stdout]     |                                    ^ help: if this is intentional, prefix it with an underscore: `_v`
[INFO] [stdout] 
[INFO] [stdout] 
[INFO] [stdout] warning: unused variable: `ast`
[INFO] [stdout]    --> src/utils/pallets/share.rs:411:5
[INFO] [stdout]     |
[INFO] [stdout] 411 |     ast: &mut syn::File,
[INFO] [stdout]     |     ^^^ help: if this is intentional, prefix it with an underscore: `_ast`
[INFO] [stdout] 
[INFO] [stdout] 
[INFO] [stdout] warning: unused variable: `pallet_type`
[INFO] [stdout]    --> src/utils/pallets/share.rs:412:5
[INFO] [stdout]     |
[INFO] [stdout] 412 |     pallet_type: PalletAttr,
[INFO] [stdout]     |     ^^^^^^^^^^^ help: if this is intentional, prefix it with an underscore: `_pallet_type`
[INFO] [stdout] 
[INFO] [stdout] 
[INFO] [stdout] warning: unused variable: `cb`
[INFO] [stdout]    --> src/utils/pallets/share.rs:413:5
[INFO] [stdout]     |
[INFO] [stdout] 413 |     cb: &dyn FnOnce(&mut syn::Item),
[INFO] [stdout]     |     ^^ help: if this is intentional, prefix it with an underscore: `_cb`
[INFO] [stdout] 
[INFO] [stdout] 
[INFO] [stdout] warning: unused variable: `v`
[INFO] [stdout]    --> src/utils/pallets/share.rs:433:38
[INFO] [stdout]     |
[INFO] [stdout] 433 |                         Item::Struct(v) => {
[INFO] [stdout]     |                                      ^ help: if this is intentional, prefix it with an underscore: `_v`
[INFO] [stdout] 
[INFO] [stdout] 
[INFO] [stdout] warning: unused variable: `v`
[INFO] [stdout]    --> src/utils/pallets/share.rs:457:36
[INFO] [stdout]     |
[INFO] [stdout] 457 |                         Item::Impl(v) => {
[INFO] [stdout]     |                                    ^ help: if this is intentional, prefix it with an underscore: `_v`
[INFO] [stdout] 
[INFO] [stdout] 
[INFO] [stdout] warning: associated function `new` is never used
[INFO] [stdout]   --> src/modules/params/project.rs:13:12
[INFO] [stdout]    |
[INFO] [stdout] 12 | impl Opt {
[INFO] [stdout]    | -------- associated function in this implementation
[INFO] [stdout] 13 |     pub fn new(name: String, directory: String) -> Opt {
[INFO] [stdout]    |            ^^^
[INFO] [stdout]    |
[INFO] [stdout]    = note: `#[warn(dead_code)]` on by default
[INFO] [stdout] 
[INFO] [stdout] 
[INFO] [stdout] warning: type alias `Result` is never used
[INFO] [stdout]  --> src/utils/pallets/download_node_template.rs:4:6
[INFO] [stdout]   |
[INFO] [stdout] 4 | type Result<T> = std::result::Result<T, Box<dyn std::error::Error + Send + Sync>>;
[INFO] [stdout]   |      ^^^^^^
[INFO] [stdout] 
[INFO] [stdout] 
[INFO] [stdout] warning: function `create_project` is never used
[INFO] [stdout]  --> src/utils/pallets/download_node_template.rs:6:14
[INFO] [stdout]   |
[INFO] [stdout] 6 | pub async fn create_project(project_name: String, to_directory: String) -> Result<()> {
[INFO] [stdout]   |              ^^^^^^^^^^^^^^
[INFO] [stdout] 
[INFO] [stdout] 
[INFO] [stdout] warning: function `add_error` is never used
[INFO] [stdout]   --> src/utils/pallets/error.rs:42:8
[INFO] [stdout]    |
[INFO] [stdout] 42 | pub fn add_error(path_file: &str, name_err: &str, val_error: &str) {
[INFO] [stdout]    |        ^^^^^^^^^
[INFO] [stdout] 
[INFO] [stdout] 
[INFO] [stdout] warning: function `init_event_pallet` is never used
[INFO] [stdout]    --> src/utils/pallets/event.rs:111:4
[INFO] [stdout]     |
[INFO] [stdout] 111 | fn init_event_pallet(file_path: &str) {
[INFO] [stdout]     |    ^^^^^^^^^^^^^^^^^
[INFO] [stdout] 
[INFO] [stdout] 
[INFO] [stdout] warning: variant `Pallet` is never constructed
[INFO] [stdout]   --> src/utils/pallets/share.rs:18:5
[INFO] [stdout]    |
[INFO] [stdout] 16 | pub enum PalletAttr {
[INFO] [stdout]    |          ---------- variant in this enum
[INFO] [stdout] 17 |     Storage,
[INFO] [stdout] 18 |     Pallet,
[INFO] [stdout]    |     ^^^^^^
[INFO] [stdout] 
[INFO] [stdout] 
[INFO] [stdout] warning: function `split_content_from_file` is never used
[INFO] [stdout]    --> src/utils/pallets/share.rs:185:8
[INFO] [stdout]     |
[INFO] [stdout] 185 | pub fn split_content_from_file(
[INFO] [stdout]     |        ^^^^^^^^^^^^^^^^^^^^^^^
[INFO] [stdout] 
[INFO] [stdout] 
[INFO] [stdout] warning: function `update_pallet_from_file` is never used
[INFO] [stdout]    --> src/utils/pallets/share.rs:410:8
[INFO] [stdout]     |
[INFO] [stdout] 410 | pub fn update_pallet_from_file(
[INFO] [stdout]     |        ^^^^^^^^^^^^^^^^^^^^^^^
[INFO] [stdout] 
[INFO] [stdout] 
[INFO] [stdout] warning: function `add_pallet_to_file` is never used
[INFO] [stdout]    --> src/utils/pallets/share.rs:417:8
[INFO] [stdout]     |
[INFO] [stdout] 417 | pub fn add_pallet_to_file(ast_src: &syn::File, pallet_type: PalletAttr, new_content: Item) {
[INFO] [stdout]     |        ^^^^^^^^^^^^^^^^^^
[INFO] [stdout] 
[INFO] [stdout] 
[INFO] [stdout] warning: unused `std::result::Result` that must be used
[INFO] [stdout]    --> src/modules/params/project.rs:191:9
[INFO] [stdout]     |
[INFO] [stdout] 191 |         update_project(opt.name.clone(), opt.directory.clone());
[INFO] [stdout]     |         ^^^^^^^^^^^^^^^^^^^^^^^^^^^^^^^^^^^^^^^^^^^^^^^^^^^^^^^
[INFO] [stdout]     |
[INFO] [stdout]     = note: this `Result` may be an `Err` variant, which should be handled
[INFO] [stdout]     = note: `#[warn(unused_must_use)]` on by default
[INFO] [stdout] help: use `let _ = ...` to ignore the resulting value
[INFO] [stdout]     |
[INFO] [stdout] 191 |         let _ = update_project(opt.name.clone(), opt.directory.clone());
[INFO] [stdout]     |         +++++++
[INFO] [stdout] 
[INFO] [stdout] 
[INFO] [stdout] warning: unused `std::result::Result` that must be used
[INFO] [stdout]    --> src/modules/params/storage.rs:106:13
[INFO] [stdout]     |
[INFO] [stdout] 106 | /             share::append_after_pallet(
[INFO] [stdout] 107 | |                 &self.path_pallet,
[INFO] [stdout] 108 | |                 &share::PalletAttr::Storage,
[INFO] [stdout] 109 | |                 v.to_string().as_str(),
[INFO] [stdout] 110 | |             );
[INFO] [stdout]     | |_____________^
[INFO] [stdout]     |
[INFO] [stdout]     = note: this `Result` may be an `Err` variant, which should be handled
[INFO] [stdout] help: use `let _ = ...` to ignore the resulting value
[INFO] [stdout]     |
[INFO] [stdout] 106 |             let _ = share::append_after_pallet(
[INFO] [stdout]     |             +++++++
[INFO] [stdout] 
[INFO] [stdout] 
[INFO] [stdout] warning: unused `std::result::Result` that must be used
[INFO] [stdout]    --> src/modules/params/storage.rs:142:9
[INFO] [stdout]     |
[INFO] [stdout] 142 |         ex_gen_opt.save_to_file();
[INFO] [stdout]     |         ^^^^^^^^^^^^^^^^^^^^^^^^^
[INFO] [stdout]     |
[INFO] [stdout]     = note: this `Result` may be an `Err` variant, which should be handled
[INFO] [stdout] help: use `let _ = ...` to ignore the resulting value
[INFO] [stdout]     |
[INFO] [stdout] 142 |         let _ = ex_gen_opt.save_to_file();
[INFO] [stdout]     |         +++++++
[INFO] [stdout] 
[INFO] [stdout] 
[INFO] [stdout] warning: call to `.clone()` on a reference in this situation does nothing
[INFO] [stdout]   --> src/utils/pallets/strct.rs:20:37
[INFO] [stdout]    |
[INFO] [stdout] 20 |         builder.append(TODO_TEMPLATE.clone());
[INFO] [stdout]    |                                     ^^^^^^^^ help: remove this redundant call
[INFO] [stdout]    |
[INFO] [stdout]    = note: the type `str` does not implement `Clone`, so calling `clone` on `&str` copies the reference, which does not do anything and can be removed
[INFO] [stdout]    = note: `#[warn(noop_method_call)]` on by default
[INFO] [stdout] 
[INFO] [stdout] 
[INFO] [stdout] warning: 48 warnings emitted
[INFO] [stdout] 
[INFO] [stdout] 
[INFO] [stderr]     Finished dev [unoptimized + debuginfo] target(s) in 1m 21s
[INFO] running `Command { std: "docker" "inspect" "ae4ef22abc4a6f6bb6284faa4f5b951755803ed730778af25d5ae06df39337e7", kill_on_drop: false }`
[INFO] running `Command { std: "docker" "rm" "-f" "ae4ef22abc4a6f6bb6284faa4f5b951755803ed730778af25d5ae06df39337e7", kill_on_drop: false }`
[INFO] [stdout] ae4ef22abc4a6f6bb6284faa4f5b951755803ed730778af25d5ae06df39337e7
[INFO] running `Command { std: "docker" "create" "-v" "/var/lib/crater-agent-workspace/builds/worker-6-tc1/target:/opt/rustwide/target:rw,Z" "-v" "/var/lib/crater-agent-workspace/builds/worker-6-tc1/source:/opt/rustwide/workdir:ro,Z" "-v" "/var/lib/crater-agent-workspace/cargo-home:/opt/rustwide/cargo-home:ro,Z" "-v" "/var/lib/crater-agent-workspace/rustup-home:/opt/rustwide/rustup-home:ro,Z" "-e" "SOURCE_DIR=/opt/rustwide/workdir" "-e" "CARGO_TARGET_DIR=/opt/rustwide/target" "-e" "CARGO_INCREMENTAL=0" "-e" "RUST_BACKTRACE=full" "-e" "RUSTFLAGS=--cap-lints=warn" "-e" "RUSTDOCFLAGS=--cap-lints=warn" "-e" "CARGO_HOME=/opt/rustwide/cargo-home" "-e" "RUSTUP_HOME=/opt/rustwide/rustup-home" "-w" "/opt/rustwide/workdir" "-m" "1610612736" "--user" "0:0" "--network" "none" "ghcr.io/rust-lang/crates-build-env/linux@sha256:2788e3201cd34a07e3172128adcd8b3090168a8e3bcc40d7c032b9dda1df7d1c" "/opt/rustwide/cargo-home/bin/cargo" "+1.75.0" "test" "--frozen" "--no-run" "--message-format=json", kill_on_drop: false }`
[INFO] [stdout] 4f8deb885fec0b29d560a111e7a5d11766229b35257c25d9284e4d9ba02b53c5
[INFO] running `Command { std: "docker" "start" "-a" "4f8deb885fec0b29d560a111e7a5d11766229b35257c25d9284e4d9ba02b53c5", kill_on_drop: false }`
[INFO] [stdout] warning: unused import: `crate::utils::pallets::share::parse_keyhash`
[INFO] [stdout]  --> src/modules/params/error.rs:2:5
[INFO] [stdout]   |
[INFO] [stdout] 2 | use crate::utils::pallets::share::parse_keyhash;
[INFO] [stdout]   |     ^^^^^^^^^^^^^^^^^^^^^^^^^^^^^^^^^^^^^^^^^^^
[INFO] [stdout]   |
[INFO] [stdout]   = note: `#[warn(unused_imports)]` on by default
[INFO] [stdout] 
[INFO] [stdout] 
[INFO] [stdout] warning: unused import: `crate::utils::pallets::share::parse_keyhash`
[INFO] [stdout]  --> src/modules/params/event.rs:2:5
[INFO] [stdout]   |
[INFO] [stdout] 2 | use crate::utils::pallets::share::parse_keyhash;
[INFO] [stdout]   |     ^^^^^^^^^^^^^^^^^^^^^^^^^^^^^^^^^^^^^^^^^^^
[INFO] [stdout] 
[INFO] [stdout] 
[INFO] [stdout] warning: unused import: `crate::utils::pallets::share::parse_keyhash`
[INFO] [stdout]  --> src/modules/params/extrinsic.rs:2:5
[INFO] [stdout]   |
[INFO] [stdout] 2 | use crate::utils::pallets::share::parse_keyhash;
[INFO] [stdout]   |     ^^^^^^^^^^^^^^^^^^^^^^^^^^^^^^^^^^^^^^^^^^^
[INFO] [stdout] 
[INFO] [stdout] 
[INFO] [stdout] warning: unused import: `std::vec`
[INFO] [stdout]  --> src/modules/params/storage.rs:1:5
[INFO] [stdout]   |
[INFO] [stdout] 1 | use std::vec;
[INFO] [stdout]   |     ^^^^^^^^
[INFO] [stdout] 
[INFO] [stdout] 
[INFO] [stdout] warning: unused import: `proc_macro::TokenStream`
[INFO] [stdout]  --> src/utils/pallets/event.rs:3:5
[INFO] [stdout]   |
[INFO] [stdout] 3 | use proc_macro::TokenStream;
[INFO] [stdout]   |     ^^^^^^^^^^^^^^^^^^^^^^^
[INFO] [stdout] 
[INFO] [stdout] 
[INFO] [stdout] warning: unused import: `proc_macro2::TokenStream as TokenStream2`
[INFO] [stdout]  --> src/utils/pallets/event.rs:4:5
[INFO] [stdout]   |
[INFO] [stdout] 4 | use proc_macro2::TokenStream as TokenStream2;
[INFO] [stdout]   |     ^^^^^^^^^^^^^^^^^^^^^^^^^^^^^^^^^^^^^^^^
[INFO] [stdout] 
[INFO] [stdout] 
[INFO] [stdout] warning: unused imports: `File`, `error::Error`
[INFO] [stdout]  --> src/utils/pallets/event.rs:6:5
[INFO] [stdout]   |
[INFO] [stdout] 6 |     error::Error,
[INFO] [stdout]   |     ^^^^^^^^^^^^
[INFO] [stdout] 7 |     fs::{File, OpenOptions},
[INFO] [stdout]   |          ^^^^
[INFO] [stdout] 
[INFO] [stdout] 
[INFO] [stdout] warning: unused imports: `DeriveInput`, `ItemEnum`, `parse_macro_input`
[INFO] [stdout]   --> src/utils/pallets/event.rs:10:11
[INFO] [stdout]    |
[INFO] [stdout] 10 | use syn::{parse_macro_input, DeriveInput, Item, ItemEnum};
[INFO] [stdout]    |           ^^^^^^^^^^^^^^^^^  ^^^^^^^^^^^        ^^^^^^^^
[INFO] [stdout] 
[INFO] [stdout] 
[INFO] [stdout] warning: unused imports: `Write`, `collections::HashMap`
[INFO] [stdout]  --> src/utils/pallets/extrinsic_template.rs:2:5
[INFO] [stdout]   |
[INFO] [stdout] 2 |     collections::HashMap,
[INFO] [stdout]   |     ^^^^^^^^^^^^^^^^^^^^
[INFO] [stdout] 3 |     fs::OpenOptions,
[INFO] [stdout] 4 |     io::{Read, Write},
[INFO] [stdout]   |                ^^^^^
[INFO] [stdout] 
[INFO] [stdout] 
[INFO] [stdout] warning: unused import: `ItemImpl`
[INFO] [stdout]  --> src/utils/pallets/extrinsic_template.rs:7:27
[INFO] [stdout]   |
[INFO] [stdout] 7 | use syn::{ImplItem, Item, ItemImpl};
[INFO] [stdout]   |                           ^^^^^^^^
[INFO] [stdout] 
[INFO] [stdout] 
[INFO] [stdout] warning: unused imports: `Analyze`, `TODO_TEMPLATE`, `analyze_file`, `append_after_pallet`, `split_content_from_file`
[INFO] [stdout]   --> src/utils/pallets/extrinsic_template.rs:14:15
[INFO] [stdout]    |
[INFO] [stdout] 14 |         self, analyze_file, append_after_pallet, get_pallet_from_file, split_content_from_file,
[INFO] [stdout]    |               ^^^^^^^^^^^^  ^^^^^^^^^^^^^^^^^^^                        ^^^^^^^^^^^^^^^^^^^^^^^
[INFO] [stdout] 15 |         Analyze, EMPTY_TEMPLATE, PALLET_PATH_DEFAULT, TODO_TEMPLATE,
[INFO] [stdout]    |         ^^^^^^^                                       ^^^^^^^^^^^^^
[INFO] [stdout] 
[INFO] [stdout] 
[INFO] [stdout] warning: unused import: `crate::modules::params::error`
[INFO] [stdout]  --> src/utils/pallets/func.rs:1:5
[INFO] [stdout]   |
[INFO] [stdout] 1 | use crate::modules::params::error;
[INFO] [stdout]   |     ^^^^^^^^^^^^^^^^^^^^^^^^^^^^^
[INFO] [stdout] 
[INFO] [stdout] 
[INFO] [stdout] warning: unused import: `first_letter_to_uppper_case`
[INFO] [stdout]  --> src/utils/pallets/func.rs:4:13
[INFO] [stdout]   |
[INFO] [stdout] 4 |     share::{first_letter_to_uppper_case, EMPTY_TEMPLATE, TODO_TEMPLATE},
[INFO] [stdout]   |             ^^^^^^^^^^^^^^^^^^^^^^^^^^^
[INFO] [stdout] 
[INFO] [stdout] 
[INFO] [stdout] warning: unused import: `quote::quote`
[INFO] [stdout]  --> src/utils/pallets/func.rs:7:5
[INFO] [stdout]   |
[INFO] [stdout] 7 | use quote::quote;
[INFO] [stdout]   |     ^^^^^^^^^^^^
[INFO] [stdout] 
[INFO] [stdout] 
[INFO] [stdout] warning: unused imports: `Stmt`, `parse_quote`
[INFO] [stdout]  --> src/utils/pallets/func.rs:8:11
[INFO] [stdout]   |
[INFO] [stdout] 8 | use syn::{parse_quote, Stmt};
[INFO] [stdout]   |           ^^^^^^^^^^^  ^^^^
[INFO] [stdout] 
[INFO] [stdout] 
[INFO] [stdout] warning: unused import: `File`
[INFO] [stdout]  --> src/utils/pallets/pallet_mod.rs:1:15
[INFO] [stdout]   |
[INFO] [stdout] 1 | use std::fs::{File, OpenOptions};
[INFO] [stdout]   |               ^^^^
[INFO] [stdout] 
[INFO] [stdout] 
[INFO] [stdout] warning: unused import: `quote::TokenStreamExt`
[INFO] [stdout]  --> src/utils/pallets/pallet_mod.rs:4:5
[INFO] [stdout]   |
[INFO] [stdout] 4 | use quote::TokenStreamExt;
[INFO] [stdout]   |     ^^^^^^^^^^^^^^^^^^^^^
[INFO] [stdout] 
[INFO] [stdout] 
[INFO] [stdout] warning: unused import: `Error`
[INFO] [stdout]  --> src/utils/pallets/share.rs:4:35
[INFO] [stdout]   |
[INFO] [stdout] 4 | use std::io::{BufRead, BufReader, Error, Read, Write};
[INFO] [stdout]   |                                   ^^^^^
[INFO] [stdout] 
[INFO] [stdout] 
[INFO] [stdout] warning: unused import: `std::os::unix::prelude::FileExt`
[INFO] [stdout]  --> src/utils/pallets/share.rs:5:5
[INFO] [stdout]   |
[INFO] [stdout] 5 | use std::os::unix::prelude::FileExt;
[INFO] [stdout]   |     ^^^^^^^^^^^^^^^^^^^^^^^^^^^^^^^
[INFO] [stdout] 
[INFO] [stdout] 
[INFO] [stdout] warning: unused import: `parse_quote`
[INFO] [stdout]  --> src/utils/pallets/share.rs:9:11
[INFO] [stdout]   |
[INFO] [stdout] 9 | use syn::{parse_quote, Item};
[INFO] [stdout]   |           ^^^^^^^^^^^
[INFO] [stdout] 
[INFO] [stdout] 
[INFO] [stdout] warning: unused imports: `Field`, `Token`
[INFO] [stdout]   --> src/utils/pallets/share.rs:10:11
[INFO] [stdout]    |
[INFO] [stdout] 10 | use syn::{Field, Fields, ItemStruct, Token};
[INFO] [stdout]    |           ^^^^^                      ^^^^^
[INFO] [stdout] 
[INFO] [stdout] 
[INFO] [stdout] warning: unused imports: `Deserialize`, `Serialize`
[INFO] [stdout]  --> src/utils/pallets/pallet_template.rs:4:13
[INFO] [stdout]   |
[INFO] [stdout] 4 | use serde::{Deserialize, Serialize};
[INFO] [stdout]   |             ^^^^^^^^^^^  ^^^^^^^^^
[INFO] [stdout] 
[INFO] [stdout] 
[INFO] [stdout] warning: unused import: `std::fmt::format`
[INFO] [stdout]  --> src/utils/pallets/pallet_template.rs:6:5
[INFO] [stdout]   |
[INFO] [stdout] 6 | use std::fmt::format;
[INFO] [stdout]   |     ^^^^^^^^^^^^^^^^
[INFO] [stdout] 
[INFO] [stdout] 
[INFO] [stdout] warning: unused import: `self`
[INFO] [stdout]  --> src/utils/pallets/pallet_template.rs:9:15
[INFO] [stdout]   |
[INFO] [stdout] 9 | use std::io::{self, Read, Write};
[INFO] [stdout]   |               ^^^^
[INFO] [stdout] 
[INFO] [stdout] 
[INFO] [stdout] warning: unused import: `quote::quote`
[INFO] [stdout]   --> src/utils/pallets/pallet_template.rs:11:5
[INFO] [stdout]    |
[INFO] [stdout] 11 | use quote::quote;
[INFO] [stdout]    |     ^^^^^^^^^^^^
[INFO] [stdout] 
[INFO] [stdout] 
[INFO] [stdout] warning: unreachable pattern
[INFO] [stdout]   --> src/utils/pallets/func.rs:33:13
[INFO] [stdout]    |
[INFO] [stdout] 33 |             _ => EMPTY_TEMPLATE.to_string(),
[INFO] [stdout]    |             ^
[INFO] [stdout]    |
[INFO] [stdout]    = note: `#[warn(unreachable_patterns)]` on by default
[INFO] [stdout] 
[INFO] [stdout] 
[INFO] [stdout] warning: unused variable: `opt`
[INFO] [stdout]    --> src/utils/pallets/func.rs:151:37
[INFO] [stdout]     |
[INFO] [stdout] 151 | fn gen_create_storate_double_map_fn(opt: &Opt) -> String {
[INFO] [stdout]     |                                     ^^^ help: if this is intentional, prefix it with an underscore: `_opt`
[INFO] [stdout]     |
[INFO] [stdout]     = note: `#[warn(unused_variables)]` on by default
[INFO] [stdout] 
[INFO] [stdout] 
[INFO] [stdout] warning: unused variable: `opt`
[INFO] [stdout]    --> src/utils/pallets/func.rs:154:31
[INFO] [stdout]     |
[INFO] [stdout] 154 | fn gen_create_storate_nmap_fn(opt: &Opt) -> String {
[INFO] [stdout]     |                               ^^^ help: if this is intentional, prefix it with an underscore: `_opt`
[INFO] [stdout] 
[INFO] [stdout] 
[INFO] [stdout] warning: unused variable: `k`
[INFO] [stdout]    --> src/utils/pallets/share.rs:334:15
[INFO] [stdout]     |
[INFO] [stdout] 334 |         Some((k, val)) => Ok(if val.occur_lines.len() != 0 {
[INFO] [stdout]     |               ^ help: if this is intentional, prefix it with an underscore: `_k`
[INFO] [stdout] 
[INFO] [stdout] 
[INFO] [stdout] warning: unused variable: `v`
[INFO] [stdout]    --> src/utils/pallets/share.rs:395:36
[INFO] [stdout]     |
[INFO] [stdout] 395 |                         Item::Impl(v) => {
[INFO] [stdout]     |                                    ^ help: if this is intentional, prefix it with an underscore: `_v`
[INFO] [stdout] 
[INFO] [stdout] 
[INFO] [stdout] warning: unused variable: `ast`
[INFO] [stdout]    --> src/utils/pallets/share.rs:411:5
[INFO] [stdout]     |
[INFO] [stdout] 411 |     ast: &mut syn::File,
[INFO] [stdout]     |     ^^^ help: if this is intentional, prefix it with an underscore: `_ast`
[INFO] [stdout] 
[INFO] [stdout] 
[INFO] [stdout] warning: unused variable: `pallet_type`
[INFO] [stdout]    --> src/utils/pallets/share.rs:412:5
[INFO] [stdout]     |
[INFO] [stdout] 412 |     pallet_type: PalletAttr,
[INFO] [stdout]     |     ^^^^^^^^^^^ help: if this is intentional, prefix it with an underscore: `_pallet_type`
[INFO] [stdout] 
[INFO] [stdout] 
[INFO] [stdout] warning: unused variable: `cb`
[INFO] [stdout]    --> src/utils/pallets/share.rs:413:5
[INFO] [stdout]     |
[INFO] [stdout] 413 |     cb: &dyn FnOnce(&mut syn::Item),
[INFO] [stdout]     |     ^^ help: if this is intentional, prefix it with an underscore: `_cb`
[INFO] [stdout] 
[INFO] [stdout] 
[INFO] [stdout] warning: unused variable: `v`
[INFO] [stdout]    --> src/utils/pallets/share.rs:433:38
[INFO] [stdout]     |
[INFO] [stdout] 433 |                         Item::Struct(v) => {
[INFO] [stdout]     |                                      ^ help: if this is intentional, prefix it with an underscore: `_v`
[INFO] [stdout] 
[INFO] [stdout] 
[INFO] [stdout] warning: unused variable: `v`
[INFO] [stdout]    --> src/utils/pallets/share.rs:457:36
[INFO] [stdout]     |
[INFO] [stdout] 457 |                         Item::Impl(v) => {
[INFO] [stdout]     |                                    ^ help: if this is intentional, prefix it with an underscore: `_v`
[INFO] [stdout] 
[INFO] [stdout] 
[INFO] [stdout] warning: associated function `new` is never used
[INFO] [stdout]   --> src/modules/params/project.rs:13:12
[INFO] [stdout]    |
[INFO] [stdout] 12 | impl Opt {
[INFO] [stdout]    | -------- associated function in this implementation
[INFO] [stdout] 13 |     pub fn new(name: String, directory: String) -> Opt {
[INFO] [stdout]    |            ^^^
[INFO] [stdout]    |
[INFO] [stdout]    = note: `#[warn(dead_code)]` on by default
[INFO] [stdout] 
[INFO] [stdout] 
[INFO] [stdout] warning: type alias `Result` is never used
[INFO] [stdout]  --> src/utils/pallets/download_node_template.rs:4:6
[INFO] [stdout]   |
[INFO] [stdout] 4 | type Result<T> = std::result::Result<T, Box<dyn std::error::Error + Send + Sync>>;
[INFO] [stdout]   |      ^^^^^^
[INFO] [stdout] 
[INFO] [stdout] 
[INFO] [stdout] warning: function `create_project` is never used
[INFO] [stdout]  --> src/utils/pallets/download_node_template.rs:6:14
[INFO] [stdout]   |
[INFO] [stdout] 6 | pub async fn create_project(project_name: String, to_directory: String) -> Result<()> {
[INFO] [stdout]   |              ^^^^^^^^^^^^^^
[INFO] [stdout] 
[INFO] [stdout] 
[INFO] [stdout] warning: function `add_error` is never used
[INFO] [stdout]   --> src/utils/pallets/error.rs:42:8
[INFO] [stdout]    |
[INFO] [stdout] 42 | pub fn add_error(path_file: &str, name_err: &str, val_error: &str) {
[INFO] [stdout]    |        ^^^^^^^^^
[INFO] [stdout] 
[INFO] [stdout] 
[INFO] [stdout] warning: function `init_event_pallet` is never used
[INFO] [stdout]    --> src/utils/pallets/event.rs:111:4
[INFO] [stdout]     |
[INFO] [stdout] 111 | fn init_event_pallet(file_path: &str) {
[INFO] [stdout]     |    ^^^^^^^^^^^^^^^^^
[INFO] [stdout] 
[INFO] [stdout] 
[INFO] [stdout] warning: variant `Pallet` is never constructed
[INFO] [stdout]   --> src/utils/pallets/share.rs:18:5
[INFO] [stdout]    |
[INFO] [stdout] 16 | pub enum PalletAttr {
[INFO] [stdout]    |          ---------- variant in this enum
[INFO] [stdout] 17 |     Storage,
[INFO] [stdout] 18 |     Pallet,
[INFO] [stdout]    |     ^^^^^^
[INFO] [stdout] 
[INFO] [stdout] 
[INFO] [stdout] warning: function `split_content_from_file` is never used
[INFO] [stdout]    --> src/utils/pallets/share.rs:185:8
[INFO] [stdout]     |
[INFO] [stdout] 185 | pub fn split_content_from_file(
[INFO] [stdout]     |        ^^^^^^^^^^^^^^^^^^^^^^^
[INFO] [stdout] 
[INFO] [stdout] 
[INFO] [stdout] warning: function `update_pallet_from_file` is never used
[INFO] [stdout]    --> src/utils/pallets/share.rs:410:8
[INFO] [stdout]     |
[INFO] [stdout] 410 | pub fn update_pallet_from_file(
[INFO] [stdout]     |        ^^^^^^^^^^^^^^^^^^^^^^^
[INFO] [stdout] 
[INFO] [stdout] 
[INFO] [stdout] warning: function `add_pallet_to_file` is never used
[INFO] [stdout]    --> src/utils/pallets/share.rs:417:8
[INFO] [stdout]     |
[INFO] [stdout] 417 | pub fn add_pallet_to_file(ast_src: &syn::File, pallet_type: PalletAttr, new_content: Item) {
[INFO] [stdout]     |        ^^^^^^^^^^^^^^^^^^
[INFO] [stdout] 
[INFO] [stdout] 
[INFO] [stdout] warning: unused `std::result::Result` that must be used
[INFO] [stdout]    --> src/modules/params/project.rs:191:9
[INFO] [stdout]     |
[INFO] [stdout] 191 |         update_project(opt.name.clone(), opt.directory.clone());
[INFO] [stdout]     |         ^^^^^^^^^^^^^^^^^^^^^^^^^^^^^^^^^^^^^^^^^^^^^^^^^^^^^^^
[INFO] [stdout]     |
[INFO] [stdout]     = note: this `Result` may be an `Err` variant, which should be handled
[INFO] [stdout]     = note: `#[warn(unused_must_use)]` on by default
[INFO] [stdout] help: use `let _ = ...` to ignore the resulting value
[INFO] [stdout]     |
[INFO] [stdout] 191 |         let _ = update_project(opt.name.clone(), opt.directory.clone());
[INFO] [stdout]     |         +++++++
[INFO] [stdout] 
[INFO] [stdout] 
[INFO] [stdout] warning: unused `std::result::Result` that must be used
[INFO] [stdout]    --> src/modules/params/storage.rs:106:13
[INFO] [stdout]     |
[INFO] [stdout] 106 | /             share::append_after_pallet(
[INFO] [stdout] 107 | |                 &self.path_pallet,
[INFO] [stdout] 108 | |                 &share::PalletAttr::Storage,
[INFO] [stdout] 109 | |                 v.to_string().as_str(),
[INFO] [stdout] 110 | |             );
[INFO] [stdout]     | |_____________^
[INFO] [stdout]     |
[INFO] [stdout]     = note: this `Result` may be an `Err` variant, which should be handled
[INFO] [stdout] help: use `let _ = ...` to ignore the resulting value
[INFO] [stdout]     |
[INFO] [stdout] 106 |             let _ = share::append_after_pallet(
[INFO] [stdout]     |             +++++++
[INFO] [stdout] 
[INFO] [stdout] 
[INFO] [stdout] warning: unused `std::result::Result` that must be used
[INFO] [stdout]    --> src/modules/params/storage.rs:142:9
[INFO] [stdout]     |
[INFO] [stdout] 142 |         ex_gen_opt.save_to_file();
[INFO] [stdout]     |         ^^^^^^^^^^^^^^^^^^^^^^^^^
[INFO] [stdout]     |
[INFO] [stdout]     = note: this `Result` may be an `Err` variant, which should be handled
[INFO] [stdout] help: use `let _ = ...` to ignore the resulting value
[INFO] [stdout]     |
[INFO] [stdout] 142 |         let _ = ex_gen_opt.save_to_file();
[INFO] [stdout]     |         +++++++
[INFO] [stdout] 
[INFO] [stdout] 
[INFO] [stdout] warning: call to `.clone()` on a reference in this situation does nothing
[INFO] [stdout]   --> src/utils/pallets/strct.rs:20:37
[INFO] [stdout]    |
[INFO] [stdout] 20 |         builder.append(TODO_TEMPLATE.clone());
[INFO] [stdout]    |                                     ^^^^^^^^ help: remove this redundant call
[INFO] [stdout]    |
[INFO] [stdout]    = note: the type `str` does not implement `Clone`, so calling `clone` on `&str` copies the reference, which does not do anything and can be removed
[INFO] [stdout]    = note: `#[warn(noop_method_call)]` on by default
[INFO] [stdout] 
[INFO] [stdout] 
[INFO] [stdout] warning: 48 warnings emitted
[INFO] [stdout] 
[INFO] [stdout] 
[INFO] [stderr]    Compiling subcli v0.1.1 (/opt/rustwide/workdir)
[INFO] [stdout] warning: unused import: `crate::utils::pallets::share::parse_keyhash`
[INFO] [stdout]  --> src/modules/params/error.rs:2:5
[INFO] [stdout]   |
[INFO] [stdout] 2 | use crate::utils::pallets::share::parse_keyhash;
[INFO] [stdout]   |     ^^^^^^^^^^^^^^^^^^^^^^^^^^^^^^^^^^^^^^^^^^^
[INFO] [stdout]   |
[INFO] [stdout]   = note: `#[warn(unused_imports)]` on by default
[INFO] [stdout] 
[INFO] [stdout] 
[INFO] [stdout] warning: unused import: `crate::utils::pallets::share::parse_keyhash`
[INFO] [stdout]  --> src/modules/params/event.rs:2:5
[INFO] [stdout]   |
[INFO] [stdout] 2 | use crate::utils::pallets::share::parse_keyhash;
[INFO] [stdout]   |     ^^^^^^^^^^^^^^^^^^^^^^^^^^^^^^^^^^^^^^^^^^^
[INFO] [stdout] 
[INFO] [stdout] 
[INFO] [stdout] warning: unused import: `crate::utils::pallets::share::parse_keyhash`
[INFO] [stdout]  --> src/modules/params/extrinsic.rs:2:5
[INFO] [stdout]   |
[INFO] [stdout] 2 | use crate::utils::pallets::share::parse_keyhash;
[INFO] [stdout]   |     ^^^^^^^^^^^^^^^^^^^^^^^^^^^^^^^^^^^^^^^^^^^
[INFO] [stdout] 
[INFO] [stdout] 
[INFO] [stdout] warning: unused import: `proc_macro::TokenStream`
[INFO] [stdout]  --> src/utils/pallets/event.rs:3:5
[INFO] [stdout]   |
[INFO] [stdout] 3 | use proc_macro::TokenStream;
[INFO] [stdout]   |     ^^^^^^^^^^^^^^^^^^^^^^^
[INFO] [stdout] 
[INFO] [stdout] 
[INFO] [stdout] warning: unused import: `proc_macro2::TokenStream as TokenStream2`
[INFO] [stdout]  --> src/utils/pallets/event.rs:4:5
[INFO] [stdout]   |
[INFO] [stdout] 4 | use proc_macro2::TokenStream as TokenStream2;
[INFO] [stdout]   |     ^^^^^^^^^^^^^^^^^^^^^^^^^^^^^^^^^^^^^^^^
[INFO] [stdout] 
[INFO] [stdout] 
[INFO] [stdout] warning: unused imports: `File`, `error::Error`
[INFO] [stdout]  --> src/utils/pallets/event.rs:6:5
[INFO] [stdout]   |
[INFO] [stdout] 6 |     error::Error,
[INFO] [stdout]   |     ^^^^^^^^^^^^
[INFO] [stdout] 7 |     fs::{File, OpenOptions},
[INFO] [stdout]   |          ^^^^
[INFO] [stdout] 
[INFO] [stdout] 
[INFO] [stdout] warning: unused imports: `DeriveInput`, `ItemEnum`, `parse_macro_input`
[INFO] [stdout]   --> src/utils/pallets/event.rs:10:11
[INFO] [stdout]    |
[INFO] [stdout] 10 | use syn::{parse_macro_input, DeriveInput, Item, ItemEnum};
[INFO] [stdout]    |           ^^^^^^^^^^^^^^^^^  ^^^^^^^^^^^        ^^^^^^^^
[INFO] [stdout] 
[INFO] [stdout] 
[INFO] [stdout] warning: unused imports: `Write`, `collections::HashMap`
[INFO] [stdout]  --> src/utils/pallets/extrinsic_template.rs:2:5
[INFO] [stdout]   |
[INFO] [stdout] 2 |     collections::HashMap,
[INFO] [stdout]   |     ^^^^^^^^^^^^^^^^^^^^
[INFO] [stdout] 3 |     fs::OpenOptions,
[INFO] [stdout] 4 |     io::{Read, Write},
[INFO] [stdout]   |                ^^^^^
[INFO] [stdout] 
[INFO] [stdout] 
[INFO] [stdout] warning: unused import: `ItemImpl`
[INFO] [stdout]  --> src/utils/pallets/extrinsic_template.rs:7:27
[INFO] [stdout]   |
[INFO] [stdout] 7 | use syn::{ImplItem, Item, ItemImpl};
[INFO] [stdout]   |                           ^^^^^^^^
[INFO] [stdout] 
[INFO] [stdout] 
[INFO] [stdout] warning: unused imports: `Analyze`, `TODO_TEMPLATE`, `analyze_file`, `append_after_pallet`, `split_content_from_file`
[INFO] [stdout]   --> src/utils/pallets/extrinsic_template.rs:14:15
[INFO] [stdout]    |
[INFO] [stdout] 14 |         self, analyze_file, append_after_pallet, get_pallet_from_file, split_content_from_file,
[INFO] [stdout]    |               ^^^^^^^^^^^^  ^^^^^^^^^^^^^^^^^^^                        ^^^^^^^^^^^^^^^^^^^^^^^
[INFO] [stdout] 15 |         Analyze, EMPTY_TEMPLATE, PALLET_PATH_DEFAULT, TODO_TEMPLATE,
[INFO] [stdout]    |         ^^^^^^^                                       ^^^^^^^^^^^^^
[INFO] [stdout] 
[INFO] [stdout] 
[INFO] [stdout] warning: unused import: `crate::modules::params::error`
[INFO] [stdout]  --> src/utils/pallets/func.rs:1:5
[INFO] [stdout]   |
[INFO] [stdout] 1 | use crate::modules::params::error;
[INFO] [stdout]   |     ^^^^^^^^^^^^^^^^^^^^^^^^^^^^^
[INFO] [stdout] 
[INFO] [stdout] 
[INFO] [stdout] warning: unused import: `first_letter_to_uppper_case`
[INFO] [stdout]  --> src/utils/pallets/func.rs:4:13
[INFO] [stdout]   |
[INFO] [stdout] 4 |     share::{first_letter_to_uppper_case, EMPTY_TEMPLATE, TODO_TEMPLATE},
[INFO] [stdout]   |             ^^^^^^^^^^^^^^^^^^^^^^^^^^^
[INFO] [stdout] 
[INFO] [stdout] 
[INFO] [stdout] warning: unused import: `quote::quote`
[INFO] [stdout]  --> src/utils/pallets/func.rs:7:5
[INFO] [stdout]   |
[INFO] [stdout] 7 | use quote::quote;
[INFO] [stdout]   |     ^^^^^^^^^^^^
[INFO] [stdout] 
[INFO] [stdout] 
[INFO] [stdout] warning: unused imports: `Stmt`, `parse_quote`
[INFO] [stdout]  --> src/utils/pallets/func.rs:8:11
[INFO] [stdout]   |
[INFO] [stdout] 8 | use syn::{parse_quote, Stmt};
[INFO] [stdout]   |           ^^^^^^^^^^^  ^^^^
[INFO] [stdout] 
[INFO] [stdout] 
[INFO] [stdout] warning: unused import: `File`
[INFO] [stdout]  --> src/utils/pallets/pallet_mod.rs:1:15
[INFO] [stdout]   |
[INFO] [stdout] 1 | use std::fs::{File, OpenOptions};
[INFO] [stdout]   |               ^^^^
[INFO] [stdout] 
[INFO] [stdout] 
[INFO] [stdout] warning: unused import: `quote::TokenStreamExt`
[INFO] [stdout]  --> src/utils/pallets/pallet_mod.rs:4:5
[INFO] [stdout]   |
[INFO] [stdout] 4 | use quote::TokenStreamExt;
[INFO] [stdout]   |     ^^^^^^^^^^^^^^^^^^^^^
[INFO] [stdout] 
[INFO] [stdout] 
[INFO] [stdout] warning: unused import: `Error`
[INFO] [stdout]  --> src/utils/pallets/share.rs:4:35
[INFO] [stdout]   |
[INFO] [stdout] 4 | use std::io::{BufRead, BufReader, Error, Read, Write};
[INFO] [stdout]   |                                   ^^^^^
[INFO] [stdout] 
[INFO] [stdout] 
[INFO] [stdout] warning: unused import: `std::os::unix::prelude::FileExt`
[INFO] [stdout]  --> src/utils/pallets/share.rs:5:5
[INFO] [stdout]   |
[INFO] [stdout] 5 | use std::os::unix::prelude::FileExt;
[INFO] [stdout]   |     ^^^^^^^^^^^^^^^^^^^^^^^^^^^^^^^
[INFO] [stdout] 
[INFO] [stdout] 
[INFO] [stdout] warning: unused import: `parse_quote`
[INFO] [stdout]  --> src/utils/pallets/share.rs:9:11
[INFO] [stdout]   |
[INFO] [stdout] 9 | use syn::{parse_quote, Item};
[INFO] [stdout]   |           ^^^^^^^^^^^
[INFO] [stdout] 
[INFO] [stdout] 
[INFO] [stdout] warning: unused imports: `Field`, `Token`
[INFO] [stdout]   --> src/utils/pallets/share.rs:10:11
[INFO] [stdout]    |
[INFO] [stdout] 10 | use syn::{Field, Fields, ItemStruct, Token};
[INFO] [stdout]    |           ^^^^^                      ^^^^^
[INFO] [stdout] 
[INFO] [stdout] 
[INFO] [stdout] warning: unused imports: `Deserialize`, `Serialize`
[INFO] [stdout]  --> src/utils/pallets/pallet_template.rs:4:13
[INFO] [stdout]   |
[INFO] [stdout] 4 | use serde::{Deserialize, Serialize};
[INFO] [stdout]   |             ^^^^^^^^^^^  ^^^^^^^^^
[INFO] [stdout] 
[INFO] [stdout] 
[INFO] [stdout] warning: unused import: `std::fmt::format`
[INFO] [stdout]  --> src/utils/pallets/pallet_template.rs:6:5
[INFO] [stdout]   |
[INFO] [stdout] 6 | use std::fmt::format;
[INFO] [stdout]   |     ^^^^^^^^^^^^^^^^
[INFO] [stdout] 
[INFO] [stdout] 
[INFO] [stdout] warning: unused import: `self`
[INFO] [stdout]  --> src/utils/pallets/pallet_template.rs:9:15
[INFO] [stdout]   |
[INFO] [stdout] 9 | use std::io::{self, Read, Write};
[INFO] [stdout]   |               ^^^^
[INFO] [stdout] 
[INFO] [stdout] 
[INFO] [stdout] warning: unused import: `quote::quote`
[INFO] [stdout]   --> src/utils/pallets/pallet_template.rs:11:5
[INFO] [stdout]    |
[INFO] [stdout] 11 | use quote::quote;
[INFO] [stdout]    |     ^^^^^^^^^^^^
[INFO] [stdout] 
[INFO] [stdout] 
[INFO] [stdout] warning: unreachable pattern
[INFO] [stdout]   --> src/utils/pallets/func.rs:33:13
[INFO] [stdout]    |
[INFO] [stdout] 33 |             _ => EMPTY_TEMPLATE.to_string(),
[INFO] [stdout]    |             ^
[INFO] [stdout]    |
[INFO] [stdout]    = note: `#[warn(unreachable_patterns)]` on by default
[INFO] [stdout] 
[INFO] [stdout] 
[INFO] [stdout] warning: unused variable: `opt`
[INFO] [stdout]    --> src/utils/pallets/func.rs:151:37
[INFO] [stdout]     |
[INFO] [stdout] 151 | fn gen_create_storate_double_map_fn(opt: &Opt) -> String {
[INFO] [stdout]     |                                     ^^^ help: if this is intentional, prefix it with an underscore: `_opt`
[INFO] [stdout]     |
[INFO] [stdout]     = note: `#[warn(unused_variables)]` on by default
[INFO] [stdout] 
[INFO] [stdout] 
[INFO] [stdout] warning: unused variable: `opt`
[INFO] [stdout]    --> src/utils/pallets/func.rs:154:31
[INFO] [stdout]     |
[INFO] [stdout] 154 | fn gen_create_storate_nmap_fn(opt: &Opt) -> String {
[INFO] [stdout]     |                               ^^^ help: if this is intentional, prefix it with an underscore: `_opt`
[INFO] [stdout] 
[INFO] [stdout] 
[INFO] [stdout] warning: unused variable: `k`
[INFO] [stdout]    --> src/utils/pallets/share.rs:334:15
[INFO] [stdout]     |
[INFO] [stdout] 334 |         Some((k, val)) => Ok(if val.occur_lines.len() != 0 {
[INFO] [stdout]     |               ^ help: if this is intentional, prefix it with an underscore: `_k`
[INFO] [stdout] 
[INFO] [stdout] 
[INFO] [stdout] warning: unused variable: `v`
[INFO] [stdout]    --> src/utils/pallets/share.rs:395:36
[INFO] [stdout]     |
[INFO] [stdout] 395 |                         Item::Impl(v) => {
[INFO] [stdout]     |                                    ^ help: if this is intentional, prefix it with an underscore: `_v`
[INFO] [stdout] 
[INFO] [stdout] 
[INFO] [stdout] warning: unused variable: `ast`
[INFO] [stdout]    --> src/utils/pallets/share.rs:411:5
[INFO] [stdout]     |
[INFO] [stdout] 411 |     ast: &mut syn::File,
[INFO] [stdout]     |     ^^^ help: if this is intentional, prefix it with an underscore: `_ast`
[INFO] [stdout] 
[INFO] [stdout] 
[INFO] [stdout] warning: unused variable: `pallet_type`
[INFO] [stdout]    --> src/utils/pallets/share.rs:412:5
[INFO] [stdout]     |
[INFO] [stdout] 412 |     pallet_type: PalletAttr,
[INFO] [stdout]     |     ^^^^^^^^^^^ help: if this is intentional, prefix it with an underscore: `_pallet_type`
[INFO] [stdout] 
[INFO] [stdout] 
[INFO] [stdout] warning: unused variable: `cb`
[INFO] [stdout]    --> src/utils/pallets/share.rs:413:5
[INFO] [stdout]     |
[INFO] [stdout] 413 |     cb: &dyn FnOnce(&mut syn::Item),
[INFO] [stdout]     |     ^^ help: if this is intentional, prefix it with an underscore: `_cb`
[INFO] [stdout] 
[INFO] [stdout] 
[INFO] [stdout] warning: unused variable: `v`
[INFO] [stdout]    --> src/utils/pallets/share.rs:433:38
[INFO] [stdout]     |
[INFO] [stdout] 433 |                         Item::Struct(v) => {
[INFO] [stdout]     |                                      ^ help: if this is intentional, prefix it with an underscore: `_v`
[INFO] [stdout] 
[INFO] [stdout] 
[INFO] [stdout] warning: unused variable: `v`
[INFO] [stdout]    --> src/utils/pallets/share.rs:457:36
[INFO] [stdout]     |
[INFO] [stdout] 457 |                         Item::Impl(v) => {
[INFO] [stdout]     |                                    ^ help: if this is intentional, prefix it with an underscore: `_v`
[INFO] [stdout] 
[INFO] [stdout] 
[INFO] [stdout] warning: associated function `new` is never used
[INFO] [stdout]   --> src/modules/params/project.rs:13:12
[INFO] [stdout]    |
[INFO] [stdout] 12 | impl Opt {
[INFO] [stdout]    | -------- associated function in this implementation
[INFO] [stdout] 13 |     pub fn new(name: String, directory: String) -> Opt {
[INFO] [stdout]    |            ^^^
[INFO] [stdout]    |
[INFO] [stdout]    = note: `#[warn(dead_code)]` on by default
[INFO] [stdout] 
[INFO] [stdout] 
[INFO] [stdout] warning: function `init_event_pallet` is never used
[INFO] [stdout]    --> src/utils/pallets/event.rs:111:4
[INFO] [stdout]     |
[INFO] [stdout] 111 | fn init_event_pallet(file_path: &str) {
[INFO] [stdout]     |    ^^^^^^^^^^^^^^^^^
[INFO] [stdout] 
[INFO] [stdout] 
[INFO] [stdout] warning: function `test_gen_create_storate_map_fn` is never used
[INFO] [stdout]    --> src/utils/pallets/func.rs:261:8
[INFO] [stdout]     |
[INFO] [stdout] 261 |     fn test_gen_create_storate_map_fn() {
[INFO] [stdout]     |        ^^^^^^^^^^^^^^^^^^^^^^^^^^^^^^
[INFO] [stdout] 
[INFO] [stdout] 
[INFO] [stdout] warning: variant `Pallet` is never constructed
[INFO] [stdout]   --> src/utils/pallets/share.rs:18:5
[INFO] [stdout]    |
[INFO] [stdout] 16 | pub enum PalletAttr {
[INFO] [stdout]    |          ---------- variant in this enum
[INFO] [stdout] 17 |     Storage,
[INFO] [stdout] 18 |     Pallet,
[INFO] [stdout]    |     ^^^^^^
[INFO] [stdout] 
[INFO] [stdout] 
[INFO] [stdout] warning: function `split_content_from_file` is never used
[INFO] [stdout]    --> src/utils/pallets/share.rs:185:8
[INFO] [stdout]     |
[INFO] [stdout] 185 | pub fn split_content_from_file(
[INFO] [stdout]     |        ^^^^^^^^^^^^^^^^^^^^^^^
[INFO] [stdout] 
[INFO] [stdout] 
[INFO] [stdout] warning: function `update_pallet_from_file` is never used
[INFO] [stdout]    --> src/utils/pallets/share.rs:410:8
[INFO] [stdout]     |
[INFO] [stdout] 410 | pub fn update_pallet_from_file(
[INFO] [stdout]     |        ^^^^^^^^^^^^^^^^^^^^^^^
[INFO] [stdout] 
[INFO] [stdout] 
[INFO] [stdout] warning: function `add_pallet_to_file` is never used
[INFO] [stdout]    --> src/utils/pallets/share.rs:417:8
[INFO] [stdout]     |
[INFO] [stdout] 417 | pub fn add_pallet_to_file(ast_src: &syn::File, pallet_type: PalletAttr, new_content: Item) {
[INFO] [stdout]     |        ^^^^^^^^^^^^^^^^^^
[INFO] [stdout] 
[INFO] [stdout] 
[INFO] [stdout] warning: unused `std::result::Result` that must be used
[INFO] [stdout]    --> src/modules/params/project.rs:191:9
[INFO] [stdout]     |
[INFO] [stdout] 191 |         update_project(opt.name.clone(), opt.directory.clone());
[INFO] [stdout]     |         ^^^^^^^^^^^^^^^^^^^^^^^^^^^^^^^^^^^^^^^^^^^^^^^^^^^^^^^
[INFO] [stdout]     |
[INFO] [stdout]     = note: this `Result` may be an `Err` variant, which should be handled
[INFO] [stdout]     = note: `#[warn(unused_must_use)]` on by default
[INFO] [stdout] help: use `let _ = ...` to ignore the resulting value
[INFO] [stdout]     |
[INFO] [stdout] 191 |         let _ = update_project(opt.name.clone(), opt.directory.clone());
[INFO] [stdout]     |         +++++++
[INFO] [stdout] 
[INFO] [stdout] 
[INFO] [stdout] warning: unused `std::result::Result` that must be used
[INFO] [stdout]    --> src/modules/params/storage.rs:106:13
[INFO] [stdout]     |
[INFO] [stdout] 106 | /             share::append_after_pallet(
[INFO] [stdout] 107 | |                 &self.path_pallet,
[INFO] [stdout] 108 | |                 &share::PalletAttr::Storage,
[INFO] [stdout] 109 | |                 v.to_string().as_str(),
[INFO] [stdout] 110 | |             );
[INFO] [stdout]     | |_____________^
[INFO] [stdout]     |
[INFO] [stdout]     = note: this `Result` may be an `Err` variant, which should be handled
[INFO] [stdout] help: use `let _ = ...` to ignore the resulting value
[INFO] [stdout]     |
[INFO] [stdout] 106 |             let _ = share::append_after_pallet(
[INFO] [stdout]     |             +++++++
[INFO] [stdout] 
[INFO] [stdout] 
[INFO] [stdout] warning: unused `std::result::Result` that must be used
[INFO] [stdout]    --> src/modules/params/storage.rs:142:9
[INFO] [stdout]     |
[INFO] [stdout] 142 |         ex_gen_opt.save_to_file();
[INFO] [stdout]     |         ^^^^^^^^^^^^^^^^^^^^^^^^^
[INFO] [stdout]     |
[INFO] [stdout]     = note: this `Result` may be an `Err` variant, which should be handled
[INFO] [stdout] help: use `let _ = ...` to ignore the resulting value
[INFO] [stdout]     |
[INFO] [stdout] 142 |         let _ = ex_gen_opt.save_to_file();
[INFO] [stdout]     |         +++++++
[INFO] [stdout] 
[INFO] [stdout] 
[INFO] [stdout] warning: unused `std::result::Result` that must be used
[INFO] [stdout]    --> src/utils/pallets/share.rs:556:9
[INFO] [stdout]     |
[INFO] [stdout] 556 |         append_text_to_line(file_apped, 20, content_append);
[INFO] [stdout]     |         ^^^^^^^^^^^^^^^^^^^^^^^^^^^^^^^^^^^^^^^^^^^^^^^^^^^
[INFO] [stdout]     |
[INFO] [stdout]     = note: this `Result` may be an `Err` variant, which should be handled
[INFO] [stdout] help: use `let _ = ...` to ignore the resulting value
[INFO] [stdout]     |
[INFO] [stdout] 556 |         let _ = append_text_to_line(file_apped, 20, content_append);
[INFO] [stdout]     |         +++++++
[INFO] [stdout] 
[INFO] [stdout] 
[INFO] [stdout] warning: unused `std::result::Result` that must be used
[INFO] [stdout]    --> src/utils/pallets/share.rs:570:9
[INFO] [stdout]     |
[INFO] [stdout] 570 |         append_after_pallet(file_apped, &PalletAttr::Storage, content_append);
[INFO] [stdout]     |         ^^^^^^^^^^^^^^^^^^^^^^^^^^^^^^^^^^^^^^^^^^^^^^^^^^^^^^^^^^^^^^^^^^^^^
[INFO] [stdout]     |
[INFO] [stdout]     = note: this `Result` may be an `Err` variant, which should be handled
[INFO] [stdout] help: use `let _ = ...` to ignore the resulting value
[INFO] [stdout]     |
[INFO] [stdout] 570 |         let _ = append_after_pallet(file_apped, &PalletAttr::Storage, content_append);
[INFO] [stdout]     |         +++++++
[INFO] [stdout] 
[INFO] [stdout] 
[INFO] [stdout] warning: call to `.clone()` on a reference in this situation does nothing
[INFO] [stdout]   --> src/utils/pallets/strct.rs:20:37
[INFO] [stdout]    |
[INFO] [stdout] 20 |         builder.append(TODO_TEMPLATE.clone());
[INFO] [stdout]    |                                     ^^^^^^^^ help: remove this redundant call
[INFO] [stdout]    |
[INFO] [stdout]    = note: the type `str` does not implement `Clone`, so calling `clone` on `&str` copies the reference, which does not do anything and can be removed
[INFO] [stdout]    = note: `#[warn(noop_method_call)]` on by default
[INFO] [stdout] 
[INFO] [stdout] 
[INFO] [stdout] warning: 47 warnings emitted
[INFO] [stdout] 
[INFO] [stdout] 
[INFO] [stderr]     Finished test [unoptimized + debuginfo] target(s) in 10.51s
[INFO] running `Command { std: "docker" "inspect" "4f8deb885fec0b29d560a111e7a5d11766229b35257c25d9284e4d9ba02b53c5", kill_on_drop: false }`
[INFO] running `Command { std: "docker" "rm" "-f" "4f8deb885fec0b29d560a111e7a5d11766229b35257c25d9284e4d9ba02b53c5", kill_on_drop: false }`
[INFO] [stdout] 4f8deb885fec0b29d560a111e7a5d11766229b35257c25d9284e4d9ba02b53c5
[INFO] running `Command { std: "docker" "create" "-v" "/var/lib/crater-agent-workspace/builds/worker-6-tc1/target:/opt/rustwide/target:rw,Z" "-v" "/var/lib/crater-agent-workspace/builds/worker-6-tc1/source:/opt/rustwide/workdir:ro,Z" "-v" "/var/lib/crater-agent-workspace/cargo-home:/opt/rustwide/cargo-home:ro,Z" "-v" "/var/lib/crater-agent-workspace/rustup-home:/opt/rustwide/rustup-home:ro,Z" "-e" "SOURCE_DIR=/opt/rustwide/workdir" "-e" "CARGO_TARGET_DIR=/opt/rustwide/target" "-e" "CARGO_INCREMENTAL=0" "-e" "RUST_BACKTRACE=full" "-e" "RUSTFLAGS=--cap-lints=warn" "-e" "RUSTDOCFLAGS=--cap-lints=warn" "-e" "CARGO_HOME=/opt/rustwide/cargo-home" "-e" "RUSTUP_HOME=/opt/rustwide/rustup-home" "-w" "/opt/rustwide/workdir" "-m" "1610612736" "--user" "0:0" "--network" "none" "ghcr.io/rust-lang/crates-build-env/linux@sha256:2788e3201cd34a07e3172128adcd8b3090168a8e3bcc40d7c032b9dda1df7d1c" "/opt/rustwide/cargo-home/bin/cargo" "+1.75.0" "test" "--frozen", kill_on_drop: false }`
[INFO] [stdout] 2a5818ac6db57ab55cca69b5bf301fe7827fc9f081687eaff35903fc21609f00
[INFO] running `Command { std: "docker" "start" "-a" "2a5818ac6db57ab55cca69b5bf301fe7827fc9f081687eaff35903fc21609f00", kill_on_drop: false }`
[INFO] [stderr] warning: unused import: `crate::utils::pallets::share::parse_keyhash`
[INFO] [stderr]  --> src/modules/params/error.rs:2:5
[INFO] [stderr]   |
[INFO] [stderr] 2 | use crate::utils::pallets::share::parse_keyhash;
[INFO] [stderr]   |     ^^^^^^^^^^^^^^^^^^^^^^^^^^^^^^^^^^^^^^^^^^^
[INFO] [stderr]   |
[INFO] [stderr]   = note: `#[warn(unused_imports)]` on by default
[INFO] [stderr] 
[INFO] [stderr] warning: unused import: `crate::utils::pallets::share::parse_keyhash`
[INFO] [stderr]  --> src/modules/params/event.rs:2:5
[INFO] [stderr]   |
[INFO] [stderr] 2 | use crate::utils::pallets::share::parse_keyhash;
[INFO] [stderr]   |     ^^^^^^^^^^^^^^^^^^^^^^^^^^^^^^^^^^^^^^^^^^^
[INFO] [stderr] 
[INFO] [stderr] warning: unused import: `crate::utils::pallets::share::parse_keyhash`
[INFO] [stderr]  --> src/modules/params/extrinsic.rs:2:5
[INFO] [stderr]   |
[INFO] [stderr] 2 | use crate::utils::pallets::share::parse_keyhash;
[INFO] [stderr]   |     ^^^^^^^^^^^^^^^^^^^^^^^^^^^^^^^^^^^^^^^^^^^
[INFO] [stderr] 
[INFO] [stderr] warning: unused import: `std::vec`
[INFO] [stderr]  --> src/modules/params/storage.rs:1:5
[INFO] [stderr]   |
[INFO] [stderr] 1 | use std::vec;
[INFO] [stderr]   |     ^^^^^^^^
[INFO] [stderr] 
[INFO] [stderr] warning: unused import: `proc_macro::TokenStream`
[INFO] [stderr]  --> src/utils/pallets/event.rs:3:5
[INFO] [stderr]   |
[INFO] [stderr] 3 | use proc_macro::TokenStream;
[INFO] [stderr]   |     ^^^^^^^^^^^^^^^^^^^^^^^
[INFO] [stderr] 
[INFO] [stderr] warning: unused import: `proc_macro2::TokenStream as TokenStream2`
[INFO] [stderr]  --> src/utils/pallets/event.rs:4:5
[INFO] [stderr]   |
[INFO] [stderr] 4 | use proc_macro2::TokenStream as TokenStream2;
[INFO] [stderr]   |     ^^^^^^^^^^^^^^^^^^^^^^^^^^^^^^^^^^^^^^^^
[INFO] [stderr] 
[INFO] [stderr] warning: unused imports: `File`, `error::Error`
[INFO] [stderr]  --> src/utils/pallets/event.rs:6:5
[INFO] [stderr]   |
[INFO] [stderr] 6 |     error::Error,
[INFO] [stderr]   |     ^^^^^^^^^^^^
[INFO] [stderr] 7 |     fs::{File, OpenOptions},
[INFO] [stderr]   |          ^^^^
[INFO] [stderr] 
[INFO] [stderr] warning: unused imports: `DeriveInput`, `ItemEnum`, `parse_macro_input`
[INFO] [stderr]   --> src/utils/pallets/event.rs:10:11
[INFO] [stderr]    |
[INFO] [stderr] 10 | use syn::{parse_macro_input, DeriveInput, Item, ItemEnum};
[INFO] [stderr]    |           ^^^^^^^^^^^^^^^^^  ^^^^^^^^^^^        ^^^^^^^^
[INFO] [stderr] 
[INFO] [stderr] warning: unused imports: `Write`, `collections::HashMap`
[INFO] [stderr]  --> src/utils/pallets/extrinsic_template.rs:2:5
[INFO] [stderr]   |
[INFO] [stderr] 2 |     collections::HashMap,
[INFO] [stderr]   |     ^^^^^^^^^^^^^^^^^^^^
[INFO] [stderr] 3 |     fs::OpenOptions,
[INFO] [stderr] 4 |     io::{Read, Write},
[INFO] [stderr]   |                ^^^^^
[INFO] [stderr] 
[INFO] [stderr] warning: unused import: `ItemImpl`
[INFO] [stderr]  --> src/utils/pallets/extrinsic_template.rs:7:27
[INFO] [stderr]   |
[INFO] [stderr] 7 | use syn::{ImplItem, Item, ItemImpl};
[INFO] [stderr]   |                           ^^^^^^^^
[INFO] [stderr] 
[INFO] [stderr] warning: unused imports: `Analyze`, `TODO_TEMPLATE`, `analyze_file`, `append_after_pallet`, `split_content_from_file`
[INFO] [stderr]   --> src/utils/pallets/extrinsic_template.rs:14:15
[INFO] [stderr]    |
[INFO] [stderr] 14 |         self, analyze_file, append_after_pallet, get_pallet_from_file, split_content_from_file,
[INFO] [stderr]    |               ^^^^^^^^^^^^  ^^^^^^^^^^^^^^^^^^^                        ^^^^^^^^^^^^^^^^^^^^^^^
[INFO] [stderr] 15 |         Analyze, EMPTY_TEMPLATE, PALLET_PATH_DEFAULT, TODO_TEMPLATE,
[INFO] [stderr]    |         ^^^^^^^                                       ^^^^^^^^^^^^^
[INFO] [stderr] 
[INFO] [stderr] warning: unused import: `crate::modules::params::error`
[INFO] [stderr]  --> src/utils/pallets/func.rs:1:5
[INFO] [stderr]   |
[INFO] [stderr] 1 | use crate::modules::params::error;
[INFO] [stderr]   |     ^^^^^^^^^^^^^^^^^^^^^^^^^^^^^
[INFO] [stderr] 
[INFO] [stderr] warning: unused import: `first_letter_to_uppper_case`
[INFO] [stderr]  --> src/utils/pallets/func.rs:4:13
[INFO] [stderr]   |
[INFO] [stderr] 4 |     share::{first_letter_to_uppper_case, EMPTY_TEMPLATE, TODO_TEMPLATE},
[INFO] [stderr]   |             ^^^^^^^^^^^^^^^^^^^^^^^^^^^
[INFO] [stderr] 
[INFO] [stderr] warning: unused import: `quote::quote`
[INFO] [stderr]  --> src/utils/pallets/func.rs:7:5
[INFO] [stderr]   |
[INFO] [stderr] 7 | use quote::quote;
[INFO] [stderr]   |     ^^^^^^^^^^^^
[INFO] [stderr] 
[INFO] [stderr] warning: unused imports: `Stmt`, `parse_quote`
[INFO] [stderr]  --> src/utils/pallets/func.rs:8:11
[INFO] [stderr]   |
[INFO] [stderr] 8 | use syn::{parse_quote, Stmt};
[INFO] [stderr]   |           ^^^^^^^^^^^  ^^^^
[INFO] [stderr] 
[INFO] [stderr] warning: unused import: `File`
[INFO] [stderr]  --> src/utils/pallets/pallet_mod.rs:1:15
[INFO] [stderr]   |
[INFO] [stderr] 1 | use std::fs::{File, OpenOptions};
[INFO] [stderr]   |               ^^^^
[INFO] [stderr] 
[INFO] [stderr] warning: unused import: `quote::TokenStreamExt`
[INFO] [stderr]  --> src/utils/pallets/pallet_mod.rs:4:5
[INFO] [stderr]   |
[INFO] [stderr] 4 | use quote::TokenStreamExt;
[INFO] [stderr]   |     ^^^^^^^^^^^^^^^^^^^^^
[INFO] [stderr] 
[INFO] [stderr] warning: unused import: `Error`
[INFO] [stderr]  --> src/utils/pallets/share.rs:4:35
[INFO] [stderr]   |
[INFO] [stderr] 4 | use std::io::{BufRead, BufReader, Error, Read, Write};
[INFO] [stderr]   |                                   ^^^^^
[INFO] [stderr] 
[INFO] [stderr] warning: unused import: `std::os::unix::prelude::FileExt`
[INFO] [stderr]  --> src/utils/pallets/share.rs:5:5
[INFO] [stderr]   |
[INFO] [stderr] 5 | use std::os::unix::prelude::FileExt;
[INFO] [stderr]   |     ^^^^^^^^^^^^^^^^^^^^^^^^^^^^^^^
[INFO] [stderr] 
[INFO] [stderr] warning: unused import: `parse_quote`
[INFO] [stderr]  --> src/utils/pallets/share.rs:9:11
[INFO] [stderr]   |
[INFO] [stderr] 9 | use syn::{parse_quote, Item};
[INFO] [stderr]   |           ^^^^^^^^^^^
[INFO] [stderr] 
[INFO] [stderr] warning: unused imports: `Field`, `Token`
[INFO] [stderr]   --> src/utils/pallets/share.rs:10:11
[INFO] [stderr]    |
[INFO] [stderr] 10 | use syn::{Field, Fields, ItemStruct, Token};
[INFO] [stderr]    |           ^^^^^                      ^^^^^
[INFO] [stderr] 
[INFO] [stderr] warning: unused imports: `Deserialize`, `Serialize`
[INFO] [stderr]  --> src/utils/pallets/pallet_template.rs:4:13
[INFO] [stderr]   |
[INFO] [stderr] 4 | use serde::{Deserialize, Serialize};
[INFO] [stderr]   |             ^^^^^^^^^^^  ^^^^^^^^^
[INFO] [stderr] 
[INFO] [stderr] warning: unused import: `std::fmt::format`
[INFO] [stderr]  --> src/utils/pallets/pallet_template.rs:6:5
[INFO] [stderr]   |
[INFO] [stderr] 6 | use std::fmt::format;
[INFO] [stderr]   |     ^^^^^^^^^^^^^^^^
[INFO] [stderr] 
[INFO] [stderr] warning: unused import: `self`
[INFO] [stderr]  --> src/utils/pallets/pallet_template.rs:9:15
[INFO] [stderr]   |
[INFO] [stderr] 9 | use std::io::{self, Read, Write};
[INFO] [stderr]   |               ^^^^
[INFO] [stderr] 
[INFO] [stderr] warning: unused import: `quote::quote`
[INFO] [stderr]   --> src/utils/pallets/pallet_template.rs:11:5
[INFO] [stderr]    |
[INFO] [stderr] 11 | use quote::quote;
[INFO] [stderr]    |     ^^^^^^^^^^^^
[INFO] [stderr] 
[INFO] [stderr] warning: unreachable pattern
[INFO] [stderr]   --> src/utils/pallets/func.rs:33:13
[INFO] [stderr]    |
[INFO] [stderr] 33 |             _ => EMPTY_TEMPLATE.to_string(),
[INFO] [stderr]    |             ^
[INFO] [stderr]    |
[INFO] [stderr]    = note: `#[warn(unreachable_patterns)]` on by default
[INFO] [stderr] 
[INFO] [stderr] warning: unused variable: `opt`
[INFO] [stderr]    --> src/utils/pallets/func.rs:151:37
[INFO] [stderr]     |
[INFO] [stderr] 151 | fn gen_create_storate_double_map_fn(opt: &Opt) -> String {
[INFO] [stderr]     |                                     ^^^ help: if this is intentional, prefix it with an underscore: `_opt`
[INFO] [stderr]     |
[INFO] [stderr]     = note: `#[warn(unused_variables)]` on by default
[INFO] [stderr] 
[INFO] [stderr] warning: unused variable: `opt`
[INFO] [stderr]    --> src/utils/pallets/func.rs:154:31
[INFO] [stderr]     |
[INFO] [stderr] 154 | fn gen_create_storate_nmap_fn(opt: &Opt) -> String {
[INFO] [stderr]     |                               ^^^ help: if this is intentional, prefix it with an underscore: `_opt`
[INFO] [stderr] 
[INFO] [stderr] warning: unused variable: `k`
[INFO] [stderr]    --> src/utils/pallets/share.rs:334:15
[INFO] [stderr]     |
[INFO] [stderr] 334 |         Some((k, val)) => Ok(if val.occur_lines.len() != 0 {
[INFO] [stderr]     |               ^ help: if this is intentional, prefix it with an underscore: `_k`
[INFO] [stderr] 
[INFO] [stderr] warning: unused variable: `v`
[INFO] [stderr]    --> src/utils/pallets/share.rs:395:36
[INFO] [stderr]     |
[INFO] [stderr] 395 |                         Item::Impl(v) => {
[INFO] [stderr]     |                                    ^ help: if this is intentional, prefix it with an underscore: `_v`
[INFO] [stderr] 
[INFO] [stderr] warning: unused variable: `ast`
[INFO] [stderr]    --> src/utils/pallets/share.rs:411:5
[INFO] [stderr]     |
[INFO] [stderr] 411 |     ast: &mut syn::File,
[INFO] [stderr]     |     ^^^ help: if this is intentional, prefix it with an underscore: `_ast`
[INFO] [stderr] 
[INFO] [stderr] warning: unused variable: `pallet_type`
[INFO] [stderr]    --> src/utils/pallets/share.rs:412:5
[INFO] [stderr]     |
[INFO] [stderr] 412 |     pallet_type: PalletAttr,
[INFO] [stderr]     |     ^^^^^^^^^^^ help: if this is intentional, prefix it with an underscore: `_pallet_type`
[INFO] [stderr] 
[INFO] [stderr] warning: unused variable: `cb`
[INFO] [stderr]    --> src/utils/pallets/share.rs:413:5
[INFO] [stderr]     |
[INFO] [stderr] 413 |     cb: &dyn FnOnce(&mut syn::Item),
[INFO] [stderr]     |     ^^ help: if this is intentional, prefix it with an underscore: `_cb`
[INFO] [stderr] 
[INFO] [stderr] warning: unused variable: `v`
[INFO] [stderr]    --> src/utils/pallets/share.rs:433:38
[INFO] [stderr]     |
[INFO] [stderr] 433 |                         Item::Struct(v) => {
[INFO] [stderr]     |                                      ^ help: if this is intentional, prefix it with an underscore: `_v`
[INFO] [stderr] 
[INFO] [stderr] warning: unused variable: `v`
[INFO] [stderr]    --> src/utils/pallets/share.rs:457:36
[INFO] [stderr]     |
[INFO] [stderr] 457 |                         Item::Impl(v) => {
[INFO] [stderr]     |                                    ^ help: if this is intentional, prefix it with an underscore: `_v`
[INFO] [stderr] 
[INFO] [stderr] warning: associated function `new` is never used
[INFO] [stderr]   --> src/modules/params/project.rs:13:12
[INFO] [stderr]    |
[INFO] [stderr] 12 | impl Opt {
[INFO] [stderr]    | -------- associated function in this implementation
[INFO] [stderr] 13 |     pub fn new(name: String, directory: String) -> Opt {
[INFO] [stderr]    |            ^^^
[INFO] [stderr]    |
[INFO] [stderr]    = note: `#[warn(dead_code)]` on by default
[INFO] [stderr] 
[INFO] [stderr] warning: type alias `Result` is never used
[INFO] [stderr]  --> src/utils/pallets/download_node_template.rs:4:6
[INFO] [stderr]   |
[INFO] [stderr] 4 | type Result<T> = std::result::Result<T, Box<dyn std::error::Error + Send + Sync>>;
[INFO] [stderr]   |      ^^^^^^
[INFO] [stderr] 
[INFO] [stderr] warning: function `create_project` is never used
[INFO] [stderr]  --> src/utils/pallets/download_node_template.rs:6:14
[INFO] [stderr]   |
[INFO] [stderr] 6 | pub async fn create_project(project_name: String, to_directory: String) -> Result<()> {
[INFO] [stderr]   |              ^^^^^^^^^^^^^^
[INFO] [stderr] 
[INFO] [stderr] warning: function `add_error` is never used
[INFO] [stderr]   --> src/utils/pallets/error.rs:42:8
[INFO] [stderr]    |
[INFO] [stderr] 42 | pub fn add_error(path_file: &str, name_err: &str, val_error: &str) {
[INFO] [stderr]    |        ^^^^^^^^^
[INFO] [stderr] 
[INFO] [stderr] warning: function `init_event_pallet` is never used
[INFO] [stderr]    --> src/utils/pallets/event.rs:111:4
[INFO] [stderr]     |
[INFO] [stderr] 111 | fn init_event_pallet(file_path: &str) {
[INFO] [stderr]     |    ^^^^^^^^^^^^^^^^^
[INFO] [stderr] 
[INFO] [stderr] warning: variant `Pallet` is never constructed
[INFO] [stderr]   --> src/utils/pallets/share.rs:18:5
[INFO] [stderr]    |
[INFO] [stderr] 16 | pub enum PalletAttr {
[INFO] [stderr]    |          ---------- variant in this enum
[INFO] [stderr] 17 |     Storage,
[INFO] [stderr] 18 |     Pallet,
[INFO] [stderr]    |     ^^^^^^
[INFO] [stderr] 
[INFO] [stderr] warning: function `split_content_from_file` is never used
[INFO] [stderr]    --> src/utils/pallets/share.rs:185:8
[INFO] [stderr]     |
[INFO] [stderr] 185 | pub fn split_content_from_file(
[INFO] [stderr]     |        ^^^^^^^^^^^^^^^^^^^^^^^
[INFO] [stderr] 
[INFO] [stderr] warning: function `update_pallet_from_file` is never used
[INFO] [stderr]    --> src/utils/pallets/share.rs:410:8
[INFO] [stderr]     |
[INFO] [stderr] 410 | pub fn update_pallet_from_file(
[INFO] [stderr]     |        ^^^^^^^^^^^^^^^^^^^^^^^
[INFO] [stderr] 
[INFO] [stderr] warning: function `add_pallet_to_file` is never used
[INFO] [stderr]    --> src/utils/pallets/share.rs:417:8
[INFO] [stderr]     |
[INFO] [stderr] 417 | pub fn add_pallet_to_file(ast_src: &syn::File, pallet_type: PalletAttr, new_content: Item) {
[INFO] [stderr]     |        ^^^^^^^^^^^^^^^^^^
[INFO] [stderr] 
[INFO] [stderr] warning: unused `std::result::Result` that must be used
[INFO] [stderr]    --> src/modules/params/project.rs:191:9
[INFO] [stderr]     |
[INFO] [stderr] 191 |         update_project(opt.name.clone(), opt.directory.clone());
[INFO] [stderr]     |         ^^^^^^^^^^^^^^^^^^^^^^^^^^^^^^^^^^^^^^^^^^^^^^^^^^^^^^^
[INFO] [stderr]     |
[INFO] [stderr]     = note: this `Result` may be an `Err` variant, which should be handled
[INFO] [stderr]     = note: `#[warn(unused_must_use)]` on by default
[INFO] [stderr] help: use `let _ = ...` to ignore the resulting value
[INFO] [stderr]     |
[INFO] [stderr] 191 |         let _ = update_project(opt.name.clone(), opt.directory.clone());
[INFO] [stderr]     |         +++++++
[INFO] [stderr] 
[INFO] [stderr] warning: unused `std::result::Result` that must be used
[INFO] [stderr]    --> src/modules/params/storage.rs:106:13
[INFO] [stderr]     |
[INFO] [stderr] 106 | /             share::append_after_pallet(
[INFO] [stderr] 107 | |                 &self.path_pallet,
[INFO] [stderr] 108 | |                 &share::PalletAttr::Storage,
[INFO] [stderr] 109 | |                 v.to_string().as_str(),
[INFO] [stderr] 110 | |             );
[INFO] [stderr]     | |_____________^
[INFO] [stderr]     |
[INFO] [stderr]     = note: this `Result` may be an `Err` variant, which should be handled
[INFO] [stderr] help: use `let _ = ...` to ignore the resulting value
[INFO] [stderr]     |
[INFO] [stderr] 106 |             let _ = share::append_after_pallet(
[INFO] [stderr]     |             +++++++
[INFO] [stderr] 
[INFO] [stderr] warning: unused `std::result::Result` that must be used
[INFO] [stderr]    --> src/modules/params/storage.rs:142:9
[INFO] [stderr]     |
[INFO] [stderr] 142 |         ex_gen_opt.save_to_file();
[INFO] [stderr]     |         ^^^^^^^^^^^^^^^^^^^^^^^^^
[INFO] [stderr]     |
[INFO] [stderr]     = note: this `Result` may be an `Err` variant, which should be handled
[INFO] [stderr] help: use `let _ = ...` to ignore the resulting value
[INFO] [stderr]     |
[INFO] [stderr] 142 |         let _ = ex_gen_opt.save_to_file();
[INFO] [stderr]     |         +++++++
[INFO] [stderr] 
[INFO] [stderr] warning: call to `.clone()` on a reference in this situation does nothing
[INFO] [stderr]   --> src/utils/pallets/strct.rs:20:37
[INFO] [stderr]    |
[INFO] [stderr] 20 |         builder.append(TODO_TEMPLATE.clone());
[INFO] [stderr]    |                                     ^^^^^^^^ help: remove this redundant call
[INFO] [stderr]    |
[INFO] [stderr]    = note: the type `str` does not implement `Clone`, so calling `clone` on `&str` copies the reference, which does not do anything and can be removed
[INFO] [stderr]    = note: `#[warn(noop_method_call)]` on by default
[INFO] [stderr] 
[INFO] [stderr] warning: function `test_gen_create_storate_map_fn` is never used
[INFO] [stderr]    --> src/utils/pallets/func.rs:261:8
[INFO] [stderr]     |
[INFO] [stderr] 261 |     fn test_gen_create_storate_map_fn() {
[INFO] [stderr]     |        ^^^^^^^^^^^^^^^^^^^^^^^^^^^^^^
[INFO] [stderr] 
[INFO] [stderr] warning: unused `std::result::Result` that must be used
[INFO] [stderr]    --> src/utils/pallets/share.rs:556:9
[INFO] [stderr]     |
[INFO] [stderr] 556 |         append_text_to_line(file_apped, 20, content_append);
[INFO] [stderr]     |         ^^^^^^^^^^^^^^^^^^^^^^^^^^^^^^^^^^^^^^^^^^^^^^^^^^^
[INFO] [stderr]     |
[INFO] [stderr]     = note: this `Result` may be an `Err` variant, which should be handled
[INFO] [stderr] help: use `let _ = ...` to ignore the resulting value
[INFO] [stderr]     |
[INFO] [stderr] 556 |         let _ = append_text_to_line(file_apped, 20, content_append);
[INFO] [stderr]     |         +++++++
[INFO] [stderr] 
[INFO] [stderr] warning: unused `std::result::Result` that must be used
[INFO] [stderr]    --> src/utils/pallets/share.rs:570:9
[INFO] [stderr]     |
[INFO] [stderr] 570 |         append_after_pallet(file_apped, &PalletAttr::Storage, content_append);
[INFO] [stderr]     |         ^^^^^^^^^^^^^^^^^^^^^^^^^^^^^^^^^^^^^^^^^^^^^^^^^^^^^^^^^^^^^^^^^^^^^
[INFO] [stderr]     |
[INFO] [stderr]     = note: this `Result` may be an `Err` variant, which should be handled
[INFO] [stderr] help: use `let _ = ...` to ignore the resulting value
[INFO] [stderr]     |
[INFO] [stderr] 570 |         let _ = append_after_pallet(file_apped, &PalletAttr::Storage, content_append);
[INFO] [stderr]     |         +++++++
[INFO] [stderr] 
[INFO] [stderr] warning: `subcli` (lib) generated 48 warnings (run `cargo fix --lib -p subcli` to apply 35 suggestions)
[INFO] [stderr] warning: `subcli` (lib test) generated 47 warnings (44 duplicates)
[INFO] [stderr]     Finished test [unoptimized + debuginfo] target(s) in 0.37s
[INFO] [stderr]      Running unittests src/lib.rs (/opt/rustwide/target/debug/deps/subcli-f018b3c251c640b9)
[INFO] [stdout] 
[INFO] [stdout] running 21 tests
[INFO] [stdout] test modules::params::storage::tests::testt_exec ... ok
[INFO] [stdout] test utils::pallets::config::tests::test_config_to_string ... ok
[INFO] [stdout] test utils::pallets::error::tests::test_error_to_string ... ok
[INFO] [stdout] test utils::pallets::extrinsic::tests::test_extrinsic_to_string ... ok
[INFO] [stdout] test utils::pallets::func::tests::test_gen_create_storate_value_fn ... ok
[INFO] [stdout] test utils::pallets::event::tests::test_event_to_string ... ok
[INFO] [stdout] test utils::pallets::pallet_mod::tests::test_must_valid_mod_pallet ... ok
[INFO] [stdout] test utils::pallets::extrinsic_template::tests::test_init_pallet_call ... ok
[INFO] [stdout] test utils::pallets::share::tests::test_append_after_pallet ... ok
[INFO] [stdout] test utils::pallets::extrinsic_template::tests::test_extrinsic_to_string ... ok
[INFO] [stdout] test utils::pallets::error::tests::test_add_error ... ok
[INFO] [stdout] test utils::pallets::share::tests::test_append_text_to_line ... ok
[INFO] [stdout] test utils::pallets::share::tests::test_analyze_file ... ok
[INFO] [stdout] test utils::pallets::storage::tests::test_generate_double_storage_map ... ok
[INFO] [stdout] test utils::pallets::storage::tests::test_generate_storage_value ... ok
[INFO] [stdout] test utils::pallets::strct::tests::test_struct_to_string ... ok
[INFO] [stdout] test utils::pallets::share::tests::test_find_and_parse_struct ... ok
[INFO] [stdout] test utils::pallets::storage::tests::test_generate_storage_map ... ok
[INFO] [stdout] test utils::pallets::storage::tests::test_generate_n_storage_map ... ok
[INFO] [stdout] test modules::params::project::tests::test_fetch_url ... FAILED
[INFO] [stdout] test utils::pallets::download_node_template::tests::test_fetch_url ... FAILED
[INFO] [stdout] 
[INFO] [stdout] failures:
[INFO] [stdout] 
[INFO] [stdout] ---- modules::params::project::tests::test_fetch_url stdout ----
[INFO] [stdout] thread 'modules::params::project::tests::test_fetch_url' panicked at src/modules/params/project.rs:207:9:
[INFO] [stdout] create_project should return Ok
[INFO] [stdout] stack backtrace:
[INFO] [stdout]    0:     0x55f0b9cb20cc - std::backtrace_rs::backtrace::libunwind::trace::ha637c64ce894333a
[INFO] [stdout]                                at /rustc/82e1608dfa6e0b5569232559e3d385fea5a93112/library/std/src/../../backtrace/src/backtrace/libunwind.rs:104:5
[INFO] [stdout]    1:     0x55f0b9cb20cc - std::backtrace_rs::backtrace::trace_unsynchronized::h47f62dea28e0c88d
[INFO] [stdout]                                at /rustc/82e1608dfa6e0b5569232559e3d385fea5a93112/library/std/src/../../backtrace/src/backtrace/mod.rs:66:5
[INFO] [stdout]    2:     0x55f0b9cb20cc - std::sys_common::backtrace::_print_fmt::h9eef0abe20ede486
[INFO] [stdout]                                at /rustc/82e1608dfa6e0b5569232559e3d385fea5a93112/library/std/src/sys_common/backtrace.rs:67:5
[INFO] [stdout]    3:     0x55f0b9cb20cc - <std::sys_common::backtrace::_print::DisplayBacktrace as core::fmt::Display>::fmt::hed7f999df88cc644
[INFO] [stdout]                                at /rustc/82e1608dfa6e0b5569232559e3d385fea5a93112/library/std/src/sys_common/backtrace.rs:44:22
[INFO] [stdout]    4:     0x55f0b9ce04e0 - core::fmt::rt::Argument::fmt::h1539a9308b8d058d
[INFO] [stdout]                                at /rustc/82e1608dfa6e0b5569232559e3d385fea5a93112/library/core/src/fmt/rt.rs:142:9
[INFO] [stdout]    5:     0x55f0b9ce04e0 - core::fmt::write::h3a39390d8560d9c9
[INFO] [stdout]                                at /rustc/82e1608dfa6e0b5569232559e3d385fea5a93112/library/core/src/fmt/mod.rs:1120:17
[INFO] [stdout]    6:     0x55f0b9caeeaf - std::io::Write::write_fmt::h040b369f3a0f9cbc
[INFO] [stdout]                                at /rustc/82e1608dfa6e0b5569232559e3d385fea5a93112/library/std/src/io/mod.rs:1762:15
[INFO] [stdout]    7:     0x55f0b9cb1eb4 - std::sys_common::backtrace::_print::h894006fb5c6f3d45
[INFO] [stdout]                                at /rustc/82e1608dfa6e0b5569232559e3d385fea5a93112/library/std/src/sys_common/backtrace.rs:47:5
[INFO] [stdout]    8:     0x55f0b9cb1eb4 - std::sys_common::backtrace::print::h23a2d212c6fff936
[INFO] [stdout]                                at /rustc/82e1608dfa6e0b5569232559e3d385fea5a93112/library/std/src/sys_common/backtrace.rs:34:9
[INFO] [stdout]    9:     0x55f0b9cb3b77 - std::panicking::default_hook::{{closure}}::h8a1d2ee00185001a
[INFO] [stdout]   10:     0x55f0b9cb3863 - std::panicking::default_hook::h6038f2eba384e475
[INFO] [stdout]                                at /rustc/82e1608dfa6e0b5569232559e3d385fea5a93112/library/std/src/panicking.rs:289:9
[INFO] [stdout]   11:     0x55f0b99e9d07 - <alloc::boxed::Box<F,A> as core::ops::function::Fn<Args>>::call::h0ad024c9bdc6d768
[INFO] [stdout]                                at /rustc/82e1608dfa6e0b5569232559e3d385fea5a93112/library/alloc/src/boxed.rs:2021:9
[INFO] [stdout]   12:     0x55f0b99e9d07 - test::test_main::{{closure}}::h7500b54257359db6
[INFO] [stdout]                                at /rustc/82e1608dfa6e0b5569232559e3d385fea5a93112/library/test/src/lib.rs:138:21
[INFO] [stdout]   13:     0x55f0b9cb4188 - <alloc::boxed::Box<F,A> as core::ops::function::Fn<Args>>::call::h1f8f335eaa9cfaee
[INFO] [stdout]                                at /rustc/82e1608dfa6e0b5569232559e3d385fea5a93112/library/alloc/src/boxed.rs:2021:9
[INFO] [stdout]   14:     0x55f0b9cb4188 - std::panicking::rust_panic_with_hook::h2b5517d590cab22e
[INFO] [stdout]                                at /rustc/82e1608dfa6e0b5569232559e3d385fea5a93112/library/std/src/panicking.rs:783:13
[INFO] [stdout]   15:     0x55f0b9cb3ea9 - std::panicking::begin_panic_handler::{{closure}}::h233112c06e0ef43e
[INFO] [stdout]                                at /rustc/82e1608dfa6e0b5569232559e3d385fea5a93112/library/std/src/panicking.rs:649:13
[INFO] [stdout]   16:     0x55f0b9cb2596 - std::sys_common::backtrace::__rust_end_short_backtrace::h6e893f24d7ebbff8
[INFO] [stdout]                                at /rustc/82e1608dfa6e0b5569232559e3d385fea5a93112/library/std/src/sys_common/backtrace.rs:170:18
[INFO] [stdout]   17:     0x55f0b9cb3c42 - rust_begin_unwind
[INFO] [stdout]                                at /rustc/82e1608dfa6e0b5569232559e3d385fea5a93112/library/std/src/panicking.rs:645:5
[INFO] [stdout]   18:     0x55f0b95ab805 - core::panicking::panic_fmt::hbf0e066aabfa482c
[INFO] [stdout]                                at /rustc/82e1608dfa6e0b5569232559e3d385fea5a93112/library/core/src/panicking.rs:72:14
[INFO] [stdout]   19:     0x55f0b95bdb4a - subcli::modules::params::project::tests::test_fetch_url::{{closure}}::hffeccf1fb0a3c41d
[INFO] [stdout]                                at /opt/rustwide/workdir/src/modules/params/project.rs:207:9
[INFO] [stdout]   20:     0x55f0b95cbbc8 - <core::pin::Pin<P> as core::future::future::Future>::poll::haf15afb2aea8357c
[INFO] [stdout]                                at /rustc/82e1608dfa6e0b5569232559e3d385fea5a93112/library/core/src/future/future.rs:125:9
[INFO] [stdout]   21:     0x55f0b95cbb6b - <core::pin::Pin<P> as core::future::future::Future>::poll::h224b7e8dcb6311d1
[INFO] [stdout]                                at /rustc/82e1608dfa6e0b5569232559e3d385fea5a93112/library/core/src/future/future.rs:125:9
[INFO] [stdout]   22:     0x55f0b95d9014 - tokio::runtime::scheduler::current_thread::CoreGuard::block_on::{{closure}}::{{closure}}::{{closure}}::ha09b0823cfc1f2c4
[INFO] [stdout]                                at /opt/rustwide/cargo-home/registry/src/index.crates.io-6f17d22bba15001f/tokio-1.33.0/src/runtime/scheduler/current_thread/mod.rs:665:57
[INFO] [stdout]   23:     0x55f0b95d8f3a - tokio::runtime::coop::with_budget::h1bcf258629c5921b
[INFO] [stdout]                                at /opt/rustwide/cargo-home/registry/src/index.crates.io-6f17d22bba15001f/tokio-1.33.0/src/runtime/coop.rs:107:5
[INFO] [stdout]   24:     0x55f0b95d8f3a - tokio::runtime::coop::budget::h7465201af4a1152d
[INFO] [stdout]                                at /opt/rustwide/cargo-home/registry/src/index.crates.io-6f17d22bba15001f/tokio-1.33.0/src/runtime/coop.rs:73:5
[INFO] [stdout]   25:     0x55f0b95d8f3a - tokio::runtime::scheduler::current_thread::CoreGuard::block_on::{{closure}}::{{closure}}::h55689e9220b13d64
[INFO] [stdout]                                at /opt/rustwide/cargo-home/registry/src/index.crates.io-6f17d22bba15001f/tokio-1.33.0/src/runtime/scheduler/current_thread/mod.rs:665:25
[INFO] [stdout]   26:     0x55f0b95d7bcc - tokio::runtime::scheduler::current_thread::Context::enter::h3e377bb4da5ee783
[INFO] [stdout]                                at /opt/rustwide/cargo-home/registry/src/index.crates.io-6f17d22bba15001f/tokio-1.33.0/src/runtime/scheduler/current_thread/mod.rs:410:19
[INFO] [stdout]   27:     0x55f0b95d873e - tokio::runtime::scheduler::current_thread::CoreGuard::block_on::{{closure}}::h9d6c0752756219b4
[INFO] [stdout]                                at /opt/rustwide/cargo-home/registry/src/index.crates.io-6f17d22bba15001f/tokio-1.33.0/src/runtime/scheduler/current_thread/mod.rs:664:36
[INFO] [stdout]   28:     0x55f0b95d844b - tokio::runtime::scheduler::current_thread::CoreGuard::enter::{{closure}}::ha0a569b0a5fe8cde
[INFO] [stdout]                                at /opt/rustwide/cargo-home/registry/src/index.crates.io-6f17d22bba15001f/tokio-1.33.0/src/runtime/scheduler/current_thread/mod.rs:743:68
[INFO] [stdout]   29:     0x55f0b95c4eeb - tokio::runtime::context::scoped::Scoped<T>::set::h273461220479f871
[INFO] [stdout]                                at /opt/rustwide/cargo-home/registry/src/index.crates.io-6f17d22bba15001f/tokio-1.33.0/src/runtime/context/scoped.rs:40:9
[INFO] [stdout]   30:     0x55f0b95cb789 - tokio::runtime::context::set_scheduler::{{closure}}::h5b86bbf3e1c90a28
[INFO] [stdout]                                at /opt/rustwide/cargo-home/registry/src/index.crates.io-6f17d22bba15001f/tokio-1.33.0/src/runtime/context.rs:176:26
[INFO] [stdout]   31:     0x55f0b95c6f46 - std::thread::local::LocalKey<T>::try_with::h5d9743b57f20d7b8
[INFO] [stdout]                                at /rustc/82e1608dfa6e0b5569232559e3d385fea5a93112/library/std/src/thread/local.rs:270:16
[INFO] [stdout]   32:     0x55f0b95c6b4a - std::thread::local::LocalKey<T>::with::h843fe230334c58d2
[INFO] [stdout]                                at /rustc/82e1608dfa6e0b5569232559e3d385fea5a93112/library/std/src/thread/local.rs:246:9
[INFO] [stdout]   33:     0x55f0b95cb73d - tokio::runtime::context::set_scheduler::h4fa4c48b196baf18
[INFO] [stdout]                                at /opt/rustwide/cargo-home/registry/src/index.crates.io-6f17d22bba15001f/tokio-1.33.0/src/runtime/context.rs:176:9
[INFO] [stdout]   34:     0x55f0b95d81e0 - tokio::runtime::scheduler::current_thread::CoreGuard::enter::hfa8537e35329d4a6
[INFO] [stdout]                                at /opt/rustwide/cargo-home/registry/src/index.crates.io-6f17d22bba15001f/tokio-1.33.0/src/runtime/scheduler/current_thread/mod.rs:743:27
[INFO] [stdout]   35:     0x55f0b95d847d - tokio::runtime::scheduler::current_thread::CoreGuard::block_on::hdeaa8cbacf379d06
[INFO] [stdout]                                at /opt/rustwide/cargo-home/registry/src/index.crates.io-6f17d22bba15001f/tokio-1.33.0/src/runtime/scheduler/current_thread/mod.rs:652:19
[INFO] [stdout]   36:     0x55f0b95d73ad - tokio::runtime::scheduler::current_thread::CurrentThread::block_on::{{closure}}::h96e8c8143d88fe06
[INFO] [stdout]                                at /opt/rustwide/cargo-home/registry/src/index.crates.io-6f17d22bba15001f/tokio-1.33.0/src/runtime/scheduler/current_thread/mod.rs:175:28
[INFO] [stdout]   37:     0x55f0b95e5dfa - tokio::runtime::context::runtime::enter_runtime::h0687d063c4c03012
[INFO] [stdout]                                at /opt/rustwide/cargo-home/registry/src/index.crates.io-6f17d22bba15001f/tokio-1.33.0/src/runtime/context/runtime.rs:65:16
[INFO] [stdout]   38:     0x55f0b95d72c0 - tokio::runtime::scheduler::current_thread::CurrentThread::block_on::h4c6c9c44a49e839c
[INFO] [stdout]                                at /opt/rustwide/cargo-home/registry/src/index.crates.io-6f17d22bba15001f/tokio-1.33.0/src/runtime/scheduler/current_thread/mod.rs:167:9
[INFO] [stdout]   39:     0x55f0b95b760d - tokio::runtime::runtime::Runtime::block_on::h2b2052590587f62f
[INFO] [stdout]                                at /opt/rustwide/cargo-home/registry/src/index.crates.io-6f17d22bba15001f/tokio-1.33.0/src/runtime/runtime.rs:348:47
[INFO] [stdout]   40:     0x55f0b95bd658 - subcli::modules::params::project::tests::test_fetch_url::hfdca23a194f28129
[INFO] [stdout]                                at /opt/rustwide/workdir/src/modules/params/project.rs:217:9
[INFO] [stdout]   41:     0x55f0b95bd4e7 - subcli::modules::params::project::tests::test_fetch_url::{{closure}}::hb6681e3d5974109d
[INFO] [stdout]                                at /opt/rustwide/workdir/src/modules/params/project.rs:201:30
[INFO] [stdout]   42:     0x55f0b95e3166 - core::ops::function::FnOnce::call_once::hc7adfb83aff110a2
[INFO] [stdout]                                at /rustc/82e1608dfa6e0b5569232559e3d385fea5a93112/library/core/src/ops/function.rs:250:5
[INFO] [stdout]   43:     0x55f0b99ef35f - core::ops::function::FnOnce::call_once::h2b5d431d5046312d
[INFO] [stdout]                                at /rustc/82e1608dfa6e0b5569232559e3d385fea5a93112/library/core/src/ops/function.rs:250:5
[INFO] [stdout]   44:     0x55f0b99ef35f - test::__rust_begin_short_backtrace::h7714669af176e207
[INFO] [stdout]                                at /rustc/82e1608dfa6e0b5569232559e3d385fea5a93112/library/test/src/lib.rs:628:18
[INFO] [stdout]   45:     0x55f0b99ee375 - test::run_test_in_process::{{closure}}::h85218797dcbcec12
[INFO] [stdout]                                at /rustc/82e1608dfa6e0b5569232559e3d385fea5a93112/library/test/src/lib.rs:651:60
[INFO] [stdout]   46:     0x55f0b99ee375 - <core::panic::unwind_safe::AssertUnwindSafe<F> as core::ops::function::FnOnce<()>>::call_once::h76c106ea31c14d7b
[INFO] [stdout]                                at /rustc/82e1608dfa6e0b5569232559e3d385fea5a93112/library/core/src/panic/unwind_safe.rs:272:9
[INFO] [stdout]   47:     0x55f0b99ee375 - std::panicking::try::do_call::h3bd5d0f6620ee946
[INFO] [stdout]                                at /rustc/82e1608dfa6e0b5569232559e3d385fea5a93112/library/std/src/panicking.rs:552:40
[INFO] [stdout]   48:     0x55f0b99ee375 - std::panicking::try::h232e535e4744fe31
[INFO] [stdout]                                at /rustc/82e1608dfa6e0b5569232559e3d385fea5a93112/library/std/src/panicking.rs:516:19
[INFO] [stdout]   49:     0x55f0b99ee375 - std::panic::catch_unwind::h3ce3bd6ca8dbac68
[INFO] [stdout]                                at /rustc/82e1608dfa6e0b5569232559e3d385fea5a93112/library/std/src/panic.rs:142:14
[INFO] [stdout]   50:     0x55f0b99ee375 - test::run_test_in_process::hc97b257c9621286a
[INFO] [stdout]                                at /rustc/82e1608dfa6e0b5569232559e3d385fea5a93112/library/test/src/lib.rs:651:27
[INFO] [stdout]   51:     0x55f0b99ee375 - test::run_test::{{closure}}::h2aa798823a438d38
[INFO] [stdout]                                at /rustc/82e1608dfa6e0b5569232559e3d385fea5a93112/library/test/src/lib.rs:574:43
[INFO] [stdout]   52:     0x55f0b99b6636 - test::run_test::{{closure}}::h87d231c78fb59832
[INFO] [stdout]                                at /rustc/82e1608dfa6e0b5569232559e3d385fea5a93112/library/test/src/lib.rs:602:41
[INFO] [stdout]   53:     0x55f0b99b6636 - std::sys_common::backtrace::__rust_begin_short_backtrace::he6df152596625789
[INFO] [stdout]                                at /rustc/82e1608dfa6e0b5569232559e3d385fea5a93112/library/std/src/sys_common/backtrace.rs:154:18
[INFO] [stdout]   54:     0x55f0b99bb6e7 - std::thread::Builder::spawn_unchecked_::{{closure}}::{{closure}}::ha94be15d1e0acf36
[INFO] [stdout]                                at /rustc/82e1608dfa6e0b5569232559e3d385fea5a93112/library/std/src/thread/mod.rs:529:17
[INFO] [stdout]   55:     0x55f0b99bb6e7 - <core::panic::unwind_safe::AssertUnwindSafe<F> as core::ops::function::FnOnce<()>>::call_once::h9dc6bd6372f16606
[INFO] [stdout]                                at /rustc/82e1608dfa6e0b5569232559e3d385fea5a93112/library/core/src/panic/unwind_safe.rs:272:9
[INFO] [stdout]   56:     0x55f0b99bb6e7 - std::panicking::try::do_call::h9057517f80303cd4
[INFO] [stdout]                                at /rustc/82e1608dfa6e0b5569232559e3d385fea5a93112/library/std/src/panicking.rs:552:40
[INFO] [stdout]   57:     0x55f0b99bb6e7 - std::panicking::try::he3a30b11ee45340c
[INFO] [stdout]                                at /rustc/82e1608dfa6e0b5569232559e3d385fea5a93112/library/std/src/panicking.rs:516:19
[INFO] [stdout]   58:     0x55f0b99bb6e7 - std::panic::catch_unwind::h410458cfd3528b8b
[INFO] [stdout]                                at /rustc/82e1608dfa6e0b5569232559e3d385fea5a93112/library/std/src/panic.rs:142:14
[INFO] [stdout]   59:     0x55f0b99bb6e7 - std::thread::Builder::spawn_unchecked_::{{closure}}::h72ac3bdb567b737b
[INFO] [stdout]                                at /rustc/82e1608dfa6e0b5569232559e3d385fea5a93112/library/std/src/thread/mod.rs:528:30
[INFO] [stdout]   60:     0x55f0b99bb6e7 - core::ops::function::FnOnce::call_once{{vtable.shim}}::h38f34da3654a8344
[INFO] [stdout]                                at /rustc/82e1608dfa6e0b5569232559e3d385fea5a93112/library/core/src/ops/function.rs:250:5
[INFO] [stdout]   61:     0x55f0b9cb9a85 - <alloc::boxed::Box<F,A> as core::ops::function::FnOnce<Args>>::call_once::hc7eafaff61e32df9
[INFO] [stdout]                                at /rustc/82e1608dfa6e0b5569232559e3d385fea5a93112/library/alloc/src/boxed.rs:2007:9
[INFO] [stdout]   62:     0x55f0b9cb9a85 - <alloc::boxed::Box<F,A> as core::ops::function::FnOnce<Args>>::call_once::h6ba4a5de48dd2304
[INFO] [stdout]                                at /rustc/82e1608dfa6e0b5569232559e3d385fea5a93112/library/alloc/src/boxed.rs:2007:9
[INFO] [stdout]   63:     0x55f0b9cb9a85 - std::sys::unix::thread::Thread::new::thread_start::he469335aef763e45
[INFO] [stdout]                                at /rustc/82e1608dfa6e0b5569232559e3d385fea5a93112/library/std/src/sys/unix/thread.rs:108:17
[INFO] [stdout]   64:     0x7f70a6bceac3 - <unknown>
[INFO] [stdout]   65:     0x7f70a6c5fbf4 - __clone
[INFO] [stdout]   66:                0x0 - <unknown>
[INFO] [stdout] 
[INFO] [stdout] ---- utils::pallets::download_node_template::tests::test_fetch_url stdout ----
[INFO] [stdout] thread 'utils::pallets::download_node_template::tests::test_fetch_url' panicked at src/utils/pallets/download_node_template.rs:55:9:
[INFO] [stdout] create_project should return Ok
[INFO] [stdout] stack backtrace:
[INFO] [stdout]    0:     0x55f0b9cb20cc - std::backtrace_rs::backtrace::libunwind::trace::ha637c64ce894333a
[INFO] [stdout]                                at /rustc/82e1608dfa6e0b5569232559e3d385fea5a93112/library/std/src/../../backtrace/src/backtrace/libunwind.rs:104:5
[INFO] [stdout]    1:     0x55f0b9cb20cc - std::backtrace_rs::backtrace::trace_unsynchronized::h47f62dea28e0c88d
[INFO] [stdout]                                at /rustc/82e1608dfa6e0b5569232559e3d385fea5a93112/library/std/src/../../backtrace/src/backtrace/mod.rs:66:5
[INFO] [stdout]    2:     0x55f0b9cb20cc - std::sys_common::backtrace::_print_fmt::h9eef0abe20ede486
[INFO] [stdout]                                at /rustc/82e1608dfa6e0b5569232559e3d385fea5a93112/library/std/src/sys_common/backtrace.rs:67:5
[INFO] [stdout]    3:     0x55f0b9cb20cc - <std::sys_common::backtrace::_print::DisplayBacktrace as core::fmt::Display>::fmt::hed7f999df88cc644
[INFO] [stdout]                                at /rustc/82e1608dfa6e0b5569232559e3d385fea5a93112/library/std/src/sys_common/backtrace.rs:44:22
[INFO] [stdout]    4:     0x55f0b9ce04e0 - core::fmt::rt::Argument::fmt::h1539a9308b8d058d
[INFO] [stdout]                                at /rustc/82e1608dfa6e0b5569232559e3d385fea5a93112/library/core/src/fmt/rt.rs:142:9
[INFO] [stdout]    5:     0x55f0b9ce04e0 - core::fmt::write::h3a39390d8560d9c9
[INFO] [stdout]                                at /rustc/82e1608dfa6e0b5569232559e3d385fea5a93112/library/core/src/fmt/mod.rs:1120:17
[INFO] [stdout]    6:     0x55f0b9caeeaf - std::io::Write::write_fmt::h040b369f3a0f9cbc
[INFO] [stdout]                                at /rustc/82e1608dfa6e0b5569232559e3d385fea5a93112/library/std/src/io/mod.rs:1762:15
[INFO] [stdout]    7:     0x55f0b9cb1eb4 - std::sys_common::backtrace::_print::h894006fb5c6f3d45
[INFO] [stdout]                                at /rustc/82e1608dfa6e0b5569232559e3d385fea5a93112/library/std/src/sys_common/backtrace.rs:47:5
[INFO] [stdout]    8:     0x55f0b9cb1eb4 - std::sys_common::backtrace::print::h23a2d212c6fff936
[INFO] [stdout]                                at /rustc/82e1608dfa6e0b5569232559e3d385fea5a93112/library/std/src/sys_common/backtrace.rs:34:9
[INFO] [stdout]    9:     0x55f0b9cb3b77 - std::panicking::default_hook::{{closure}}::h8a1d2ee00185001a
[INFO] [stdout]   10:     0x55f0b9cb3863 - std::panicking::default_hook::h6038f2eba384e475
[INFO] [stdout]                                at /rustc/82e1608dfa6e0b5569232559e3d385fea5a93112/library/std/src/panicking.rs:289:9
[INFO] [stdout]   11:     0x55f0b99e9d07 - <alloc::boxed::Box<F,A> as core::ops::function::Fn<Args>>::call::h0ad024c9bdc6d768
[INFO] [stdout]                                at /rustc/82e1608dfa6e0b5569232559e3d385fea5a93112/library/alloc/src/boxed.rs:2021:9
[INFO] [stdout]   12:     0x55f0b99e9d07 - test::test_main::{{closure}}::h7500b54257359db6
[INFO] [stdout]                                at /rustc/82e1608dfa6e0b5569232559e3d385fea5a93112/library/test/src/lib.rs:138:21
[INFO] [stdout]   13:     0x55f0b9cb4188 - <alloc::boxed::Box<F,A> as core::ops::function::Fn<Args>>::call::h1f8f335eaa9cfaee
[INFO] [stdout]                                at /rustc/82e1608dfa6e0b5569232559e3d385fea5a93112/library/alloc/src/boxed.rs:2021:9
[INFO] [stdout]   14:     0x55f0b9cb4188 - std::panicking::rust_panic_with_hook::h2b5517d590cab22e
[INFO] [stdout]                                at /rustc/82e1608dfa6e0b5569232559e3d385fea5a93112/library/std/src/panicking.rs:783:13
[INFO] [stdout]   15:     0x55f0b9cb3ea9 - std::panicking::begin_panic_handler::{{closure}}::h233112c06e0ef43e
[INFO] [stdout]                                at /rustc/82e1608dfa6e0b5569232559e3d385fea5a93112/library/std/src/panicking.rs:649:13
[INFO] [stdout]   16:     0x55f0b9cb2596 - std::sys_common::backtrace::__rust_end_short_backtrace::h6e893f24d7ebbff8
[INFO] [stdout]                                at /rustc/82e1608dfa6e0b5569232559e3d385fea5a93112/library/std/src/sys_common/backtrace.rs:170:18
[INFO] [stdout]   17:     0x55f0b9cb3c42 - rust_begin_unwind
[INFO] [stdout]                                at /rustc/82e1608dfa6e0b5569232559e3d385fea5a93112/library/std/src/panicking.rs:645:5
[INFO] [stdout]   18:     0x55f0b95ab805 - core::panicking::panic_fmt::hbf0e066aabfa482c
[INFO] [stdout]                                at /rustc/82e1608dfa6e0b5569232559e3d385fea5a93112/library/core/src/panicking.rs:72:14
[INFO] [stdout]   19:     0x55f0b95d4caa - subcli::utils::pallets::download_node_template::tests::test_fetch_url::{{closure}}::h905b3259cfc85769
[INFO] [stdout]                                at /opt/rustwide/workdir/src/utils/pallets/download_node_template.rs:55:9
[INFO] [stdout]   20:     0x55f0b95cbbc8 - <core::pin::Pin<P> as core::future::future::Future>::poll::haf15afb2aea8357c
[INFO] [stdout]                                at /rustc/82e1608dfa6e0b5569232559e3d385fea5a93112/library/core/src/future/future.rs:125:9
[INFO] [stdout]   21:     0x55f0b95cbb6b - <core::pin::Pin<P> as core::future::future::Future>::poll::h224b7e8dcb6311d1
[INFO] [stdout]                                at /rustc/82e1608dfa6e0b5569232559e3d385fea5a93112/library/core/src/future/future.rs:125:9
[INFO] [stdout]   22:     0x55f0b95d9014 - tokio::runtime::scheduler::current_thread::CoreGuard::block_on::{{closure}}::{{closure}}::{{closure}}::ha09b0823cfc1f2c4
[INFO] [stdout]                                at /opt/rustwide/cargo-home/registry/src/index.crates.io-6f17d22bba15001f/tokio-1.33.0/src/runtime/scheduler/current_thread/mod.rs:665:57
[INFO] [stdout]   23:     0x55f0b95d8f3a - tokio::runtime::coop::with_budget::h1bcf258629c5921b
[INFO] [stdout]                                at /opt/rustwide/cargo-home/registry/src/index.crates.io-6f17d22bba15001f/tokio-1.33.0/src/runtime/coop.rs:107:5
[INFO] [stdout]   24:     0x55f0b95d8f3a - tokio::runtime::coop::budget::h7465201af4a1152d
[INFO] [stdout]                                at /opt/rustwide/cargo-home/registry/src/index.crates.io-6f17d22bba15001f/tokio-1.33.0/src/runtime/coop.rs:73:5
[INFO] [stdout]   25:     0x55f0b95d8f3a - tokio::runtime::scheduler::current_thread::CoreGuard::block_on::{{closure}}::{{closure}}::h55689e9220b13d64
[INFO] [stdout]                                at /opt/rustwide/cargo-home/registry/src/index.crates.io-6f17d22bba15001f/tokio-1.33.0/src/runtime/scheduler/current_thread/mod.rs:665:25
[INFO] [stdout]   26:     0x55f0b95d7bcc - tokio::runtime::scheduler::current_thread::Context::enter::h3e377bb4da5ee783
[INFO] [stdout]                                at /opt/rustwide/cargo-home/registry/src/index.crates.io-6f17d22bba15001f/tokio-1.33.0/src/runtime/scheduler/current_thread/mod.rs:410:19
[INFO] [stdout]   27:     0x55f0b95d873e - tokio::runtime::scheduler::current_thread::CoreGuard::block_on::{{closure}}::h9d6c0752756219b4
[INFO] [stdout]                                at /opt/rustwide/cargo-home/registry/src/index.crates.io-6f17d22bba15001f/tokio-1.33.0/src/runtime/scheduler/current_thread/mod.rs:664:36
[INFO] [stdout]   28:     0x55f0b95d844b - tokio::runtime::scheduler::current_thread::CoreGuard::enter::{{closure}}::ha0a569b0a5fe8cde
[INFO] [stdout]                                at /opt/rustwide/cargo-home/registry/src/index.crates.io-6f17d22bba15001f/tokio-1.33.0/src/runtime/scheduler/current_thread/mod.rs:743:68
[INFO] [stdout]   29:     0x55f0b95c4eeb - tokio::runtime::context::scoped::Scoped<T>::set::h273461220479f871
[INFO] [stdout]                                at /opt/rustwide/cargo-home/registry/src/index.crates.io-6f17d22bba15001f/tokio-1.33.0/src/runtime/context/scoped.rs:40:9
[INFO] [stdout]   30:     0x55f0b95cb789 - tokio::runtime::context::set_scheduler::{{closure}}::h5b86bbf3e1c90a28
[INFO] [stdout]                                at /opt/rustwide/cargo-home/registry/src/index.crates.io-6f17d22bba15001f/tokio-1.33.0/src/runtime/context.rs:176:26
[INFO] [stdout]   31:     0x55f0b95c6f46 - std::thread::local::LocalKey<T>::try_with::h5d9743b57f20d7b8
[INFO] [stdout]                                at /rustc/82e1608dfa6e0b5569232559e3d385fea5a93112/library/std/src/thread/local.rs:270:16
[INFO] [stdout]   32:     0x55f0b95c6b4a - std::thread::local::LocalKey<T>::with::h843fe230334c58d2
[INFO] [stdout]                                at /rustc/82e1608dfa6e0b5569232559e3d385fea5a93112/library/std/src/thread/local.rs:246:9
[INFO] [stdout]   33:     0x55f0b95cb73d - tokio::runtime::context::set_scheduler::h4fa4c48b196baf18
[INFO] [stdout]                                at /opt/rustwide/cargo-home/registry/src/index.crates.io-6f17d22bba15001f/tokio-1.33.0/src/runtime/context.rs:176:9
[INFO] [stdout]   34:     0x55f0b95d81e0 - tokio::runtime::scheduler::current_thread::CoreGuard::enter::hfa8537e35329d4a6
[INFO] [stdout]                                at /opt/rustwide/cargo-home/registry/src/index.crates.io-6f17d22bba15001f/tokio-1.33.0/src/runtime/scheduler/current_thread/mod.rs:743:27
[INFO] [stdout]   35:     0x55f0b95d847d - tokio::runtime::scheduler::current_thread::CoreGuard::block_on::hdeaa8cbacf379d06
[INFO] [stdout]                                at /opt/rustwide/cargo-home/registry/src/index.crates.io-6f17d22bba15001f/tokio-1.33.0/src/runtime/scheduler/current_thread/mod.rs:652:19
[INFO] [stdout]   36:     0x55f0b95d73ad - tokio::runtime::scheduler::current_thread::CurrentThread::block_on::{{closure}}::h96e8c8143d88fe06
[INFO] [stdout]                                at /opt/rustwide/cargo-home/registry/src/index.crates.io-6f17d22bba15001f/tokio-1.33.0/src/runtime/scheduler/current_thread/mod.rs:175:28
[INFO] [stdout]   37:     0x55f0b95e5dfa - tokio::runtime::context::runtime::enter_runtime::h0687d063c4c03012
[INFO] [stdout]                                at /opt/rustwide/cargo-home/registry/src/index.crates.io-6f17d22bba15001f/tokio-1.33.0/src/runtime/context/runtime.rs:65:16
[INFO] [stdout]   38:     0x55f0b95d72c0 - tokio::runtime::scheduler::current_thread::CurrentThread::block_on::h4c6c9c44a49e839c
[INFO] [stdout]                                at /opt/rustwide/cargo-home/registry/src/index.crates.io-6f17d22bba15001f/tokio-1.33.0/src/runtime/scheduler/current_thread/mod.rs:167:9
[INFO] [stdout]   39:     0x55f0b95b760d - tokio::runtime::runtime::Runtime::block_on::h2b2052590587f62f
[INFO] [stdout]                                at /opt/rustwide/cargo-home/registry/src/index.crates.io-6f17d22bba15001f/tokio-1.33.0/src/runtime/runtime.rs:348:47
[INFO] [stdout]   40:     0x55f0b95d47b8 - subcli::utils::pallets::download_node_template::tests::test_fetch_url::h99d301626a6b3096
[INFO] [stdout]                                at /opt/rustwide/workdir/src/utils/pallets/download_node_template.rs:65:9
[INFO] [stdout]   41:     0x55f0b95d4647 - subcli::utils::pallets::download_node_template::tests::test_fetch_url::{{closure}}::h2e6cb6514a4a7d32
[INFO] [stdout]                                at /opt/rustwide/workdir/src/utils/pallets/download_node_template.rs:49:30
[INFO] [stdout]   42:     0x55f0b95e33a6 - core::ops::function::FnOnce::call_once::hf7b2b51063cde552
[INFO] [stdout]                                at /rustc/82e1608dfa6e0b5569232559e3d385fea5a93112/library/core/src/ops/function.rs:250:5
[INFO] [stdout]   43:     0x55f0b99ef35f - core::ops::function::FnOnce::call_once::h2b5d431d5046312d
[INFO] [stdout]                                at /rustc/82e1608dfa6e0b5569232559e3d385fea5a93112/library/core/src/ops/function.rs:250:5
[INFO] [stdout]   44:     0x55f0b99ef35f - test::__rust_begin_short_backtrace::h7714669af176e207
[INFO] [stdout]                                at /rustc/82e1608dfa6e0b5569232559e3d385fea5a93112/library/test/src/lib.rs:628:18
[INFO] [stdout]   45:     0x55f0b99ee375 - test::run_test_in_process::{{closure}}::h85218797dcbcec12
[INFO] [stdout]                                at /rustc/82e1608dfa6e0b5569232559e3d385fea5a93112/library/test/src/lib.rs:651:60
[INFO] [stdout]   46:     0x55f0b99ee375 - <core::panic::unwind_safe::AssertUnwindSafe<F> as core::ops::function::FnOnce<()>>::call_once::h76c106ea31c14d7b
[INFO] [stdout]                                at /rustc/82e1608dfa6e0b5569232559e3d385fea5a93112/library/core/src/panic/unwind_safe.rs:272:9
[INFO] [stdout]   47:     0x55f0b99ee375 - std::panicking::try::do_call::h3bd5d0f6620ee946
[INFO] [stdout]                                at /rustc/82e1608dfa6e0b5569232559e3d385fea5a93112/library/std/src/panicking.rs:552:40
[INFO] [stdout]   48:     0x55f0b99ee375 - std::panicking::try::h232e535e4744fe31
[INFO] [stdout]                                at /rustc/82e1608dfa6e0b5569232559e3d385fea5a93112/library/std/src/panicking.rs:516:19
[INFO] [stdout]   49:     0x55f0b99ee375 - std::panic::catch_unwind::h3ce3bd6ca8dbac68
[INFO] [stdout]                                at /rustc/82e1608dfa6e0b5569232559e3d385fea5a93112/library/std/src/panic.rs:142:14
[INFO] [stdout]   50:     0x55f0b99ee375 - test::run_test_in_process::hc97b257c9621286a
[INFO] [stdout]                                at /rustc/82e1608dfa6e0b5569232559e3d385fea5a93112/library/test/src/lib.rs:651:27
[INFO] [stdout]   51:     0x55f0b99ee375 - test::run_test::{{closure}}::h2aa798823a438d38
[INFO] [stdout]                                at /rustc/82e1608dfa6e0b5569232559e3d385fea5a93112/library/test/src/lib.rs:574:43
[INFO] [stdout]   52:     0x55f0b99b6636 - test::run_test::{{closure}}::h87d231c78fb59832
[INFO] [stdout]                                at /rustc/82e1608dfa6e0b5569232559e3d385fea5a93112/library/test/src/lib.rs:602:41
[INFO] [stdout]   53:     0x55f0b99b6636 - std::sys_common::backtrace::__rust_begin_short_backtrace::he6df152596625789
[INFO] [stdout]                                at /rustc/82e1608dfa6e0b5569232559e3d385fea5a93112/library/std/src/sys_common/backtrace.rs:154:18
[INFO] [stdout]   54:     0x55f0b99bb6e7 - std::thread::Builder::spawn_unchecked_::{{closure}}::{{closure}}::ha94be15d1e0acf36
[INFO] [stdout]                                at /rustc/82e1608dfa6e0b5569232559e3d385fea5a93112/library/std/src/thread/mod.rs:529:17
[INFO] [stdout]   55:     0x55f0b99bb6e7 - <core::panic::unwind_safe::AssertUnwindSafe<F> as core::ops::function::FnOnce<()>>::call_once::h9dc6bd6372f16606
[INFO] [stdout]                                at /rustc/82e1608dfa6e0b5569232559e3d385fea5a93112/library/core/src/panic/unwind_safe.rs:272:9
[INFO] [stdout]   56:     0x55f0b99bb6e7 - std::panicking::try::do_call::h9057517f80303cd4
[INFO] [stdout]                                at /rustc/82e1608dfa6e0b5569232559e3d385fea5a93112/library/std/src/panicking.rs:552:40
[INFO] [stdout]   57:     0x55f0b99bb6e7 - std::panicking::try::he3a30b11ee45340c
[INFO] [stdout]                                at /rustc/82e1608dfa6e0b5569232559e3d385fea5a93112/library/std/src/panicking.rs:516:19
[INFO] [stdout]   58:     0x55f0b99bb6e7 - std::panic::catch_unwind::h410458cfd3528b8b
[INFO] [stdout]                                at /rustc/82e1608dfa6e0b5569232559e3d385fea5a93112/library/std/src/panic.rs:142:14
[INFO] [stdout]   59:     0x55f0b99bb6e7 - std::thread::Builder::spawn_unchecked_::{{closure}}::h72ac3bdb567b737b
[INFO] [stdout]                                at /rustc/82e1608dfa6e0b5569232559e3d385fea5a93112/library/std/src/thread/mod.rs:528:30
[INFO] [stdout]   60:     0x55f0b99bb6e7 - core::ops::function::FnOnce::call_once{{vtable.shim}}::h38f34da3654a8344
[INFO] [stdout]                                at /rustc/82e1608dfa6e0b5569232559e3d385fea5a93112/library/core/src/ops/function.rs:250:5
[INFO] [stdout]   61:     0x55f0b9cb9a85 - <alloc::boxed::Box<F,A> as core::ops::function::FnOnce<Args>>::call_once::hc7eafaff61e32df9
[INFO] [stdout]                                at /rustc/82e1608dfa6e0b5569232559e3d385fea5a93112/library/alloc/src/boxed.rs:2007:9
[INFO] [stdout]   62:     0x55f0b9cb9a85 - <alloc::boxed::Box<F,A> as core::ops::function::FnOnce<Args>>::call_once::h6ba4a5de48dd2304
[INFO] [stdout]                                at /rustc/82e1608dfa6e0b5569232559e3d385fea5a93112/library/alloc/src/boxed.rs:2007:9
[INFO] [stdout]   63:     0x55f0b9cb9a85 - std::sys::unix::thread::Thread::new::thread_start::he469335aef763e45
[INFO] [stdout]                                at /rustc/82e1608dfa6e0b5569232559e3d385fea5a93112/library/std/src/sys/unix/thread.rs:108:17
[INFO] [stdout]   64:     0x7f70a6bceac3 - <unknown>
[INFO] [stdout]   65:     0x7f70a6c5fbf4 - __clone
[INFO] [stdout]   66:                0x0 - <unknown>
[INFO] [stdout] 
[INFO] [stdout] 
[INFO] [stdout] failures:
[INFO] [stdout]     modules::params::project::tests::test_fetch_url
[INFO] [stdout]     utils::pallets::download_node_template::tests::test_fetch_url
[INFO] [stdout] 
[INFO] [stdout] test result: FAILED. 19 passed; 2 failed; 0 ignored; 0 measured; 0 filtered out; finished in 0.28s
[INFO] [stdout] 
[INFO] [stderr] error: test failed, to rerun pass `--lib`
[INFO] running `Command { std: "docker" "inspect" "2a5818ac6db57ab55cca69b5bf301fe7827fc9f081687eaff35903fc21609f00", kill_on_drop: false }`
[INFO] running `Command { std: "docker" "rm" "-f" "2a5818ac6db57ab55cca69b5bf301fe7827fc9f081687eaff35903fc21609f00", kill_on_drop: false }`
[INFO] [stdout] 2a5818ac6db57ab55cca69b5bf301fe7827fc9f081687eaff35903fc21609f00
