[INFO] fetching crate suave 0.2.3...
[INFO] testing suave-0.2.3 against 1.75.0 for beta-1.76-1
[INFO] extracting crate suave 0.2.3 into /workspace/builds/worker-5-tc1/source
[INFO] validating manifest of crates.io crate suave 0.2.3 on toolchain 1.75.0
[INFO] running `Command { std: CARGO_HOME="/workspace/cargo-home" RUSTUP_HOME="/workspace/rustup-home" "/workspace/cargo-home/bin/cargo" "+1.75.0" "metadata" "--manifest-path" "Cargo.toml" "--no-deps", kill_on_drop: false }`
[INFO] started tweaking crates.io crate suave 0.2.3
[INFO] finished tweaking crates.io crate suave 0.2.3
[INFO] tweaked toml for crates.io crate suave 0.2.3 written to /workspace/builds/worker-5-tc1/source/Cargo.toml
[INFO] running `Command { std: CARGO_HOME="/workspace/cargo-home" RUSTUP_HOME="/workspace/rustup-home" "/workspace/cargo-home/bin/cargo" "+1.75.0" "generate-lockfile" "--manifest-path" "Cargo.toml", kill_on_drop: false }`
[INFO] [stderr]     Updating crates.io index
[INFO] running `Command { std: CARGO_HOME="/workspace/cargo-home" RUSTUP_HOME="/workspace/rustup-home" "/workspace/cargo-home/bin/cargo" "+1.75.0" "fetch" "--manifest-path" "Cargo.toml", kill_on_drop: false }`
[INFO] [stderr]  Downloading crates ...
[INFO] [stderr]   Downloaded arboard v3.3.0
[INFO] running `Command { std: "docker" "create" "-v" "/var/lib/crater-agent-workspace/builds/worker-5-tc1/target:/opt/rustwide/target:rw,Z" "-v" "/var/lib/crater-agent-workspace/builds/worker-5-tc1/source:/opt/rustwide/workdir:ro,Z" "-v" "/var/lib/crater-agent-workspace/cargo-home:/opt/rustwide/cargo-home:ro,Z" "-v" "/var/lib/crater-agent-workspace/rustup-home:/opt/rustwide/rustup-home:ro,Z" "-e" "SOURCE_DIR=/opt/rustwide/workdir" "-e" "CARGO_TARGET_DIR=/opt/rustwide/target" "-e" "CARGO_HOME=/opt/rustwide/cargo-home" "-e" "RUSTUP_HOME=/opt/rustwide/rustup-home" "-w" "/opt/rustwide/workdir" "-m" "1610612736" "--user" "0:0" "--network" "none" "ghcr.io/rust-lang/crates-build-env/linux@sha256:2788e3201cd34a07e3172128adcd8b3090168a8e3bcc40d7c032b9dda1df7d1c" "/opt/rustwide/cargo-home/bin/cargo" "+1.75.0" "metadata" "--no-deps" "--format-version=1", kill_on_drop: false }`
[INFO] [stdout] a8b9a907229cd93c453767d5f0f9662a55fce3d5d5c60d09f36bd850dfe4e11b
[INFO] running `Command { std: "docker" "start" "-a" "a8b9a907229cd93c453767d5f0f9662a55fce3d5d5c60d09f36bd850dfe4e11b", kill_on_drop: false }`
[INFO] running `Command { std: "docker" "inspect" "a8b9a907229cd93c453767d5f0f9662a55fce3d5d5c60d09f36bd850dfe4e11b", kill_on_drop: false }`
[INFO] running `Command { std: "docker" "rm" "-f" "a8b9a907229cd93c453767d5f0f9662a55fce3d5d5c60d09f36bd850dfe4e11b", kill_on_drop: false }`
[INFO] [stdout] a8b9a907229cd93c453767d5f0f9662a55fce3d5d5c60d09f36bd850dfe4e11b
[INFO] running `Command { std: "docker" "create" "-v" "/var/lib/crater-agent-workspace/builds/worker-5-tc1/target:/opt/rustwide/target:rw,Z" "-v" "/var/lib/crater-agent-workspace/builds/worker-5-tc1/source:/opt/rustwide/workdir:ro,Z" "-v" "/var/lib/crater-agent-workspace/cargo-home:/opt/rustwide/cargo-home:ro,Z" "-v" "/var/lib/crater-agent-workspace/rustup-home:/opt/rustwide/rustup-home:ro,Z" "-e" "SOURCE_DIR=/opt/rustwide/workdir" "-e" "CARGO_TARGET_DIR=/opt/rustwide/target" "-e" "CARGO_INCREMENTAL=0" "-e" "RUST_BACKTRACE=full" "-e" "RUSTFLAGS=--cap-lints=warn" "-e" "RUSTDOCFLAGS=--cap-lints=warn" "-e" "CARGO_HOME=/opt/rustwide/cargo-home" "-e" "RUSTUP_HOME=/opt/rustwide/rustup-home" "-w" "/opt/rustwide/workdir" "-m" "1610612736" "--user" "0:0" "--network" "none" "ghcr.io/rust-lang/crates-build-env/linux@sha256:2788e3201cd34a07e3172128adcd8b3090168a8e3bcc40d7c032b9dda1df7d1c" "/opt/rustwide/cargo-home/bin/cargo" "+1.75.0" "build" "--frozen" "--message-format=json", kill_on_drop: false }`
[INFO] [stdout] 5856cccbad2b06a9b5a522b4f0e3054aad5e4ebde8e42e104f5b28f7c73164b5
[INFO] running `Command { std: "docker" "start" "-a" "5856cccbad2b06a9b5a522b4f0e3054aad5e4ebde8e42e104f5b28f7c73164b5", kill_on_drop: false }`
[INFO] [stderr]    Compiling libc v0.2.151
[INFO] [stderr]    Compiling num-traits v0.2.17
[INFO] [stderr]    Compiling simd-adler32 v0.3.7
[INFO] [stderr]    Compiling num-integer v0.1.45
[INFO] [stderr]    Compiling num-rational v0.4.1
[INFO] [stderr]    Compiling lock_api v0.4.11
[INFO] [stderr]    Compiling parking_lot_core v0.9.9
[INFO] [stderr]    Compiling smallvec v1.11.2
[INFO] [stderr]    Compiling x11rb v0.12.0
[INFO] [stderr]    Compiling thiserror v1.0.56
[INFO] [stderr]    Compiling scopeguard v1.2.0
[INFO] [stderr]    Compiling color_quant v1.1.0
[INFO] [stderr]    Compiling bytemuck v1.14.0
[INFO] [stderr]    Compiling byteorder v1.5.0
[INFO] [stderr]    Compiling log v0.4.20
[INFO] [stderr]    Compiling syn v2.0.48
[INFO] [stderr]    Compiling pin-project-lite v0.2.13
[INFO] [stderr]    Compiling miniz_oxide v0.7.1
[INFO] [stderr]    Compiling fdeflate v0.3.3
[INFO] [stderr]    Compiling bytes v1.5.0
[INFO] [stderr]    Compiling flate2 v1.0.28
[INFO] [stderr]    Compiling png v0.17.10
[INFO] [stderr]    Compiling nix v0.26.4
[INFO] [stderr]    Compiling gethostname v0.3.0
[INFO] [stderr]    Compiling parking_lot v0.12.1
[INFO] [stderr]    Compiling image v0.24.7
[INFO] [stderr]    Compiling x11rb-protocol v0.12.0
[INFO] [stderr]    Compiling thiserror-impl v1.0.56
[INFO] [stderr]    Compiling tokio-macros v2.2.0
[INFO] [stderr]    Compiling tokio v1.35.1
[INFO] [stderr]    Compiling arboard v3.3.0
[INFO] [stderr]    Compiling suave v0.2.3 (/opt/rustwide/workdir)
[INFO] [stderr]     Finished dev [unoptimized + debuginfo] target(s) in 6.73s
[INFO] running `Command { std: "docker" "inspect" "5856cccbad2b06a9b5a522b4f0e3054aad5e4ebde8e42e104f5b28f7c73164b5", kill_on_drop: false }`
[INFO] running `Command { std: "docker" "rm" "-f" "5856cccbad2b06a9b5a522b4f0e3054aad5e4ebde8e42e104f5b28f7c73164b5", kill_on_drop: false }`
[INFO] [stdout] 5856cccbad2b06a9b5a522b4f0e3054aad5e4ebde8e42e104f5b28f7c73164b5
[INFO] running `Command { std: "docker" "create" "-v" "/var/lib/crater-agent-workspace/builds/worker-5-tc1/target:/opt/rustwide/target:rw,Z" "-v" "/var/lib/crater-agent-workspace/builds/worker-5-tc1/source:/opt/rustwide/workdir:ro,Z" "-v" "/var/lib/crater-agent-workspace/cargo-home:/opt/rustwide/cargo-home:ro,Z" "-v" "/var/lib/crater-agent-workspace/rustup-home:/opt/rustwide/rustup-home:ro,Z" "-e" "SOURCE_DIR=/opt/rustwide/workdir" "-e" "CARGO_TARGET_DIR=/opt/rustwide/target" "-e" "CARGO_INCREMENTAL=0" "-e" "RUST_BACKTRACE=full" "-e" "RUSTFLAGS=--cap-lints=warn" "-e" "RUSTDOCFLAGS=--cap-lints=warn" "-e" "CARGO_HOME=/opt/rustwide/cargo-home" "-e" "RUSTUP_HOME=/opt/rustwide/rustup-home" "-w" "/opt/rustwide/workdir" "-m" "1610612736" "--user" "0:0" "--network" "none" "ghcr.io/rust-lang/crates-build-env/linux@sha256:2788e3201cd34a07e3172128adcd8b3090168a8e3bcc40d7c032b9dda1df7d1c" "/opt/rustwide/cargo-home/bin/cargo" "+1.75.0" "test" "--frozen" "--no-run" "--message-format=json", kill_on_drop: false }`
[INFO] [stdout] eae5a2bd99d640c24c041bb1d1afeff0092463923eaabd010d2507eadad5386d
[INFO] running `Command { std: "docker" "start" "-a" "eae5a2bd99d640c24c041bb1d1afeff0092463923eaabd010d2507eadad5386d", kill_on_drop: false }`
[INFO] [stderr]    Compiling suave v0.2.3 (/opt/rustwide/workdir)
[INFO] [stderr]     Finished test [unoptimized + debuginfo] target(s) in 1.25s
[INFO] running `Command { std: "docker" "inspect" "eae5a2bd99d640c24c041bb1d1afeff0092463923eaabd010d2507eadad5386d", kill_on_drop: false }`
[INFO] running `Command { std: "docker" "rm" "-f" "eae5a2bd99d640c24c041bb1d1afeff0092463923eaabd010d2507eadad5386d", kill_on_drop: false }`
[INFO] [stdout] eae5a2bd99d640c24c041bb1d1afeff0092463923eaabd010d2507eadad5386d
[INFO] running `Command { std: "docker" "create" "-v" "/var/lib/crater-agent-workspace/builds/worker-5-tc1/target:/opt/rustwide/target:rw,Z" "-v" "/var/lib/crater-agent-workspace/builds/worker-5-tc1/source:/opt/rustwide/workdir:ro,Z" "-v" "/var/lib/crater-agent-workspace/cargo-home:/opt/rustwide/cargo-home:ro,Z" "-v" "/var/lib/crater-agent-workspace/rustup-home:/opt/rustwide/rustup-home:ro,Z" "-e" "SOURCE_DIR=/opt/rustwide/workdir" "-e" "CARGO_TARGET_DIR=/opt/rustwide/target" "-e" "CARGO_INCREMENTAL=0" "-e" "RUST_BACKTRACE=full" "-e" "RUSTFLAGS=--cap-lints=warn" "-e" "RUSTDOCFLAGS=--cap-lints=warn" "-e" "CARGO_HOME=/opt/rustwide/cargo-home" "-e" "RUSTUP_HOME=/opt/rustwide/rustup-home" "-w" "/opt/rustwide/workdir" "-m" "1610612736" "--user" "0:0" "--network" "none" "ghcr.io/rust-lang/crates-build-env/linux@sha256:2788e3201cd34a07e3172128adcd8b3090168a8e3bcc40d7c032b9dda1df7d1c" "/opt/rustwide/cargo-home/bin/cargo" "+1.75.0" "test" "--frozen", kill_on_drop: false }`
[INFO] [stdout] b8d35c3b844aa23c029b81a72c3517dd1a98a935f7e2b8f07672f6c409f78310
[INFO] running `Command { std: "docker" "start" "-a" "b8d35c3b844aa23c029b81a72c3517dd1a98a935f7e2b8f07672f6c409f78310", kill_on_drop: false }`
[INFO] [stderr]     Finished test [unoptimized + debuginfo] target(s) in 0.03s
[INFO] [stderr]      Running unittests src/lib.rs (/opt/rustwide/target/debug/deps/suave-98cd5b3106982dd6)
[INFO] [stdout] 
[INFO] [stdout] running 7 tests
[INFO] [stdout] test clipboard::tests::test_clipboard_read_no_error ... FAILED
[INFO] [stdout] test pipe::tests::test_create_lockfile ... ok
[INFO] [stdout] test clipboard::tests::test_clipboard_write ... FAILED
[INFO] [stdout] test pipe::tests::test_lockfile_multiple_opens ... ok
[INFO] [stdout] test pipe::tests::test_shared_pipe_write_read ... ok
[INFO] [stdout] test pipe::tests::test_lockfile_lock ... ok
[INFO] [stdout] test pipe::tests::test_shared_pipe_write ... ok
[INFO] [stdout] 
[INFO] [stdout] failures:
[INFO] [stdout] 
[INFO] [stdout] ---- clipboard::tests::test_clipboard_read_no_error stdout ----
[INFO] [stdout] Error: Custom { kind: Other, error: "Unknown error while interacting with the clipboard: Display parsing error" }
[INFO] [stdout] 
[INFO] [stdout] ---- clipboard::tests::test_clipboard_write stdout ----
[INFO] [stdout] Error: Custom { kind: Other, error: "Unknown error while interacting with the clipboard: Display parsing error" }
[INFO] [stdout] 
[INFO] [stdout] 
[INFO] [stdout] failures:
[INFO] [stdout]     clipboard::tests::test_clipboard_read_no_error
[INFO] [stdout]     clipboard::tests::test_clipboard_write
[INFO] [stdout] 
[INFO] [stdout] test result: FAILED. 5 passed; 2 failed; 0 ignored; 0 measured; 0 filtered out; finished in 0.01s
[INFO] [stdout] 
[INFO] [stderr] error: test failed, to rerun pass `--lib`
[INFO] running `Command { std: "docker" "inspect" "b8d35c3b844aa23c029b81a72c3517dd1a98a935f7e2b8f07672f6c409f78310", kill_on_drop: false }`
[INFO] running `Command { std: "docker" "rm" "-f" "b8d35c3b844aa23c029b81a72c3517dd1a98a935f7e2b8f07672f6c409f78310", kill_on_drop: false }`
[INFO] [stdout] b8d35c3b844aa23c029b81a72c3517dd1a98a935f7e2b8f07672f6c409f78310
