[INFO] fetching crate stylist 0.13.0...
[INFO] testing stylist-0.13.0 against 1.75.0 for beta-1.76-1
[INFO] extracting crate stylist 0.13.0 into /workspace/builds/worker-0-tc1/source
[INFO] validating manifest of crates.io crate stylist 0.13.0 on toolchain 1.75.0
[INFO] running `Command { std: CARGO_HOME="/workspace/cargo-home" RUSTUP_HOME="/workspace/rustup-home" "/workspace/cargo-home/bin/cargo" "+1.75.0" "metadata" "--manifest-path" "Cargo.toml" "--no-deps", kill_on_drop: false }`
[INFO] started tweaking crates.io crate stylist 0.13.0
[INFO] finished tweaking crates.io crate stylist 0.13.0
[INFO] tweaked toml for crates.io crate stylist 0.13.0 written to /workspace/builds/worker-0-tc1/source/Cargo.toml
[INFO] running `Command { std: CARGO_HOME="/workspace/cargo-home" RUSTUP_HOME="/workspace/rustup-home" "/workspace/cargo-home/bin/cargo" "+1.75.0" "generate-lockfile" "--manifest-path" "Cargo.toml", kill_on_drop: false }`
[INFO] [stderr]     Updating crates.io index
[INFO] running `Command { std: CARGO_HOME="/workspace/cargo-home" RUSTUP_HOME="/workspace/rustup-home" "/workspace/cargo-home/bin/cargo" "+1.75.0" "fetch" "--manifest-path" "Cargo.toml", kill_on_drop: false }`
[INFO] [stderr]  Downloading crates ...
[INFO] [stderr]   Downloaded gloo-net v0.3.1
[INFO] [stderr]   Downloaded gloo-console v0.3.0
[INFO] [stderr]   Downloaded gloo-dialogs v0.2.0
[INFO] [stderr]   Downloaded gloo-render v0.2.0
[INFO] [stderr]   Downloaded gloo-storage v0.3.0
[INFO] [stderr]   Downloaded gloo-worker-macros v0.1.0
[INFO] [stderr]   Downloaded stylist-macros v0.13.0
[INFO] [stderr]   Downloaded implicit-clone v0.4.8
[INFO] [stderr]   Downloaded gloo-worker v0.4.0
[INFO] [stderr]   Downloaded yew-macro v0.21.0
[INFO] [stderr]   Downloaded gloo v0.10.0
[INFO] [stderr]   Downloaded yew v0.21.0
[INFO] [stderr]   Downloaded gloo v0.8.1
[INFO] [stderr]   Downloaded implicit-clone-derive v0.1.1
[INFO] [stderr]   Downloaded gloo-history v0.2.2
[INFO] [stderr]   Downloaded prokio v0.1.0
[INFO] [stderr]   Downloaded pinned v0.1.0
[INFO] [stderr]   Downloaded gloo-history v0.1.5
[INFO] [stderr]   Downloaded stylist-core v0.13.0
[INFO] [stderr]   Downloaded gloo-file v0.3.0
[INFO] running `Command { std: "docker" "create" "-v" "/var/lib/crater-agent-workspace/builds/worker-0-tc1/target:/opt/rustwide/target:rw,Z" "-v" "/var/lib/crater-agent-workspace/builds/worker-0-tc1/source:/opt/rustwide/workdir:ro,Z" "-v" "/var/lib/crater-agent-workspace/cargo-home:/opt/rustwide/cargo-home:ro,Z" "-v" "/var/lib/crater-agent-workspace/rustup-home:/opt/rustwide/rustup-home:ro,Z" "-e" "SOURCE_DIR=/opt/rustwide/workdir" "-e" "CARGO_TARGET_DIR=/opt/rustwide/target" "-e" "CARGO_HOME=/opt/rustwide/cargo-home" "-e" "RUSTUP_HOME=/opt/rustwide/rustup-home" "-w" "/opt/rustwide/workdir" "-m" "1610612736" "--user" "0:0" "--network" "none" "ghcr.io/rust-lang/crates-build-env/linux@sha256:2788e3201cd34a07e3172128adcd8b3090168a8e3bcc40d7c032b9dda1df7d1c" "/opt/rustwide/cargo-home/bin/cargo" "+1.75.0" "metadata" "--no-deps" "--format-version=1", kill_on_drop: false }`
[INFO] [stdout] e7d32228e326cbb3eb6d820ecdf378670a0dabe45d15b3bd6a210e52958cb9cf
[INFO] running `Command { std: "docker" "start" "-a" "e7d32228e326cbb3eb6d820ecdf378670a0dabe45d15b3bd6a210e52958cb9cf", kill_on_drop: false }`
[INFO] running `Command { std: "docker" "inspect" "e7d32228e326cbb3eb6d820ecdf378670a0dabe45d15b3bd6a210e52958cb9cf", kill_on_drop: false }`
[INFO] running `Command { std: "docker" "rm" "-f" "e7d32228e326cbb3eb6d820ecdf378670a0dabe45d15b3bd6a210e52958cb9cf", kill_on_drop: false }`
[INFO] [stdout] e7d32228e326cbb3eb6d820ecdf378670a0dabe45d15b3bd6a210e52958cb9cf
[INFO] running `Command { std: "docker" "create" "-v" "/var/lib/crater-agent-workspace/builds/worker-0-tc1/target:/opt/rustwide/target:rw,Z" "-v" "/var/lib/crater-agent-workspace/builds/worker-0-tc1/source:/opt/rustwide/workdir:ro,Z" "-v" "/var/lib/crater-agent-workspace/cargo-home:/opt/rustwide/cargo-home:ro,Z" "-v" "/var/lib/crater-agent-workspace/rustup-home:/opt/rustwide/rustup-home:ro,Z" "-e" "SOURCE_DIR=/opt/rustwide/workdir" "-e" "CARGO_TARGET_DIR=/opt/rustwide/target" "-e" "CARGO_INCREMENTAL=0" "-e" "RUST_BACKTRACE=full" "-e" "RUSTFLAGS=--cap-lints=warn" "-e" "RUSTDOCFLAGS=--cap-lints=warn" "-e" "CARGO_HOME=/opt/rustwide/cargo-home" "-e" "RUSTUP_HOME=/opt/rustwide/rustup-home" "-w" "/opt/rustwide/workdir" "-m" "1610612736" "--user" "0:0" "--network" "none" "ghcr.io/rust-lang/crates-build-env/linux@sha256:2788e3201cd34a07e3172128adcd8b3090168a8e3bcc40d7c032b9dda1df7d1c" "/opt/rustwide/cargo-home/bin/cargo" "+1.75.0" "build" "--frozen" "--message-format=json", kill_on_drop: false }`
[INFO] [stdout] 9d0074fa336434fa889a01a5ea41c99ff790aa665615c1e71b55796fe827843f
[INFO] running `Command { std: "docker" "start" "-a" "9d0074fa336434fa889a01a5ea41c99ff790aa665615c1e71b55796fe827843f", kill_on_drop: false }`
[INFO] [stderr]    Compiling wasm-bindgen-shared v0.2.89
[INFO] [stderr]    Compiling log v0.4.20
[INFO] [stderr]    Compiling bumpalo v3.14.0
[INFO] [stderr]    Compiling wasm-bindgen v0.2.89
[INFO] [stderr]    Compiling serde v1.0.194
[INFO] [stderr]    Compiling thiserror v1.0.56
[INFO] [stderr]    Compiling proc-macro-error-attr v1.0.4
[INFO] [stderr]    Compiling syn v2.0.48
[INFO] [stderr]    Compiling syn v1.0.109
[INFO] [stderr]    Compiling memchr v2.7.1
[INFO] [stderr]    Compiling proc-macro-error v1.0.4
[INFO] [stderr]    Compiling either v1.9.0
[INFO] [stderr]    Compiling litrs v0.4.1
[INFO] [stderr]    Compiling instant v0.1.12
[INFO] [stderr]    Compiling itertools v0.11.0
[INFO] [stderr]    Compiling nom v7.1.3
[INFO] [stderr]    Compiling wasm-bindgen-backend v0.2.89
[INFO] [stderr]    Compiling serde_derive v1.0.194
[INFO] [stderr]    Compiling thiserror-impl v1.0.56
[INFO] [stderr]    Compiling wasm-bindgen-macro-support v0.2.89
[INFO] [stderr]    Compiling wasm-bindgen-macro v0.2.89
[INFO] [stderr]    Compiling js-sys v0.3.66
[INFO] [stderr]    Compiling web-sys v0.3.66
[INFO] [stderr]    Compiling stylist-core v0.13.0
[INFO] [stderr]    Compiling stylist-macros v0.13.0
[INFO] [stderr]    Compiling stylist v0.13.0 (/opt/rustwide/workdir)
[INFO] [stderr]     Finished dev [unoptimized + debuginfo] target(s) in 32.15s
[INFO] running `Command { std: "docker" "inspect" "9d0074fa336434fa889a01a5ea41c99ff790aa665615c1e71b55796fe827843f", kill_on_drop: false }`
[INFO] running `Command { std: "docker" "rm" "-f" "9d0074fa336434fa889a01a5ea41c99ff790aa665615c1e71b55796fe827843f", kill_on_drop: false }`
[INFO] [stdout] 9d0074fa336434fa889a01a5ea41c99ff790aa665615c1e71b55796fe827843f
[INFO] running `Command { std: "docker" "create" "-v" "/var/lib/crater-agent-workspace/builds/worker-0-tc1/target:/opt/rustwide/target:rw,Z" "-v" "/var/lib/crater-agent-workspace/builds/worker-0-tc1/source:/opt/rustwide/workdir:ro,Z" "-v" "/var/lib/crater-agent-workspace/cargo-home:/opt/rustwide/cargo-home:ro,Z" "-v" "/var/lib/crater-agent-workspace/rustup-home:/opt/rustwide/rustup-home:ro,Z" "-e" "SOURCE_DIR=/opt/rustwide/workdir" "-e" "CARGO_TARGET_DIR=/opt/rustwide/target" "-e" "CARGO_INCREMENTAL=0" "-e" "RUST_BACKTRACE=full" "-e" "RUSTFLAGS=--cap-lints=warn" "-e" "RUSTDOCFLAGS=--cap-lints=warn" "-e" "CARGO_HOME=/opt/rustwide/cargo-home" "-e" "RUSTUP_HOME=/opt/rustwide/rustup-home" "-w" "/opt/rustwide/workdir" "-m" "1610612736" "--user" "0:0" "--network" "none" "ghcr.io/rust-lang/crates-build-env/linux@sha256:2788e3201cd34a07e3172128adcd8b3090168a8e3bcc40d7c032b9dda1df7d1c" "/opt/rustwide/cargo-home/bin/cargo" "+1.75.0" "test" "--frozen" "--no-run" "--message-format=json", kill_on_drop: false }`
[INFO] [stdout] 4d397c1241c0a414d07136ace4d7b3c6e5692d7fb5d984eaf6ea1a8706dac0b0
[INFO] running `Command { std: "docker" "start" "-a" "4d397c1241c0a414d07136ace4d7b3c6e5692d7fb5d984eaf6ea1a8706dac0b0", kill_on_drop: false }`
[INFO] [stderr]    Compiling syn v2.0.48
[INFO] [stderr]    Compiling memchr v2.7.1
[INFO] [stderr]    Compiling futures-io v0.3.30
[INFO] [stderr]    Compiling futures-channel v0.3.30
[INFO] [stderr]    Compiling rustversion v1.0.14
[INFO] [stderr]    Compiling futures-task v0.3.30
[INFO] [stderr]    Compiling toml_datetime v0.6.5
[INFO] [stderr]    Compiling winnow v0.5.32
[INFO] [stderr]    Compiling percent-encoding v2.3.1
[INFO] [stderr]    Compiling prettyplease v0.2.16
[INFO] [stderr]    Compiling form_urlencoded v1.2.1
[INFO] [stderr]    Compiling rustix v0.38.28
[INFO] [stderr]    Compiling tokio v1.35.1
[INFO] [stderr]    Compiling bitflags v2.4.1
[INFO] [stderr]    Compiling aho-corasick v1.1.2
[INFO] [stderr]    Compiling regex-syntax v0.8.2
[INFO] [stderr]    Compiling nom v7.1.3
[INFO] [stderr]    Compiling linux-raw-sys v0.4.12
[INFO] [stderr]    Compiling toml_edit v0.19.15
[INFO] [stderr]    Compiling regex-automata v0.4.3
[INFO] [stderr]    Compiling tokio-stream v0.1.14
[INFO] [stderr]    Compiling num_cpus v1.16.0
[INFO] [stderr]    Compiling boolinator v2.4.0
[INFO] [stderr]    Compiling termcolor v1.4.0
[INFO] [stderr]    Compiling trybuild v1.0.87
[INFO] [stderr]    Compiling is-terminal v0.4.10
[INFO] [stderr]    Compiling glob v0.3.1
[INFO] [stderr]    Compiling proc-macro-crate v1.3.1
[INFO] [stderr]    Compiling wasm-bindgen-backend v0.2.89
[INFO] [stderr]    Compiling regex v1.10.2
[INFO] [stderr]    Compiling serde_derive v1.0.194
[INFO] [stderr]    Compiling thiserror-impl v1.0.56
[INFO] [stderr]    Compiling futures-macro v0.3.30
[INFO] [stderr]    Compiling pin-project-internal v1.1.3
[INFO] [stderr]    Compiling wasm-bindgen-macro-support v0.2.89
[INFO] [stderr]    Compiling gloo-worker-macros v0.1.0
[INFO] [stderr]    Compiling implicit-clone-derive v0.1.1
[INFO] [stderr]    Compiling futures-util v0.3.30
[INFO] [stderr]    Compiling wasm-bindgen-macro v0.2.89
[INFO] [stderr]    Compiling tracing-attributes v0.1.27
[INFO] [stderr]    Compiling pin-project v1.1.3
[INFO] [stderr]    Compiling yew-macro v0.21.0
[INFO] [stderr]    Compiling implicit-clone v0.4.8
[INFO] [stderr]    Compiling thiserror v1.0.56
[INFO] [stderr]    Compiling env_logger v0.10.1
[INFO] [stderr]    Compiling wasm-bindgen v0.2.89
[INFO] [stderr]    Compiling js-sys v0.3.66
[INFO] [stderr]    Compiling console_error_panic_hook v0.1.7
[INFO] [stderr]    Compiling tracing v0.1.40
[INFO] [stderr]    Compiling serde v1.0.194
[INFO] [stderr]    Compiling futures v0.3.30
[INFO] [stderr]    Compiling pinned v0.1.0
[INFO] [stderr]    Compiling prokio v0.1.0
[INFO] [stderr]    Compiling web-sys v0.3.66
[INFO] [stderr]    Compiling wasm-bindgen-futures v0.4.39
[INFO] [stderr]    Compiling gloo-timers v0.3.0
[INFO] [stderr]    Compiling serde_json v1.0.111
[INFO] [stderr]    Compiling serde-wasm-bindgen v0.6.3
[INFO] [stderr]    Compiling serde_urlencoded v0.7.1
[INFO] [stderr]    Compiling bincode v1.3.3
[INFO] [stderr]    Compiling stylist-core v0.13.0
[INFO] [stderr]    Compiling basic-toml v0.1.8
[INFO] [stderr]    Compiling stylist-macros v0.13.0
[INFO] [stderr]    Compiling gloo-utils v0.2.0
[INFO] [stderr]    Compiling gloo-events v0.2.0
[INFO] [stderr]    Compiling gloo-render v0.2.0
[INFO] [stderr]    Compiling gloo-dialogs v0.2.0
[INFO] [stderr]    Compiling gloo-history v0.2.2
[INFO] [stderr]    Compiling gloo-file v0.3.0
[INFO] [stderr]    Compiling gloo-storage v0.3.0
[INFO] [stderr]    Compiling gloo-worker v0.4.0
[INFO] [stderr]    Compiling gloo-console v0.3.0
[INFO] [stderr]    Compiling gloo-net v0.4.0
[INFO] [stderr]    Compiling gloo v0.10.0
[INFO] [stderr]    Compiling stylist v0.13.0 (/opt/rustwide/workdir)
[INFO] [stderr]    Compiling yew v0.21.0
[INFO] [stderr]     Finished test [unoptimized + debuginfo] target(s) in 58.09s
[INFO] running `Command { std: "docker" "inspect" "4d397c1241c0a414d07136ace4d7b3c6e5692d7fb5d984eaf6ea1a8706dac0b0", kill_on_drop: false }`
[INFO] running `Command { std: "docker" "rm" "-f" "4d397c1241c0a414d07136ace4d7b3c6e5692d7fb5d984eaf6ea1a8706dac0b0", kill_on_drop: false }`
[INFO] [stdout] 4d397c1241c0a414d07136ace4d7b3c6e5692d7fb5d984eaf6ea1a8706dac0b0
[INFO] running `Command { std: "docker" "create" "-v" "/var/lib/crater-agent-workspace/builds/worker-0-tc1/target:/opt/rustwide/target:rw,Z" "-v" "/var/lib/crater-agent-workspace/builds/worker-0-tc1/source:/opt/rustwide/workdir:ro,Z" "-v" "/var/lib/crater-agent-workspace/cargo-home:/opt/rustwide/cargo-home:ro,Z" "-v" "/var/lib/crater-agent-workspace/rustup-home:/opt/rustwide/rustup-home:ro,Z" "-e" "SOURCE_DIR=/opt/rustwide/workdir" "-e" "CARGO_TARGET_DIR=/opt/rustwide/target" "-e" "CARGO_INCREMENTAL=0" "-e" "RUST_BACKTRACE=full" "-e" "RUSTFLAGS=--cap-lints=warn" "-e" "RUSTDOCFLAGS=--cap-lints=warn" "-e" "CARGO_HOME=/opt/rustwide/cargo-home" "-e" "RUSTUP_HOME=/opt/rustwide/rustup-home" "-w" "/opt/rustwide/workdir" "-m" "1610612736" "--user" "0:0" "--network" "none" "ghcr.io/rust-lang/crates-build-env/linux@sha256:2788e3201cd34a07e3172128adcd8b3090168a8e3bcc40d7c032b9dda1df7d1c" "/opt/rustwide/cargo-home/bin/cargo" "+1.75.0" "test" "--frozen", kill_on_drop: false }`
[INFO] [stdout] c99bbe3232c2f07a92be855e172af249c5f9fb34b53adc19a3a5fe7d2a6b3194
[INFO] running `Command { std: "docker" "start" "-a" "c99bbe3232c2f07a92be855e172af249c5f9fb34b53adc19a3a5fe7d2a6b3194", kill_on_drop: false }`
[INFO] [stderr]     Finished test [unoptimized + debuginfo] target(s) in 0.11s
[INFO] [stderr]      Running unittests src/lib.rs (/opt/rustwide/target/debug/deps/stylist-cc3264197e7fa513)
[INFO] [stdout] 
[INFO] [stdout] running 4 tests
[INFO] [stdout] test manager::registry::tests::test_duplicate_style_different_prefix ... ok
[INFO] [stdout] test manager::registry::tests::test_unregister ... ok
[INFO] [stdout] test manager::registry::tests::test_duplicate_style ... ok
[INFO] [stdout] test utils::tests::test_counter ... ok
[INFO] [stdout] 
[INFO] [stdout] test result: ok. 4 passed; 0 failed; 0 ignored; 0 measured; 0 filtered out; finished in 0.01s
[INFO] [stdout] 
[INFO] [stderr]      Running tests/inline_at_supports.rs (/opt/rustwide/target/debug/deps/inline_at_supports-14cf7d65f733f93d)
[INFO] [stdout] 
[INFO] [stdout] running 1 test
[INFO] [stdout] test test_inline_at_support ... ok
[INFO] [stdout] 
[INFO] [stdout] test result: ok. 1 passed; 0 failed; 0 ignored; 0 measured; 0 filtered out; finished in 0.00s
[INFO] [stdout] 
[INFO] [stderr]      Running tests/inline_complicated_attributes.rs (/opt/rustwide/target/debug/deps/inline_complicated_attributes-7797c7249b205a5a)
[INFO] [stdout] 
[INFO] [stdout] running 1 test
[INFO] [stdout] test test_complicated_attributes ... ok
[INFO] [stdout] 
[INFO] [stdout] test result: ok. 1 passed; 0 failed; 0 ignored; 0 measured; 0 filtered out; finished in 0.00s
[INFO] [stdout] 
[INFO] [stderr]      Running tests/inline_display_impl.rs (/opt/rustwide/target/debug/deps/inline_display_impl-8f712dcbf537931c)
[INFO] [stdout] 
[INFO] [stdout] running 1 test
[INFO] [stderr]      Running tests/inline_nested_at_rule.rs (/opt/rustwide/target/debug/deps/inline_nested_at_rule-c4fe509e2596a5e2)
[INFO] [stdout] test test_display_impl ... ok
[INFO] [stdout] 
[INFO] [stdout] test result: ok. 1 passed; 0 failed; 0 ignored; 0 measured; 0 filtered out; finished in 0.00s
[INFO] [stdout] 
[INFO] [stdout] 
[INFO] [stdout] running 1 test
[INFO] [stdout] test test_nested_at_rule ... ok
[INFO] [stdout] 
[INFO] [stdout] test result: ok. 1 passed; 0 failed; 0 ignored; 0 measured; 0 filtered out; finished in 0.00s
[INFO] [stdout] 
[INFO] [stderr]      Running tests/inline_whitespace_workaround.rs (/opt/rustwide/target/debug/deps/inline_whitespace_workaround-4bfe160b2fb5b97d)
[INFO] [stdout] 
[INFO] [stdout] running 1 test
[INFO] [stdout] test test_whitespace_workaround ... ok
[INFO] [stdout] 
[INFO] [stdout] test result: ok. 1 passed; 0 failed; 0 ignored; 0 measured; 0 filtered out; finished in 0.00s
[INFO] [stdout] 
[INFO] [stderr]      Running tests/literal_at_supports.rs (/opt/rustwide/target/debug/deps/literal_at_supports-7cea4d8a92e0c340)
[INFO] [stdout] 
[INFO] [stdout] running 1 test
[INFO] [stdout] test test_literal_at_support ... ok
[INFO] [stdout] 
[INFO] [stdout] test result: ok. 1 passed; 0 failed; 0 ignored; 0 measured; 0 filtered out; finished in 0.00s
[INFO] [stdout] 
[INFO] [stderr]      Running tests/literal_css_referenced_value.rs (/opt/rustwide/target/debug/deps/literal_css_referenced_value-bc421d18789fcd9d)
[INFO] [stdout] 
[INFO] [stdout] running 1 test
[INFO] [stderr]      Running tests/literal_css_tests.rs (/opt/rustwide/target/debug/deps/literal_css_tests-e4d99409fcf9b7ff)
[INFO] [stdout] test test_sheet_value_by_ref ... ok
[INFO] [stdout] 
[INFO] [stdout] test result: ok. 1 passed; 0 failed; 0 ignored; 0 measured; 0 filtered out; finished in 0.00s
[INFO] [stdout] 
[INFO] [stdout] 
[INFO] [stdout] running 1 test
[INFO] [stdout] test test_sheet_interpolation ... ok
[INFO] [stdout] 
[INFO] [stdout] test result: ok. 1 passed; 0 failed; 0 ignored; 0 measured; 0 filtered out; finished in 0.00s
[INFO] [stdout] 
[INFO] [stderr]      Running tests/literal_sheet_tests.rs (/opt/rustwide/target/debug/deps/literal_sheet_tests-be4e7db0c6320c65)
[INFO] [stdout] 
[INFO] [stdout] running 2 tests
[INFO] [stdout] test test_sheet_interpolation ... ok
[INFO] [stdout] test test_sheet_escaped ... ok
[INFO] [stdout] 
[INFO] [stdout] test result: ok. 2 passed; 0 failed; 0 ignored; 0 measured; 0 filtered out; finished in 0.00s
[INFO] [stdout] 
[INFO] [stderr]      Running tests/macro_integration_tests.rs (/opt/rustwide/target/debug/deps/macro_integration_tests-55c03ee91138b8e6)
[INFO] [stdout] 
[INFO] [stdout] running 0 tests
[INFO] [stderr]    Doc-tests stylist
[INFO] [stdout] 
[INFO] [stdout] test result: ok. 0 passed; 0 failed; 0 ignored; 0 measured; 0 filtered out; finished in 0.00s
[INFO] [stdout] 
[INFO] [stdout] 
[INFO] [stdout] running 13 tests
[INFO] [stdout] test src/lib.rs - (line 78) ... FAILED
[INFO] [stdout] test src/global_style.rs - global_style::GlobalStyle::new (line 40) ... FAILED
[INFO] [stdout] test src/global_style.rs - global_style::GlobalStyle::get_style_str (line 71) ... FAILED
[INFO] [stdout] test src/style.rs - style::Style::create (line 125) ... FAILED
[INFO] [stdout] test src/style.rs - style::Style::get_class_name (line 170) ... FAILED
[INFO] [stdout] test src/style.rs - style::Style::new (line 107) ... FAILED
[INFO] [stdout] test src/style.rs - style::Style::get_style_str (line 189) ... FAILED
[INFO] [stdout] test src/style_src.rs - style_src::StyleSource (line 13) ... FAILED
[INFO] [stdout] test src/lib.rs - css (line 137) ... FAILED
[INFO] [stdout] test src/lib.rs - style (line 170) ... ok
[INFO] [stdout] test src/lib.rs - global_style (line 155) ... ok
[INFO] [stdout] test src/macros.rs - macros (line 36) ... ok
[INFO] [stdout] test src/macros.rs - macros (line 126) ... ok
[INFO] [stdout] 
[INFO] [stdout] failures:
[INFO] [stdout] 
[INFO] [stdout] ---- src/lib.rs - (line 78) stdout ----
[INFO] [stdout] error[E0277]: the trait bound `StyleSource: From<&str>` is not satisfied
[INFO] [stdout]  --> src/lib.rs:82:13
[INFO] [stdout]   |
[INFO] [stdout] 7 | let style = Style::new(
[INFO] [stdout]   |             ^^^^^^^^^^ the trait `From<&str>` is not implemented for `StyleSource`
[INFO] [stdout]   |
[INFO] [stdout]   = help: the trait `From<Sheet>` is implemented for `StyleSource`
[INFO] [stdout]   = help: for that trait implementation, expected `Sheet`, found `&str`
[INFO] [stdout]   = note: required for `&str` to implement `Into<StyleSource>`
[INFO] [stdout]   = note: required for `StyleSource` to implement `TryFrom<&str>`
[INFO] [stdout] 
[INFO] [stdout] error: aborting due to previous error
[INFO] [stdout] 
[INFO] [stdout] For more information about this error, try `rustc --explain E0277`.
[INFO] [stdout] Couldn't compile the test.
[INFO] [stdout] ---- src/global_style.rs - global_style::GlobalStyle::new (line 40) stdout ----
[INFO] [stdout] error[E0277]: the trait bound `StyleSource: From<&str>` is not satisfied
[INFO] [stdout]  --> src/global_style.rs:44:13
[INFO] [stdout]   |
[INFO] [stdout] 7 | let style = Style::new("background-color: red;")?;
[INFO] [stdout]   |             ^^^^^^^^^^ the trait `From<&str>` is not implemented for `StyleSource`
[INFO] [stdout]   |
[INFO] [stdout]   = help: the trait `From<Sheet>` is implemented for `StyleSource`
[INFO] [stdout]   = help: for that trait implementation, expected `Sheet`, found `&str`
[INFO] [stdout]   = note: required for `&str` to implement `Into<StyleSource>`
[INFO] [stdout]   = note: required for `StyleSource` to implement `TryFrom<&str>`
[INFO] [stdout] 
[INFO] [stdout] error: aborting due to previous error
[INFO] [stdout] 
[INFO] [stdout] For more information about this error, try `rustc --explain E0277`.
[INFO] [stdout] Couldn't compile the test.
[INFO] [stdout] ---- src/global_style.rs - global_style::GlobalStyle::get_style_str (line 71) stdout ----
[INFO] [stdout] error[E0277]: the trait bound `StyleSource: From<&str>` is not satisfied
[INFO] [stdout]  --> src/global_style.rs:75:13
[INFO] [stdout]   |
[INFO] [stdout] 7 | let style = GlobalStyle::new("background-color: red;")?;
[INFO] [stdout]   |             ^^^^^^^^^^^^^^^^ the trait `From<&str>` is not implemented for `StyleSource`
[INFO] [stdout]   |
[INFO] [stdout]   = help: the trait `From<Sheet>` is implemented for `StyleSource`
[INFO] [stdout]   = help: for that trait implementation, expected `Sheet`, found `&str`
[INFO] [stdout]   = note: required for `&str` to implement `Into<StyleSource>`
[INFO] [stdout]   = note: required for `StyleSource` to implement `TryFrom<&str>`
[INFO] [stdout] 
[INFO] [stdout] error: aborting due to previous error
[INFO] [stdout] 
[INFO] [stdout] For more information about this error, try `rustc --explain E0277`.
[INFO] [stdout] Couldn't compile the test.
[INFO] [stdout] ---- src/style.rs - style::Style::create (line 125) stdout ----
[INFO] [stdout] error[E0277]: the trait bound `StyleSource: From<&str>` is not satisfied
[INFO] [stdout]  --> src/style.rs:129:13
[INFO] [stdout]   |
[INFO] [stdout] 7 | let style = Style::create("my-component", "background-color: red;")?;
[INFO] [stdout]   |             ^^^^^^^^^^^^^ the trait `From<&str>` is not implemented for `StyleSource`
[INFO] [stdout]   |
[INFO] [stdout]   = help: the trait `From<Sheet>` is implemented for `StyleSource`
[INFO] [stdout]   = help: for that trait implementation, expected `Sheet`, found `&str`
[INFO] [stdout]   = note: required for `&str` to implement `Into<StyleSource>`
[INFO] [stdout]   = note: required for `StyleSource` to implement `TryFrom<&str>`
[INFO] [stdout] 
[INFO] [stdout] error: aborting due to previous error
[INFO] [stdout] 
[INFO] [stdout] For more information about this error, try `rustc --explain E0277`.
[INFO] [stdout] Couldn't compile the test.
[INFO] [stdout] ---- src/style.rs - style::Style::get_class_name (line 170) stdout ----
[INFO] [stdout] error[E0277]: the trait bound `StyleSource: From<&str>` is not satisfied
[INFO] [stdout]  --> src/style.rs:174:13
[INFO] [stdout]   |
[INFO] [stdout] 7 | let style = Style::create("my-component", "background-color: red;")?;
[INFO] [stdout]   |             ^^^^^^^^^^^^^ the trait `From<&str>` is not implemented for `StyleSource`
[INFO] [stdout]   |
[INFO] [stdout]   = help: the trait `From<Sheet>` is implemented for `StyleSource`
[INFO] [stdout]   = help: for that trait implementation, expected `Sheet`, found `&str`
[INFO] [stdout]   = note: required for `&str` to implement `Into<StyleSource>`
[INFO] [stdout]   = note: required for `StyleSource` to implement `TryFrom<&str>`
[INFO] [stdout] 
[INFO] [stdout] error: aborting due to previous error
[INFO] [stdout] 
[INFO] [stdout] For more information about this error, try `rustc --explain E0277`.
[INFO] [stdout] Couldn't compile the test.
[INFO] [stdout] ---- src/style.rs - style::Style::new (line 107) stdout ----
[INFO] [stdout] error[E0277]: the trait bound `StyleSource: From<&str>` is not satisfied
[INFO] [stdout]  --> src/style.rs:111:13
[INFO] [stdout]   |
[INFO] [stdout] 7 | let style = Style::new("background-color: red;")?;
[INFO] [stdout]   |             ^^^^^^^^^^ the trait `From<&str>` is not implemented for `StyleSource`
[INFO] [stdout]   |
[INFO] [stdout]   = help: the trait `From<Sheet>` is implemented for `StyleSource`
[INFO] [stdout]   = help: for that trait implementation, expected `Sheet`, found `&str`
[INFO] [stdout]   = note: required for `&str` to implement `Into<StyleSource>`
[INFO] [stdout]   = note: required for `StyleSource` to implement `TryFrom<&str>`
[INFO] [stdout] 
[INFO] [stdout] error: aborting due to previous error
[INFO] [stdout] 
[INFO] [stdout] For more information about this error, try `rustc --explain E0277`.
[INFO] [stdout] Couldn't compile the test.
[INFO] [stdout] ---- src/style.rs - style::Style::get_style_str (line 189) stdout ----
[INFO] [stdout] error[E0277]: the trait bound `StyleSource: From<&str>` is not satisfied
[INFO] [stdout]  --> src/style.rs:193:13
[INFO] [stdout]   |
[INFO] [stdout] 7 | let style = Style::create("my-component", "background-color: red;")?;
[INFO] [stdout]   |             ^^^^^^^^^^^^^ the trait `From<&str>` is not implemented for `StyleSource`
[INFO] [stdout]   |
[INFO] [stdout]   = help: the trait `From<Sheet>` is implemented for `StyleSource`
[INFO] [stdout]   = help: for that trait implementation, expected `Sheet`, found `&str`
[INFO] [stdout]   = note: required for `&str` to implement `Into<StyleSource>`
[INFO] [stdout]   = note: required for `StyleSource` to implement `TryFrom<&str>`
[INFO] [stdout] 
[INFO] [stdout] error: aborting due to previous error
[INFO] [stdout] 
[INFO] [stdout] For more information about this error, try `rustc --explain E0277`.
[INFO] [stdout] Couldn't compile the test.
[INFO] [stdout] ---- src/style_src.rs - style_src::StyleSource (line 13) stdout ----
[INFO] [stdout] error[E0432]: unresolved import `stylist::yew`
[INFO] [stdout]  --> src/style_src.rs:15:14
[INFO] [stdout]   |
[INFO] [stdout] 5 | use stylist::yew::Global;
[INFO] [stdout]   |              ^^^ could not find `yew` in `stylist`
[INFO] [stdout] 
[INFO] [stdout] error[E0277]: the trait bound `Classes: From<StyleSource>` is not satisfied
[INFO] [stdout]   --> src/style_src.rs:21:35
[INFO] [stdout]    |
[INFO] [stdout] 11 | let rendered = html! {<div class={s.clone()} />};
[INFO] [stdout]    |                -------------------^^^^^^^^^-----
[INFO] [stdout]    |                |                  |
[INFO] [stdout]    |                |                  the trait `From<StyleSource>` is not implemented for `Classes`
[INFO] [stdout]    |                required by a bound introduced by this call
[INFO] [stdout]    |
[INFO] [stdout]    = help: the following other types implement trait `From<T>`:
[INFO] [stdout]              <Classes as From<Cow<'static, str>>>
[INFO] [stdout]              <Classes as From<implicit_clone::unsync::string::IString>>
[INFO] [stdout]              <Classes as From<Vec<T>>>
[INFO] [stdout]              <Classes as From<String>>
[INFO] [stdout]              <Classes as From<Option<T>>>
[INFO] [stdout]              <Classes as From<[T; SIZE]>>
[INFO] [stdout]              <Classes as From<&String>>
[INFO] [stdout]              <Classes as From<&implicit_clone::unsync::string::IString>>
[INFO] [stdout]            and 3 others
[INFO] [stdout]    = note: required for `StyleSource` to implement `Into<Classes>`
[INFO] [stdout] 
[INFO] [stdout] error: aborting due to 2 previous errors
[INFO] [stdout] 
[INFO] [stdout] Some errors have detailed explanations: E0277, E0432.
[INFO] [stdout] For more information about an error, try `rustc --explain E0277`.
[INFO] [stdout] Couldn't compile the test.
[INFO] [stdout] ---- src/lib.rs - css (line 137) stdout ----
[INFO] [stdout] error[E0432]: unresolved import `stylist::yew`
[INFO] [stdout]  --> src/lib.rs:140:14
[INFO] [stdout]   |
[INFO] [stdout] 6 | use stylist::yew::Global;
[INFO] [stdout]   |              ^^^ could not find `yew` in `stylist`
[INFO] [stdout] 
[INFO] [stdout] error[E0277]: the trait bound `Classes: From<StyleSource>` is not satisfied
[INFO] [stdout]  --> src/lib.rs:143:35
[INFO] [stdout]   |
[INFO] [stdout] 9 | let rendered = html! {<div class={css!("color: red;")} />};
[INFO] [stdout]   |                -------------------^^^^^^^^^^^^^^^^^^^-----
[INFO] [stdout]   |                |                  |
[INFO] [stdout]   |                |                  the trait `From<StyleSource>` is not implemented for `Classes`
[INFO] [stdout]   |                required by a bound introduced by this call
[INFO] [stdout]   |
[INFO] [stdout]   = help: the following other types implement trait `From<T>`:
[INFO] [stdout]             <Classes as From<Cow<'static, str>>>
[INFO] [stdout]             <Classes as From<implicit_clone::unsync::string::IString>>
[INFO] [stdout]             <Classes as From<Vec<T>>>
[INFO] [stdout]             <Classes as From<String>>
[INFO] [stdout]             <Classes as From<Option<T>>>
[INFO] [stdout]             <Classes as From<[T; SIZE]>>
[INFO] [stdout]             <Classes as From<&String>>
[INFO] [stdout]             <Classes as From<&implicit_clone::unsync::string::IString>>
[INFO] [stdout]           and 3 others
[INFO] [stdout]   = note: required for `StyleSource` to implement `Into<Classes>`
[INFO] [stdout]   = note: this error originates in the macro `css` (in Nightly builds, run with -Z macro-backtrace for more info)
[INFO] [stdout] 
[INFO] [stdout] error: aborting due to 2 previous errors
[INFO] [stdout] 
[INFO] [stdout] Some errors have detailed explanations: E0277, E0432.
[INFO] [stdout] For more information about an error, try `rustc --explain E0277`.
[INFO] [stdout] Couldn't compile the test.
[INFO] [stdout] 
[INFO] [stdout] failures:
[INFO] [stdout]     src/global_style.rs - global_style::GlobalStyle::get_style_str (line 71)
[INFO] [stdout]     src/global_style.rs - global_style::GlobalStyle::new (line 40)
[INFO] [stdout]     src/lib.rs - (line 78)
[INFO] [stdout]     src/lib.rs - css (line 137)
[INFO] [stdout]     src/style.rs - style::Style::create (line 125)
[INFO] [stdout]     src/style.rs - style::Style::get_class_name (line 170)
[INFO] [stdout]     src/style.rs - style::Style::get_style_str (line 189)
[INFO] [stdout]     src/style.rs - style::Style::new (line 107)
[INFO] [stdout]     src/style_src.rs - style_src::StyleSource (line 13)
[INFO] [stdout] 
[INFO] [stdout] test result: FAILED. 4 passed; 9 failed; 0 ignored; 0 measured; 0 filtered out; finished in 1.64s
[INFO] [stdout] 
[INFO] [stderr] error: doctest failed, to rerun pass `--doc`
[INFO] running `Command { std: "docker" "inspect" "c99bbe3232c2f07a92be855e172af249c5f9fb34b53adc19a3a5fe7d2a6b3194", kill_on_drop: false }`
[INFO] running `Command { std: "docker" "rm" "-f" "c99bbe3232c2f07a92be855e172af249c5f9fb34b53adc19a3a5fe7d2a6b3194", kill_on_drop: false }`
[INFO] [stdout] c99bbe3232c2f07a92be855e172af249c5f9fb34b53adc19a3a5fe7d2a6b3194
[INFO] testing stylist-0.13.0 against beta-2023-12-22 for beta-1.76-1
[INFO] extracting crate stylist 0.13.0 into /workspace/builds/worker-0-tc2/source
[INFO] validating manifest of crates.io crate stylist 0.13.0 on toolchain beta-2023-12-22
[INFO] running `Command { std: CARGO_HOME="/workspace/cargo-home" RUSTUP_HOME="/workspace/rustup-home" "/workspace/cargo-home/bin/cargo" "+beta-2023-12-22" "metadata" "--manifest-path" "Cargo.toml" "--no-deps", kill_on_drop: false }`
[INFO] started tweaking crates.io crate stylist 0.13.0
[INFO] finished tweaking crates.io crate stylist 0.13.0
[INFO] tweaked toml for crates.io crate stylist 0.13.0 written to /workspace/builds/worker-0-tc2/source/Cargo.toml
[INFO] running `Command { std: CARGO_HOME="/workspace/cargo-home" RUSTUP_HOME="/workspace/rustup-home" "/workspace/cargo-home/bin/cargo" "+beta-2023-12-22" "generate-lockfile" "--manifest-path" "Cargo.toml", kill_on_drop: false }`
[INFO] [stderr]     Updating crates.io index
[INFO] running `Command { std: CARGO_HOME="/workspace/cargo-home" RUSTUP_HOME="/workspace/rustup-home" "/workspace/cargo-home/bin/cargo" "+beta-2023-12-22" "fetch" "--manifest-path" "Cargo.toml", kill_on_drop: false }`
[INFO] running `Command { std: "docker" "create" "-v" "/var/lib/crater-agent-workspace/builds/worker-0-tc2/target:/opt/rustwide/target:rw,Z" "-v" "/var/lib/crater-agent-workspace/builds/worker-0-tc2/source:/opt/rustwide/workdir:ro,Z" "-v" "/var/lib/crater-agent-workspace/cargo-home:/opt/rustwide/cargo-home:ro,Z" "-v" "/var/lib/crater-agent-workspace/rustup-home:/opt/rustwide/rustup-home:ro,Z" "-e" "SOURCE_DIR=/opt/rustwide/workdir" "-e" "CARGO_TARGET_DIR=/opt/rustwide/target" "-e" "CARGO_HOME=/opt/rustwide/cargo-home" "-e" "RUSTUP_HOME=/opt/rustwide/rustup-home" "-w" "/opt/rustwide/workdir" "-m" "1610612736" "--user" "0:0" "--network" "none" "ghcr.io/rust-lang/crates-build-env/linux@sha256:2788e3201cd34a07e3172128adcd8b3090168a8e3bcc40d7c032b9dda1df7d1c" "/opt/rustwide/cargo-home/bin/cargo" "+beta-2023-12-22" "metadata" "--no-deps" "--format-version=1", kill_on_drop: false }`
[INFO] [stdout] 2a1fb0e79947e6bfb5d04e744616a9819005db5890eaa6a38abc264fba217abb
[INFO] running `Command { std: "docker" "start" "-a" "2a1fb0e79947e6bfb5d04e744616a9819005db5890eaa6a38abc264fba217abb", kill_on_drop: false }`
[INFO] running `Command { std: "docker" "inspect" "2a1fb0e79947e6bfb5d04e744616a9819005db5890eaa6a38abc264fba217abb", kill_on_drop: false }`
[INFO] running `Command { std: "docker" "rm" "-f" "2a1fb0e79947e6bfb5d04e744616a9819005db5890eaa6a38abc264fba217abb", kill_on_drop: false }`
[INFO] [stdout] 2a1fb0e79947e6bfb5d04e744616a9819005db5890eaa6a38abc264fba217abb
[INFO] running `Command { std: "docker" "create" "-v" "/var/lib/crater-agent-workspace/builds/worker-0-tc2/target:/opt/rustwide/target:rw,Z" "-v" "/var/lib/crater-agent-workspace/builds/worker-0-tc2/source:/opt/rustwide/workdir:ro,Z" "-v" "/var/lib/crater-agent-workspace/cargo-home:/opt/rustwide/cargo-home:ro,Z" "-v" "/var/lib/crater-agent-workspace/rustup-home:/opt/rustwide/rustup-home:ro,Z" "-e" "SOURCE_DIR=/opt/rustwide/workdir" "-e" "CARGO_TARGET_DIR=/opt/rustwide/target" "-e" "CARGO_INCREMENTAL=0" "-e" "RUST_BACKTRACE=full" "-e" "RUSTFLAGS=--cap-lints=warn" "-e" "RUSTDOCFLAGS=--cap-lints=warn" "-e" "CARGO_HOME=/opt/rustwide/cargo-home" "-e" "RUSTUP_HOME=/opt/rustwide/rustup-home" "-w" "/opt/rustwide/workdir" "-m" "1610612736" "--user" "0:0" "--network" "none" "ghcr.io/rust-lang/crates-build-env/linux@sha256:2788e3201cd34a07e3172128adcd8b3090168a8e3bcc40d7c032b9dda1df7d1c" "/opt/rustwide/cargo-home/bin/cargo" "+beta-2023-12-22" "build" "--frozen" "--message-format=json", kill_on_drop: false }`
[INFO] [stdout] 9f980f743c4ca3d6ebfc847875bf615f9eb1e9cc75797e00be07da1b5e4f10a1
[INFO] running `Command { std: "docker" "start" "-a" "9f980f743c4ca3d6ebfc847875bf615f9eb1e9cc75797e00be07da1b5e4f10a1", kill_on_drop: false }`
[INFO] [stderr]    Compiling wasm-bindgen-shared v0.2.89
[INFO] [stderr]    Compiling bumpalo v3.14.0
[INFO] [stderr]    Compiling log v0.4.20
[INFO] [stderr]    Compiling wasm-bindgen v0.2.89
[INFO] [stderr]    Compiling serde v1.0.194
[INFO] [stderr]    Compiling thiserror v1.0.56
[INFO] [stderr]    Compiling proc-macro-error-attr v1.0.4
[INFO] [stderr]    Compiling syn v2.0.48
[INFO] [stderr]    Compiling memchr v2.7.1
[INFO] [stderr]    Compiling syn v1.0.109
[INFO] [stderr]    Compiling proc-macro-error v1.0.4
[INFO] [stderr]    Compiling either v1.9.0
[INFO] [stderr]    Compiling litrs v0.4.1
[INFO] [stderr]    Compiling instant v0.1.12
[INFO] [stderr]    Compiling itertools v0.11.0
[INFO] [stderr]    Compiling nom v7.1.3
[INFO] [stderr]    Compiling wasm-bindgen-backend v0.2.89
[INFO] [stderr]    Compiling thiserror-impl v1.0.56
[INFO] [stderr]    Compiling serde_derive v1.0.194
[INFO] [stderr]    Compiling wasm-bindgen-macro-support v0.2.89
[INFO] [stderr]    Compiling wasm-bindgen-macro v0.2.89
[INFO] [stderr]    Compiling js-sys v0.3.66
[INFO] [stderr]    Compiling web-sys v0.3.66
[INFO] [stderr]    Compiling stylist-core v0.13.0
[INFO] [stderr]    Compiling stylist-macros v0.13.0
[INFO] [stderr]    Compiling stylist v0.13.0 (/opt/rustwide/workdir)
[INFO] [stderr]     Finished dev [unoptimized + debuginfo] target(s) in 15.28s
[INFO] running `Command { std: "docker" "inspect" "9f980f743c4ca3d6ebfc847875bf615f9eb1e9cc75797e00be07da1b5e4f10a1", kill_on_drop: false }`
[INFO] running `Command { std: "docker" "rm" "-f" "9f980f743c4ca3d6ebfc847875bf615f9eb1e9cc75797e00be07da1b5e4f10a1", kill_on_drop: false }`
[INFO] [stdout] 9f980f743c4ca3d6ebfc847875bf615f9eb1e9cc75797e00be07da1b5e4f10a1
[INFO] running `Command { std: "docker" "create" "-v" "/var/lib/crater-agent-workspace/builds/worker-0-tc2/target:/opt/rustwide/target:rw,Z" "-v" "/var/lib/crater-agent-workspace/builds/worker-0-tc2/source:/opt/rustwide/workdir:ro,Z" "-v" "/var/lib/crater-agent-workspace/cargo-home:/opt/rustwide/cargo-home:ro,Z" "-v" "/var/lib/crater-agent-workspace/rustup-home:/opt/rustwide/rustup-home:ro,Z" "-e" "SOURCE_DIR=/opt/rustwide/workdir" "-e" "CARGO_TARGET_DIR=/opt/rustwide/target" "-e" "CARGO_INCREMENTAL=0" "-e" "RUST_BACKTRACE=full" "-e" "RUSTFLAGS=--cap-lints=warn" "-e" "RUSTDOCFLAGS=--cap-lints=warn" "-e" "CARGO_HOME=/opt/rustwide/cargo-home" "-e" "RUSTUP_HOME=/opt/rustwide/rustup-home" "-w" "/opt/rustwide/workdir" "-m" "1610612736" "--user" "0:0" "--network" "none" "ghcr.io/rust-lang/crates-build-env/linux@sha256:2788e3201cd34a07e3172128adcd8b3090168a8e3bcc40d7c032b9dda1df7d1c" "/opt/rustwide/cargo-home/bin/cargo" "+beta-2023-12-22" "test" "--frozen" "--no-run" "--message-format=json", kill_on_drop: false }`
[INFO] [stdout] 4027ad5b9eb9ceaeb4d56c97ed95f422bcde4ce65fd100b02d987d07bf269394
[INFO] running `Command { std: "docker" "start" "-a" "4027ad5b9eb9ceaeb4d56c97ed95f422bcde4ce65fd100b02d987d07bf269394", kill_on_drop: false }`
[INFO] [stderr]    Compiling memchr v2.7.1
[INFO] [stderr]    Compiling syn v2.0.48
[INFO] [stderr]    Compiling futures-channel v0.3.30
[INFO] [stderr]    Compiling rustversion v1.0.14
[INFO] [stderr]    Compiling futures-io v0.3.30
[INFO] [stderr]    Compiling futures-task v0.3.30
[INFO] [stderr]    Compiling toml_datetime v0.6.5
[INFO] [stderr]    Compiling winnow v0.5.32
[INFO] [stderr]    Compiling percent-encoding v2.3.1
[INFO] [stderr]    Compiling prettyplease v0.2.16
[INFO] [stderr]    Compiling rustix v0.38.28
[INFO] [stderr]    Compiling form_urlencoded v1.2.1
[INFO] [stderr]    Compiling tokio v1.35.1
[INFO] [stderr]    Compiling linux-raw-sys v0.4.12
[INFO] [stderr]    Compiling nom v7.1.3
[INFO] [stderr]    Compiling aho-corasick v1.1.2
[INFO] [stderr]    Compiling bitflags v2.4.1
[INFO] [stderr]    Compiling regex-syntax v0.8.2
[INFO] [stderr]    Compiling toml_edit v0.19.15
[INFO] [stderr]    Compiling num_cpus v1.16.0
[INFO] [stderr]    Compiling regex-automata v0.4.3
[INFO] [stderr]    Compiling tokio-stream v0.1.14
[INFO] [stderr]    Compiling termcolor v1.4.0
[INFO] [stderr]    Compiling proc-macro-crate v1.3.1
[INFO] [stderr]    Compiling trybuild v1.0.87
[INFO] [stderr]    Compiling wasm-bindgen-backend v0.2.89
[INFO] [stderr]    Compiling boolinator v2.4.0
[INFO] [stderr]    Compiling is-terminal v0.4.10
[INFO] [stderr]    Compiling glob v0.3.1
[INFO] [stderr]    Compiling wasm-bindgen-macro-support v0.2.89
[INFO] [stderr]    Compiling regex v1.10.2
[INFO] [stderr]    Compiling serde_derive v1.0.194
[INFO] [stderr]    Compiling thiserror-impl v1.0.56
[INFO] [stderr]    Compiling futures-macro v0.3.30
[INFO] [stderr]    Compiling wasm-bindgen-macro v0.2.89
[INFO] [stderr]    Compiling pin-project-internal v1.1.3
[INFO] [stderr]    Compiling gloo-worker-macros v0.1.0
[INFO] [stderr]    Compiling tracing-attributes v0.1.27
[INFO] [stderr]    Compiling wasm-bindgen v0.2.89
[INFO] [stderr]    Compiling futures-util v0.3.30
[INFO] [stderr]    Compiling thiserror v1.0.56
[INFO] [stderr]    Compiling js-sys v0.3.66
[INFO] [stderr]    Compiling implicit-clone-derive v0.1.1
[INFO] [stderr]    Compiling pin-project v1.1.3
[INFO] [stderr]    Compiling console_error_panic_hook v0.1.7
[INFO] [stderr]    Compiling yew-macro v0.21.0
[INFO] [stderr]    Compiling env_logger v0.10.1
[INFO] [stderr]    Compiling implicit-clone v0.4.8
[INFO] [stderr]    Compiling tracing v0.1.40
[INFO] [stderr]    Compiling futures v0.3.30
[INFO] [stderr]    Compiling pinned v0.1.0
[INFO] [stderr]    Compiling prokio v0.1.0
[INFO] [stderr]    Compiling serde v1.0.194
[INFO] [stderr]    Compiling web-sys v0.3.66
[INFO] [stderr]    Compiling wasm-bindgen-futures v0.4.39
[INFO] [stderr]    Compiling gloo-timers v0.3.0
[INFO] [stderr]    Compiling serde_json v1.0.111
[INFO] [stderr]    Compiling serde_urlencoded v0.7.1
[INFO] [stderr]    Compiling bincode v1.3.3
[INFO] [stderr]    Compiling serde-wasm-bindgen v0.6.3
[INFO] [stderr]    Compiling stylist-core v0.13.0
[INFO] [stderr]    Compiling basic-toml v0.1.8
[INFO] [stderr]    Compiling stylist-macros v0.13.0
[INFO] [stderr]    Compiling gloo-utils v0.2.0
[INFO] [stderr]    Compiling gloo-events v0.2.0
[INFO] [stderr]    Compiling gloo-render v0.2.0
[INFO] [stderr]    Compiling gloo-dialogs v0.2.0
[INFO] [stderr]    Compiling gloo-file v0.3.0
[INFO] [stderr]    Compiling gloo-net v0.4.0
[INFO] [stderr]    Compiling gloo-worker v0.4.0
[INFO] [stderr]    Compiling gloo-storage v0.3.0
[INFO] [stderr]    Compiling gloo-console v0.3.0
[INFO] [stderr]    Compiling gloo-history v0.2.2
[INFO] [stderr]    Compiling gloo v0.10.0
[INFO] [stderr]    Compiling yew v0.21.0
[INFO] [stderr]    Compiling stylist v0.13.0 (/opt/rustwide/workdir)
[INFO] [stderr]     Finished test [unoptimized + debuginfo] target(s) in 49.28s
[INFO] running `Command { std: "docker" "inspect" "4027ad5b9eb9ceaeb4d56c97ed95f422bcde4ce65fd100b02d987d07bf269394", kill_on_drop: false }`
[INFO] running `Command { std: "docker" "rm" "-f" "4027ad5b9eb9ceaeb4d56c97ed95f422bcde4ce65fd100b02d987d07bf269394", kill_on_drop: false }`
[INFO] [stdout] 4027ad5b9eb9ceaeb4d56c97ed95f422bcde4ce65fd100b02d987d07bf269394
[INFO] running `Command { std: "docker" "create" "-v" "/var/lib/crater-agent-workspace/builds/worker-0-tc2/target:/opt/rustwide/target:rw,Z" "-v" "/var/lib/crater-agent-workspace/builds/worker-0-tc2/source:/opt/rustwide/workdir:ro,Z" "-v" "/var/lib/crater-agent-workspace/cargo-home:/opt/rustwide/cargo-home:ro,Z" "-v" "/var/lib/crater-agent-workspace/rustup-home:/opt/rustwide/rustup-home:ro,Z" "-e" "SOURCE_DIR=/opt/rustwide/workdir" "-e" "CARGO_TARGET_DIR=/opt/rustwide/target" "-e" "CARGO_INCREMENTAL=0" "-e" "RUST_BACKTRACE=full" "-e" "RUSTFLAGS=--cap-lints=warn" "-e" "RUSTDOCFLAGS=--cap-lints=warn" "-e" "CARGO_HOME=/opt/rustwide/cargo-home" "-e" "RUSTUP_HOME=/opt/rustwide/rustup-home" "-w" "/opt/rustwide/workdir" "-m" "1610612736" "--user" "0:0" "--network" "none" "ghcr.io/rust-lang/crates-build-env/linux@sha256:2788e3201cd34a07e3172128adcd8b3090168a8e3bcc40d7c032b9dda1df7d1c" "/opt/rustwide/cargo-home/bin/cargo" "+beta-2023-12-22" "test" "--frozen", kill_on_drop: false }`
[INFO] [stdout] 495675c2df8e3593a39388168aa4271cfeaf185f31e42cf67634866e67d950c0
[INFO] running `Command { std: "docker" "start" "-a" "495675c2df8e3593a39388168aa4271cfeaf185f31e42cf67634866e67d950c0", kill_on_drop: false }`
[INFO] [stderr]     Finished test [unoptimized + debuginfo] target(s) in 0.17s
[INFO] [stderr]      Running unittests src/lib.rs (/opt/rustwide/target/debug/deps/stylist-2da29f3a2ff4767a)
[INFO] [stdout] 
[INFO] [stdout] running 4 tests
[INFO] [stdout] test utils::tests::test_counter ... ok
[INFO] [stdout] test manager::registry::tests::test_unregister ... ok
[INFO] [stdout] test manager::registry::tests::test_duplicate_style_different_prefix ... ok
[INFO] [stdout] test manager::registry::tests::test_duplicate_style ... ok
[INFO] [stdout] 
[INFO] [stdout] test result: ok. 4 passed; 0 failed; 0 ignored; 0 measured; 0 filtered out; finished in 0.01s
[INFO] [stdout] 
[INFO] [stderr]      Running tests/inline_at_supports.rs (/opt/rustwide/target/debug/deps/inline_at_supports-0ca49f26d3a64e73)
[INFO] [stdout] 
[INFO] [stdout] running 1 test
[INFO] [stdout] test test_inline_at_support ... ok
[INFO] [stdout] 
[INFO] [stdout] test result: ok. 1 passed; 0 failed; 0 ignored; 0 measured; 0 filtered out; finished in 0.00s
[INFO] [stdout] 
[INFO] [stderr]      Running tests/inline_complicated_attributes.rs (/opt/rustwide/target/debug/deps/inline_complicated_attributes-9254fe50f1366212)
[INFO] [stdout] 
[INFO] [stdout] running 1 test
[INFO] [stdout] test test_complicated_attributes ... ok
[INFO] [stdout] 
[INFO] [stdout] test result: ok. 1 passed; 0 failed; 0 ignored; 0 measured; 0 filtered out; finished in 0.00s
[INFO] [stdout] 
[INFO] [stderr]      Running tests/inline_display_impl.rs (/opt/rustwide/target/debug/deps/inline_display_impl-9e7028609b589626)
[INFO] [stdout] 
[INFO] [stdout] running 1 test
[INFO] [stdout] test test_display_impl ... ok
[INFO] [stdout] 
[INFO] [stdout] test result: ok. 1 passed; 0 failed; 0 ignored; 0 measured; 0 filtered out; finished in 0.01s
[INFO] [stdout] 
[INFO] [stderr]      Running tests/inline_nested_at_rule.rs (/opt/rustwide/target/debug/deps/inline_nested_at_rule-a0c9627df86313e2)
[INFO] [stdout] 
[INFO] [stdout] running 1 test
[INFO] [stdout] test test_nested_at_rule ... ok
[INFO] [stdout] 
[INFO] [stdout] test result: ok. 1 passed; 0 failed; 0 ignored; 0 measured; 0 filtered out; finished in 0.01s
[INFO] [stdout] 
[INFO] [stderr]      Running tests/inline_whitespace_workaround.rs (/opt/rustwide/target/debug/deps/inline_whitespace_workaround-05018863612783c5)
[INFO] [stdout] 
[INFO] [stdout] running 1 test
[INFO] [stdout] test test_whitespace_workaround ... ok
[INFO] [stdout] 
[INFO] [stdout] test result: ok. 1 passed; 0 failed; 0 ignored; 0 measured; 0 filtered out; finished in 0.00s
[INFO] [stdout] 
[INFO] [stdout] 
[INFO] [stderr]      Running tests/literal_at_supports.rs (/opt/rustwide/target/debug/deps/literal_at_supports-50f7fd64609f3947)
[INFO] [stdout] running 1 test
[INFO] [stdout] test test_literal_at_support ... ok
[INFO] [stdout] 
[INFO] [stdout] test result: ok. 1 passed; 0 failed; 0 ignored; 0 measured; 0 filtered out; finished in 0.00s
[INFO] [stdout] 
[INFO] [stderr]      Running tests/literal_css_referenced_value.rs (/opt/rustwide/target/debug/deps/literal_css_referenced_value-788e40ae6349099d)
[INFO] [stdout] 
[INFO] [stdout] running 1 test
[INFO] [stdout] test test_sheet_value_by_ref ... ok
[INFO] [stdout] 
[INFO] [stdout] test result: ok. 1 passed; 0 failed; 0 ignored; 0 measured; 0 filtered out; finished in 0.00s
[INFO] [stdout] 
[INFO] [stderr]      Running tests/literal_css_tests.rs (/opt/rustwide/target/debug/deps/literal_css_tests-f00f657cec607d25)
[INFO] [stdout] 
[INFO] [stdout] running 1 test
[INFO] [stdout] test test_sheet_interpolation ... ok
[INFO] [stderr]      Running tests/literal_sheet_tests.rs (/opt/rustwide/target/debug/deps/literal_sheet_tests-de2411fa1f3cf006)
[INFO] [stdout] 
[INFO] [stdout] test result: ok. 1 passed; 0 failed; 0 ignored; 0 measured; 0 filtered out; finished in 0.01s
[INFO] [stdout] 
[INFO] [stdout] 
[INFO] [stdout] running 2 tests
[INFO] [stdout] test test_sheet_interpolation ... ok
[INFO] [stderr]      Running tests/macro_integration_tests.rs (/opt/rustwide/target/debug/deps/macro_integration_tests-321c11e691c93f21)
[INFO] [stdout] test test_sheet_escaped ... ok
[INFO] [stdout] 
[INFO] [stdout] test result: ok. 2 passed; 0 failed; 0 ignored; 0 measured; 0 filtered out; finished in 0.01s
[INFO] [stdout] 
[INFO] [stderr]    Doc-tests stylist
[INFO] [stdout] 
[INFO] [stdout] running 0 tests
[INFO] [stdout] 
[INFO] [stdout] test result: ok. 0 passed; 0 failed; 0 ignored; 0 measured; 0 filtered out; finished in 0.00s
[INFO] [stdout] 
[INFO] [stdout] 
[INFO] [stdout] running 13 tests
[INFO] [stdout] test src/global_style.rs - global_style::GlobalStyle::get_style_str (line 71) ... FAILED
[INFO] [stdout] test src/global_style.rs - global_style::GlobalStyle::new (line 40) ... FAILED
[INFO] [stdout] test src/lib.rs - (line 78) ... FAILED
[INFO] [stdout] test src/lib.rs - css (line 137) ... FAILED
[INFO] [stdout] test src/style.rs - style::Style::get_class_name (line 170) ... FAILED
[INFO] [stdout] test src/style.rs - style::Style::create (line 125) ... FAILED
[INFO] [stdout] test src/style.rs - style::Style::new (line 107) ... FAILED
[INFO] [stdout] test src/style.rs - style::Style::get_style_str (line 189) ... FAILED
[INFO] [stdout] test src/style_src.rs - style_src::StyleSource (line 13) ... FAILED
[INFO] [stdout] test src/lib.rs - style (line 170) ... ok
[INFO] [stdout] test src/lib.rs - global_style (line 155) ... ok
[INFO] [stdout] test src/macros.rs - macros (line 126) ... ok
[INFO] [stdout] test src/macros.rs - macros (line 36) ... ok
[INFO] [stdout] 
[INFO] [stdout] failures:
[INFO] [stdout] 
[INFO] [stdout] ---- src/global_style.rs - global_style::GlobalStyle::get_style_str (line 71) stdout ----
[INFO] [stdout] error[E0277]: the trait bound `StyleSource: From<&str>` is not satisfied
[INFO] [stdout]  --> src/global_style.rs:75:13
[INFO] [stdout]   |
[INFO] [stdout] 7 | let style = GlobalStyle::new("background-color: red;")?;
[INFO] [stdout]   |             ^^^^^^^^^^^^^^^^ the trait `From<&str>` is not implemented for `StyleSource`
[INFO] [stdout]   |
[INFO] [stdout]   = help: the trait `From<Sheet>` is implemented for `StyleSource`
[INFO] [stdout]   = help: for that trait implementation, expected `Sheet`, found `&str`
[INFO] [stdout]   = note: required for `&str` to implement `Into<StyleSource>`
[INFO] [stdout]   = note: required for `StyleSource` to implement `TryFrom<&str>`
[INFO] [stdout] 
[INFO] [stdout] error: aborting due to 1 previous error
[INFO] [stdout] 
[INFO] [stdout] For more information about this error, try `rustc --explain E0277`.
[INFO] [stdout] Couldn't compile the test.
[INFO] [stdout] ---- src/global_style.rs - global_style::GlobalStyle::new (line 40) stdout ----
[INFO] [stdout] error[E0277]: the trait bound `StyleSource: From<&str>` is not satisfied
[INFO] [stdout]  --> src/global_style.rs:44:13
[INFO] [stdout]   |
[INFO] [stdout] 7 | let style = Style::new("background-color: red;")?;
[INFO] [stdout]   |             ^^^^^^^^^^ the trait `From<&str>` is not implemented for `StyleSource`
[INFO] [stdout]   |
[INFO] [stdout]   = help: the trait `From<Sheet>` is implemented for `StyleSource`
[INFO] [stdout]   = help: for that trait implementation, expected `Sheet`, found `&str`
[INFO] [stdout]   = note: required for `&str` to implement `Into<StyleSource>`
[INFO] [stdout]   = note: required for `StyleSource` to implement `TryFrom<&str>`
[INFO] [stdout] 
[INFO] [stdout] error: aborting due to 1 previous error
[INFO] [stdout] 
[INFO] [stdout] For more information about this error, try `rustc --explain E0277`.
[INFO] [stdout] Couldn't compile the test.
[INFO] [stdout] ---- src/lib.rs - (line 78) stdout ----
[INFO] [stdout] error[E0277]: the trait bound `StyleSource: From<&str>` is not satisfied
[INFO] [stdout]  --> src/lib.rs:82:13
[INFO] [stdout]   |
[INFO] [stdout] 7 | let style = Style::new(
[INFO] [stdout]   |             ^^^^^^^^^^ the trait `From<&str>` is not implemented for `StyleSource`
[INFO] [stdout]   |
[INFO] [stdout]   = help: the trait `From<Sheet>` is implemented for `StyleSource`
[INFO] [stdout]   = help: for that trait implementation, expected `Sheet`, found `&str`
[INFO] [stdout]   = note: required for `&str` to implement `Into<StyleSource>`
[INFO] [stdout]   = note: required for `StyleSource` to implement `TryFrom<&str>`
[INFO] [stdout] 
[INFO] [stdout] error: aborting due to 1 previous error
[INFO] [stdout] 
[INFO] [stdout] For more information about this error, try `rustc --explain E0277`.
[INFO] [stdout] Couldn't compile the test.
[INFO] [stdout] ---- src/lib.rs - css (line 137) stdout ----
[INFO] [stdout] error[E0432]: unresolved import `stylist::yew`
[INFO] [stdout]  --> src/lib.rs:140:14
[INFO] [stdout]   |
[INFO] [stdout] 6 | use stylist::yew::Global;
[INFO] [stdout]   |              ^^^ could not find `yew` in `stylist`
[INFO] [stdout] 
[INFO] [stdout] error[E0277]: the trait bound `Classes: From<StyleSource>` is not satisfied
[INFO] [stdout]  --> src/lib.rs:143:35
[INFO] [stdout]   |
[INFO] [stdout] 9 | let rendered = html! {<div class={css!("color: red;")} />};
[INFO] [stdout]   |                -------------------^^^^^^^^^^^^^^^^^^^-----
[INFO] [stdout]   |                |                  |
[INFO] [stdout]   |                |                  the trait `From<StyleSource>` is not implemented for `Classes`
[INFO] [stdout]   |                required by a bound introduced by this call
[INFO] [stdout]   |
[INFO] [stdout]   = help: the following other types implement trait `From<T>`:
[INFO] [stdout]             <Classes as From<Cow<'static, str>>>
[INFO] [stdout]             <Classes as From<implicit_clone::unsync::string::IString>>
[INFO] [stdout]             <Classes as From<Vec<T>>>
[INFO] [stdout]             <Classes as From<String>>
[INFO] [stdout]             <Classes as From<Option<T>>>
[INFO] [stdout]             <Classes as From<[T; SIZE]>>
[INFO] [stdout]             <Classes as From<&String>>
[INFO] [stdout]             <Classes as From<&implicit_clone::unsync::string::IString>>
[INFO] [stdout]           and 3 others
[INFO] [stdout]   = note: required for `StyleSource` to implement `Into<Classes>`
[INFO] [stdout]   = note: this error originates in the macro `css` (in Nightly builds, run with -Z macro-backtrace for more info)
[INFO] [stdout] 
[INFO] [stdout] error: aborting due to 2 previous errors
[INFO] [stdout] 
[INFO] [stdout] Some errors have detailed explanations: E0277, E0432.
[INFO] [stdout] For more information about an error, try `rustc --explain E0277`.
[INFO] [stdout] Couldn't compile the test.
[INFO] [stdout] ---- src/style.rs - style::Style::get_class_name (line 170) stdout ----
[INFO] [stdout] error[E0277]: the trait bound `StyleSource: From<&str>` is not satisfied
[INFO] [stdout]  --> src/style.rs:174:13
[INFO] [stdout]   |
[INFO] [stdout] 7 | let style = Style::create("my-component", "background-color: red;")?;
[INFO] [stdout]   |             ^^^^^^^^^^^^^ the trait `From<&str>` is not implemented for `StyleSource`
[INFO] [stdout]   |
[INFO] [stdout]   = help: the trait `From<Sheet>` is implemented for `StyleSource`
[INFO] [stdout]   = help: for that trait implementation, expected `Sheet`, found `&str`
[INFO] [stdout]   = note: required for `&str` to implement `Into<StyleSource>`
[INFO] [stdout]   = note: required for `StyleSource` to implement `TryFrom<&str>`
[INFO] [stdout] 
[INFO] [stdout] error: aborting due to 1 previous error
[INFO] [stdout] 
[INFO] [stdout] For more information about this error, try `rustc --explain E0277`.
[INFO] [stdout] Couldn't compile the test.
[INFO] [stdout] ---- src/style.rs - style::Style::create (line 125) stdout ----
[INFO] [stdout] error[E0277]: the trait bound `StyleSource: From<&str>` is not satisfied
[INFO] [stdout]  --> src/style.rs:129:13
[INFO] [stdout]   |
[INFO] [stdout] 7 | let style = Style::create("my-component", "background-color: red;")?;
[INFO] [stdout]   |             ^^^^^^^^^^^^^ the trait `From<&str>` is not implemented for `StyleSource`
[INFO] [stdout]   |
[INFO] [stdout]   = help: the trait `From<Sheet>` is implemented for `StyleSource`
[INFO] [stdout]   = help: for that trait implementation, expected `Sheet`, found `&str`
[INFO] [stdout]   = note: required for `&str` to implement `Into<StyleSource>`
[INFO] [stdout]   = note: required for `StyleSource` to implement `TryFrom<&str>`
[INFO] [stdout] 
[INFO] [stdout] error: aborting due to 1 previous error
[INFO] [stdout] 
[INFO] [stdout] For more information about this error, try `rustc --explain E0277`.
[INFO] [stdout] Couldn't compile the test.
[INFO] [stdout] ---- src/style.rs - style::Style::new (line 107) stdout ----
[INFO] [stdout] error[E0277]: the trait bound `StyleSource: From<&str>` is not satisfied
[INFO] [stdout]  --> src/style.rs:111:13
[INFO] [stdout]   |
[INFO] [stdout] 7 | let style = Style::new("background-color: red;")?;
[INFO] [stdout]   |             ^^^^^^^^^^ the trait `From<&str>` is not implemented for `StyleSource`
[INFO] [stdout]   |
[INFO] [stdout]   = help: the trait `From<Sheet>` is implemented for `StyleSource`
[INFO] [stdout]   = help: for that trait implementation, expected `Sheet`, found `&str`
[INFO] [stdout]   = note: required for `&str` to implement `Into<StyleSource>`
[INFO] [stdout]   = note: required for `StyleSource` to implement `TryFrom<&str>`
[INFO] [stdout] 
[INFO] [stdout] error: aborting due to 1 previous error
[INFO] [stdout] 
[INFO] [stdout] For more information about this error, try `rustc --explain E0277`.
[INFO] [stdout] Couldn't compile the test.
[INFO] [stdout] ---- src/style.rs - style::Style::get_style_str (line 189) stdout ----
[INFO] [stdout] error[E0277]: the trait bound `StyleSource: From<&str>` is not satisfied
[INFO] [stdout]  --> src/style.rs:193:13
[INFO] [stdout]   |
[INFO] [stdout] 7 | let style = Style::create("my-component", "background-color: red;")?;
[INFO] [stdout]   |             ^^^^^^^^^^^^^ the trait `From<&str>` is not implemented for `StyleSource`
[INFO] [stdout]   |
[INFO] [stdout]   = help: the trait `From<Sheet>` is implemented for `StyleSource`
[INFO] [stdout]   = help: for that trait implementation, expected `Sheet`, found `&str`
[INFO] [stdout]   = note: required for `&str` to implement `Into<StyleSource>`
[INFO] [stdout]   = note: required for `StyleSource` to implement `TryFrom<&str>`
[INFO] [stdout] 
[INFO] [stdout] error: aborting due to 1 previous error
[INFO] [stdout] 
[INFO] [stdout] For more information about this error, try `rustc --explain E0277`.
[INFO] [stdout] Couldn't compile the test.
[INFO] [stdout] ---- src/style_src.rs - style_src::StyleSource (line 13) stdout ----
[INFO] [stdout] error[E0432]: unresolved import `stylist::yew`
[INFO] [stdout]  --> src/style_src.rs:15:14
[INFO] [stdout]   |
[INFO] [stdout] 5 | use stylist::yew::Global;
[INFO] [stdout]   |              ^^^ could not find `yew` in `stylist`
[INFO] [stdout] 
[INFO] [stdout] error[E0277]: the trait bound `Classes: From<StyleSource>` is not satisfied
[INFO] [stdout]   --> src/style_src.rs:21:35
[INFO] [stdout]    |
[INFO] [stdout] 11 | let rendered = html! {<div class={s.clone()} />};
[INFO] [stdout]    |                -------------------^^^^^^^^^-----
[INFO] [stdout]    |                |                  |
[INFO] [stdout]    |                |                  the trait `From<StyleSource>` is not implemented for `Classes`
[INFO] [stdout]    |                required by a bound introduced by this call
[INFO] [stdout]    |
[INFO] [stdout]    = help: the following other types implement trait `From<T>`:
[INFO] [stdout]              <Classes as From<Cow<'static, str>>>
[INFO] [stdout]              <Classes as From<implicit_clone::unsync::string::IString>>
[INFO] [stdout]              <Classes as From<Vec<T>>>
[INFO] [stdout]              <Classes as From<String>>
[INFO] [stdout]              <Classes as From<Option<T>>>
[INFO] [stdout]              <Classes as From<[T; SIZE]>>
[INFO] [stdout]              <Classes as From<&String>>
[INFO] [stdout]              <Classes as From<&implicit_clone::unsync::string::IString>>
[INFO] [stdout]            and 3 others
[INFO] [stdout]    = note: required for `StyleSource` to implement `Into<Classes>`
[INFO] [stdout] 
[INFO] [stdout] error: aborting due to 2 previous errors
[INFO] [stdout] 
[INFO] [stdout] Some errors have detailed explanations: E0277, E0432.
[INFO] [stdout] For more information about an error, try `rustc --explain E0277`.
[INFO] [stdout] Couldn't compile the test.
[INFO] [stdout] 
[INFO] [stdout] failures:
[INFO] [stdout]     src/global_style.rs - global_style::GlobalStyle::get_style_str (line 71)
[INFO] [stdout]     src/global_style.rs - global_style::GlobalStyle::new (line 40)
[INFO] [stdout]     src/lib.rs - (line 78)
[INFO] [stdout]     src/lib.rs - css (line 137)
[INFO] [stdout]     src/style.rs - style::Style::create (line 125)
[INFO] [stdout]     src/style.rs - style::Style::get_class_name (line 170)
[INFO] [stdout]     src/style.rs - style::Style::get_style_str (line 189)
[INFO] [stdout]     src/style.rs - style::Style::new (line 107)
[INFO] [stdout]     src/style_src.rs - style_src::StyleSource (line 13)
[INFO] [stdout] 
[INFO] [stdout] test result: FAILED. 4 passed; 9 failed; 0 ignored; 0 measured; 0 filtered out; finished in 1.76s
[INFO] [stdout] 
[INFO] [stderr] error: doctest failed, to rerun pass `--doc`
[INFO] running `Command { std: "docker" "inspect" "495675c2df8e3593a39388168aa4271cfeaf185f31e42cf67634866e67d950c0", kill_on_drop: false }`
[INFO] running `Command { std: "docker" "rm" "-f" "495675c2df8e3593a39388168aa4271cfeaf185f31e42cf67634866e67d950c0", kill_on_drop: false }`
[INFO] [stdout] 495675c2df8e3593a39388168aa4271cfeaf185f31e42cf67634866e67d950c0
