[INFO] fetching crate stylish-core 0.1.1...
[INFO] testing stylish-core-0.1.1 against 1.75.0 for beta-1.76-1
[INFO] extracting crate stylish-core 0.1.1 into /workspace/builds/worker-6-tc1/source
[INFO] validating manifest of crates.io crate stylish-core 0.1.1 on toolchain 1.75.0
[INFO] running `Command { std: CARGO_HOME="/workspace/cargo-home" RUSTUP_HOME="/workspace/rustup-home" "/workspace/cargo-home/bin/cargo" "+1.75.0" "metadata" "--manifest-path" "Cargo.toml" "--no-deps", kill_on_drop: false }`
[INFO] started tweaking crates.io crate stylish-core 0.1.1
[INFO] finished tweaking crates.io crate stylish-core 0.1.1
[INFO] tweaked toml for crates.io crate stylish-core 0.1.1 written to /workspace/builds/worker-6-tc1/source/Cargo.toml
[INFO] running `Command { std: CARGO_HOME="/workspace/cargo-home" RUSTUP_HOME="/workspace/rustup-home" "/workspace/cargo-home/bin/cargo" "+1.75.0" "generate-lockfile" "--manifest-path" "Cargo.toml", kill_on_drop: false }`
[INFO] [stderr]     Updating crates.io index
[INFO] running `Command { std: CARGO_HOME="/workspace/cargo-home" RUSTUP_HOME="/workspace/rustup-home" "/workspace/cargo-home/bin/cargo" "+1.75.0" "fetch" "--manifest-path" "Cargo.toml", kill_on_drop: false }`
[INFO] [stderr]  Downloading crates ...
[INFO] [stderr]   Downloaded stylish-core v0.1.1
[INFO] [stderr]   Downloaded with_builtin_macros-proc_macros v0.0.3
[INFO] [stderr]   Downloaded stylish-macros v0.1.1
[INFO] [stderr]   Downloaded with_builtin_macros v0.0.3
[INFO] [stderr]   Downloaded stylish-plain v0.1.0
[INFO] [stderr]   Downloaded stylish v0.1.0
[INFO] [stderr]   Downloaded stylish-style v0.1.0
[INFO] [stderr]   Downloaded stylish-ansi v0.1.1
[INFO] [stderr]   Downloaded stylish-html v0.1.1
[INFO] [stderr]   Downloaded stack_dst v0.6.1
[INFO] running `Command { std: "docker" "create" "-v" "/var/lib/crater-agent-workspace/builds/worker-6-tc1/target:/opt/rustwide/target:rw,Z" "-v" "/var/lib/crater-agent-workspace/builds/worker-6-tc1/source:/opt/rustwide/workdir:ro,Z" "-v" "/var/lib/crater-agent-workspace/cargo-home:/opt/rustwide/cargo-home:ro,Z" "-v" "/var/lib/crater-agent-workspace/rustup-home:/opt/rustwide/rustup-home:ro,Z" "-e" "SOURCE_DIR=/opt/rustwide/workdir" "-e" "CARGO_TARGET_DIR=/opt/rustwide/target" "-e" "CARGO_HOME=/opt/rustwide/cargo-home" "-e" "RUSTUP_HOME=/opt/rustwide/rustup-home" "-w" "/opt/rustwide/workdir" "-m" "1610612736" "--user" "0:0" "--network" "none" "ghcr.io/rust-lang/crates-build-env/linux@sha256:2788e3201cd34a07e3172128adcd8b3090168a8e3bcc40d7c032b9dda1df7d1c" "/opt/rustwide/cargo-home/bin/cargo" "+1.75.0" "metadata" "--no-deps" "--format-version=1", kill_on_drop: false }`
[INFO] [stdout] 190afd42ad7ddb6e839e6e0a9685df4d6a797b7febd35183dd456f19fe9391e3
[INFO] running `Command { std: "docker" "start" "-a" "190afd42ad7ddb6e839e6e0a9685df4d6a797b7febd35183dd456f19fe9391e3", kill_on_drop: false }`
[INFO] running `Command { std: "docker" "inspect" "190afd42ad7ddb6e839e6e0a9685df4d6a797b7febd35183dd456f19fe9391e3", kill_on_drop: false }`
[INFO] running `Command { std: "docker" "rm" "-f" "190afd42ad7ddb6e839e6e0a9685df4d6a797b7febd35183dd456f19fe9391e3", kill_on_drop: false }`
[INFO] [stdout] 190afd42ad7ddb6e839e6e0a9685df4d6a797b7febd35183dd456f19fe9391e3
[INFO] running `Command { std: "docker" "create" "-v" "/var/lib/crater-agent-workspace/builds/worker-6-tc1/target:/opt/rustwide/target:rw,Z" "-v" "/var/lib/crater-agent-workspace/builds/worker-6-tc1/source:/opt/rustwide/workdir:ro,Z" "-v" "/var/lib/crater-agent-workspace/cargo-home:/opt/rustwide/cargo-home:ro,Z" "-v" "/var/lib/crater-agent-workspace/rustup-home:/opt/rustwide/rustup-home:ro,Z" "-e" "SOURCE_DIR=/opt/rustwide/workdir" "-e" "CARGO_TARGET_DIR=/opt/rustwide/target" "-e" "CARGO_INCREMENTAL=0" "-e" "RUST_BACKTRACE=full" "-e" "RUSTFLAGS=--cap-lints=warn" "-e" "RUSTDOCFLAGS=--cap-lints=warn" "-e" "CARGO_HOME=/opt/rustwide/cargo-home" "-e" "RUSTUP_HOME=/opt/rustwide/rustup-home" "-w" "/opt/rustwide/workdir" "-m" "1610612736" "--user" "0:0" "--network" "none" "ghcr.io/rust-lang/crates-build-env/linux@sha256:2788e3201cd34a07e3172128adcd8b3090168a8e3bcc40d7c032b9dda1df7d1c" "/opt/rustwide/cargo-home/bin/cargo" "+1.75.0" "build" "--frozen" "--message-format=json", kill_on_drop: false }`
[INFO] [stdout] 0526697a335e4865ce3a9df1a7cc7c4cd26495cd25259c5a4bdc17e54bf10750
[INFO] running `Command { std: "docker" "start" "-a" "0526697a335e4865ce3a9df1a7cc7c4cd26495cd25259c5a4bdc17e54bf10750", kill_on_drop: false }`
[INFO] [stderr]    Compiling stack_dst v0.6.1
[INFO] [stderr]    Compiling stylish-style v0.1.0
[INFO] [stderr]    Compiling stylish-core v0.1.1 (/opt/rustwide/workdir)
[INFO] [stderr]     Finished dev [unoptimized + debuginfo] target(s) in 6.36s
[INFO] running `Command { std: "docker" "inspect" "0526697a335e4865ce3a9df1a7cc7c4cd26495cd25259c5a4bdc17e54bf10750", kill_on_drop: false }`
[INFO] running `Command { std: "docker" "rm" "-f" "0526697a335e4865ce3a9df1a7cc7c4cd26495cd25259c5a4bdc17e54bf10750", kill_on_drop: false }`
[INFO] [stdout] 0526697a335e4865ce3a9df1a7cc7c4cd26495cd25259c5a4bdc17e54bf10750
[INFO] running `Command { std: "docker" "create" "-v" "/var/lib/crater-agent-workspace/builds/worker-6-tc1/target:/opt/rustwide/target:rw,Z" "-v" "/var/lib/crater-agent-workspace/builds/worker-6-tc1/source:/opt/rustwide/workdir:ro,Z" "-v" "/var/lib/crater-agent-workspace/cargo-home:/opt/rustwide/cargo-home:ro,Z" "-v" "/var/lib/crater-agent-workspace/rustup-home:/opt/rustwide/rustup-home:ro,Z" "-e" "SOURCE_DIR=/opt/rustwide/workdir" "-e" "CARGO_TARGET_DIR=/opt/rustwide/target" "-e" "CARGO_INCREMENTAL=0" "-e" "RUST_BACKTRACE=full" "-e" "RUSTFLAGS=--cap-lints=warn" "-e" "RUSTDOCFLAGS=--cap-lints=warn" "-e" "CARGO_HOME=/opt/rustwide/cargo-home" "-e" "RUSTUP_HOME=/opt/rustwide/rustup-home" "-w" "/opt/rustwide/workdir" "-m" "1610612736" "--user" "0:0" "--network" "none" "ghcr.io/rust-lang/crates-build-env/linux@sha256:2788e3201cd34a07e3172128adcd8b3090168a8e3bcc40d7c032b9dda1df7d1c" "/opt/rustwide/cargo-home/bin/cargo" "+1.75.0" "test" "--frozen" "--no-run" "--message-format=json", kill_on_drop: false }`
[INFO] [stdout] df28eaa9ebcfbebd4fb3517f8b8cac2c6b73d2f6a1a747ba5a28430d6b8d77be
[INFO] running `Command { std: "docker" "start" "-a" "df28eaa9ebcfbebd4fb3517f8b8cac2c6b73d2f6a1a747ba5a28430d6b8d77be", kill_on_drop: false }`
[INFO] [stderr]    Compiling proc-macro2 v1.0.75
[INFO] [stderr]    Compiling unicode-ident v1.0.12
[INFO] [stderr]    Compiling syn v1.0.109
[INFO] [stderr]    Compiling minimal-lexical v0.2.1
[INFO] [stderr]    Compiling memchr v2.7.1
[INFO] [stderr]    Compiling stylish-style v0.1.0
[INFO] [stderr]    Compiling nom v7.1.3
[INFO] [stderr]    Compiling quote v1.0.35
[INFO] [stderr]    Compiling with_builtin_macros-proc_macros v0.0.3
[INFO] [stderr]    Compiling stylish-macros v0.1.1
[INFO] [stderr]    Compiling with_builtin_macros v0.0.3
[INFO] [stderr]    Compiling stylish-core v0.1.1
[INFO] [stderr]    Compiling stylish v0.1.0
[INFO] [stderr]    Compiling stylish-core v0.1.1 (/opt/rustwide/workdir)
[INFO] [stderr]     Finished test [unoptimized + debuginfo] target(s) in 14.34s
[INFO] running `Command { std: "docker" "inspect" "df28eaa9ebcfbebd4fb3517f8b8cac2c6b73d2f6a1a747ba5a28430d6b8d77be", kill_on_drop: false }`
[INFO] running `Command { std: "docker" "rm" "-f" "df28eaa9ebcfbebd4fb3517f8b8cac2c6b73d2f6a1a747ba5a28430d6b8d77be", kill_on_drop: false }`
[INFO] [stdout] df28eaa9ebcfbebd4fb3517f8b8cac2c6b73d2f6a1a747ba5a28430d6b8d77be
[INFO] running `Command { std: "docker" "create" "-v" "/var/lib/crater-agent-workspace/builds/worker-6-tc1/target:/opt/rustwide/target:rw,Z" "-v" "/var/lib/crater-agent-workspace/builds/worker-6-tc1/source:/opt/rustwide/workdir:ro,Z" "-v" "/var/lib/crater-agent-workspace/cargo-home:/opt/rustwide/cargo-home:ro,Z" "-v" "/var/lib/crater-agent-workspace/rustup-home:/opt/rustwide/rustup-home:ro,Z" "-e" "SOURCE_DIR=/opt/rustwide/workdir" "-e" "CARGO_TARGET_DIR=/opt/rustwide/target" "-e" "CARGO_INCREMENTAL=0" "-e" "RUST_BACKTRACE=full" "-e" "RUSTFLAGS=--cap-lints=warn" "-e" "RUSTDOCFLAGS=--cap-lints=warn" "-e" "CARGO_HOME=/opt/rustwide/cargo-home" "-e" "RUSTUP_HOME=/opt/rustwide/rustup-home" "-w" "/opt/rustwide/workdir" "-m" "1610612736" "--user" "0:0" "--network" "none" "ghcr.io/rust-lang/crates-build-env/linux@sha256:2788e3201cd34a07e3172128adcd8b3090168a8e3bcc40d7c032b9dda1df7d1c" "/opt/rustwide/cargo-home/bin/cargo" "+1.75.0" "test" "--frozen", kill_on_drop: false }`
[INFO] [stdout] 38b11ca84a22b1a105fec2da9f2b7a88bb89736a89c6eeecd272b0c2df7f10f0
[INFO] running `Command { std: "docker" "start" "-a" "38b11ca84a22b1a105fec2da9f2b7a88bb89736a89c6eeecd272b0c2df7f10f0", kill_on_drop: false }`
[INFO] [stderr]     Finished test [unoptimized + debuginfo] target(s) in 0.04s
[INFO] [stderr]      Running unittests src/lib.rs (/opt/rustwide/target/debug/deps/stylish_core-92e08a3152892f90)
[INFO] [stdout] 
[INFO] [stdout] running 0 tests
[INFO] [stdout] 
[INFO] [stdout] test result: ok. 0 passed; 0 failed; 0 ignored; 0 measured; 0 filtered out; finished in 0.00s
[INFO] [stdout] 
[INFO] [stderr]    Doc-tests stylish-core
[INFO] [stdout] 
[INFO] [stdout] running 23 tests
[INFO] [stdout] test src/display.rs - display::Display::fmt (line 32) ... FAILED
[INFO] [stdout] test src/formatter.rs - formatter::Formatter<'a>::with (line 74) ... FAILED
[INFO] [stdout] test src/formatter.rs - formatter::Formatter<'a>::write_str (line 113) ... FAILED
[INFO] [stdout] test src/arguments.rs - arguments::Arguments (line 66) ... FAILED
[INFO] [stdout] test src/display.rs - display::Display (line 9) ... FAILED
[INFO] [stdout] test src/format.rs - format::format (line 50) ... FAILED
[INFO] [stdout] test src/format.rs - format::format (line 36) ... FAILED
[INFO] [stdout] test src/formatter.rs - formatter::Formatter<'a>::write_fmt (line 141) ... FAILED
[INFO] [stdout] test src/io.rs - io::Write::flush (line 128) ... FAILED
[INFO] [stdout] test src/io.rs - io::Write (line 53) ... FAILED
[INFO] [stdout] test src/io.rs - io::Write::write (line 104) ... FAILED
[INFO] [stdout] test src/io.rs - io::Write::write_fmt (line 211) ... FAILED
[INFO] [stdout] test src/io.rs - io::Write::write_all (line 164) ... FAILED
[INFO] [stdout] test src/io.rs - io::Write::by_ref (line 230) ... FAILED
[INFO] [stdout] test src/string.rs - string::String::new (line 51) ... FAILED
[INFO] [stdout] test src/write.rs - write::Write::write_str (line 20) ... FAILED
[INFO] [stdout] test src/string.rs - string::String (line 29) ... FAILED
[INFO] [stdout] test src/write.rs - write::Write::write_char (line 46) ... FAILED
[INFO] [stdout] test src/write.rs - write::write (line 121) ... FAILED
[INFO] [stdout] test src/write.rs - write::writeln (line 150) ... FAILED
[INFO] [stdout] test src/write.rs - write::Write::write_fmt (line 77) ... FAILED
[INFO] [stdout] test src/string.rs - string::String (line 12) ... ok
[INFO] [stdout] test src/string.rs - string::String (line 18) ... ok
[INFO] [stdout] 
[INFO] [stdout] failures:
[INFO] [stdout] 
[INFO] [stdout] ---- src/display.rs - display::Display::fmt (line 32) stdout ----
[INFO] [stdout] error[E0433]: failed to resolve: could not find `html` in `stylish`
[INFO] [stdout]   --> src/display.rs:46:26
[INFO] [stdout]    |
[INFO] [stdout] 16 | let formatted = stylish::html::format!("Hello {:s} and {:s}", Name("Ferris"), Name("Gorris"));
[INFO] [stdout]    |                          ^^^^ could not find `html` in `stylish`
[INFO] [stdout] 
[INFO] [stdout] error: aborting due to previous error
[INFO] [stdout] 
[INFO] [stdout] For more information about this error, try `rustc --explain E0433`.
[INFO] [stdout] Couldn't compile the test.
[INFO] [stdout] ---- src/formatter.rs - formatter::Formatter<'a>::with (line 74) stdout ----
[INFO] [stdout] error[E0433]: failed to resolve: could not find `html` in `stylish`
[INFO] [stdout]   --> src/formatter.rs:88:26
[INFO] [stdout]    |
[INFO] [stdout] 16 | let formatted = stylish::html::format!("Hello {:s} and {:s}", Name("Ferris"), Name("Gorris"));
[INFO] [stdout]    |                          ^^^^ could not find `html` in `stylish`
[INFO] [stdout] 
[INFO] [stdout] error: aborting due to previous error
[INFO] [stdout] 
[INFO] [stdout] For more information about this error, try `rustc --explain E0433`.
[INFO] [stdout] Couldn't compile the test.
[INFO] [stdout] ---- src/formatter.rs - formatter::Formatter<'a>::write_str (line 113) stdout ----
[INFO] [stdout] error[E0433]: failed to resolve: could not find `html` in `stylish`
[INFO] [stdout]   --> src/formatter.rs:127:26
[INFO] [stdout]    |
[INFO] [stdout] 16 | let formatted = stylish::html::format!("Hello {:s} and {:s}", Name("Ferris"), Name("Gorris"));
[INFO] [stdout]    |                          ^^^^ could not find `html` in `stylish`
[INFO] [stdout] 
[INFO] [stdout] error: aborting due to previous error
[INFO] [stdout] 
[INFO] [stdout] For more information about this error, try `rustc --explain E0433`.
[INFO] [stdout] Couldn't compile the test.
[INFO] [stdout] ---- src/arguments.rs - arguments::Arguments (line 66) stdout ----
[INFO] [stdout] error[E0433]: failed to resolve: could not find `html` in `stylish`
[INFO] [stdout]  --> src/arguments.rs:69:14
[INFO] [stdout]   |
[INFO] [stdout] 5 |     stylish::html::format!("{:s}", args),
[INFO] [stdout]   |              ^^^^ could not find `html` in `stylish`
[INFO] [stdout] 
[INFO] [stdout] error: aborting due to previous error
[INFO] [stdout] 
[INFO] [stdout] For more information about this error, try `rustc --explain E0433`.
[INFO] [stdout] Couldn't compile the test.
[INFO] [stdout] ---- src/display.rs - display::Display (line 9) stdout ----
[INFO] [stdout] error[E0433]: failed to resolve: could not find `html` in `stylish`
[INFO] [stdout]   --> src/display.rs:23:26
[INFO] [stdout]    |
[INFO] [stdout] 16 | let formatted = stylish::html::format!("Hello {:s} and {:s}", Name("Ferris"), Name("Gorris"));
[INFO] [stdout]    |                          ^^^^ could not find `html` in `stylish`
[INFO] [stdout] 
[INFO] [stdout] error: aborting due to previous error
[INFO] [stdout] 
[INFO] [stdout] For more information about this error, try `rustc --explain E0433`.
[INFO] [stdout] Couldn't compile the test.
[INFO] [stdout] ---- src/format.rs - format::format (line 50) stdout ----
[INFO] [stdout] error[E0433]: failed to resolve: could not find `html` in `stylish`
[INFO] [stdout]  --> src/format.rs:53:14
[INFO] [stdout]   |
[INFO] [stdout] 5 |     stylish::html::format!("{:s}", s),
[INFO] [stdout]   |              ^^^^ could not find `html` in `stylish`
[INFO] [stdout] 
[INFO] [stdout] error: aborting due to previous error
[INFO] [stdout] 
[INFO] [stdout] For more information about this error, try `rustc --explain E0433`.
[INFO] [stdout] Couldn't compile the test.
[INFO] [stdout] ---- src/format.rs - format::format (line 36) stdout ----
[INFO] [stdout] error[E0433]: failed to resolve: could not find `html` in `stylish`
[INFO] [stdout]  --> src/format.rs:42:14
[INFO] [stdout]   |
[INFO] [stdout] 8 |     stylish::html::format!("{:s}", s),
[INFO] [stdout]   |              ^^^^ could not find `html` in `stylish`
[INFO] [stdout] 
[INFO] [stdout] error: aborting due to previous error
[INFO] [stdout] 
[INFO] [stdout] For more information about this error, try `rustc --explain E0433`.
[INFO] [stdout] Couldn't compile the test.
[INFO] [stdout] ---- src/formatter.rs - formatter::Formatter<'a>::write_fmt (line 141) stdout ----
[INFO] [stdout] error[E0433]: failed to resolve: could not find `html` in `stylish`
[INFO] [stdout]   --> src/formatter.rs:154:26
[INFO] [stdout]    |
[INFO] [stdout] 15 | let formatted = stylish::html::format!("Hello {:s} and {:s}", Name("Ferris"), Name("Gorris"));
[INFO] [stdout]    |                          ^^^^ could not find `html` in `stylish`
[INFO] [stdout] 
[INFO] [stdout] error: aborting due to previous error
[INFO] [stdout] 
[INFO] [stdout] For more information about this error, try `rustc --explain E0433`.
[INFO] [stdout] Couldn't compile the test.
[INFO] [stdout] ---- src/io.rs - io::Write::flush (line 128) stdout ----
[INFO] [stdout] error[E0425]: cannot find function `plain` in module `stylish::io`
[INFO] [stdout]   --> src/io.rs:131:31
[INFO] [stdout]    |
[INFO] [stdout] 5  | let mut output = stylish::io::plain(std::io::stdout());
[INFO] [stdout]    |                               ^^^^^ not found in `stylish::io`
[INFO] [stdout]    |
[INFO] [stdout] note: found an item that was configured out
[INFO] [stdout]   --> /opt/rustwide/cargo-home/registry/src/index.crates.io-6f17d22bba15001f/stylish-0.1.0/src/lib.rs:73:12
[INFO] [stdout]    |
[INFO] [stdout] 73 |     pub fn plain<T: std::io::Write>(inner: T) -> Plain<T> {
[INFO] [stdout]    |            ^^^^^
[INFO] [stdout]    = note: the item is gated behind the `plain` feature
[INFO] [stdout] 
[INFO] [stdout] error: unused import: `io::Write`
[INFO] [stdout]  --> src/io.rs:129:15
[INFO] [stdout]   |
[INFO] [stdout] 3 | use stylish::{io::Write, Color, Foreground, Style};
[INFO] [stdout]   |               ^^^^^^^^^
[INFO] [stdout]   |
[INFO] [stdout] note: the lint level is defined here
[INFO] [stdout]  --> src/io.rs:127:9
[INFO] [stdout]   |
[INFO] [stdout] 1 | #![deny(warnings)]
[INFO] [stdout]   |         ^^^^^^^^
[INFO] [stdout]   = note: `#[deny(unused_imports)]` implied by `#[deny(warnings)]`
[INFO] [stdout] 
[INFO] [stdout] error: aborting due to 2 previous errors
[INFO] [stdout] 
[INFO] [stdout] For more information about this error, try `rustc --explain E0425`.
[INFO] [stdout] Couldn't compile the test.
[INFO] [stdout] ---- src/io.rs - io::Write (line 53) stdout ----
[INFO] [stdout] error[E0425]: cannot find function `plain` in module `stylish::io`
[INFO] [stdout]   --> src/io.rs:60:31
[INFO] [stdout]    |
[INFO] [stdout] 9  | let mut output = stylish::io::plain(std::io::stdout());
[INFO] [stdout]    |                               ^^^^^ not found in `stylish::io`
[INFO] [stdout]    |
[INFO] [stdout] note: found an item that was configured out
[INFO] [stdout]   --> /opt/rustwide/cargo-home/registry/src/index.crates.io-6f17d22bba15001f/stylish-0.1.0/src/lib.rs:73:12
[INFO] [stdout]    |
[INFO] [stdout] 73 |     pub fn plain<T: std::io::Write>(inner: T) -> Plain<T> {
[INFO] [stdout]    |            ^^^^^
[INFO] [stdout]    = note: the item is gated behind the `plain` feature
[INFO] [stdout] 
[INFO] [stdout] error: unused import: `io::Write`
[INFO] [stdout]  --> src/io.rs:54:15
[INFO] [stdout]   |
[INFO] [stdout] 3 | use stylish::{io::Write, Foreground, Color, Style};
[INFO] [stdout]   |               ^^^^^^^^^
[INFO] [stdout]   |
[INFO] [stdout] note: the lint level is defined here
[INFO] [stdout]  --> src/io.rs:52:9
[INFO] [stdout]   |
[INFO] [stdout] 1 | #![deny(warnings)]
[INFO] [stdout]   |         ^^^^^^^^
[INFO] [stdout]   = note: `#[deny(unused_imports)]` implied by `#[deny(warnings)]`
[INFO] [stdout] 
[INFO] [stdout] error: aborting due to 2 previous errors
[INFO] [stdout] 
[INFO] [stdout] For more information about this error, try `rustc --explain E0425`.
[INFO] [stdout] Couldn't compile the test.
[INFO] [stdout] ---- src/io.rs - io::Write::write (line 104) stdout ----
[INFO] [stdout] error[E0425]: cannot find function `plain` in module `stylish::io`
[INFO] [stdout]   --> src/io.rs:107:31
[INFO] [stdout]    |
[INFO] [stdout] 5  | let mut output = stylish::io::plain(std::io::stdout());
[INFO] [stdout]    |                               ^^^^^ not found in `stylish::io`
[INFO] [stdout]    |
[INFO] [stdout] note: found an item that was configured out
[INFO] [stdout]   --> /opt/rustwide/cargo-home/registry/src/index.crates.io-6f17d22bba15001f/stylish-0.1.0/src/lib.rs:73:12
[INFO] [stdout]    |
[INFO] [stdout] 73 |     pub fn plain<T: std::io::Write>(inner: T) -> Plain<T> {
[INFO] [stdout]    |            ^^^^^
[INFO] [stdout]    = note: the item is gated behind the `plain` feature
[INFO] [stdout] 
[INFO] [stdout] error: unused import: `io::Write`
[INFO] [stdout]  --> src/io.rs:105:15
[INFO] [stdout]   |
[INFO] [stdout] 3 | use stylish::{io::Write, Color, Foreground, Style};
[INFO] [stdout]   |               ^^^^^^^^^
[INFO] [stdout]   |
[INFO] [stdout] note: the lint level is defined here
[INFO] [stdout]  --> src/io.rs:103:9
[INFO] [stdout]   |
[INFO] [stdout] 1 | #![deny(warnings)]
[INFO] [stdout]   |         ^^^^^^^^
[INFO] [stdout]   = note: `#[deny(unused_imports)]` implied by `#[deny(warnings)]`
[INFO] [stdout] 
[INFO] [stdout] error: aborting due to 2 previous errors
[INFO] [stdout] 
[INFO] [stdout] For more information about this error, try `rustc --explain E0425`.
[INFO] [stdout] Couldn't compile the test.
[INFO] [stdout] ---- src/io.rs - io::Write::write_fmt (line 211) stdout ----
[INFO] [stdout] error[E0425]: cannot find function `plain` in module `stylish::io`
[INFO] [stdout]   --> src/io.rs:212:31
[INFO] [stdout]    |
[INFO] [stdout] 3  | let mut output = stylish::io::plain(std::io::stdout());
[INFO] [stdout]    |                               ^^^^^ not found in `stylish::io`
[INFO] [stdout]    |
[INFO] [stdout] note: found an item that was configured out
[INFO] [stdout]   --> /opt/rustwide/cargo-home/registry/src/index.crates.io-6f17d22bba15001f/stylish-0.1.0/src/lib.rs:73:12
[INFO] [stdout]    |
[INFO] [stdout] 73 |     pub fn plain<T: std::io::Write>(inner: T) -> Plain<T> {
[INFO] [stdout]    |            ^^^^^
[INFO] [stdout]    = note: the item is gated behind the `plain` feature
[INFO] [stdout] 
[INFO] [stdout] error: aborting due to previous error
[INFO] [stdout] 
[INFO] [stdout] For more information about this error, try `rustc --explain E0425`.
[INFO] [stdout] Couldn't compile the test.
[INFO] [stdout] ---- src/io.rs - io::Write::write_all (line 164) stdout ----
[INFO] [stdout] error[E0425]: cannot find function `plain` in module `stylish::io`
[INFO] [stdout]   --> src/io.rs:167:31
[INFO] [stdout]    |
[INFO] [stdout] 5  | let mut output = stylish::io::plain(std::io::stdout());
[INFO] [stdout]    |                               ^^^^^ not found in `stylish::io`
[INFO] [stdout]    |
[INFO] [stdout] note: found an item that was configured out
[INFO] [stdout]   --> /opt/rustwide/cargo-home/registry/src/index.crates.io-6f17d22bba15001f/stylish-0.1.0/src/lib.rs:73:12
[INFO] [stdout]    |
[INFO] [stdout] 73 |     pub fn plain<T: std::io::Write>(inner: T) -> Plain<T> {
[INFO] [stdout]    |            ^^^^^
[INFO] [stdout]    = note: the item is gated behind the `plain` feature
[INFO] [stdout] 
[INFO] [stdout] error: unused import: `io::Write`
[INFO] [stdout]  --> src/io.rs:165:15
[INFO] [stdout]   |
[INFO] [stdout] 3 | use stylish::{io::Write, Color, Foreground, Style};
[INFO] [stdout]   |               ^^^^^^^^^
[INFO] [stdout]   |
[INFO] [stdout] note: the lint level is defined here
[INFO] [stdout]  --> src/io.rs:163:9
[INFO] [stdout]   |
[INFO] [stdout] 1 | #![deny(warnings)]
[INFO] [stdout]   |         ^^^^^^^^
[INFO] [stdout]   = note: `#[deny(unused_imports)]` implied by `#[deny(warnings)]`
[INFO] [stdout] 
[INFO] [stdout] error: aborting due to 2 previous errors
[INFO] [stdout] 
[INFO] [stdout] For more information about this error, try `rustc --explain E0425`.
[INFO] [stdout] Couldn't compile the test.
[INFO] [stdout] ---- src/io.rs - io::Write::by_ref (line 230) stdout ----
[INFO] [stdout] error[E0425]: cannot find function `plain` in module `stylish::io`
[INFO] [stdout]   --> src/io.rs:233:31
[INFO] [stdout]    |
[INFO] [stdout] 5  | let mut output = stylish::io::plain(std::io::stdout());
[INFO] [stdout]    |                               ^^^^^ not found in `stylish::io`
[INFO] [stdout]    |
[INFO] [stdout] note: found an item that was configured out
[INFO] [stdout]   --> /opt/rustwide/cargo-home/registry/src/index.crates.io-6f17d22bba15001f/stylish-0.1.0/src/lib.rs:73:12
[INFO] [stdout]    |
[INFO] [stdout] 73 |     pub fn plain<T: std::io::Write>(inner: T) -> Plain<T> {
[INFO] [stdout]    |            ^^^^^
[INFO] [stdout]    = note: the item is gated behind the `plain` feature
[INFO] [stdout] 
[INFO] [stdout] error: unused import: `io::Write`
[INFO] [stdout]  --> src/io.rs:231:15
[INFO] [stdout]   |
[INFO] [stdout] 3 | use stylish::{io::Write, Color, Foreground, Style};
[INFO] [stdout]   |               ^^^^^^^^^
[INFO] [stdout]   |
[INFO] [stdout] note: the lint level is defined here
[INFO] [stdout]  --> src/io.rs:229:9
[INFO] [stdout]   |
[INFO] [stdout] 1 | #![deny(warnings)]
[INFO] [stdout]   |         ^^^^^^^^
[INFO] [stdout]   = note: `#[deny(unused_imports)]` implied by `#[deny(warnings)]`
[INFO] [stdout] 
[INFO] [stdout] error: aborting due to 2 previous errors
[INFO] [stdout] 
[INFO] [stdout] For more information about this error, try `rustc --explain E0425`.
[INFO] [stdout] Couldn't compile the test.
[INFO] [stdout] ---- src/string.rs - string::String::new (line 51) stdout ----
[INFO] [stdout] error[E0433]: failed to resolve: could not find `html` in `stylish`
[INFO] [stdout]  --> src/string.rs:52:21
[INFO] [stdout]   |
[INFO] [stdout] 3 | assert_eq!(stylish::html::format!("{:s}", stylish::String::new()), "");
[INFO] [stdout]   |                     ^^^^ could not find `html` in `stylish`
[INFO] [stdout] 
[INFO] [stdout] error: aborting due to previous error
[INFO] [stdout] 
[INFO] [stdout] For more information about this error, try `rustc --explain E0433`.
[INFO] [stdout] Couldn't compile the test.
[INFO] [stdout] ---- src/write.rs - write::Write::write_str (line 20) stdout ----
[INFO] [stdout] error[E0425]: cannot find function `html` in crate `stylish`
[INFO] [stdout]    --> src/write.rs:27:31
[INFO] [stdout]     |
[INFO] [stdout] 9   |     let mut output = stylish::html(&mut s);
[INFO] [stdout]     |                               ^^^^ not found in `stylish`
[INFO] [stdout]     |
[INFO] [stdout] note: found an item that was configured out
[INFO] [stdout]    --> /opt/rustwide/cargo-home/registry/src/index.crates.io-6f17d22bba15001f/stylish-0.1.0/src/lib.rs:103:8
[INFO] [stdout]     |
[INFO] [stdout] 103 | pub fn html<T: core::fmt::Write>(inner: T) -> Html<T> {
[INFO] [stdout]     |        ^^^^
[INFO] [stdout]     = note: the item is gated behind the `html` feature
[INFO] [stdout] note: found an item that was configured out
[INFO] [stdout]    --> /opt/rustwide/cargo-home/registry/src/index.crates.io-6f17d22bba15001f/stylish-0.1.0/src/lib.rs:137:9
[INFO] [stdout]     |
[INFO] [stdout] 137 | pub mod html {
[INFO] [stdout]     |         ^^^^
[INFO] [stdout]     = note: the item is gated behind the `html` feature
[INFO] [stdout] 
[INFO] [stdout] error: unused import: `Write`
[INFO] [stdout]  --> src/write.rs:21:41
[INFO] [stdout]   |
[INFO] [stdout] 3 | use stylish::{Color, Foreground, Style, Write};
[INFO] [stdout]   |                                         ^^^^^
[INFO] [stdout]   |
[INFO] [stdout] note: the lint level is defined here
[INFO] [stdout]  --> src/write.rs:19:9
[INFO] [stdout]   |
[INFO] [stdout] 1 | #![deny(warnings)]
[INFO] [stdout]   |         ^^^^^^^^
[INFO] [stdout]   = note: `#[deny(unused_imports)]` implied by `#[deny(warnings)]`
[INFO] [stdout] 
[INFO] [stdout] error: aborting due to 2 previous errors
[INFO] [stdout] 
[INFO] [stdout] For more information about this error, try `rustc --explain E0425`.
[INFO] [stdout] Couldn't compile the test.
[INFO] [stdout] ---- src/string.rs - string::String (line 29) stdout ----
[INFO] [stdout] error[E0433]: failed to resolve: could not find `html` in `stylish`
[INFO] [stdout]  --> src/string.rs:36:14
[INFO] [stdout]   |
[INFO] [stdout] 9 |     stylish::html::format!("{:s}", s),
[INFO] [stdout]   |              ^^^^ could not find `html` in `stylish`
[INFO] [stdout] 
[INFO] [stdout] error: aborting due to previous error
[INFO] [stdout] 
[INFO] [stdout] For more information about this error, try `rustc --explain E0433`.
[INFO] [stdout] Couldn't compile the test.
[INFO] [stdout] ---- src/write.rs - write::Write::write_char (line 46) stdout ----
[INFO] [stdout] error[E0425]: cannot find function `html` in crate `stylish`
[INFO] [stdout]    --> src/write.rs:54:31
[INFO] [stdout]     |
[INFO] [stdout] 10  |     let mut output = stylish::html(&mut s);
[INFO] [stdout]     |                               ^^^^ not found in `stylish`
[INFO] [stdout]     |
[INFO] [stdout] note: found an item that was configured out
[INFO] [stdout]    --> /opt/rustwide/cargo-home/registry/src/index.crates.io-6f17d22bba15001f/stylish-0.1.0/src/lib.rs:103:8
[INFO] [stdout]     |
[INFO] [stdout] 103 | pub fn html<T: core::fmt::Write>(inner: T) -> Html<T> {
[INFO] [stdout]     |        ^^^^
[INFO] [stdout]     = note: the item is gated behind the `html` feature
[INFO] [stdout] note: found an item that was configured out
[INFO] [stdout]    --> /opt/rustwide/cargo-home/registry/src/index.crates.io-6f17d22bba15001f/stylish-0.1.0/src/lib.rs:137:9
[INFO] [stdout]     |
[INFO] [stdout] 137 | pub mod html {
[INFO] [stdout]     |         ^^^^
[INFO] [stdout]     = note: the item is gated behind the `html` feature
[INFO] [stdout] 
[INFO] [stdout] error: unused import: `Write`
[INFO] [stdout]  --> src/write.rs:47:41
[INFO] [stdout]   |
[INFO] [stdout] 3 | use stylish::{Color, Foreground, Style, Write};
[INFO] [stdout]   |                                         ^^^^^
[INFO] [stdout]   |
[INFO] [stdout] note: the lint level is defined here
[INFO] [stdout]  --> src/write.rs:45:9
[INFO] [stdout]   |
[INFO] [stdout] 1 | #![deny(warnings)]
[INFO] [stdout]   |         ^^^^^^^^
[INFO] [stdout]   = note: `#[deny(unused_imports)]` implied by `#[deny(warnings)]`
[INFO] [stdout] 
[INFO] [stdout] error: aborting due to 2 previous errors
[INFO] [stdout] 
[INFO] [stdout] For more information about this error, try `rustc --explain E0425`.
[INFO] [stdout] Couldn't compile the test.
[INFO] [stdout] ---- src/write.rs - write::write (line 121) stdout ----
[INFO] [stdout] error[E0425]: cannot find function `html` in crate `stylish`
[INFO] [stdout]    --> src/write.rs:122:22
[INFO] [stdout]     |
[INFO] [stdout] 3   | let mut w = stylish::html(String::new());
[INFO] [stdout]     |                      ^^^^ not found in `stylish`
[INFO] [stdout]     |
[INFO] [stdout] note: found an item that was configured out
[INFO] [stdout]    --> /opt/rustwide/cargo-home/registry/src/index.crates.io-6f17d22bba15001f/stylish-0.1.0/src/lib.rs:103:8
[INFO] [stdout]     |
[INFO] [stdout] 103 | pub fn html<T: core::fmt::Write>(inner: T) -> Html<T> {
[INFO] [stdout]     |        ^^^^
[INFO] [stdout]     = note: the item is gated behind the `html` feature
[INFO] [stdout] note: found an item that was configured out
[INFO] [stdout]    --> /opt/rustwide/cargo-home/registry/src/index.crates.io-6f17d22bba15001f/stylish-0.1.0/src/lib.rs:137:9
[INFO] [stdout]     |
[INFO] [stdout] 137 | pub mod html {
[INFO] [stdout]     |         ^^^^
[INFO] [stdout]     = note: the item is gated behind the `html` feature
[INFO] [stdout] 
[INFO] [stdout] error: aborting due to previous error
[INFO] [stdout] 
[INFO] [stdout] For more information about this error, try `rustc --explain E0425`.
[INFO] [stdout] Couldn't compile the test.
[INFO] [stdout] ---- src/write.rs - write::writeln (line 150) stdout ----
[INFO] [stdout] error[E0425]: cannot find function `html` in crate `stylish`
[INFO] [stdout]    --> src/write.rs:151:22
[INFO] [stdout]     |
[INFO] [stdout] 3   | let mut w = stylish::html(String::new());
[INFO] [stdout]     |                      ^^^^ not found in `stylish`
[INFO] [stdout]     |
[INFO] [stdout] note: found an item that was configured out
[INFO] [stdout]    --> /opt/rustwide/cargo-home/registry/src/index.crates.io-6f17d22bba15001f/stylish-0.1.0/src/lib.rs:103:8
[INFO] [stdout]     |
[INFO] [stdout] 103 | pub fn html<T: core::fmt::Write>(inner: T) -> Html<T> {
[INFO] [stdout]     |        ^^^^
[INFO] [stdout]     = note: the item is gated behind the `html` feature
[INFO] [stdout] note: found an item that was configured out
[INFO] [stdout]    --> /opt/rustwide/cargo-home/registry/src/index.crates.io-6f17d22bba15001f/stylish-0.1.0/src/lib.rs:137:9
[INFO] [stdout]     |
[INFO] [stdout] 137 | pub mod html {
[INFO] [stdout]     |         ^^^^
[INFO] [stdout]     = note: the item is gated behind the `html` feature
[INFO] [stdout] 
[INFO] [stdout] error: aborting due to previous error
[INFO] [stdout] 
[INFO] [stdout] For more information about this error, try `rustc --explain E0425`.
[INFO] [stdout] Couldn't compile the test.
[INFO] [stdout] ---- src/write.rs - write::Write::write_fmt (line 77) stdout ----
[INFO] [stdout] error[E0425]: cannot find function `html` in crate `stylish`
[INFO] [stdout]    --> src/write.rs:80:31
[INFO] [stdout]     |
[INFO] [stdout] 5   |     let mut output = stylish::html(&mut s);
[INFO] [stdout]     |                               ^^^^ not found in `stylish`
[INFO] [stdout]     |
[INFO] [stdout] note: found an item that was configured out
[INFO] [stdout]    --> /opt/rustwide/cargo-home/registry/src/index.crates.io-6f17d22bba15001f/stylish-0.1.0/src/lib.rs:103:8
[INFO] [stdout]     |
[INFO] [stdout] 103 | pub fn html<T: core::fmt::Write>(inner: T) -> Html<T> {
[INFO] [stdout]     |        ^^^^
[INFO] [stdout]     = note: the item is gated behind the `html` feature
[INFO] [stdout] note: found an item that was configured out
[INFO] [stdout]    --> /opt/rustwide/cargo-home/registry/src/index.crates.io-6f17d22bba15001f/stylish-0.1.0/src/lib.rs:137:9
[INFO] [stdout]     |
[INFO] [stdout] 137 | pub mod html {
[INFO] [stdout]     |         ^^^^
[INFO] [stdout]     = note: the item is gated behind the `html` feature
[INFO] [stdout] 
[INFO] [stdout] error: aborting due to previous error
[INFO] [stdout] 
[INFO] [stdout] For more information about this error, try `rustc --explain E0425`.
[INFO] [stdout] Couldn't compile the test.
[INFO] [stdout] 
[INFO] [stdout] failures:
[INFO] [stdout]     src/arguments.rs - arguments::Arguments (line 66)
[INFO] [stdout]     src/display.rs - display::Display (line 9)
[INFO] [stdout]     src/display.rs - display::Display::fmt (line 32)
[INFO] [stdout]     src/format.rs - format::format (line 36)
[INFO] [stdout]     src/format.rs - format::format (line 50)
[INFO] [stdout]     src/formatter.rs - formatter::Formatter<'a>::with (line 74)
[INFO] [stdout]     src/formatter.rs - formatter::Formatter<'a>::write_fmt (line 141)
[INFO] [stdout]     src/formatter.rs - formatter::Formatter<'a>::write_str (line 113)
[INFO] [stdout]     src/io.rs - io::Write (line 53)
[INFO] [stdout]     src/io.rs - io::Write::by_ref (line 230)
[INFO] [stdout]     src/io.rs - io::Write::flush (line 128)
[INFO] [stdout]     src/io.rs - io::Write::write (line 104)
[INFO] [stdout]     src/io.rs - io::Write::write_all (line 164)
[INFO] [stdout]     src/io.rs - io::Write::write_fmt (line 211)
[INFO] [stdout]     src/string.rs - string::String (line 29)
[INFO] [stdout]     src/string.rs - string::String::new (line 51)
[INFO] [stdout]     src/write.rs - write::Write::write_char (line 46)
[INFO] [stdout]     src/write.rs - write::Write::write_fmt (line 77)
[INFO] [stdout]     src/write.rs - write::Write::write_str (line 20)
[INFO] [stdout]     src/write.rs - write::write (line 121)
[INFO] [stdout]     src/write.rs - write::writeln (line 150)
[INFO] [stdout] 
[INFO] [stdout] test result: FAILED. 2 passed; 21 failed; 0 ignored; 0 measured; 0 filtered out; finished in 0.25s
[INFO] [stdout] 
[INFO] [stderr] error: doctest failed, to rerun pass `--doc`
[INFO] running `Command { std: "docker" "inspect" "38b11ca84a22b1a105fec2da9f2b7a88bb89736a89c6eeecd272b0c2df7f10f0", kill_on_drop: false }`
[INFO] running `Command { std: "docker" "rm" "-f" "38b11ca84a22b1a105fec2da9f2b7a88bb89736a89c6eeecd272b0c2df7f10f0", kill_on_drop: false }`
[INFO] [stdout] 38b11ca84a22b1a105fec2da9f2b7a88bb89736a89c6eeecd272b0c2df7f10f0
[INFO] testing stylish-core-0.1.1 against beta-2023-12-22 for beta-1.76-1
[INFO] extracting crate stylish-core 0.1.1 into /workspace/builds/worker-6-tc2/source
[INFO] validating manifest of crates.io crate stylish-core 0.1.1 on toolchain beta-2023-12-22
[INFO] running `Command { std: CARGO_HOME="/workspace/cargo-home" RUSTUP_HOME="/workspace/rustup-home" "/workspace/cargo-home/bin/cargo" "+beta-2023-12-22" "metadata" "--manifest-path" "Cargo.toml" "--no-deps", kill_on_drop: false }`
[INFO] started tweaking crates.io crate stylish-core 0.1.1
[INFO] finished tweaking crates.io crate stylish-core 0.1.1
[INFO] tweaked toml for crates.io crate stylish-core 0.1.1 written to /workspace/builds/worker-6-tc2/source/Cargo.toml
[INFO] running `Command { std: CARGO_HOME="/workspace/cargo-home" RUSTUP_HOME="/workspace/rustup-home" "/workspace/cargo-home/bin/cargo" "+beta-2023-12-22" "generate-lockfile" "--manifest-path" "Cargo.toml", kill_on_drop: false }`
[INFO] [stderr]     Blocking waiting for file lock on package cache
[INFO] [stderr]     Updating crates.io index
[INFO] running `Command { std: CARGO_HOME="/workspace/cargo-home" RUSTUP_HOME="/workspace/rustup-home" "/workspace/cargo-home/bin/cargo" "+beta-2023-12-22" "fetch" "--manifest-path" "Cargo.toml", kill_on_drop: false }`
[INFO] running `Command { std: "docker" "create" "-v" "/var/lib/crater-agent-workspace/builds/worker-6-tc2/target:/opt/rustwide/target:rw,Z" "-v" "/var/lib/crater-agent-workspace/builds/worker-6-tc2/source:/opt/rustwide/workdir:ro,Z" "-v" "/var/lib/crater-agent-workspace/cargo-home:/opt/rustwide/cargo-home:ro,Z" "-v" "/var/lib/crater-agent-workspace/rustup-home:/opt/rustwide/rustup-home:ro,Z" "-e" "SOURCE_DIR=/opt/rustwide/workdir" "-e" "CARGO_TARGET_DIR=/opt/rustwide/target" "-e" "CARGO_HOME=/opt/rustwide/cargo-home" "-e" "RUSTUP_HOME=/opt/rustwide/rustup-home" "-w" "/opt/rustwide/workdir" "-m" "1610612736" "--user" "0:0" "--network" "none" "ghcr.io/rust-lang/crates-build-env/linux@sha256:2788e3201cd34a07e3172128adcd8b3090168a8e3bcc40d7c032b9dda1df7d1c" "/opt/rustwide/cargo-home/bin/cargo" "+beta-2023-12-22" "metadata" "--no-deps" "--format-version=1", kill_on_drop: false }`
[INFO] [stdout] dd679bab412e83a8ae62e89a5e89dddb90cf1393beb770d15ff2409597500607
[INFO] running `Command { std: "docker" "start" "-a" "dd679bab412e83a8ae62e89a5e89dddb90cf1393beb770d15ff2409597500607", kill_on_drop: false }`
[INFO] running `Command { std: "docker" "inspect" "dd679bab412e83a8ae62e89a5e89dddb90cf1393beb770d15ff2409597500607", kill_on_drop: false }`
[INFO] running `Command { std: "docker" "rm" "-f" "dd679bab412e83a8ae62e89a5e89dddb90cf1393beb770d15ff2409597500607", kill_on_drop: false }`
[INFO] [stdout] dd679bab412e83a8ae62e89a5e89dddb90cf1393beb770d15ff2409597500607
[INFO] running `Command { std: "docker" "create" "-v" "/var/lib/crater-agent-workspace/builds/worker-6-tc2/target:/opt/rustwide/target:rw,Z" "-v" "/var/lib/crater-agent-workspace/builds/worker-6-tc2/source:/opt/rustwide/workdir:ro,Z" "-v" "/var/lib/crater-agent-workspace/cargo-home:/opt/rustwide/cargo-home:ro,Z" "-v" "/var/lib/crater-agent-workspace/rustup-home:/opt/rustwide/rustup-home:ro,Z" "-e" "SOURCE_DIR=/opt/rustwide/workdir" "-e" "CARGO_TARGET_DIR=/opt/rustwide/target" "-e" "CARGO_INCREMENTAL=0" "-e" "RUST_BACKTRACE=full" "-e" "RUSTFLAGS=--cap-lints=warn" "-e" "RUSTDOCFLAGS=--cap-lints=warn" "-e" "CARGO_HOME=/opt/rustwide/cargo-home" "-e" "RUSTUP_HOME=/opt/rustwide/rustup-home" "-w" "/opt/rustwide/workdir" "-m" "1610612736" "--user" "0:0" "--network" "none" "ghcr.io/rust-lang/crates-build-env/linux@sha256:2788e3201cd34a07e3172128adcd8b3090168a8e3bcc40d7c032b9dda1df7d1c" "/opt/rustwide/cargo-home/bin/cargo" "+beta-2023-12-22" "build" "--frozen" "--message-format=json", kill_on_drop: false }`
[INFO] [stdout] 256a8ca96f43990caccd1060ee22996d0d5b75efd828de6cc373d6b22919578c
[INFO] running `Command { std: "docker" "start" "-a" "256a8ca96f43990caccd1060ee22996d0d5b75efd828de6cc373d6b22919578c", kill_on_drop: false }`
[INFO] [stderr]    Compiling stack_dst v0.6.1
[INFO] [stderr]    Compiling stylish-style v0.1.0
[INFO] [stderr]    Compiling stylish-core v0.1.1 (/opt/rustwide/workdir)
[INFO] [stderr]     Finished dev [unoptimized + debuginfo] target(s) in 6.62s
[INFO] running `Command { std: "docker" "inspect" "256a8ca96f43990caccd1060ee22996d0d5b75efd828de6cc373d6b22919578c", kill_on_drop: false }`
[INFO] running `Command { std: "docker" "rm" "-f" "256a8ca96f43990caccd1060ee22996d0d5b75efd828de6cc373d6b22919578c", kill_on_drop: false }`
[INFO] [stdout] 256a8ca96f43990caccd1060ee22996d0d5b75efd828de6cc373d6b22919578c
[INFO] running `Command { std: "docker" "create" "-v" "/var/lib/crater-agent-workspace/builds/worker-6-tc2/target:/opt/rustwide/target:rw,Z" "-v" "/var/lib/crater-agent-workspace/builds/worker-6-tc2/source:/opt/rustwide/workdir:ro,Z" "-v" "/var/lib/crater-agent-workspace/cargo-home:/opt/rustwide/cargo-home:ro,Z" "-v" "/var/lib/crater-agent-workspace/rustup-home:/opt/rustwide/rustup-home:ro,Z" "-e" "SOURCE_DIR=/opt/rustwide/workdir" "-e" "CARGO_TARGET_DIR=/opt/rustwide/target" "-e" "CARGO_INCREMENTAL=0" "-e" "RUST_BACKTRACE=full" "-e" "RUSTFLAGS=--cap-lints=warn" "-e" "RUSTDOCFLAGS=--cap-lints=warn" "-e" "CARGO_HOME=/opt/rustwide/cargo-home" "-e" "RUSTUP_HOME=/opt/rustwide/rustup-home" "-w" "/opt/rustwide/workdir" "-m" "1610612736" "--user" "0:0" "--network" "none" "ghcr.io/rust-lang/crates-build-env/linux@sha256:2788e3201cd34a07e3172128adcd8b3090168a8e3bcc40d7c032b9dda1df7d1c" "/opt/rustwide/cargo-home/bin/cargo" "+beta-2023-12-22" "test" "--frozen" "--no-run" "--message-format=json", kill_on_drop: false }`
[INFO] [stdout] 2fdb2c9c78b6504a83d8b47162c58615e4f03065985e170145393bd585db597b
[INFO] running `Command { std: "docker" "start" "-a" "2fdb2c9c78b6504a83d8b47162c58615e4f03065985e170145393bd585db597b", kill_on_drop: false }`
[INFO] [stderr]    Compiling proc-macro2 v1.0.75
[INFO] [stderr]    Compiling unicode-ident v1.0.12
[INFO] [stderr]    Compiling syn v1.0.109
[INFO] [stderr]    Compiling memchr v2.7.1
[INFO] [stderr]    Compiling minimal-lexical v0.2.1
[INFO] [stderr]    Compiling stylish-style v0.1.0
[INFO] [stderr]    Compiling nom v7.1.3
[INFO] [stderr]    Compiling quote v1.0.35
[INFO] [stderr]    Compiling with_builtin_macros-proc_macros v0.0.3
[INFO] [stderr]    Compiling stylish-macros v0.1.1
[INFO] [stderr]    Compiling with_builtin_macros v0.0.3
[INFO] [stderr]    Compiling stylish-core v0.1.1
[INFO] [stderr]    Compiling stylish v0.1.0
[INFO] [stderr]    Compiling stylish-core v0.1.1 (/opt/rustwide/workdir)
[INFO] [stderr]     Finished test [unoptimized + debuginfo] target(s) in 17.32s
[INFO] running `Command { std: "docker" "inspect" "2fdb2c9c78b6504a83d8b47162c58615e4f03065985e170145393bd585db597b", kill_on_drop: false }`
[INFO] running `Command { std: "docker" "rm" "-f" "2fdb2c9c78b6504a83d8b47162c58615e4f03065985e170145393bd585db597b", kill_on_drop: false }`
[INFO] [stdout] 2fdb2c9c78b6504a83d8b47162c58615e4f03065985e170145393bd585db597b
[INFO] running `Command { std: "docker" "create" "-v" "/var/lib/crater-agent-workspace/builds/worker-6-tc2/target:/opt/rustwide/target:rw,Z" "-v" "/var/lib/crater-agent-workspace/builds/worker-6-tc2/source:/opt/rustwide/workdir:ro,Z" "-v" "/var/lib/crater-agent-workspace/cargo-home:/opt/rustwide/cargo-home:ro,Z" "-v" "/var/lib/crater-agent-workspace/rustup-home:/opt/rustwide/rustup-home:ro,Z" "-e" "SOURCE_DIR=/opt/rustwide/workdir" "-e" "CARGO_TARGET_DIR=/opt/rustwide/target" "-e" "CARGO_INCREMENTAL=0" "-e" "RUST_BACKTRACE=full" "-e" "RUSTFLAGS=--cap-lints=warn" "-e" "RUSTDOCFLAGS=--cap-lints=warn" "-e" "CARGO_HOME=/opt/rustwide/cargo-home" "-e" "RUSTUP_HOME=/opt/rustwide/rustup-home" "-w" "/opt/rustwide/workdir" "-m" "1610612736" "--user" "0:0" "--network" "none" "ghcr.io/rust-lang/crates-build-env/linux@sha256:2788e3201cd34a07e3172128adcd8b3090168a8e3bcc40d7c032b9dda1df7d1c" "/opt/rustwide/cargo-home/bin/cargo" "+beta-2023-12-22" "test" "--frozen", kill_on_drop: false }`
[INFO] [stdout] 33fd580d61d20353e29733e53f91bee25f67f706a9744e56388bb4075f0d446e
[INFO] running `Command { std: "docker" "start" "-a" "33fd580d61d20353e29733e53f91bee25f67f706a9744e56388bb4075f0d446e", kill_on_drop: false }`
[INFO] [stderr]     Finished test [unoptimized + debuginfo] target(s) in 0.01s
[INFO] [stderr]      Running unittests src/lib.rs (/opt/rustwide/target/debug/deps/stylish_core-8f3c50c42b09f1b7)
[INFO] [stdout] 
[INFO] [stdout] running 0 tests
[INFO] [stdout] 
[INFO] [stdout] test result: ok. 0 passed; 0 failed; 0 ignored; 0 measured; 0 filtered out; finished in 0.00s
[INFO] [stdout] 
[INFO] [stderr]    Doc-tests stylish-core
[INFO] [stdout] 
[INFO] [stdout] running 23 tests
[INFO] [stdout] test src/format.rs - format::format (line 36) ... FAILED
[INFO] [stdout] test src/display.rs - display::Display (line 9) ... FAILED
[INFO] [stdout] test src/arguments.rs - arguments::Arguments (line 66) ... FAILED
[INFO] [stdout] test src/formatter.rs - formatter::Formatter<'a>::write_fmt (line 141) ... FAILED
[INFO] [stdout] test src/format.rs - format::format (line 50) ... FAILED
[INFO] [stdout] test src/display.rs - display::Display::fmt (line 32) ... FAILED
[INFO] [stdout] test src/formatter.rs - formatter::Formatter<'a>::with (line 74) ... FAILED
[INFO] [stdout] test src/formatter.rs - formatter::Formatter<'a>::write_str (line 113) ... FAILED
[INFO] [stdout] test src/io.rs - io::Write::write_fmt (line 211) ... FAILED
[INFO] [stdout] test src/io.rs - io::Write (line 53) ... FAILED
[INFO] [stdout] test src/io.rs - io::Write::by_ref (line 230) ... FAILED
[INFO] [stdout] test src/io.rs - io::Write::write (line 104) ... FAILED
[INFO] [stdout] test src/io.rs - io::Write::flush (line 128) ... FAILED
[INFO] [stdout] test src/io.rs - io::Write::write_all (line 164) ... FAILED
[INFO] [stdout] test src/string.rs - string::String (line 29) ... FAILED
[INFO] [stdout] test src/string.rs - string::String::new (line 51) ... FAILED
[INFO] [stdout] test src/write.rs - write::Write::write_fmt (line 77) ... FAILED
[INFO] [stdout] test src/write.rs - write::writeln (line 150) ... FAILED
[INFO] [stdout] test src/write.rs - write::Write::write_str (line 20) ... FAILED
[INFO] [stdout] test src/write.rs - write::Write::write_char (line 46) ... FAILED
[INFO] [stdout] test src/write.rs - write::write (line 121) ... FAILED
[INFO] [stdout] test src/string.rs - string::String (line 12) ... ok
[INFO] [stdout] test src/string.rs - string::String (line 18) ... ok
[INFO] [stdout] 
[INFO] [stdout] failures:
[INFO] [stdout] 
[INFO] [stdout] ---- src/format.rs - format::format (line 36) stdout ----
[INFO] [stdout] error[E0433]: failed to resolve: could not find `html` in `stylish`
[INFO] [stdout]  --> src/format.rs:42:14
[INFO] [stdout]   |
[INFO] [stdout] 8 |     stylish::html::format!("{:s}", s),
[INFO] [stdout]   |              ^^^^ could not find `html` in `stylish`
[INFO] [stdout] 
[INFO] [stdout] error: aborting due to 1 previous error
[INFO] [stdout] 
[INFO] [stdout] For more information about this error, try `rustc --explain E0433`.
[INFO] [stdout] Couldn't compile the test.
[INFO] [stdout] ---- src/display.rs - display::Display (line 9) stdout ----
[INFO] [stdout] error[E0433]: failed to resolve: could not find `html` in `stylish`
[INFO] [stdout]   --> src/display.rs:23:26
[INFO] [stdout]    |
[INFO] [stdout] 16 | let formatted = stylish::html::format!("Hello {:s} and {:s}", Name("Ferris"), Name("Gorris"));
[INFO] [stdout]    |                          ^^^^ could not find `html` in `stylish`
[INFO] [stdout] 
[INFO] [stdout] error: aborting due to 1 previous error
[INFO] [stdout] 
[INFO] [stdout] For more information about this error, try `rustc --explain E0433`.
[INFO] [stdout] Couldn't compile the test.
[INFO] [stdout] ---- src/arguments.rs - arguments::Arguments (line 66) stdout ----
[INFO] [stdout] error[E0433]: failed to resolve: could not find `html` in `stylish`
[INFO] [stdout]  --> src/arguments.rs:69:14
[INFO] [stdout]   |
[INFO] [stdout] 5 |     stylish::html::format!("{:s}", args),
[INFO] [stdout]   |              ^^^^ could not find `html` in `stylish`
[INFO] [stdout] 
[INFO] [stdout] error: aborting due to 1 previous error
[INFO] [stdout] 
[INFO] [stdout] For more information about this error, try `rustc --explain E0433`.
[INFO] [stdout] Couldn't compile the test.
[INFO] [stdout] ---- src/formatter.rs - formatter::Formatter<'a>::write_fmt (line 141) stdout ----
[INFO] [stdout] error[E0433]: failed to resolve: could not find `html` in `stylish`
[INFO] [stdout]   --> src/formatter.rs:154:26
[INFO] [stdout]    |
[INFO] [stdout] 15 | let formatted = stylish::html::format!("Hello {:s} and {:s}", Name("Ferris"), Name("Gorris"));
[INFO] [stdout]    |                          ^^^^ could not find `html` in `stylish`
[INFO] [stdout] 
[INFO] [stdout] error: aborting due to 1 previous error
[INFO] [stdout] 
[INFO] [stdout] For more information about this error, try `rustc --explain E0433`.
[INFO] [stdout] Couldn't compile the test.
[INFO] [stdout] ---- src/format.rs - format::format (line 50) stdout ----
[INFO] [stdout] error[E0433]: failed to resolve: could not find `html` in `stylish`
[INFO] [stdout]  --> src/format.rs:53:14
[INFO] [stdout]   |
[INFO] [stdout] 5 |     stylish::html::format!("{:s}", s),
[INFO] [stdout]   |              ^^^^ could not find `html` in `stylish`
[INFO] [stdout] 
[INFO] [stdout] error: aborting due to 1 previous error
[INFO] [stdout] 
[INFO] [stdout] For more information about this error, try `rustc --explain E0433`.
[INFO] [stdout] Couldn't compile the test.
[INFO] [stdout] ---- src/display.rs - display::Display::fmt (line 32) stdout ----
[INFO] [stdout] error[E0433]: failed to resolve: could not find `html` in `stylish`
[INFO] [stdout]   --> src/display.rs:46:26
[INFO] [stdout]    |
[INFO] [stdout] 16 | let formatted = stylish::html::format!("Hello {:s} and {:s}", Name("Ferris"), Name("Gorris"));
[INFO] [stdout]    |                          ^^^^ could not find `html` in `stylish`
[INFO] [stdout] 
[INFO] [stdout] error: aborting due to 1 previous error
[INFO] [stdout] 
[INFO] [stdout] For more information about this error, try `rustc --explain E0433`.
[INFO] [stdout] Couldn't compile the test.
[INFO] [stdout] ---- src/formatter.rs - formatter::Formatter<'a>::with (line 74) stdout ----
[INFO] [stdout] error[E0433]: failed to resolve: could not find `html` in `stylish`
[INFO] [stdout]   --> src/formatter.rs:88:26
[INFO] [stdout]    |
[INFO] [stdout] 16 | let formatted = stylish::html::format!("Hello {:s} and {:s}", Name("Ferris"), Name("Gorris"));
[INFO] [stdout]    |                          ^^^^ could not find `html` in `stylish`
[INFO] [stdout] 
[INFO] [stdout] error: aborting due to 1 previous error
[INFO] [stdout] 
[INFO] [stdout] For more information about this error, try `rustc --explain E0433`.
[INFO] [stdout] Couldn't compile the test.
[INFO] [stdout] ---- src/formatter.rs - formatter::Formatter<'a>::write_str (line 113) stdout ----
[INFO] [stdout] error[E0433]: failed to resolve: could not find `html` in `stylish`
[INFO] [stdout]   --> src/formatter.rs:127:26
[INFO] [stdout]    |
[INFO] [stdout] 16 | let formatted = stylish::html::format!("Hello {:s} and {:s}", Name("Ferris"), Name("Gorris"));
[INFO] [stdout]    |                          ^^^^ could not find `html` in `stylish`
[INFO] [stdout] 
[INFO] [stdout] error: aborting due to 1 previous error
[INFO] [stdout] 
[INFO] [stdout] For more information about this error, try `rustc --explain E0433`.
[INFO] [stdout] Couldn't compile the test.
[INFO] [stdout] ---- src/io.rs - io::Write::write_fmt (line 211) stdout ----
[INFO] [stdout] error[E0425]: cannot find function `plain` in module `stylish::io`
[INFO] [stdout]   --> src/io.rs:212:31
[INFO] [stdout]    |
[INFO] [stdout] 3  | let mut output = stylish::io::plain(std::io::stdout());
[INFO] [stdout]    |                               ^^^^^ not found in `stylish::io`
[INFO] [stdout]    |
[INFO] [stdout] note: found an item that was configured out
[INFO] [stdout]   --> /opt/rustwide/cargo-home/registry/src/index.crates.io-6f17d22bba15001f/stylish-0.1.0/src/lib.rs:73:12
[INFO] [stdout]    |
[INFO] [stdout] 73 |     pub fn plain<T: std::io::Write>(inner: T) -> Plain<T> {
[INFO] [stdout]    |            ^^^^^
[INFO] [stdout]    = note: the item is gated behind the `plain` feature
[INFO] [stdout] 
[INFO] [stdout] error: aborting due to 1 previous error
[INFO] [stdout] 
[INFO] [stdout] For more information about this error, try `rustc --explain E0425`.
[INFO] [stdout] Couldn't compile the test.
[INFO] [stdout] ---- src/io.rs - io::Write (line 53) stdout ----
[INFO] [stdout] error[E0425]: cannot find function `plain` in module `stylish::io`
[INFO] [stdout]   --> src/io.rs:60:31
[INFO] [stdout]    |
[INFO] [stdout] 9  | let mut output = stylish::io::plain(std::io::stdout());
[INFO] [stdout]    |                               ^^^^^ not found in `stylish::io`
[INFO] [stdout]    |
[INFO] [stdout] note: found an item that was configured out
[INFO] [stdout]   --> /opt/rustwide/cargo-home/registry/src/index.crates.io-6f17d22bba15001f/stylish-0.1.0/src/lib.rs:73:12
[INFO] [stdout]    |
[INFO] [stdout] 73 |     pub fn plain<T: std::io::Write>(inner: T) -> Plain<T> {
[INFO] [stdout]    |            ^^^^^
[INFO] [stdout]    = note: the item is gated behind the `plain` feature
[INFO] [stdout] 
[INFO] [stdout] error: unused import: `io::Write`
[INFO] [stdout]  --> src/io.rs:54:15
[INFO] [stdout]   |
[INFO] [stdout] 3 | use stylish::{io::Write, Foreground, Color, Style};
[INFO] [stdout]   |               ^^^^^^^^^
[INFO] [stdout]   |
[INFO] [stdout] note: the lint level is defined here
[INFO] [stdout]  --> src/io.rs:52:9
[INFO] [stdout]   |
[INFO] [stdout] 1 | #![deny(warnings)]
[INFO] [stdout]   |         ^^^^^^^^
[INFO] [stdout]   = note: `#[deny(unused_imports)]` implied by `#[deny(warnings)]`
[INFO] [stdout] 
[INFO] [stdout] error: aborting due to 2 previous errors
[INFO] [stdout] 
[INFO] [stdout] For more information about this error, try `rustc --explain E0425`.
[INFO] [stdout] Couldn't compile the test.
[INFO] [stdout] ---- src/io.rs - io::Write::by_ref (line 230) stdout ----
[INFO] [stdout] error[E0425]: cannot find function `plain` in module `stylish::io`
[INFO] [stdout]   --> src/io.rs:233:31
[INFO] [stdout]    |
[INFO] [stdout] 5  | let mut output = stylish::io::plain(std::io::stdout());
[INFO] [stdout]    |                               ^^^^^ not found in `stylish::io`
[INFO] [stdout]    |
[INFO] [stdout] note: found an item that was configured out
[INFO] [stdout]   --> /opt/rustwide/cargo-home/registry/src/index.crates.io-6f17d22bba15001f/stylish-0.1.0/src/lib.rs:73:12
[INFO] [stdout]    |
[INFO] [stdout] 73 |     pub fn plain<T: std::io::Write>(inner: T) -> Plain<T> {
[INFO] [stdout]    |            ^^^^^
[INFO] [stdout]    = note: the item is gated behind the `plain` feature
[INFO] [stdout] 
[INFO] [stdout] error: unused import: `io::Write`
[INFO] [stdout]  --> src/io.rs:231:15
[INFO] [stdout]   |
[INFO] [stdout] 3 | use stylish::{io::Write, Color, Foreground, Style};
[INFO] [stdout]   |               ^^^^^^^^^
[INFO] [stdout]   |
[INFO] [stdout] note: the lint level is defined here
[INFO] [stdout]  --> src/io.rs:229:9
[INFO] [stdout]   |
[INFO] [stdout] 1 | #![deny(warnings)]
[INFO] [stdout]   |         ^^^^^^^^
[INFO] [stdout]   = note: `#[deny(unused_imports)]` implied by `#[deny(warnings)]`
[INFO] [stdout] 
[INFO] [stdout] error: aborting due to 2 previous errors
[INFO] [stdout] 
[INFO] [stdout] For more information about this error, try `rustc --explain E0425`.
[INFO] [stdout] Couldn't compile the test.
[INFO] [stdout] ---- src/io.rs - io::Write::write (line 104) stdout ----
[INFO] [stdout] error[E0425]: cannot find function `plain` in module `stylish::io`
[INFO] [stdout]   --> src/io.rs:107:31
[INFO] [stdout]    |
[INFO] [stdout] 5  | let mut output = stylish::io::plain(std::io::stdout());
[INFO] [stdout]    |                               ^^^^^ not found in `stylish::io`
[INFO] [stdout]    |
[INFO] [stdout] note: found an item that was configured out
[INFO] [stdout]   --> /opt/rustwide/cargo-home/registry/src/index.crates.io-6f17d22bba15001f/stylish-0.1.0/src/lib.rs:73:12
[INFO] [stdout]    |
[INFO] [stdout] 73 |     pub fn plain<T: std::io::Write>(inner: T) -> Plain<T> {
[INFO] [stdout]    |            ^^^^^
[INFO] [stdout]    = note: the item is gated behind the `plain` feature
[INFO] [stdout] 
[INFO] [stdout] error: unused import: `io::Write`
[INFO] [stdout]  --> src/io.rs:105:15
[INFO] [stdout]   |
[INFO] [stdout] 3 | use stylish::{io::Write, Color, Foreground, Style};
[INFO] [stdout]   |               ^^^^^^^^^
[INFO] [stdout]   |
[INFO] [stdout] note: the lint level is defined here
[INFO] [stdout]  --> src/io.rs:103:9
[INFO] [stdout]   |
[INFO] [stdout] 1 | #![deny(warnings)]
[INFO] [stdout]   |         ^^^^^^^^
[INFO] [stdout]   = note: `#[deny(unused_imports)]` implied by `#[deny(warnings)]`
[INFO] [stdout] 
[INFO] [stdout] error: aborting due to 2 previous errors
[INFO] [stdout] 
[INFO] [stdout] For more information about this error, try `rustc --explain E0425`.
[INFO] [stdout] Couldn't compile the test.
[INFO] [stdout] ---- src/io.rs - io::Write::flush (line 128) stdout ----
[INFO] [stdout] error[E0425]: cannot find function `plain` in module `stylish::io`
[INFO] [stdout]   --> src/io.rs:131:31
[INFO] [stdout]    |
[INFO] [stdout] 5  | let mut output = stylish::io::plain(std::io::stdout());
[INFO] [stdout]    |                               ^^^^^ not found in `stylish::io`
[INFO] [stdout]    |
[INFO] [stdout] note: found an item that was configured out
[INFO] [stdout]   --> /opt/rustwide/cargo-home/registry/src/index.crates.io-6f17d22bba15001f/stylish-0.1.0/src/lib.rs:73:12
[INFO] [stdout]    |
[INFO] [stdout] 73 |     pub fn plain<T: std::io::Write>(inner: T) -> Plain<T> {
[INFO] [stdout]    |            ^^^^^
[INFO] [stdout]    = note: the item is gated behind the `plain` feature
[INFO] [stdout] 
[INFO] [stdout] error: unused import: `io::Write`
[INFO] [stdout]  --> src/io.rs:129:15
[INFO] [stdout]   |
[INFO] [stdout] 3 | use stylish::{io::Write, Color, Foreground, Style};
[INFO] [stdout]   |               ^^^^^^^^^
[INFO] [stdout]   |
[INFO] [stdout] note: the lint level is defined here
[INFO] [stdout]  --> src/io.rs:127:9
[INFO] [stdout]   |
[INFO] [stdout] 1 | #![deny(warnings)]
[INFO] [stdout]   |         ^^^^^^^^
[INFO] [stdout]   = note: `#[deny(unused_imports)]` implied by `#[deny(warnings)]`
[INFO] [stdout] 
[INFO] [stdout] error: aborting due to 2 previous errors
[INFO] [stdout] 
[INFO] [stdout] For more information about this error, try `rustc --explain E0425`.
[INFO] [stdout] Couldn't compile the test.
[INFO] [stdout] ---- src/io.rs - io::Write::write_all (line 164) stdout ----
[INFO] [stdout] error[E0425]: cannot find function `plain` in module `stylish::io`
[INFO] [stdout]   --> src/io.rs:167:31
[INFO] [stdout]    |
[INFO] [stdout] 5  | let mut output = stylish::io::plain(std::io::stdout());
[INFO] [stdout]    |                               ^^^^^ not found in `stylish::io`
[INFO] [stdout]    |
[INFO] [stdout] note: found an item that was configured out
[INFO] [stdout]   --> /opt/rustwide/cargo-home/registry/src/index.crates.io-6f17d22bba15001f/stylish-0.1.0/src/lib.rs:73:12
[INFO] [stdout]    |
[INFO] [stdout] 73 |     pub fn plain<T: std::io::Write>(inner: T) -> Plain<T> {
[INFO] [stdout]    |            ^^^^^
[INFO] [stdout]    = note: the item is gated behind the `plain` feature
[INFO] [stdout] 
[INFO] [stdout] error: unused import: `io::Write`
[INFO] [stdout]  --> src/io.rs:165:15
[INFO] [stdout]   |
[INFO] [stdout] 3 | use stylish::{io::Write, Color, Foreground, Style};
[INFO] [stdout]   |               ^^^^^^^^^
[INFO] [stdout]   |
[INFO] [stdout] note: the lint level is defined here
[INFO] [stdout]  --> src/io.rs:163:9
[INFO] [stdout]   |
[INFO] [stdout] 1 | #![deny(warnings)]
[INFO] [stdout]   |         ^^^^^^^^
[INFO] [stdout]   = note: `#[deny(unused_imports)]` implied by `#[deny(warnings)]`
[INFO] [stdout] 
[INFO] [stdout] error: aborting due to 2 previous errors
[INFO] [stdout] 
[INFO] [stdout] For more information about this error, try `rustc --explain E0425`.
[INFO] [stdout] Couldn't compile the test.
[INFO] [stdout] ---- src/string.rs - string::String (line 29) stdout ----
[INFO] [stdout] error[E0433]: failed to resolve: could not find `html` in `stylish`
[INFO] [stdout]  --> src/string.rs:36:14
[INFO] [stdout]   |
[INFO] [stdout] 9 |     stylish::html::format!("{:s}", s),
[INFO] [stdout]   |              ^^^^ could not find `html` in `stylish`
[INFO] [stdout] 
[INFO] [stdout] error: aborting due to 1 previous error
[INFO] [stdout] 
[INFO] [stdout] For more information about this error, try `rustc --explain E0433`.
[INFO] [stdout] Couldn't compile the test.
[INFO] [stdout] ---- src/string.rs - string::String::new (line 51) stdout ----
[INFO] [stdout] error[E0433]: failed to resolve: could not find `html` in `stylish`
[INFO] [stdout]  --> src/string.rs:52:21
[INFO] [stdout]   |
[INFO] [stdout] 3 | assert_eq!(stylish::html::format!("{:s}", stylish::String::new()), "");
[INFO] [stdout]   |                     ^^^^ could not find `html` in `stylish`
[INFO] [stdout] 
[INFO] [stdout] error: aborting due to 1 previous error
[INFO] [stdout] 
[INFO] [stdout] For more information about this error, try `rustc --explain E0433`.
[INFO] [stdout] Couldn't compile the test.
[INFO] [stdout] ---- src/write.rs - write::Write::write_fmt (line 77) stdout ----
[INFO] [stdout] error[E0425]: cannot find function `html` in crate `stylish`
[INFO] [stdout]    --> src/write.rs:80:31
[INFO] [stdout]     |
[INFO] [stdout] 5   |     let mut output = stylish::html(&mut s);
[INFO] [stdout]     |                               ^^^^ not found in `stylish`
[INFO] [stdout]     |
[INFO] [stdout] note: found an item that was configured out
[INFO] [stdout]    --> /opt/rustwide/cargo-home/registry/src/index.crates.io-6f17d22bba15001f/stylish-0.1.0/src/lib.rs:103:8
[INFO] [stdout]     |
[INFO] [stdout] 103 | pub fn html<T: core::fmt::Write>(inner: T) -> Html<T> {
[INFO] [stdout]     |        ^^^^
[INFO] [stdout]     = note: the item is gated behind the `html` feature
[INFO] [stdout] note: found an item that was configured out
[INFO] [stdout]    --> /opt/rustwide/cargo-home/registry/src/index.crates.io-6f17d22bba15001f/stylish-0.1.0/src/lib.rs:137:9
[INFO] [stdout]     |
[INFO] [stdout] 137 | pub mod html {
[INFO] [stdout]     |         ^^^^
[INFO] [stdout]     = note: the item is gated behind the `html` feature
[INFO] [stdout] 
[INFO] [stdout] error: aborting due to 1 previous error
[INFO] [stdout] 
[INFO] [stdout] For more information about this error, try `rustc --explain E0425`.
[INFO] [stdout] Couldn't compile the test.
[INFO] [stdout] ---- src/write.rs - write::writeln (line 150) stdout ----
[INFO] [stdout] error[E0425]: cannot find function `html` in crate `stylish`
[INFO] [stdout]    --> src/write.rs:151:22
[INFO] [stdout]     |
[INFO] [stdout] 3   | let mut w = stylish::html(String::new());
[INFO] [stdout]     |                      ^^^^ not found in `stylish`
[INFO] [stdout]     |
[INFO] [stdout] note: found an item that was configured out
[INFO] [stdout]    --> /opt/rustwide/cargo-home/registry/src/index.crates.io-6f17d22bba15001f/stylish-0.1.0/src/lib.rs:103:8
[INFO] [stdout]     |
[INFO] [stdout] 103 | pub fn html<T: core::fmt::Write>(inner: T) -> Html<T> {
[INFO] [stdout]     |        ^^^^
[INFO] [stdout]     = note: the item is gated behind the `html` feature
[INFO] [stdout] note: found an item that was configured out
[INFO] [stdout]    --> /opt/rustwide/cargo-home/registry/src/index.crates.io-6f17d22bba15001f/stylish-0.1.0/src/lib.rs:137:9
[INFO] [stdout]     |
[INFO] [stdout] 137 | pub mod html {
[INFO] [stdout]     |         ^^^^
[INFO] [stdout]     = note: the item is gated behind the `html` feature
[INFO] [stdout] 
[INFO] [stdout] error: aborting due to 1 previous error
[INFO] [stdout] 
[INFO] [stdout] For more information about this error, try `rustc --explain E0425`.
[INFO] [stdout] Couldn't compile the test.
[INFO] [stdout] ---- src/write.rs - write::Write::write_str (line 20) stdout ----
[INFO] [stdout] error[E0425]: cannot find function `html` in crate `stylish`
[INFO] [stdout]    --> src/write.rs:27:31
[INFO] [stdout]     |
[INFO] [stdout] 9   |     let mut output = stylish::html(&mut s);
[INFO] [stdout]     |                               ^^^^ not found in `stylish`
[INFO] [stdout]     |
[INFO] [stdout] note: found an item that was configured out
[INFO] [stdout]    --> /opt/rustwide/cargo-home/registry/src/index.crates.io-6f17d22bba15001f/stylish-0.1.0/src/lib.rs:103:8
[INFO] [stdout]     |
[INFO] [stdout] 103 | pub fn html<T: core::fmt::Write>(inner: T) -> Html<T> {
[INFO] [stdout]     |        ^^^^
[INFO] [stdout]     = note: the item is gated behind the `html` feature
[INFO] [stdout] note: found an item that was configured out
[INFO] [stdout]    --> /opt/rustwide/cargo-home/registry/src/index.crates.io-6f17d22bba15001f/stylish-0.1.0/src/lib.rs:137:9
[INFO] [stdout]     |
[INFO] [stdout] 137 | pub mod html {
[INFO] [stdout]     |         ^^^^
[INFO] [stdout]     = note: the item is gated behind the `html` feature
[INFO] [stdout] 
[INFO] [stdout] error: unused import: `Write`
[INFO] [stdout]  --> src/write.rs:21:41
[INFO] [stdout]   |
[INFO] [stdout] 3 | use stylish::{Color, Foreground, Style, Write};
[INFO] [stdout]   |                                         ^^^^^
[INFO] [stdout]   |
[INFO] [stdout] note: the lint level is defined here
[INFO] [stdout]  --> src/write.rs:19:9
[INFO] [stdout]   |
[INFO] [stdout] 1 | #![deny(warnings)]
[INFO] [stdout]   |         ^^^^^^^^
[INFO] [stdout]   = note: `#[deny(unused_imports)]` implied by `#[deny(warnings)]`
[INFO] [stdout] 
[INFO] [stdout] error: aborting due to 2 previous errors
[INFO] [stdout] 
[INFO] [stdout] For more information about this error, try `rustc --explain E0425`.
[INFO] [stdout] Couldn't compile the test.
[INFO] [stdout] ---- src/write.rs - write::Write::write_char (line 46) stdout ----
[INFO] [stdout] error[E0425]: cannot find function `html` in crate `stylish`
[INFO] [stdout]    --> src/write.rs:54:31
[INFO] [stdout]     |
[INFO] [stdout] 10  |     let mut output = stylish::html(&mut s);
[INFO] [stdout]     |                               ^^^^ not found in `stylish`
[INFO] [stdout]     |
[INFO] [stdout] note: found an item that was configured out
[INFO] [stdout]    --> /opt/rustwide/cargo-home/registry/src/index.crates.io-6f17d22bba15001f/stylish-0.1.0/src/lib.rs:103:8
[INFO] [stdout]     |
[INFO] [stdout] 103 | pub fn html<T: core::fmt::Write>(inner: T) -> Html<T> {
[INFO] [stdout]     |        ^^^^
[INFO] [stdout]     = note: the item is gated behind the `html` feature
[INFO] [stdout] note: found an item that was configured out
[INFO] [stdout]    --> /opt/rustwide/cargo-home/registry/src/index.crates.io-6f17d22bba15001f/stylish-0.1.0/src/lib.rs:137:9
[INFO] [stdout]     |
[INFO] [stdout] 137 | pub mod html {
[INFO] [stdout]     |         ^^^^
[INFO] [stdout]     = note: the item is gated behind the `html` feature
[INFO] [stdout] 
[INFO] [stdout] error: unused import: `Write`
[INFO] [stdout]  --> src/write.rs:47:41
[INFO] [stdout]   |
[INFO] [stdout] 3 | use stylish::{Color, Foreground, Style, Write};
[INFO] [stdout]   |                                         ^^^^^
[INFO] [stdout]   |
[INFO] [stdout] note: the lint level is defined here
[INFO] [stdout]  --> src/write.rs:45:9
[INFO] [stdout]   |
[INFO] [stdout] 1 | #![deny(warnings)]
[INFO] [stdout]   |         ^^^^^^^^
[INFO] [stdout]   = note: `#[deny(unused_imports)]` implied by `#[deny(warnings)]`
[INFO] [stdout] 
[INFO] [stdout] error: aborting due to 2 previous errors
[INFO] [stdout] 
[INFO] [stdout] For more information about this error, try `rustc --explain E0425`.
[INFO] [stdout] Couldn't compile the test.
[INFO] [stdout] ---- src/write.rs - write::write (line 121) stdout ----
[INFO] [stdout] error[E0425]: cannot find function `html` in crate `stylish`
[INFO] [stdout]    --> src/write.rs:122:22
[INFO] [stdout]     |
[INFO] [stdout] 3   | let mut w = stylish::html(String::new());
[INFO] [stdout]     |                      ^^^^ not found in `stylish`
[INFO] [stdout]     |
[INFO] [stdout] note: found an item that was configured out
[INFO] [stdout]    --> /opt/rustwide/cargo-home/registry/src/index.crates.io-6f17d22bba15001f/stylish-0.1.0/src/lib.rs:103:8
[INFO] [stdout]     |
[INFO] [stdout] 103 | pub fn html<T: core::fmt::Write>(inner: T) -> Html<T> {
[INFO] [stdout]     |        ^^^^
[INFO] [stdout]     = note: the item is gated behind the `html` feature
[INFO] [stdout] note: found an item that was configured out
[INFO] [stdout]    --> /opt/rustwide/cargo-home/registry/src/index.crates.io-6f17d22bba15001f/stylish-0.1.0/src/lib.rs:137:9
[INFO] [stdout]     |
[INFO] [stdout] 137 | pub mod html {
[INFO] [stdout]     |         ^^^^
[INFO] [stdout]     = note: the item is gated behind the `html` feature
[INFO] [stdout] 
[INFO] [stdout] error: aborting due to 1 previous error
[INFO] [stdout] 
[INFO] [stdout] For more information about this error, try `rustc --explain E0425`.
[INFO] [stdout] Couldn't compile the test.
[INFO] [stdout] 
[INFO] [stdout] failures:
[INFO] [stdout]     src/arguments.rs - arguments::Arguments (line 66)
[INFO] [stdout]     src/display.rs - display::Display (line 9)
[INFO] [stdout]     src/display.rs - display::Display::fmt (line 32)
[INFO] [stdout]     src/format.rs - format::format (line 36)
[INFO] [stdout]     src/format.rs - format::format (line 50)
[INFO] [stdout]     src/formatter.rs - formatter::Formatter<'a>::with (line 74)
[INFO] [stdout]     src/formatter.rs - formatter::Formatter<'a>::write_fmt (line 141)
[INFO] [stdout]     src/formatter.rs - formatter::Formatter<'a>::write_str (line 113)
[INFO] [stdout]     src/io.rs - io::Write (line 53)
[INFO] [stdout]     src/io.rs - io::Write::by_ref (line 230)
[INFO] [stdout]     src/io.rs - io::Write::flush (line 128)
[INFO] [stdout]     src/io.rs - io::Write::write (line 104)
[INFO] [stdout]     src/io.rs - io::Write::write_all (line 164)
[INFO] [stdout]     src/io.rs - io::Write::write_fmt (line 211)
[INFO] [stdout]     src/string.rs - string::String (line 29)
[INFO] [stdout]     src/string.rs - string::String::new (line 51)
[INFO] [stdout]     src/write.rs - write::Write::write_char (line 46)
[INFO] [stdout]     src/write.rs - write::Write::write_fmt (line 77)
[INFO] [stdout]     src/write.rs - write::Write::write_str (line 20)
[INFO] [stdout]     src/write.rs - write::write (line 121)
[INFO] [stdout]     src/write.rs - write::writeln (line 150)
[INFO] [stdout] 
[INFO] [stdout] test result: FAILED. 2 passed; 21 failed; 0 ignored; 0 measured; 0 filtered out; finished in 0.31s
[INFO] [stdout] 
[INFO] [stderr] error: doctest failed, to rerun pass `--doc`
[INFO] running `Command { std: "docker" "inspect" "33fd580d61d20353e29733e53f91bee25f67f706a9744e56388bb4075f0d446e", kill_on_drop: false }`
[INFO] running `Command { std: "docker" "rm" "-f" "33fd580d61d20353e29733e53f91bee25f67f706a9744e56388bb4075f0d446e", kill_on_drop: false }`
[INFO] [stdout] 33fd580d61d20353e29733e53f91bee25f67f706a9744e56388bb4075f0d446e
