[INFO] fetching crate stylish-ansi 0.1.1...
[INFO] testing stylish-ansi-0.1.1 against 1.75.0 for beta-1.76-1
[INFO] extracting crate stylish-ansi 0.1.1 into /workspace/builds/worker-3-tc1/source
[INFO] validating manifest of crates.io crate stylish-ansi 0.1.1 on toolchain 1.75.0
[INFO] running `Command { std: CARGO_HOME="/workspace/cargo-home" RUSTUP_HOME="/workspace/rustup-home" "/workspace/cargo-home/bin/cargo" "+1.75.0" "metadata" "--manifest-path" "Cargo.toml" "--no-deps", kill_on_drop: false }`
[INFO] started tweaking crates.io crate stylish-ansi 0.1.1
[INFO] finished tweaking crates.io crate stylish-ansi 0.1.1
[INFO] tweaked toml for crates.io crate stylish-ansi 0.1.1 written to /workspace/builds/worker-3-tc1/source/Cargo.toml
[INFO] running `Command { std: CARGO_HOME="/workspace/cargo-home" RUSTUP_HOME="/workspace/rustup-home" "/workspace/cargo-home/bin/cargo" "+1.75.0" "generate-lockfile" "--manifest-path" "Cargo.toml", kill_on_drop: false }`
[INFO] [stderr]     Updating crates.io index
[INFO] running `Command { std: CARGO_HOME="/workspace/cargo-home" RUSTUP_HOME="/workspace/rustup-home" "/workspace/cargo-home/bin/cargo" "+1.75.0" "fetch" "--manifest-path" "Cargo.toml", kill_on_drop: false }`
[INFO] [stderr]  Downloading crates ...
[INFO] [stderr]   Downloaded stack_dst v0.6.1
[INFO] [stderr]   Downloaded stylish-html v0.1.1
[INFO] [stderr]   Downloaded stylish-ansi v0.1.1
[INFO] [stderr]   Downloaded stylish-macros v0.1.1
[INFO] [stderr]   Downloaded with_builtin_macros-proc_macros v0.0.3
[INFO] [stderr]   Downloaded stylish-core v0.1.1
[INFO] [stderr]   Downloaded with_builtin_macros v0.0.3
[INFO] [stderr]   Downloaded stylish-plain v0.1.0
[INFO] [stderr]   Downloaded stylish-style v0.1.0
[INFO] [stderr]   Downloaded stylish v0.1.0
[INFO] running `Command { std: "docker" "create" "-v" "/var/lib/crater-agent-workspace/builds/worker-3-tc1/target:/opt/rustwide/target:rw,Z" "-v" "/var/lib/crater-agent-workspace/builds/worker-3-tc1/source:/opt/rustwide/workdir:ro,Z" "-v" "/var/lib/crater-agent-workspace/cargo-home:/opt/rustwide/cargo-home:ro,Z" "-v" "/var/lib/crater-agent-workspace/rustup-home:/opt/rustwide/rustup-home:ro,Z" "-e" "SOURCE_DIR=/opt/rustwide/workdir" "-e" "CARGO_TARGET_DIR=/opt/rustwide/target" "-e" "CARGO_HOME=/opt/rustwide/cargo-home" "-e" "RUSTUP_HOME=/opt/rustwide/rustup-home" "-w" "/opt/rustwide/workdir" "-m" "1610612736" "--user" "0:0" "--network" "none" "ghcr.io/rust-lang/crates-build-env/linux@sha256:2788e3201cd34a07e3172128adcd8b3090168a8e3bcc40d7c032b9dda1df7d1c" "/opt/rustwide/cargo-home/bin/cargo" "+1.75.0" "metadata" "--no-deps" "--format-version=1", kill_on_drop: false }`
[INFO] [stdout] b6e57a0bc1a0880a6ecc63a8fdba5d09e5f908b93d54ef1985174e57e5120000
[INFO] running `Command { std: "docker" "start" "-a" "b6e57a0bc1a0880a6ecc63a8fdba5d09e5f908b93d54ef1985174e57e5120000", kill_on_drop: false }`
[INFO] running `Command { std: "docker" "inspect" "b6e57a0bc1a0880a6ecc63a8fdba5d09e5f908b93d54ef1985174e57e5120000", kill_on_drop: false }`
[INFO] running `Command { std: "docker" "rm" "-f" "b6e57a0bc1a0880a6ecc63a8fdba5d09e5f908b93d54ef1985174e57e5120000", kill_on_drop: false }`
[INFO] [stdout] b6e57a0bc1a0880a6ecc63a8fdba5d09e5f908b93d54ef1985174e57e5120000
[INFO] running `Command { std: "docker" "create" "-v" "/var/lib/crater-agent-workspace/builds/worker-3-tc1/target:/opt/rustwide/target:rw,Z" "-v" "/var/lib/crater-agent-workspace/builds/worker-3-tc1/source:/opt/rustwide/workdir:ro,Z" "-v" "/var/lib/crater-agent-workspace/cargo-home:/opt/rustwide/cargo-home:ro,Z" "-v" "/var/lib/crater-agent-workspace/rustup-home:/opt/rustwide/rustup-home:ro,Z" "-e" "SOURCE_DIR=/opt/rustwide/workdir" "-e" "CARGO_TARGET_DIR=/opt/rustwide/target" "-e" "CARGO_INCREMENTAL=0" "-e" "RUST_BACKTRACE=full" "-e" "RUSTFLAGS=--cap-lints=warn" "-e" "RUSTDOCFLAGS=--cap-lints=warn" "-e" "CARGO_HOME=/opt/rustwide/cargo-home" "-e" "RUSTUP_HOME=/opt/rustwide/rustup-home" "-w" "/opt/rustwide/workdir" "-m" "1610612736" "--user" "0:0" "--network" "none" "ghcr.io/rust-lang/crates-build-env/linux@sha256:2788e3201cd34a07e3172128adcd8b3090168a8e3bcc40d7c032b9dda1df7d1c" "/opt/rustwide/cargo-home/bin/cargo" "+1.75.0" "build" "--frozen" "--message-format=json", kill_on_drop: false }`
[INFO] [stdout] 3316fad56296a94a31d76a41e7120d8e8f33bd2a2fba80d6f0252e05b5839298
[INFO] running `Command { std: "docker" "start" "-a" "3316fad56296a94a31d76a41e7120d8e8f33bd2a2fba80d6f0252e05b5839298", kill_on_drop: false }`
[INFO] [stderr]    Compiling stack_dst v0.6.1
[INFO] [stderr]    Compiling stylish-style v0.1.0
[INFO] [stderr]    Compiling stylish-core v0.1.1
[INFO] [stderr]    Compiling stylish-ansi v0.1.1 (/opt/rustwide/workdir)
[INFO] [stderr]     Finished dev [unoptimized + debuginfo] target(s) in 3.95s
[INFO] running `Command { std: "docker" "inspect" "3316fad56296a94a31d76a41e7120d8e8f33bd2a2fba80d6f0252e05b5839298", kill_on_drop: false }`
[INFO] running `Command { std: "docker" "rm" "-f" "3316fad56296a94a31d76a41e7120d8e8f33bd2a2fba80d6f0252e05b5839298", kill_on_drop: false }`
[INFO] [stdout] 3316fad56296a94a31d76a41e7120d8e8f33bd2a2fba80d6f0252e05b5839298
[INFO] running `Command { std: "docker" "create" "-v" "/var/lib/crater-agent-workspace/builds/worker-3-tc1/target:/opt/rustwide/target:rw,Z" "-v" "/var/lib/crater-agent-workspace/builds/worker-3-tc1/source:/opt/rustwide/workdir:ro,Z" "-v" "/var/lib/crater-agent-workspace/cargo-home:/opt/rustwide/cargo-home:ro,Z" "-v" "/var/lib/crater-agent-workspace/rustup-home:/opt/rustwide/rustup-home:ro,Z" "-e" "SOURCE_DIR=/opt/rustwide/workdir" "-e" "CARGO_TARGET_DIR=/opt/rustwide/target" "-e" "CARGO_INCREMENTAL=0" "-e" "RUST_BACKTRACE=full" "-e" "RUSTFLAGS=--cap-lints=warn" "-e" "RUSTDOCFLAGS=--cap-lints=warn" "-e" "CARGO_HOME=/opt/rustwide/cargo-home" "-e" "RUSTUP_HOME=/opt/rustwide/rustup-home" "-w" "/opt/rustwide/workdir" "-m" "1610612736" "--user" "0:0" "--network" "none" "ghcr.io/rust-lang/crates-build-env/linux@sha256:2788e3201cd34a07e3172128adcd8b3090168a8e3bcc40d7c032b9dda1df7d1c" "/opt/rustwide/cargo-home/bin/cargo" "+1.75.0" "test" "--frozen" "--no-run" "--message-format=json", kill_on_drop: false }`
[INFO] [stdout] 0b0da716cb9400e385ab9e7f05a9b99c4b9814a9756b6c215ff8183af349a61c
[INFO] running `Command { std: "docker" "start" "-a" "0b0da716cb9400e385ab9e7f05a9b99c4b9814a9756b6c215ff8183af349a61c", kill_on_drop: false }`
[INFO] [stderr]    Compiling syn v1.0.109
[INFO] [stderr]    Compiling minimal-lexical v0.2.1
[INFO] [stderr]    Compiling memchr v2.7.1
[INFO] [stderr]    Compiling stylish-style v0.1.0
[INFO] [stderr]    Compiling nom v7.1.3
[INFO] [stderr]    Compiling with_builtin_macros-proc_macros v0.0.3
[INFO] [stderr]    Compiling stylish-macros v0.1.1
[INFO] [stderr]    Compiling with_builtin_macros v0.0.3
[INFO] [stderr]    Compiling stylish-core v0.1.1
[INFO] [stderr]    Compiling stylish v0.1.0
[INFO] [stderr]    Compiling stylish-ansi v0.1.1 (/opt/rustwide/workdir)
[INFO] [stderr]     Finished test [unoptimized + debuginfo] target(s) in 6.29s
[INFO] running `Command { std: "docker" "inspect" "0b0da716cb9400e385ab9e7f05a9b99c4b9814a9756b6c215ff8183af349a61c", kill_on_drop: false }`
[INFO] running `Command { std: "docker" "rm" "-f" "0b0da716cb9400e385ab9e7f05a9b99c4b9814a9756b6c215ff8183af349a61c", kill_on_drop: false }`
[INFO] [stdout] 0b0da716cb9400e385ab9e7f05a9b99c4b9814a9756b6c215ff8183af349a61c
[INFO] running `Command { std: "docker" "create" "-v" "/var/lib/crater-agent-workspace/builds/worker-3-tc1/target:/opt/rustwide/target:rw,Z" "-v" "/var/lib/crater-agent-workspace/builds/worker-3-tc1/source:/opt/rustwide/workdir:ro,Z" "-v" "/var/lib/crater-agent-workspace/cargo-home:/opt/rustwide/cargo-home:ro,Z" "-v" "/var/lib/crater-agent-workspace/rustup-home:/opt/rustwide/rustup-home:ro,Z" "-e" "SOURCE_DIR=/opt/rustwide/workdir" "-e" "CARGO_TARGET_DIR=/opt/rustwide/target" "-e" "CARGO_INCREMENTAL=0" "-e" "RUST_BACKTRACE=full" "-e" "RUSTFLAGS=--cap-lints=warn" "-e" "RUSTDOCFLAGS=--cap-lints=warn" "-e" "CARGO_HOME=/opt/rustwide/cargo-home" "-e" "RUSTUP_HOME=/opt/rustwide/rustup-home" "-w" "/opt/rustwide/workdir" "-m" "1610612736" "--user" "0:0" "--network" "none" "ghcr.io/rust-lang/crates-build-env/linux@sha256:2788e3201cd34a07e3172128adcd8b3090168a8e3bcc40d7c032b9dda1df7d1c" "/opt/rustwide/cargo-home/bin/cargo" "+1.75.0" "test" "--frozen", kill_on_drop: false }`
[INFO] [stdout] 105f40543b301dd0f0638ebfeb5a396732d8c5d791cdc201509f27df7b77353f
[INFO] running `Command { std: "docker" "start" "-a" "105f40543b301dd0f0638ebfeb5a396732d8c5d791cdc201509f27df7b77353f", kill_on_drop: false }`
[INFO] [stderr]     Finished test [unoptimized + debuginfo] target(s) in 0.01s
[INFO] [stderr]      Running unittests src/lib.rs (/opt/rustwide/target/debug/deps/stylish_ansi-61fa1fff679707a2)
[INFO] [stdout] 
[INFO] [stdout] running 0 tests
[INFO] [stdout] 
[INFO] [stdout] test result: ok. 0 passed; 0 failed; 0 ignored; 0 measured; 0 filtered out; finished in 0.00s
[INFO] [stdout] 
[INFO] [stderr]    Doc-tests stylish-ansi
[INFO] [stdout] 
[INFO] [stdout] running 3 tests
[INFO] [stdout] test src/ansi.rs - ansi::Ansi (line 10) ... FAILED
[INFO] [stdout] test src/format.rs - format::format (line 28) ... FAILED
[INFO] [stdout] test src/io.rs - io::Ansi (line 14) ... FAILED
[INFO] [stdout] 
[INFO] [stdout] failures:
[INFO] [stdout] 
[INFO] [stdout] ---- src/ansi.rs - ansi::Ansi (line 10) stdout ----
[INFO] [stdout] error[E0433]: failed to resolve: could not find `Ansi` in `stylish`
[INFO] [stdout]  --> src/ansi.rs:11:27
[INFO] [stdout]   |
[INFO] [stdout] 3 | let mut writer = stylish::Ansi::new(String::new());
[INFO] [stdout]   |                           ^^^^ could not find `Ansi` in `stylish`
[INFO] [stdout]   |
[INFO] [stdout] help: consider importing one of these items
[INFO] [stdout]   |
[INFO] [stdout] 2 + use stylish_ansi::Ansi;
[INFO] [stdout]   |
[INFO] [stdout] 2 + use stylish_ansi::io::Ansi;
[INFO] [stdout]   |
[INFO] [stdout] help: if you import `Ansi`, refer to it directly
[INFO] [stdout]   |
[INFO] [stdout] 3 - let mut writer = stylish::Ansi::new(String::new());
[INFO] [stdout] 3 + let mut writer = Ansi::new(String::new());
[INFO] [stdout]   |
[INFO] [stdout] 
[INFO] [stdout] error: aborting due to previous error
[INFO] [stdout] 
[INFO] [stdout] For more information about this error, try `rustc --explain E0433`.
[INFO] [stdout] Couldn't compile the test.
[INFO] [stdout] ---- src/format.rs - format::format (line 28) stdout ----
[INFO] [stdout] error[E0433]: failed to resolve: could not find `ansi` in `stylish`
[INFO] [stdout]  --> src/format.rs:30:14
[INFO] [stdout]   |
[INFO] [stdout] 4 |     stylish::ansi::format(stylish::format_args!(
[INFO] [stdout]   |              ^^^^ could not find `ansi` in `stylish`
[INFO] [stdout] 
[INFO] [stdout] error: aborting due to previous error
[INFO] [stdout] 
[INFO] [stdout] For more information about this error, try `rustc --explain E0433`.
[INFO] [stdout] Couldn't compile the test.
[INFO] [stdout] ---- src/io.rs - io::Ansi (line 14) stdout ----
[INFO] [stdout] error[E0433]: failed to resolve: could not find `Ansi` in `io`
[INFO] [stdout]  --> src/io.rs:15:31
[INFO] [stdout]   |
[INFO] [stdout] 3 | let mut writer = stylish::io::Ansi::new(Vec::new());
[INFO] [stdout]   |                               ^^^^ could not find `Ansi` in `io`
[INFO] [stdout]   |
[INFO] [stdout] help: consider importing one of these items
[INFO] [stdout]   |
[INFO] [stdout] 2 + use stylish_ansi::Ansi;
[INFO] [stdout]   |
[INFO] [stdout] 2 + use stylish_ansi::io::Ansi;
[INFO] [stdout]   |
[INFO] [stdout] help: if you import `Ansi`, refer to it directly
[INFO] [stdout]   |
[INFO] [stdout] 3 - let mut writer = stylish::io::Ansi::new(Vec::new());
[INFO] [stdout] 3 + let mut writer = Ansi::new(Vec::new());
[INFO] [stdout]   |
[INFO] [stdout] 
[INFO] [stdout] error: aborting due to previous error
[INFO] [stdout] 
[INFO] [stdout] For more information about this error, try `rustc --explain E0433`.
[INFO] [stdout] Couldn't compile the test.
[INFO] [stdout] 
[INFO] [stdout] failures:
[INFO] [stdout]     src/ansi.rs - ansi::Ansi (line 10)
[INFO] [stdout]     src/format.rs - format::format (line 28)
[INFO] [stdout]     src/io.rs - io::Ansi (line 14)
[INFO] [stdout] 
[INFO] [stdout] test result: FAILED. 0 passed; 3 failed; 0 ignored; 0 measured; 0 filtered out; finished in 0.10s
[INFO] [stdout] 
[INFO] [stderr] error: doctest failed, to rerun pass `--doc`
[INFO] running `Command { std: "docker" "inspect" "105f40543b301dd0f0638ebfeb5a396732d8c5d791cdc201509f27df7b77353f", kill_on_drop: false }`
[INFO] running `Command { std: "docker" "rm" "-f" "105f40543b301dd0f0638ebfeb5a396732d8c5d791cdc201509f27df7b77353f", kill_on_drop: false }`
[INFO] [stdout] 105f40543b301dd0f0638ebfeb5a396732d8c5d791cdc201509f27df7b77353f
