[INFO] fetching crate stun_codec_blazh 0.1.13...
[INFO] testing stun_codec_blazh-0.1.13 against 1.75.0 for beta-1.76-1
[INFO] extracting crate stun_codec_blazh 0.1.13 into /workspace/builds/worker-3-tc1/source
[INFO] validating manifest of crates.io crate stun_codec_blazh 0.1.13 on toolchain 1.75.0
[INFO] running `Command { std: CARGO_HOME="/workspace/cargo-home" RUSTUP_HOME="/workspace/rustup-home" "/workspace/cargo-home/bin/cargo" "+1.75.0" "metadata" "--manifest-path" "Cargo.toml" "--no-deps", kill_on_drop: false }`
[INFO] started tweaking crates.io crate stun_codec_blazh 0.1.13
[INFO] finished tweaking crates.io crate stun_codec_blazh 0.1.13
[INFO] tweaked toml for crates.io crate stun_codec_blazh 0.1.13 written to /workspace/builds/worker-3-tc1/source/Cargo.toml
[INFO] running `Command { std: CARGO_HOME="/workspace/cargo-home" RUSTUP_HOME="/workspace/rustup-home" "/workspace/cargo-home/bin/cargo" "+1.75.0" "generate-lockfile" "--manifest-path" "Cargo.toml", kill_on_drop: false }`
[INFO] [stderr]     Updating crates.io index
[INFO] running `Command { std: CARGO_HOME="/workspace/cargo-home" RUSTUP_HOME="/workspace/rustup-home" "/workspace/cargo-home/bin/cargo" "+1.75.0" "fetch" "--manifest-path" "Cargo.toml", kill_on_drop: false }`
[INFO] running `Command { std: "docker" "create" "-v" "/var/lib/crater-agent-workspace/builds/worker-3-tc1/target:/opt/rustwide/target:rw,Z" "-v" "/var/lib/crater-agent-workspace/builds/worker-3-tc1/source:/opt/rustwide/workdir:ro,Z" "-v" "/var/lib/crater-agent-workspace/cargo-home:/opt/rustwide/cargo-home:ro,Z" "-v" "/var/lib/crater-agent-workspace/rustup-home:/opt/rustwide/rustup-home:ro,Z" "-e" "SOURCE_DIR=/opt/rustwide/workdir" "-e" "CARGO_TARGET_DIR=/opt/rustwide/target" "-e" "CARGO_HOME=/opt/rustwide/cargo-home" "-e" "RUSTUP_HOME=/opt/rustwide/rustup-home" "-w" "/opt/rustwide/workdir" "-m" "1610612736" "--user" "0:0" "--network" "none" "ghcr.io/rust-lang/crates-build-env/linux@sha256:2788e3201cd34a07e3172128adcd8b3090168a8e3bcc40d7c032b9dda1df7d1c" "/opt/rustwide/cargo-home/bin/cargo" "+1.75.0" "metadata" "--no-deps" "--format-version=1", kill_on_drop: false }`
[INFO] [stdout] 209c21c86cf9c6b0cb4065f271fa7810fe769ad0aed4a4c2c6becea8ff8fa119
[INFO] running `Command { std: "docker" "start" "-a" "209c21c86cf9c6b0cb4065f271fa7810fe769ad0aed4a4c2c6becea8ff8fa119", kill_on_drop: false }`
[INFO] running `Command { std: "docker" "inspect" "209c21c86cf9c6b0cb4065f271fa7810fe769ad0aed4a4c2c6becea8ff8fa119", kill_on_drop: false }`
[INFO] running `Command { std: "docker" "rm" "-f" "209c21c86cf9c6b0cb4065f271fa7810fe769ad0aed4a4c2c6becea8ff8fa119", kill_on_drop: false }`
[INFO] [stdout] 209c21c86cf9c6b0cb4065f271fa7810fe769ad0aed4a4c2c6becea8ff8fa119
[INFO] running `Command { std: "docker" "create" "-v" "/var/lib/crater-agent-workspace/builds/worker-3-tc1/target:/opt/rustwide/target:rw,Z" "-v" "/var/lib/crater-agent-workspace/builds/worker-3-tc1/source:/opt/rustwide/workdir:ro,Z" "-v" "/var/lib/crater-agent-workspace/cargo-home:/opt/rustwide/cargo-home:ro,Z" "-v" "/var/lib/crater-agent-workspace/rustup-home:/opt/rustwide/rustup-home:ro,Z" "-e" "SOURCE_DIR=/opt/rustwide/workdir" "-e" "CARGO_TARGET_DIR=/opt/rustwide/target" "-e" "CARGO_INCREMENTAL=0" "-e" "RUST_BACKTRACE=full" "-e" "RUSTFLAGS=--cap-lints=warn" "-e" "RUSTDOCFLAGS=--cap-lints=warn" "-e" "CARGO_HOME=/opt/rustwide/cargo-home" "-e" "RUSTUP_HOME=/opt/rustwide/rustup-home" "-w" "/opt/rustwide/workdir" "-m" "1610612736" "--user" "0:0" "--network" "none" "ghcr.io/rust-lang/crates-build-env/linux@sha256:2788e3201cd34a07e3172128adcd8b3090168a8e3bcc40d7c032b9dda1df7d1c" "/opt/rustwide/cargo-home/bin/cargo" "+1.75.0" "build" "--frozen" "--message-format=json", kill_on_drop: false }`
[INFO] [stdout] 8f2d80eeaee70c278ce13bc96bca519640a345fcfe1ff614771a14a8441f08f4
[INFO] running `Command { std: "docker" "start" "-a" "8f2d80eeaee70c278ce13bc96bca519640a345fcfe1ff614771a14a8441f08f4", kill_on_drop: false }`
[INFO] [stderr]    Compiling proc-macro2 v1.0.75
[INFO] [stderr]    Compiling syn v1.0.109
[INFO] [stderr]    Compiling build_const v0.2.2
[INFO] [stderr]    Compiling sha1 v0.2.0
[INFO] [stderr]    Compiling byteorder v1.5.0
[INFO] [stderr]    Compiling md5 v0.7.0
[INFO] [stderr]    Compiling hmac-sha1 v0.1.3
[INFO] [stderr]    Compiling crc v1.8.1
[INFO] [stderr]    Compiling quote v1.0.35
[INFO] [stderr]    Compiling trackable_derive v1.0.0
[INFO] [stderr]    Compiling trackable v1.3.0
[INFO] [stderr]    Compiling trackable v0.2.24
[INFO] [stderr]    Compiling bytecodec v0.4.15
[INFO] [stderr]    Compiling stun_codec_blazh v0.1.13 (/opt/rustwide/workdir)
[INFO] [stdout] warning: irrefutable `if let` pattern
[INFO] [stdout]   --> src/macros.rs:18:20
[INFO] [stdout]    |
[INFO] [stdout] 18 |                   if let $attr::$variant(a) = self {
[INFO] [stdout]    |                      ^^^^^^^^^^^^^^^^^^^^^^^^^^^^^
[INFO] [stdout]    |
[INFO] [stdout]   ::: src/rfc3489/mod.rs:8:1
[INFO] [stdout]    |
[INFO] [stdout] 8  | / define_attribute_enums!(
[INFO] [stdout] 9  | |     Attribute,
[INFO] [stdout] 10 | |     AttributeDecoder,
[INFO] [stdout] 11 | |     AttributeEncoder,
[INFO] [stdout] 12 | |     [ChangedAddress]
[INFO] [stdout] 13 | | );
[INFO] [stdout]    | |_- in this macro invocation
[INFO] [stdout]    |
[INFO] [stdout]    = note: this pattern will always match, so the `if let` is useless
[INFO] [stdout]    = help: consider replacing the `if let` with a `let`
[INFO] [stdout]    = note: `#[warn(irrefutable_let_patterns)]` on by default
[INFO] [stdout]    = note: this warning originates in the macro `define_attribute_enums` (in Nightly builds, run with -Z macro-backtrace for more info)
[INFO] [stdout] 
[INFO] [stdout] 
[INFO] [stdout] warning: missing documentation for a module
[INFO] [stdout]   --> src/rfc3489/mod.rs:6:1
[INFO] [stdout]    |
[INFO] [stdout] 6  | pub mod attributes;
[INFO] [stdout]    | ^^^^^^^^^^^^^^^^^^
[INFO] [stdout]    |
[INFO] [stdout] note: the lint level is defined here
[INFO] [stdout]   --> src/lib.rs:83:9
[INFO] [stdout]    |
[INFO] [stdout] 83 | #![warn(missing_docs)]
[INFO] [stdout]    |         ^^^^^^^^^^^^
[INFO] [stdout] 
[INFO] [stdout] 
[INFO] [stdout] warning: 2 warnings emitted
[INFO] [stdout] 
[INFO] [stdout] 
[INFO] [stderr]     Finished dev [unoptimized + debuginfo] target(s) in 6.51s
[INFO] running `Command { std: "docker" "inspect" "8f2d80eeaee70c278ce13bc96bca519640a345fcfe1ff614771a14a8441f08f4", kill_on_drop: false }`
[INFO] running `Command { std: "docker" "rm" "-f" "8f2d80eeaee70c278ce13bc96bca519640a345fcfe1ff614771a14a8441f08f4", kill_on_drop: false }`
[INFO] [stdout] 8f2d80eeaee70c278ce13bc96bca519640a345fcfe1ff614771a14a8441f08f4
[INFO] running `Command { std: "docker" "create" "-v" "/var/lib/crater-agent-workspace/builds/worker-3-tc1/target:/opt/rustwide/target:rw,Z" "-v" "/var/lib/crater-agent-workspace/builds/worker-3-tc1/source:/opt/rustwide/workdir:ro,Z" "-v" "/var/lib/crater-agent-workspace/cargo-home:/opt/rustwide/cargo-home:ro,Z" "-v" "/var/lib/crater-agent-workspace/rustup-home:/opt/rustwide/rustup-home:ro,Z" "-e" "SOURCE_DIR=/opt/rustwide/workdir" "-e" "CARGO_TARGET_DIR=/opt/rustwide/target" "-e" "CARGO_INCREMENTAL=0" "-e" "RUST_BACKTRACE=full" "-e" "RUSTFLAGS=--cap-lints=warn" "-e" "RUSTDOCFLAGS=--cap-lints=warn" "-e" "CARGO_HOME=/opt/rustwide/cargo-home" "-e" "RUSTUP_HOME=/opt/rustwide/rustup-home" "-w" "/opt/rustwide/workdir" "-m" "1610612736" "--user" "0:0" "--network" "none" "ghcr.io/rust-lang/crates-build-env/linux@sha256:2788e3201cd34a07e3172128adcd8b3090168a8e3bcc40d7c032b9dda1df7d1c" "/opt/rustwide/cargo-home/bin/cargo" "+1.75.0" "test" "--frozen" "--no-run" "--message-format=json", kill_on_drop: false }`
[INFO] [stdout] d219d2a3c628da85f619aac423f1affd99fb420afe6fe5b9b7ed3e93952c5c45
[INFO] running `Command { std: "docker" "start" "-a" "d219d2a3c628da85f619aac423f1affd99fb420afe6fe5b9b7ed3e93952c5c45", kill_on_drop: false }`
[INFO] [stdout] warning: irrefutable `if let` pattern
[INFO] [stdout]   --> src/macros.rs:18:20
[INFO] [stdout]    |
[INFO] [stdout] 18 |                   if let $attr::$variant(a) = self {
[INFO] [stdout]    |                      ^^^^^^^^^^^^^^^^^^^^^^^^^^^^^
[INFO] [stdout]    |
[INFO] [stdout]   ::: src/rfc3489/mod.rs:8:1
[INFO] [stdout]    |
[INFO] [stdout] 8  | / define_attribute_enums!(
[INFO] [stdout] 9  | |     Attribute,
[INFO] [stdout] 10 | |     AttributeDecoder,
[INFO] [stdout] 11 | |     AttributeEncoder,
[INFO] [stdout] 12 | |     [ChangedAddress]
[INFO] [stdout] 13 | | );
[INFO] [stdout]    | |_- in this macro invocation
[INFO] [stdout]    |
[INFO] [stdout]    = note: this pattern will always match, so the `if let` is useless
[INFO] [stdout]    = help: consider replacing the `if let` with a `let`
[INFO] [stdout]    = note: `#[warn(irrefutable_let_patterns)]` on by default
[INFO] [stdout]    = note: this warning originates in the macro `define_attribute_enums` (in Nightly builds, run with -Z macro-backtrace for more info)
[INFO] [stdout] 
[INFO] [stdout] 
[INFO] [stdout] warning: missing documentation for a module
[INFO] [stdout]   --> src/rfc3489/mod.rs:6:1
[INFO] [stdout]    |
[INFO] [stdout] 6  | pub mod attributes;
[INFO] [stdout]    | ^^^^^^^^^^^^^^^^^^
[INFO] [stdout]    |
[INFO] [stdout] note: the lint level is defined here
[INFO] [stdout]   --> src/lib.rs:83:9
[INFO] [stdout]    |
[INFO] [stdout] 83 | #![warn(missing_docs)]
[INFO] [stdout]    |         ^^^^^^^^^^^^
[INFO] [stdout] 
[INFO] [stdout] 
[INFO] [stderr]    Compiling stun_codec_blazh v0.1.13 (/opt/rustwide/workdir)
[INFO] [stdout] warning: 2 warnings emitted
[INFO] [stdout] 
[INFO] [stdout] 
[INFO] [stdout] warning: irrefutable `if let` pattern
[INFO] [stdout]   --> src/macros.rs:18:20
[INFO] [stdout]    |
[INFO] [stdout] 18 |                   if let $attr::$variant(a) = self {
[INFO] [stdout]    |                      ^^^^^^^^^^^^^^^^^^^^^^^^^^^^^
[INFO] [stdout]    |
[INFO] [stdout]   ::: src/rfc3489/mod.rs:8:1
[INFO] [stdout]    |
[INFO] [stdout] 8  | / define_attribute_enums!(
[INFO] [stdout] 9  | |     Attribute,
[INFO] [stdout] 10 | |     AttributeDecoder,
[INFO] [stdout] 11 | |     AttributeEncoder,
[INFO] [stdout] 12 | |     [ChangedAddress]
[INFO] [stdout] 13 | | );
[INFO] [stdout]    | |_- in this macro invocation
[INFO] [stdout]    |
[INFO] [stdout]    = note: this pattern will always match, so the `if let` is useless
[INFO] [stdout]    = help: consider replacing the `if let` with a `let`
[INFO] [stdout]    = note: `#[warn(irrefutable_let_patterns)]` on by default
[INFO] [stdout]    = note: this warning originates in the macro `define_attribute_enums` (in Nightly builds, run with -Z macro-backtrace for more info)
[INFO] [stdout] 
[INFO] [stdout] 
[INFO] [stdout] warning: 1 warning emitted
[INFO] [stdout] 
[INFO] [stdout] 
[INFO] [stderr]     Finished test [unoptimized + debuginfo] target(s) in 2.10s
[INFO] running `Command { std: "docker" "inspect" "d219d2a3c628da85f619aac423f1affd99fb420afe6fe5b9b7ed3e93952c5c45", kill_on_drop: false }`
[INFO] running `Command { std: "docker" "rm" "-f" "d219d2a3c628da85f619aac423f1affd99fb420afe6fe5b9b7ed3e93952c5c45", kill_on_drop: false }`
[INFO] [stdout] d219d2a3c628da85f619aac423f1affd99fb420afe6fe5b9b7ed3e93952c5c45
[INFO] running `Command { std: "docker" "create" "-v" "/var/lib/crater-agent-workspace/builds/worker-3-tc1/target:/opt/rustwide/target:rw,Z" "-v" "/var/lib/crater-agent-workspace/builds/worker-3-tc1/source:/opt/rustwide/workdir:ro,Z" "-v" "/var/lib/crater-agent-workspace/cargo-home:/opt/rustwide/cargo-home:ro,Z" "-v" "/var/lib/crater-agent-workspace/rustup-home:/opt/rustwide/rustup-home:ro,Z" "-e" "SOURCE_DIR=/opt/rustwide/workdir" "-e" "CARGO_TARGET_DIR=/opt/rustwide/target" "-e" "CARGO_INCREMENTAL=0" "-e" "RUST_BACKTRACE=full" "-e" "RUSTFLAGS=--cap-lints=warn" "-e" "RUSTDOCFLAGS=--cap-lints=warn" "-e" "CARGO_HOME=/opt/rustwide/cargo-home" "-e" "RUSTUP_HOME=/opt/rustwide/rustup-home" "-w" "/opt/rustwide/workdir" "-m" "1610612736" "--user" "0:0" "--network" "none" "ghcr.io/rust-lang/crates-build-env/linux@sha256:2788e3201cd34a07e3172128adcd8b3090168a8e3bcc40d7c032b9dda1df7d1c" "/opt/rustwide/cargo-home/bin/cargo" "+1.75.0" "test" "--frozen", kill_on_drop: false }`
[INFO] [stdout] 6799bc27641914738516522db47a74dff87ece0f99753295c71c7239870e64fa
[INFO] running `Command { std: "docker" "start" "-a" "6799bc27641914738516522db47a74dff87ece0f99753295c71c7239870e64fa", kill_on_drop: false }`
[INFO] [stderr] warning: irrefutable `if let` pattern
[INFO] [stderr]   --> src/macros.rs:18:20
[INFO] [stderr]    |
[INFO] [stderr] 18 |                   if let $attr::$variant(a) = self {
[INFO] [stderr]    |                      ^^^^^^^^^^^^^^^^^^^^^^^^^^^^^
[INFO] [stderr]    |
[INFO] [stderr]   ::: src/rfc3489/mod.rs:8:1
[INFO] [stderr]    |
[INFO] [stderr] 8  | / define_attribute_enums!(
[INFO] [stderr] 9  | |     Attribute,
[INFO] [stderr] 10 | |     AttributeDecoder,
[INFO] [stderr] 11 | |     AttributeEncoder,
[INFO] [stderr] 12 | |     [ChangedAddress]
[INFO] [stderr] 13 | | );
[INFO] [stderr]    | |_- in this macro invocation
[INFO] [stderr]    |
[INFO] [stderr]    = note: this pattern will always match, so the `if let` is useless
[INFO] [stderr]    = help: consider replacing the `if let` with a `let`
[INFO] [stderr]    = note: `#[warn(irrefutable_let_patterns)]` on by default
[INFO] [stderr]    = note: this warning originates in the macro `define_attribute_enums` (in Nightly builds, run with -Z macro-backtrace for more info)
[INFO] [stderr] 
[INFO] [stderr] warning: missing documentation for a module
[INFO] [stderr]   --> src/rfc3489/mod.rs:6:1
[INFO] [stderr]    |
[INFO] [stderr] 6  | pub mod attributes;
[INFO] [stderr]    | ^^^^^^^^^^^^^^^^^^
[INFO] [stderr]    |
[INFO] [stderr] note: the lint level is defined here
[INFO] [stderr]   --> src/lib.rs:83:9
[INFO] [stderr]    |
[INFO] [stderr] 83 | #![warn(missing_docs)]
[INFO] [stderr]    |         ^^^^^^^^^^^^
[INFO] [stderr] 
[INFO] [stderr] warning: `stun_codec_blazh` (lib) generated 2 warnings
[INFO] [stderr] warning: `stun_codec_blazh` (lib test) generated 1 warning (1 duplicate)
[INFO] [stderr]     Finished test [unoptimized + debuginfo] target(s) in 0.02s
[INFO] [stderr]      Running unittests src/lib.rs (/opt/rustwide/target/debug/deps/stun_codec_blazh-cc1417f6429c2853)
[INFO] [stdout] 
[INFO] [stdout] running 10 tests
[INFO] [stdout] test message::tests::decoder_fails_when_decoding_attributes ... ok
[INFO] [stdout] test net::tests::socket_addr_encoder_works ... ok
[INFO] [stdout] test net::tests::socket_addr_xor_works ... ok
[INFO] [stdout] test tests::rfc5769_2_4_sample_request_with_long_term_authentication ... ok
[INFO] [stdout] test net::tests::socket_addr_decoder_works ... ok
[INFO] [stdout] test tests::rfc5769_2_2_sample_ipv4_response ... ok
[INFO] [stdout] test tests::it_works ... ok
[INFO] [stdout] test tests::rfc5769_2_1_sample_request ... ok
[INFO] [stdout] test tests::rfc5769_2_3_sample_ipv6_response ... ok
[INFO] [stdout] test message::tests::message_class_from_u8_works ... ok
[INFO] [stdout] 
[INFO] [stdout] test result: ok. 10 passed; 0 failed; 0 ignored; 0 measured; 0 filtered out; finished in 0.02s
[INFO] [stdout] 
[INFO] [stderr]    Doc-tests stun_codec_blazh
[INFO] [stdout] 
[INFO] [stdout] running 2 tests
[INFO] [stdout] test src/lib.rs - (line 45) ... FAILED
[INFO] [stderr] error: doctest failed, to rerun pass `--doc`
[INFO] [stdout] test src/lib.rs - (line 5) ... FAILED
[INFO] [stdout] 
[INFO] [stdout] failures:
[INFO] [stdout] 
[INFO] [stdout] ---- src/lib.rs - (line 45) stdout ----
[INFO] [stdout] error[E0433]: failed to resolve: use of undeclared crate or module `stun_codec`
[INFO] [stdout]  --> src/lib.rs:49:5
[INFO] [stdout]   |
[INFO] [stdout] 6 | use stun_codec::rfc5389::attributes::*;
[INFO] [stdout]   |     ^^^^^^^^^^ use of undeclared crate or module `stun_codec`
[INFO] [stdout] 
[INFO] [stdout] error[E0433]: failed to resolve: use of undeclared crate or module `stun_codec`
[INFO] [stdout]  --> src/lib.rs:50:5
[INFO] [stdout]   |
[INFO] [stdout] 7 | use stun_codec::rfc5766::attributes::*;
[INFO] [stdout]   |     ^^^^^^^^^^ use of undeclared crate or module `stun_codec`
[INFO] [stdout] 
[INFO] [stdout] error[E0432]: unresolved import `stun_codec`
[INFO] [stdout]  --> src/lib.rs:48:5
[INFO] [stdout]   |
[INFO] [stdout] 5 | use stun_codec::define_attribute_enums;
[INFO] [stdout]   |     ^^^^^^^^^^ use of undeclared crate or module `stun_codec`
[INFO] [stdout] 
[INFO] [stdout] error: cannot determine resolution for the macro `define_attribute_enums`
[INFO] [stdout]  --> src/lib.rs:52:1
[INFO] [stdout]   |
[INFO] [stdout] 9 | define_attribute_enums!(
[INFO] [stdout]   | ^^^^^^^^^^^^^^^^^^^^^^
[INFO] [stdout]   |
[INFO] [stdout]   = note: import resolution is stuck, try simplifying macro imports
[INFO] [stdout] 
[INFO] [stdout] error: aborting due to 4 previous errors
[INFO] [stdout] 
[INFO] [stdout] Some errors have detailed explanations: E0432, E0433.
[INFO] [stdout] For more information about an error, try `rustc --explain E0432`.
[INFO] [stdout] Couldn't compile the test.
[INFO] [stdout] ---- src/lib.rs - (line 5) stdout ----
[INFO] [stdout] error[E0463]: can't find crate for `stun_codec`
[INFO] [stdout]  --> src/lib.rs:7:1
[INFO] [stdout]   |
[INFO] [stdout] 3 | extern crate stun_codec;
[INFO] [stdout]   | ^^^^^^^^^^^^^^^^^^^^^^^^ can't find crate
[INFO] [stdout] 
[INFO] [stdout] error: aborting due to previous error
[INFO] [stdout] 
[INFO] [stdout] For more information about this error, try `rustc --explain E0463`.
[INFO] [stdout] Couldn't compile the test.
[INFO] [stdout] 
[INFO] [stdout] failures:
[INFO] [stdout]     src/lib.rs - (line 45)
[INFO] [stdout]     src/lib.rs - (line 5)
[INFO] [stdout] 
[INFO] [stdout] test result: FAILED. 0 passed; 2 failed; 0 ignored; 0 measured; 0 filtered out; finished in 0.05s
[INFO] [stdout] 
[INFO] running `Command { std: "docker" "inspect" "6799bc27641914738516522db47a74dff87ece0f99753295c71c7239870e64fa", kill_on_drop: false }`
[INFO] running `Command { std: "docker" "rm" "-f" "6799bc27641914738516522db47a74dff87ece0f99753295c71c7239870e64fa", kill_on_drop: false }`
[INFO] [stdout] 6799bc27641914738516522db47a74dff87ece0f99753295c71c7239870e64fa
[INFO] testing stun_codec_blazh-0.1.13 against beta-2023-12-22 for beta-1.76-1
[INFO] extracting crate stun_codec_blazh 0.1.13 into /workspace/builds/worker-3-tc2/source
[INFO] validating manifest of crates.io crate stun_codec_blazh 0.1.13 on toolchain beta-2023-12-22
[INFO] running `Command { std: CARGO_HOME="/workspace/cargo-home" RUSTUP_HOME="/workspace/rustup-home" "/workspace/cargo-home/bin/cargo" "+beta-2023-12-22" "metadata" "--manifest-path" "Cargo.toml" "--no-deps", kill_on_drop: false }`
[INFO] started tweaking crates.io crate stun_codec_blazh 0.1.13
[INFO] finished tweaking crates.io crate stun_codec_blazh 0.1.13
[INFO] tweaked toml for crates.io crate stun_codec_blazh 0.1.13 written to /workspace/builds/worker-3-tc2/source/Cargo.toml
[INFO] running `Command { std: CARGO_HOME="/workspace/cargo-home" RUSTUP_HOME="/workspace/rustup-home" "/workspace/cargo-home/bin/cargo" "+beta-2023-12-22" "generate-lockfile" "--manifest-path" "Cargo.toml", kill_on_drop: false }`
[INFO] [stderr]     Updating crates.io index
[INFO] running `Command { std: CARGO_HOME="/workspace/cargo-home" RUSTUP_HOME="/workspace/rustup-home" "/workspace/cargo-home/bin/cargo" "+beta-2023-12-22" "fetch" "--manifest-path" "Cargo.toml", kill_on_drop: false }`
[INFO] running `Command { std: "docker" "create" "-v" "/var/lib/crater-agent-workspace/builds/worker-3-tc2/target:/opt/rustwide/target:rw,Z" "-v" "/var/lib/crater-agent-workspace/builds/worker-3-tc2/source:/opt/rustwide/workdir:ro,Z" "-v" "/var/lib/crater-agent-workspace/cargo-home:/opt/rustwide/cargo-home:ro,Z" "-v" "/var/lib/crater-agent-workspace/rustup-home:/opt/rustwide/rustup-home:ro,Z" "-e" "SOURCE_DIR=/opt/rustwide/workdir" "-e" "CARGO_TARGET_DIR=/opt/rustwide/target" "-e" "CARGO_HOME=/opt/rustwide/cargo-home" "-e" "RUSTUP_HOME=/opt/rustwide/rustup-home" "-w" "/opt/rustwide/workdir" "-m" "1610612736" "--user" "0:0" "--network" "none" "ghcr.io/rust-lang/crates-build-env/linux@sha256:2788e3201cd34a07e3172128adcd8b3090168a8e3bcc40d7c032b9dda1df7d1c" "/opt/rustwide/cargo-home/bin/cargo" "+beta-2023-12-22" "metadata" "--no-deps" "--format-version=1", kill_on_drop: false }`
[INFO] [stdout] 0f2328052b0730a528ba99f35a12f3f66f81818b8e5d20f5efd9004249be9cb6
[INFO] running `Command { std: "docker" "start" "-a" "0f2328052b0730a528ba99f35a12f3f66f81818b8e5d20f5efd9004249be9cb6", kill_on_drop: false }`
[INFO] running `Command { std: "docker" "inspect" "0f2328052b0730a528ba99f35a12f3f66f81818b8e5d20f5efd9004249be9cb6", kill_on_drop: false }`
[INFO] running `Command { std: "docker" "rm" "-f" "0f2328052b0730a528ba99f35a12f3f66f81818b8e5d20f5efd9004249be9cb6", kill_on_drop: false }`
[INFO] [stdout] 0f2328052b0730a528ba99f35a12f3f66f81818b8e5d20f5efd9004249be9cb6
[INFO] running `Command { std: "docker" "create" "-v" "/var/lib/crater-agent-workspace/builds/worker-3-tc2/target:/opt/rustwide/target:rw,Z" "-v" "/var/lib/crater-agent-workspace/builds/worker-3-tc2/source:/opt/rustwide/workdir:ro,Z" "-v" "/var/lib/crater-agent-workspace/cargo-home:/opt/rustwide/cargo-home:ro,Z" "-v" "/var/lib/crater-agent-workspace/rustup-home:/opt/rustwide/rustup-home:ro,Z" "-e" "SOURCE_DIR=/opt/rustwide/workdir" "-e" "CARGO_TARGET_DIR=/opt/rustwide/target" "-e" "CARGO_INCREMENTAL=0" "-e" "RUST_BACKTRACE=full" "-e" "RUSTFLAGS=--cap-lints=warn" "-e" "RUSTDOCFLAGS=--cap-lints=warn" "-e" "CARGO_HOME=/opt/rustwide/cargo-home" "-e" "RUSTUP_HOME=/opt/rustwide/rustup-home" "-w" "/opt/rustwide/workdir" "-m" "1610612736" "--user" "0:0" "--network" "none" "ghcr.io/rust-lang/crates-build-env/linux@sha256:2788e3201cd34a07e3172128adcd8b3090168a8e3bcc40d7c032b9dda1df7d1c" "/opt/rustwide/cargo-home/bin/cargo" "+beta-2023-12-22" "build" "--frozen" "--message-format=json", kill_on_drop: false }`
[INFO] [stdout] 42fbfa4c21346a96a240f06914d55d2f1875315f5fc4297c984fbf07a7eb4692
[INFO] running `Command { std: "docker" "start" "-a" "42fbfa4c21346a96a240f06914d55d2f1875315f5fc4297c984fbf07a7eb4692", kill_on_drop: false }`
[INFO] [stderr]    Compiling proc-macro2 v1.0.75
[INFO] [stderr]    Compiling syn v1.0.109
[INFO] [stderr]    Compiling build_const v0.2.2
[INFO] [stderr]    Compiling sha1 v0.2.0
[INFO] [stderr]    Compiling byteorder v1.5.0
[INFO] [stderr]    Compiling md5 v0.7.0
[INFO] [stderr]    Compiling hmac-sha1 v0.1.3
[INFO] [stderr]    Compiling crc v1.8.1
[INFO] [stderr]    Compiling quote v1.0.35
[INFO] [stderr]    Compiling trackable_derive v1.0.0
[INFO] [stderr]    Compiling trackable v1.3.0
[INFO] [stderr]    Compiling trackable v0.2.24
[INFO] [stderr]    Compiling bytecodec v0.4.15
[INFO] [stderr]    Compiling stun_codec_blazh v0.1.13 (/opt/rustwide/workdir)
[INFO] [stdout] warning: irrefutable `if let` pattern
[INFO] [stdout]   --> src/macros.rs:18:20
[INFO] [stdout]    |
[INFO] [stdout] 18 |                   if let $attr::$variant(a) = self {
[INFO] [stdout]    |                      ^^^^^^^^^^^^^^^^^^^^^^^^^^^^^
[INFO] [stdout]    |
[INFO] [stdout]   ::: src/rfc3489/mod.rs:8:1
[INFO] [stdout]    |
[INFO] [stdout] 8  | / define_attribute_enums!(
[INFO] [stdout] 9  | |     Attribute,
[INFO] [stdout] 10 | |     AttributeDecoder,
[INFO] [stdout] 11 | |     AttributeEncoder,
[INFO] [stdout] 12 | |     [ChangedAddress]
[INFO] [stdout] 13 | | );
[INFO] [stdout]    | |_- in this macro invocation
[INFO] [stdout]    |
[INFO] [stdout]    = note: this pattern will always match, so the `if let` is useless
[INFO] [stdout]    = help: consider replacing the `if let` with a `let`
[INFO] [stdout]    = note: `#[warn(irrefutable_let_patterns)]` on by default
[INFO] [stdout]    = note: this warning originates in the macro `define_attribute_enums` (in Nightly builds, run with -Z macro-backtrace for more info)
[INFO] [stdout] 
[INFO] [stdout] 
[INFO] [stdout] warning: missing documentation for a module
[INFO] [stdout]   --> src/rfc3489/mod.rs:6:1
[INFO] [stdout]    |
[INFO] [stdout] 6  | pub mod attributes;
[INFO] [stdout]    | ^^^^^^^^^^^^^^^^^^
[INFO] [stdout]    |
[INFO] [stdout] note: the lint level is defined here
[INFO] [stdout]   --> src/lib.rs:83:9
[INFO] [stdout]    |
[INFO] [stdout] 83 | #![warn(missing_docs)]
[INFO] [stdout]    |         ^^^^^^^^^^^^
[INFO] [stdout] 
[INFO] [stdout] 
[INFO] [stdout] warning: 2 warnings emitted
[INFO] [stdout] 
[INFO] [stdout] 
[INFO] [stderr]     Finished dev [unoptimized + debuginfo] target(s) in 5.10s
[INFO] running `Command { std: "docker" "inspect" "42fbfa4c21346a96a240f06914d55d2f1875315f5fc4297c984fbf07a7eb4692", kill_on_drop: false }`
[INFO] running `Command { std: "docker" "rm" "-f" "42fbfa4c21346a96a240f06914d55d2f1875315f5fc4297c984fbf07a7eb4692", kill_on_drop: false }`
[INFO] [stdout] 42fbfa4c21346a96a240f06914d55d2f1875315f5fc4297c984fbf07a7eb4692
[INFO] running `Command { std: "docker" "create" "-v" "/var/lib/crater-agent-workspace/builds/worker-3-tc2/target:/opt/rustwide/target:rw,Z" "-v" "/var/lib/crater-agent-workspace/builds/worker-3-tc2/source:/opt/rustwide/workdir:ro,Z" "-v" "/var/lib/crater-agent-workspace/cargo-home:/opt/rustwide/cargo-home:ro,Z" "-v" "/var/lib/crater-agent-workspace/rustup-home:/opt/rustwide/rustup-home:ro,Z" "-e" "SOURCE_DIR=/opt/rustwide/workdir" "-e" "CARGO_TARGET_DIR=/opt/rustwide/target" "-e" "CARGO_INCREMENTAL=0" "-e" "RUST_BACKTRACE=full" "-e" "RUSTFLAGS=--cap-lints=warn" "-e" "RUSTDOCFLAGS=--cap-lints=warn" "-e" "CARGO_HOME=/opt/rustwide/cargo-home" "-e" "RUSTUP_HOME=/opt/rustwide/rustup-home" "-w" "/opt/rustwide/workdir" "-m" "1610612736" "--user" "0:0" "--network" "none" "ghcr.io/rust-lang/crates-build-env/linux@sha256:2788e3201cd34a07e3172128adcd8b3090168a8e3bcc40d7c032b9dda1df7d1c" "/opt/rustwide/cargo-home/bin/cargo" "+beta-2023-12-22" "test" "--frozen" "--no-run" "--message-format=json", kill_on_drop: false }`
[INFO] [stdout] de4de2fdee94b057f828d0c0f4ebf12611b1592aa534d5242786fb87978f303b
[INFO] running `Command { std: "docker" "start" "-a" "de4de2fdee94b057f828d0c0f4ebf12611b1592aa534d5242786fb87978f303b", kill_on_drop: false }`
[INFO] [stdout] warning: irrefutable `if let` pattern
[INFO] [stdout]   --> src/macros.rs:18:20
[INFO] [stdout]    |
[INFO] [stdout] 18 |                   if let $attr::$variant(a) = self {
[INFO] [stdout]    |                      ^^^^^^^^^^^^^^^^^^^^^^^^^^^^^
[INFO] [stdout]    |
[INFO] [stdout]   ::: src/rfc3489/mod.rs:8:1
[INFO] [stdout]    |
[INFO] [stdout] 8  | / define_attribute_enums!(
[INFO] [stdout] 9  | |     Attribute,
[INFO] [stdout] 10 | |     AttributeDecoder,
[INFO] [stdout] 11 | |     AttributeEncoder,
[INFO] [stdout] 12 | |     [ChangedAddress]
[INFO] [stdout] 13 | | );
[INFO] [stdout]    | |_- in this macro invocation
[INFO] [stdout]    |
[INFO] [stdout]    = note: this pattern will always match, so the `if let` is useless
[INFO] [stdout]    = help: consider replacing the `if let` with a `let`
[INFO] [stdout]    = note: `#[warn(irrefutable_let_patterns)]` on by default
[INFO] [stdout]    = note: this warning originates in the macro `define_attribute_enums` (in Nightly builds, run with -Z macro-backtrace for more info)
[INFO] [stdout] 
[INFO] [stdout] 
[INFO] [stdout] warning: missing documentation for a module
[INFO] [stdout]   --> src/rfc3489/mod.rs:6:1
[INFO] [stdout]    |
[INFO] [stdout] 6  | pub mod attributes;
[INFO] [stdout]    | ^^^^^^^^^^^^^^^^^^
[INFO] [stdout]    |
[INFO] [stdout] note: the lint level is defined here
[INFO] [stdout]   --> src/lib.rs:83:9
[INFO] [stdout]    |
[INFO] [stdout] 83 | #![warn(missing_docs)]
[INFO] [stdout]    |         ^^^^^^^^^^^^
[INFO] [stdout] 
[INFO] [stdout] 
[INFO] [stdout] warning: 2 warnings emitted
[INFO] [stdout] 
[INFO] [stdout] 
[INFO] [stderr]    Compiling stun_codec_blazh v0.1.13 (/opt/rustwide/workdir)
[INFO] [stdout] warning: irrefutable `if let` pattern
[INFO] [stdout]   --> src/macros.rs:18:20
[INFO] [stdout]    |
[INFO] [stdout] 18 |                   if let $attr::$variant(a) = self {
[INFO] [stdout]    |                      ^^^^^^^^^^^^^^^^^^^^^^^^^^^^^
[INFO] [stdout]    |
[INFO] [stdout]   ::: src/rfc3489/mod.rs:8:1
[INFO] [stdout]    |
[INFO] [stdout] 8  | / define_attribute_enums!(
[INFO] [stdout] 9  | |     Attribute,
[INFO] [stdout] 10 | |     AttributeDecoder,
[INFO] [stdout] 11 | |     AttributeEncoder,
[INFO] [stdout] 12 | |     [ChangedAddress]
[INFO] [stdout] 13 | | );
[INFO] [stdout]    | |_- in this macro invocation
[INFO] [stdout]    |
[INFO] [stdout]    = note: this pattern will always match, so the `if let` is useless
[INFO] [stdout]    = help: consider replacing the `if let` with a `let`
[INFO] [stdout]    = note: `#[warn(irrefutable_let_patterns)]` on by default
[INFO] [stdout]    = note: this warning originates in the macro `define_attribute_enums` (in Nightly builds, run with -Z macro-backtrace for more info)
[INFO] [stdout] 
[INFO] [stdout] 
[INFO] [stdout] warning: 1 warning emitted
[INFO] [stdout] 
[INFO] [stdout] 
[INFO] [stderr]     Finished test [unoptimized + debuginfo] target(s) in 1.46s
[INFO] running `Command { std: "docker" "inspect" "de4de2fdee94b057f828d0c0f4ebf12611b1592aa534d5242786fb87978f303b", kill_on_drop: false }`
[INFO] running `Command { std: "docker" "rm" "-f" "de4de2fdee94b057f828d0c0f4ebf12611b1592aa534d5242786fb87978f303b", kill_on_drop: false }`
[INFO] [stdout] de4de2fdee94b057f828d0c0f4ebf12611b1592aa534d5242786fb87978f303b
[INFO] running `Command { std: "docker" "create" "-v" "/var/lib/crater-agent-workspace/builds/worker-3-tc2/target:/opt/rustwide/target:rw,Z" "-v" "/var/lib/crater-agent-workspace/builds/worker-3-tc2/source:/opt/rustwide/workdir:ro,Z" "-v" "/var/lib/crater-agent-workspace/cargo-home:/opt/rustwide/cargo-home:ro,Z" "-v" "/var/lib/crater-agent-workspace/rustup-home:/opt/rustwide/rustup-home:ro,Z" "-e" "SOURCE_DIR=/opt/rustwide/workdir" "-e" "CARGO_TARGET_DIR=/opt/rustwide/target" "-e" "CARGO_INCREMENTAL=0" "-e" "RUST_BACKTRACE=full" "-e" "RUSTFLAGS=--cap-lints=warn" "-e" "RUSTDOCFLAGS=--cap-lints=warn" "-e" "CARGO_HOME=/opt/rustwide/cargo-home" "-e" "RUSTUP_HOME=/opt/rustwide/rustup-home" "-w" "/opt/rustwide/workdir" "-m" "1610612736" "--user" "0:0" "--network" "none" "ghcr.io/rust-lang/crates-build-env/linux@sha256:2788e3201cd34a07e3172128adcd8b3090168a8e3bcc40d7c032b9dda1df7d1c" "/opt/rustwide/cargo-home/bin/cargo" "+beta-2023-12-22" "test" "--frozen", kill_on_drop: false }`
[INFO] [stdout] fd29ca1872d74bc0f07a0773f28d1d6874fbcc6dc9af5a394877ff7a5498ba3c
[INFO] running `Command { std: "docker" "start" "-a" "fd29ca1872d74bc0f07a0773f28d1d6874fbcc6dc9af5a394877ff7a5498ba3c", kill_on_drop: false }`
[INFO] [stderr] warning: irrefutable `if let` pattern
[INFO] [stderr]   --> src/macros.rs:18:20
[INFO] [stderr]    |
[INFO] [stderr] 18 |                   if let $attr::$variant(a) = self {
[INFO] [stderr]    |                      ^^^^^^^^^^^^^^^^^^^^^^^^^^^^^
[INFO] [stderr]    |
[INFO] [stderr]   ::: src/rfc3489/mod.rs:8:1
[INFO] [stderr]    |
[INFO] [stderr] 8  | / define_attribute_enums!(
[INFO] [stderr] 9  | |     Attribute,
[INFO] [stderr] 10 | |     AttributeDecoder,
[INFO] [stderr] 11 | |     AttributeEncoder,
[INFO] [stderr] 12 | |     [ChangedAddress]
[INFO] [stderr] 13 | | );
[INFO] [stderr]    | |_- in this macro invocation
[INFO] [stderr]    |
[INFO] [stderr]    = note: this pattern will always match, so the `if let` is useless
[INFO] [stderr]    = help: consider replacing the `if let` with a `let`
[INFO] [stderr]    = note: `#[warn(irrefutable_let_patterns)]` on by default
[INFO] [stderr]    = note: this warning originates in the macro `define_attribute_enums` (in Nightly builds, run with -Z macro-backtrace for more info)
[INFO] [stderr] 
[INFO] [stderr] warning: missing documentation for a module
[INFO] [stderr]   --> src/rfc3489/mod.rs:6:1
[INFO] [stderr]    |
[INFO] [stderr] 6  | pub mod attributes;
[INFO] [stderr]    | ^^^^^^^^^^^^^^^^^^
[INFO] [stderr]    |
[INFO] [stderr] note: the lint level is defined here
[INFO] [stderr]   --> src/lib.rs:83:9
[INFO] [stderr]    |
[INFO] [stderr] 83 | #![warn(missing_docs)]
[INFO] [stderr]    |         ^^^^^^^^^^^^
[INFO] [stderr] 
[INFO] [stderr] warning: `stun_codec_blazh` (lib) generated 2 warnings
[INFO] [stderr] warning: `stun_codec_blazh` (lib test) generated 1 warning (1 duplicate)
[INFO] [stderr]     Finished test [unoptimized + debuginfo] target(s) in 0.01s
[INFO] [stderr]      Running unittests src/lib.rs (/opt/rustwide/target/debug/deps/stun_codec_blazh-4ef7199f563572de)
[INFO] [stdout] 
[INFO] [stdout] running 10 tests
[INFO] [stdout] test message::tests::message_class_from_u8_works ... ok
[INFO] [stdout] test message::tests::decoder_fails_when_decoding_attributes ... ok
[INFO] [stdout] test net::tests::socket_addr_encoder_works ... ok
[INFO] [stdout] test net::tests::socket_addr_decoder_works ... ok
[INFO] [stdout] test net::tests::socket_addr_xor_works ... ok
[INFO] [stdout] test tests::it_works ... ok
[INFO] [stdout] test tests::rfc5769_2_1_sample_request ... ok
[INFO] [stdout] test tests::rfc5769_2_2_sample_ipv4_response ... ok
[INFO] [stdout] test tests::rfc5769_2_3_sample_ipv6_response ... ok
[INFO] [stdout] test tests::rfc5769_2_4_sample_request_with_long_term_authentication ... ok
[INFO] [stdout] 
[INFO] [stdout] test result: ok. 10 passed; 0 failed; 0 ignored; 0 measured; 0 filtered out; finished in 0.00s
[INFO] [stdout] 
[INFO] [stderr]    Doc-tests stun_codec_blazh
[INFO] [stdout] 
[INFO] [stdout] running 2 tests
[INFO] [stdout] test src/lib.rs - (line 45) ... FAILED
[INFO] [stdout] test src/lib.rs - (line 5) ... FAILED
[INFO] [stdout] 
[INFO] [stdout] failures:
[INFO] [stdout] 
[INFO] [stdout] ---- src/lib.rs - (line 45) stdout ----
[INFO] [stdout] error[E0433]: failed to resolve: use of undeclared crate or module `stun_codec`
[INFO] [stdout]  --> src/lib.rs:49:5
[INFO] [stdout]   |
[INFO] [stdout] 6 | use stun_codec::rfc5389::attributes::*;
[INFO] [stdout]   |     ^^^^^^^^^^ use of undeclared crate or module `stun_codec`
[INFO] [stdout] 
[INFO] [stdout] error[E0433]: failed to resolve: use of undeclared crate or module `stun_codec`
[INFO] [stdout]  --> src/lib.rs:50:5
[INFO] [stdout]   |
[INFO] [stdout] 7 | use stun_codec::rfc5766::attributes::*;
[INFO] [stdout]   |     ^^^^^^^^^^ use of undeclared crate or module `stun_codec`
[INFO] [stdout] 
[INFO] [stdout] error[E0432]: unresolved import `stun_codec`
[INFO] [stdout]  --> src/lib.rs:48:5
[INFO] [stdout]   |
[INFO] [stdout] 5 | use stun_codec::define_attribute_enums;
[INFO] [stdout]   |     ^^^^^^^^^^ use of undeclared crate or module `stun_codec`
[INFO] [stdout] 
[INFO] [stdout] error: cannot determine resolution for the macro `define_attribute_enums`
[INFO] [stdout]  --> src/lib.rs:52:1
[INFO] [stdout]   |
[INFO] [stdout] 9 | define_attribute_enums!(
[INFO] [stdout]   | ^^^^^^^^^^^^^^^^^^^^^^
[INFO] [stdout]   |
[INFO] [stdout]   = note: import resolution is stuck, try simplifying macro imports
[INFO] [stdout] 
[INFO] [stdout] error: aborting due to 4 previous errors
[INFO] [stdout] 
[INFO] [stdout] Some errors have detailed explanations: E0432, E0433.
[INFO] [stdout] For more information about an error, try `rustc --explain E0432`.
[INFO] [stdout] Couldn't compile the test.
[INFO] [stdout] ---- src/lib.rs - (line 5) stdout ----
[INFO] [stdout] error[E0463]: can't find crate for `stun_codec`
[INFO] [stdout]  --> src/lib.rs:7:1
[INFO] [stdout]   |
[INFO] [stdout] 3 | extern crate stun_codec;
[INFO] [stdout]   | ^^^^^^^^^^^^^^^^^^^^^^^^ can't find crate
[INFO] [stdout] 
[INFO] [stdout] error: aborting due to 1 previous error
[INFO] [stdout] 
[INFO] [stdout] For more information about this error, try `rustc --explain E0463`.
[INFO] [stdout] Couldn't compile the test.
[INFO] [stdout] 
[INFO] [stdout] failures:
[INFO] [stdout]     src/lib.rs - (line 45)
[INFO] [stdout]     src/lib.rs - (line 5)
[INFO] [stdout] 
[INFO] [stdout] test result: FAILED. 0 passed; 2 failed; 0 ignored; 0 measured; 0 filtered out; finished in 0.03s
[INFO] [stdout] 
[INFO] [stderr] error: doctest failed, to rerun pass `--doc`
[INFO] running `Command { std: "docker" "inspect" "fd29ca1872d74bc0f07a0773f28d1d6874fbcc6dc9af5a394877ff7a5498ba3c", kill_on_drop: false }`
[INFO] running `Command { std: "docker" "rm" "-f" "fd29ca1872d74bc0f07a0773f28d1d6874fbcc6dc9af5a394877ff7a5498ba3c", kill_on_drop: false }`
[INFO] [stdout] fd29ca1872d74bc0f07a0773f28d1d6874fbcc6dc9af5a394877ff7a5498ba3c
