[INFO] fetching crate stump 0.2.1...
[INFO] testing stump-0.2.1 against 1.75.0 for beta-1.76-1
[INFO] extracting crate stump 0.2.1 into /workspace/builds/worker-0-tc1/source
[INFO] validating manifest of crates.io crate stump 0.2.1 on toolchain 1.75.0
[INFO] running `Command { std: CARGO_HOME="/workspace/cargo-home" RUSTUP_HOME="/workspace/rustup-home" "/workspace/cargo-home/bin/cargo" "+1.75.0" "metadata" "--manifest-path" "Cargo.toml" "--no-deps", kill_on_drop: false }`
[INFO] started tweaking crates.io crate stump 0.2.1
[INFO] finished tweaking crates.io crate stump 0.2.1
[INFO] tweaked toml for crates.io crate stump 0.2.1 written to /workspace/builds/worker-0-tc1/source/Cargo.toml
[INFO] running `Command { std: CARGO_HOME="/workspace/cargo-home" RUSTUP_HOME="/workspace/rustup-home" "/workspace/cargo-home/bin/cargo" "+1.75.0" "generate-lockfile" "--manifest-path" "Cargo.toml", kill_on_drop: false }`
[INFO] [stderr]     Updating crates.io index
[INFO] running `Command { std: CARGO_HOME="/workspace/cargo-home" RUSTUP_HOME="/workspace/rustup-home" "/workspace/cargo-home/bin/cargo" "+1.75.0" "fetch" "--manifest-path" "Cargo.toml", kill_on_drop: false }`
[INFO] [stderr]  Downloading crates ...
[INFO] [stderr]   Downloaded termsize v0.1.6
[INFO] running `Command { std: "docker" "create" "-v" "/var/lib/crater-agent-workspace/builds/worker-0-tc1/target:/opt/rustwide/target:rw,Z" "-v" "/var/lib/crater-agent-workspace/builds/worker-0-tc1/source:/opt/rustwide/workdir:ro,Z" "-v" "/var/lib/crater-agent-workspace/cargo-home:/opt/rustwide/cargo-home:ro,Z" "-v" "/var/lib/crater-agent-workspace/rustup-home:/opt/rustwide/rustup-home:ro,Z" "-e" "SOURCE_DIR=/opt/rustwide/workdir" "-e" "CARGO_TARGET_DIR=/opt/rustwide/target" "-e" "CARGO_HOME=/opt/rustwide/cargo-home" "-e" "RUSTUP_HOME=/opt/rustwide/rustup-home" "-w" "/opt/rustwide/workdir" "-m" "1610612736" "--user" "0:0" "--network" "none" "ghcr.io/rust-lang/crates-build-env/linux@sha256:2788e3201cd34a07e3172128adcd8b3090168a8e3bcc40d7c032b9dda1df7d1c" "/opt/rustwide/cargo-home/bin/cargo" "+1.75.0" "metadata" "--no-deps" "--format-version=1", kill_on_drop: false }`
[INFO] [stdout] ccd9df4c4053453846f9cce57a0dab87a2db1354bd06e5f7d53cdc1141e36d60
[INFO] running `Command { std: "docker" "start" "-a" "ccd9df4c4053453846f9cce57a0dab87a2db1354bd06e5f7d53cdc1141e36d60", kill_on_drop: false }`
[INFO] running `Command { std: "docker" "inspect" "ccd9df4c4053453846f9cce57a0dab87a2db1354bd06e5f7d53cdc1141e36d60", kill_on_drop: false }`
[INFO] running `Command { std: "docker" "rm" "-f" "ccd9df4c4053453846f9cce57a0dab87a2db1354bd06e5f7d53cdc1141e36d60", kill_on_drop: false }`
[INFO] [stdout] ccd9df4c4053453846f9cce57a0dab87a2db1354bd06e5f7d53cdc1141e36d60
[INFO] running `Command { std: "docker" "create" "-v" "/var/lib/crater-agent-workspace/builds/worker-0-tc1/target:/opt/rustwide/target:rw,Z" "-v" "/var/lib/crater-agent-workspace/builds/worker-0-tc1/source:/opt/rustwide/workdir:ro,Z" "-v" "/var/lib/crater-agent-workspace/cargo-home:/opt/rustwide/cargo-home:ro,Z" "-v" "/var/lib/crater-agent-workspace/rustup-home:/opt/rustwide/rustup-home:ro,Z" "-e" "SOURCE_DIR=/opt/rustwide/workdir" "-e" "CARGO_TARGET_DIR=/opt/rustwide/target" "-e" "CARGO_INCREMENTAL=0" "-e" "RUST_BACKTRACE=full" "-e" "RUSTFLAGS=--cap-lints=warn" "-e" "RUSTDOCFLAGS=--cap-lints=warn" "-e" "CARGO_HOME=/opt/rustwide/cargo-home" "-e" "RUSTUP_HOME=/opt/rustwide/rustup-home" "-w" "/opt/rustwide/workdir" "-m" "1610612736" "--user" "0:0" "--network" "none" "ghcr.io/rust-lang/crates-build-env/linux@sha256:2788e3201cd34a07e3172128adcd8b3090168a8e3bcc40d7c032b9dda1df7d1c" "/opt/rustwide/cargo-home/bin/cargo" "+1.75.0" "build" "--frozen" "--message-format=json", kill_on_drop: false }`
[INFO] [stdout] f44869a62172a9c68f9a0899b37d5d698413c257f9eaa941f55d4ba2256a7ec0
[INFO] running `Command { std: "docker" "start" "-a" "f44869a62172a9c68f9a0899b37d5d698413c257f9eaa941f55d4ba2256a7ec0", kill_on_drop: false }`
[INFO] [stderr]    Compiling num-traits v0.2.17
[INFO] [stderr]    Compiling anyhow v1.0.79
[INFO] [stderr]    Compiling colored v2.1.0
[INFO] [stderr]    Compiling termsize v0.1.6
[INFO] [stderr]    Compiling chrono v0.4.31
[INFO] [stderr]    Compiling stump v0.2.1 (/opt/rustwide/workdir)
[INFO] [stderr]     Finished dev [unoptimized + debuginfo] target(s) in 1.60s
[INFO] running `Command { std: "docker" "inspect" "f44869a62172a9c68f9a0899b37d5d698413c257f9eaa941f55d4ba2256a7ec0", kill_on_drop: false }`
[INFO] running `Command { std: "docker" "rm" "-f" "f44869a62172a9c68f9a0899b37d5d698413c257f9eaa941f55d4ba2256a7ec0", kill_on_drop: false }`
[INFO] [stdout] f44869a62172a9c68f9a0899b37d5d698413c257f9eaa941f55d4ba2256a7ec0
[INFO] running `Command { std: "docker" "create" "-v" "/var/lib/crater-agent-workspace/builds/worker-0-tc1/target:/opt/rustwide/target:rw,Z" "-v" "/var/lib/crater-agent-workspace/builds/worker-0-tc1/source:/opt/rustwide/workdir:ro,Z" "-v" "/var/lib/crater-agent-workspace/cargo-home:/opt/rustwide/cargo-home:ro,Z" "-v" "/var/lib/crater-agent-workspace/rustup-home:/opt/rustwide/rustup-home:ro,Z" "-e" "SOURCE_DIR=/opt/rustwide/workdir" "-e" "CARGO_TARGET_DIR=/opt/rustwide/target" "-e" "CARGO_INCREMENTAL=0" "-e" "RUST_BACKTRACE=full" "-e" "RUSTFLAGS=--cap-lints=warn" "-e" "RUSTDOCFLAGS=--cap-lints=warn" "-e" "CARGO_HOME=/opt/rustwide/cargo-home" "-e" "RUSTUP_HOME=/opt/rustwide/rustup-home" "-w" "/opt/rustwide/workdir" "-m" "1610612736" "--user" "0:0" "--network" "none" "ghcr.io/rust-lang/crates-build-env/linux@sha256:2788e3201cd34a07e3172128adcd8b3090168a8e3bcc40d7c032b9dda1df7d1c" "/opt/rustwide/cargo-home/bin/cargo" "+1.75.0" "test" "--frozen" "--no-run" "--message-format=json", kill_on_drop: false }`
[INFO] [stdout] 91e1fdeb4675fe760478f2f63333162b94e476f6cab4418a6195978b7815e4c3
[INFO] running `Command { std: "docker" "start" "-a" "91e1fdeb4675fe760478f2f63333162b94e476f6cab4418a6195978b7815e4c3", kill_on_drop: false }`
[INFO] [stderr]    Compiling stump v0.2.1 (/opt/rustwide/workdir)
[INFO] [stderr]     Finished test [unoptimized + debuginfo] target(s) in 0.21s
[INFO] running `Command { std: "docker" "inspect" "91e1fdeb4675fe760478f2f63333162b94e476f6cab4418a6195978b7815e4c3", kill_on_drop: false }`
[INFO] running `Command { std: "docker" "rm" "-f" "91e1fdeb4675fe760478f2f63333162b94e476f6cab4418a6195978b7815e4c3", kill_on_drop: false }`
[INFO] [stdout] 91e1fdeb4675fe760478f2f63333162b94e476f6cab4418a6195978b7815e4c3
[INFO] running `Command { std: "docker" "create" "-v" "/var/lib/crater-agent-workspace/builds/worker-0-tc1/target:/opt/rustwide/target:rw,Z" "-v" "/var/lib/crater-agent-workspace/builds/worker-0-tc1/source:/opt/rustwide/workdir:ro,Z" "-v" "/var/lib/crater-agent-workspace/cargo-home:/opt/rustwide/cargo-home:ro,Z" "-v" "/var/lib/crater-agent-workspace/rustup-home:/opt/rustwide/rustup-home:ro,Z" "-e" "SOURCE_DIR=/opt/rustwide/workdir" "-e" "CARGO_TARGET_DIR=/opt/rustwide/target" "-e" "CARGO_INCREMENTAL=0" "-e" "RUST_BACKTRACE=full" "-e" "RUSTFLAGS=--cap-lints=warn" "-e" "RUSTDOCFLAGS=--cap-lints=warn" "-e" "CARGO_HOME=/opt/rustwide/cargo-home" "-e" "RUSTUP_HOME=/opt/rustwide/rustup-home" "-w" "/opt/rustwide/workdir" "-m" "1610612736" "--user" "0:0" "--network" "none" "ghcr.io/rust-lang/crates-build-env/linux@sha256:2788e3201cd34a07e3172128adcd8b3090168a8e3bcc40d7c032b9dda1df7d1c" "/opt/rustwide/cargo-home/bin/cargo" "+1.75.0" "test" "--frozen", kill_on_drop: false }`
[INFO] [stdout] aac3b32c65140a390204776797d7653924b66ab6d2f4ec975cd4d85d2921ef54
[INFO] running `Command { std: "docker" "start" "-a" "aac3b32c65140a390204776797d7653924b66ab6d2f4ec975cd4d85d2921ef54", kill_on_drop: false }`
[INFO] [stderr]     Finished test [unoptimized + debuginfo] target(s) in 0.01s
[INFO] [stderr]      Running unittests src/lib.rs (/opt/rustwide/target/debug/deps/stump-c1420046738bf09d)
[INFO] [stdout] 
[INFO] [stdout] running 0 tests
[INFO] [stdout] 
[INFO] [stdout] test result: ok. 0 passed; 0 failed; 0 ignored; 0 measured; 0 filtered out; finished in 0.00s
[INFO] [stdout] 
[INFO] [stderr]    Doc-tests stump
[INFO] [stdout] 
[INFO] [stdout] running 9 tests
[INFO] [stdout] test src/lib.rs - print_experimental (line 346) ... FAILED
[INFO] [stdout] test src/lib.rs - print_done (line 249) ... FAILED
[INFO] [stdout] test src/lib.rs - print_warn (line 271) ... FAILED
[INFO] [stdout] test src/lib.rs - print_fail (line 293) ... FAILED
[INFO] [stdout] test src/lib.rs - set_print (line 64) ... FAILED
[INFO] [stdout] test src/lib.rs - set_verbose (line 98) ... FAILED
[INFO] [stdout] test src/lib.rs - format_fail (line 304) ... ok
[INFO] [stdout] test src/lib.rs - format_done (line 260) ... ok
[INFO] [stdout] test src/lib.rs - format_warn (line 282) ... ok
[INFO] [stdout] 
[INFO] [stdout] failures:
[INFO] [stdout] 
[INFO] [stdout] ---- src/lib.rs - print_experimental (line 346) stdout ----
[INFO] [stdout] error[E0425]: cannot find function `print_experimental` in this scope
[INFO] [stdout]  --> src/lib.rs:347:1
[INFO] [stdout]   |
[INFO] [stdout] 3 | print_experimental()
[INFO] [stdout]   | ^^^^^^^^^^^^^^^^^^ not found in this scope
[INFO] [stdout]   |
[INFO] [stdout] help: consider importing this function
[INFO] [stdout]   |
[INFO] [stdout] 2 + use stump::print_experimental;
[INFO] [stdout]   |
[INFO] [stdout] 
[INFO] [stdout] error: aborting due to previous error
[INFO] [stdout] 
[INFO] [stdout] For more information about this error, try `rustc --explain E0425`.
[INFO] [stdout] Couldn't compile the test.
[INFO] [stdout] ---- src/lib.rs - print_done (line 249) stdout ----
[INFO] [stdout] error[E0425]: cannot find function `print_done` in this scope
[INFO] [stdout]  --> src/lib.rs:250:1
[INFO] [stdout]   |
[INFO] [stdout] 3 | print_done("Completed task #1");
[INFO] [stdout]   | ^^^^^^^^^^ not found in this scope
[INFO] [stdout]   |
[INFO] [stdout] help: consider importing this function
[INFO] [stdout]   |
[INFO] [stdout] 2 + use stump::print_done;
[INFO] [stdout]   |
[INFO] [stdout] 
[INFO] [stdout] error: aborting due to previous error
[INFO] [stdout] 
[INFO] [stdout] For more information about this error, try `rustc --explain E0425`.
[INFO] [stdout] Couldn't compile the test.
[INFO] [stdout] ---- src/lib.rs - print_warn (line 271) stdout ----
[INFO] [stdout] error[E0425]: cannot find function `format_done` in this scope
[INFO] [stdout]  --> src/lib.rs:272:1
[INFO] [stdout]   |
[INFO] [stdout] 3 | format_done("Completed task #1 with warnings");
[INFO] [stdout]   | ^^^^^^^^^^^ not found in this scope
[INFO] [stdout]   |
[INFO] [stdout] help: consider importing this function
[INFO] [stdout]   |
[INFO] [stdout] 2 + use stump::format_done;
[INFO] [stdout]   |
[INFO] [stdout] 
[INFO] [stdout] error: aborting due to previous error
[INFO] [stdout] 
[INFO] [stdout] For more information about this error, try `rustc --explain E0425`.
[INFO] [stdout] Couldn't compile the test.
[INFO] [stdout] ---- src/lib.rs - print_fail (line 293) stdout ----
[INFO] [stdout] error[E0425]: cannot find function `print_done` in this scope
[INFO] [stdout]  --> src/lib.rs:294:1
[INFO] [stdout]   |
[INFO] [stdout] 3 | print_done("Completed task #1 with errors");
[INFO] [stdout]   | ^^^^^^^^^^ not found in this scope
[INFO] [stdout]   |
[INFO] [stdout] help: consider importing this function
[INFO] [stdout]   |
[INFO] [stdout] 2 + use stump::print_done;
[INFO] [stdout]   |
[INFO] [stdout] 
[INFO] [stdout] error: aborting due to previous error
[INFO] [stdout] 
[INFO] [stdout] For more information about this error, try `rustc --explain E0425`.
[INFO] [stdout] Couldn't compile the test.
[INFO] [stdout] ---- src/lib.rs - set_print (line 64) stdout ----
[INFO] [stdout] error[E0254]: the name `stump` is defined multiple times
[INFO] [stdout]  --> src/lib.rs:67:5
[INFO] [stdout]   |
[INFO] [stdout] 3 | extern crate r#stump;
[INFO] [stdout]   | --------------------- previous import of the extern crate `stump` here
[INFO] [stdout] 4 | use indicatif::ProgressBar;
[INFO] [stdout] 5 | use stump;
[INFO] [stdout]   |     ^^^^^ `stump` reimported here
[INFO] [stdout]   |
[INFO] [stdout]   = note: `stump` must be defined only once in the type namespace of this module
[INFO] [stdout] 
[INFO] [stdout] error[E0432]: unresolved import `indicatif`
[INFO] [stdout]  --> src/lib.rs:66:5
[INFO] [stdout]   |
[INFO] [stdout] 4 | use indicatif::ProgressBar;
[INFO] [stdout]   |     ^^^^^^^^^ use of undeclared crate or module `indicatif`
[INFO] [stdout] 
[INFO] [stdout] error: cannot find macro `lazy_static` in this scope
[INFO] [stdout]  --> src/lib.rs:69:1
[INFO] [stdout]   |
[INFO] [stdout] 7 | lazy_static! {
[INFO] [stdout]   | ^^^^^^^^^^^
[INFO] [stdout] 
[INFO] [stdout] error[E0425]: cannot find value `PB` in this scope
[INFO] [stdout]   --> src/lib.rs:75:9
[INFO] [stdout]    |
[INFO] [stdout] 13 |         PB.println(s);
[INFO] [stdout]    |         ^^ not found in this scope
[INFO] [stdout] 
[INFO] [stdout] error: aborting due to 4 previous errors
[INFO] [stdout] 
[INFO] [stdout] Some errors have detailed explanations: E0254, E0425, E0432.
[INFO] [stdout] For more information about an error, try `rustc --explain E0254`.
[INFO] [stdout] Couldn't compile the test.
[INFO] [stdout] ---- src/lib.rs - set_verbose (line 98) stdout ----
[INFO] [stdout] error: cannot find macro `veprintln` in this scope
[INFO] [stdout]   --> src/lib.rs:108:1
[INFO] [stdout]    |
[INFO] [stdout] 13 | veprintln!("Print something {}", "Here");
[INFO] [stdout]    | ^^^^^^^^^
[INFO] [stdout]   --> /rustc/82e1608dfa6e0b5569232559e3d385fea5a93112/library/std/src/macros.rs:216:1
[INFO] [stdout]    |
[INFO] [stdout]    = note: similarly named macro `eprintln` defined here
[INFO] [stdout]    |
[INFO] [stdout] help: a macro with a similar name exists
[INFO] [stdout]    |
[INFO] [stdout] 13 | eprintln!("Print something {}", "Here");
[INFO] [stdout]    | ~~~~~~~~
[INFO] [stdout] help: consider importing this macro
[INFO] [stdout]    |
[INFO] [stdout] 2  + use stump::veprintln;
[INFO] [stdout]    |
[INFO] [stdout] 
[INFO] [stdout] error: cannot find macro `vprintln` in this scope
[INFO] [stdout]   --> src/lib.rs:105:1
[INFO] [stdout]    |
[INFO] [stdout] 10 | vprintln!("Print something {}", "Here");
[INFO] [stdout]    | ^^^^^^^^
[INFO] [stdout]   --> /rustc/82e1608dfa6e0b5569232559e3d385fea5a93112/library/std/src/macros.rs:216:1
[INFO] [stdout]    |
[INFO] [stdout]    = note: similarly named macro `eprintln` defined here
[INFO] [stdout]    |
[INFO] [stdout] help: a macro with a similar name exists
[INFO] [stdout]    |
[INFO] [stdout] 10 | eprintln!("Print something {}", "Here");
[INFO] [stdout]    | ~~~~~~~~
[INFO] [stdout] help: consider importing this macro
[INFO] [stdout]    |
[INFO] [stdout] 2  + use stump::vprintln;
[INFO] [stdout]    |
[INFO] [stdout] 
[INFO] [stdout] error: cannot find macro `vprintln` in this scope
[INFO] [stdout]  --> src/lib.rs:100:1
[INFO] [stdout]   |
[INFO] [stdout] 5 | vprintln!("This won't print as the default is false");
[INFO] [stdout]   | ^^^^^^^^
[INFO] [stdout]  --> /rustc/82e1608dfa6e0b5569232559e3d385fea5a93112/library/std/src/macros.rs:216:1
[INFO] [stdout]   |
[INFO] [stdout]   = note: similarly named macro `eprintln` defined here
[INFO] [stdout]   |
[INFO] [stdout] help: a macro with a similar name exists
[INFO] [stdout]   |
[INFO] [stdout] 5 | eprintln!("This won't print as the default is false");
[INFO] [stdout]   | ~~~~~~~~
[INFO] [stdout] help: consider importing this macro
[INFO] [stdout]   |
[INFO] [stdout] 2 + use stump::vprintln;
[INFO] [stdout]   |
[INFO] [stdout] 
[INFO] [stdout] error[E0425]: cannot find function `vprintln` in this scope
[INFO] [stdout]   --> src/lib.rs:113:1
[INFO] [stdout]    |
[INFO] [stdout] 18 | vprintln("Again nothing will print");
[INFO] [stdout]    | ^^^^^^^^ not found in this scope
[INFO] [stdout] 
[INFO] [stdout] error: aborting due to 4 previous errors
[INFO] [stdout] 
[INFO] [stdout] For more information about this error, try `rustc --explain E0425`.
[INFO] [stdout] Couldn't compile the test.
[INFO] [stdout] 
[INFO] [stdout] failures:
[INFO] [stdout]     src/lib.rs - print_done (line 249)
[INFO] [stdout]     src/lib.rs - print_experimental (line 346)
[INFO] [stdout]     src/lib.rs - print_fail (line 293)
[INFO] [stdout]     src/lib.rs - print_warn (line 271)
[INFO] [stdout]     src/lib.rs - set_print (line 64)
[INFO] [stdout]     src/lib.rs - set_verbose (line 98)
[INFO] [stdout] 
[INFO] [stdout] test result: FAILED. 3 passed; 6 failed; 0 ignored; 0 measured; 0 filtered out; finished in 0.23s
[INFO] [stdout] 
[INFO] [stderr] error: doctest failed, to rerun pass `--doc`
[INFO] running `Command { std: "docker" "inspect" "aac3b32c65140a390204776797d7653924b66ab6d2f4ec975cd4d85d2921ef54", kill_on_drop: false }`
[INFO] running `Command { std: "docker" "rm" "-f" "aac3b32c65140a390204776797d7653924b66ab6d2f4ec975cd4d85d2921ef54", kill_on_drop: false }`
[INFO] [stdout] aac3b32c65140a390204776797d7653924b66ab6d2f4ec975cd4d85d2921ef54
[INFO] testing stump-0.2.1 against beta-2023-12-22 for beta-1.76-1
[INFO] extracting crate stump 0.2.1 into /workspace/builds/worker-0-tc2/source
[INFO] validating manifest of crates.io crate stump 0.2.1 on toolchain beta-2023-12-22
[INFO] running `Command { std: CARGO_HOME="/workspace/cargo-home" RUSTUP_HOME="/workspace/rustup-home" "/workspace/cargo-home/bin/cargo" "+beta-2023-12-22" "metadata" "--manifest-path" "Cargo.toml" "--no-deps", kill_on_drop: false }`
[INFO] started tweaking crates.io crate stump 0.2.1
[INFO] finished tweaking crates.io crate stump 0.2.1
[INFO] tweaked toml for crates.io crate stump 0.2.1 written to /workspace/builds/worker-0-tc2/source/Cargo.toml
[INFO] running `Command { std: CARGO_HOME="/workspace/cargo-home" RUSTUP_HOME="/workspace/rustup-home" "/workspace/cargo-home/bin/cargo" "+beta-2023-12-22" "generate-lockfile" "--manifest-path" "Cargo.toml", kill_on_drop: false }`
[INFO] [stderr]     Updating crates.io index
[INFO] running `Command { std: CARGO_HOME="/workspace/cargo-home" RUSTUP_HOME="/workspace/rustup-home" "/workspace/cargo-home/bin/cargo" "+beta-2023-12-22" "fetch" "--manifest-path" "Cargo.toml", kill_on_drop: false }`
[INFO] running `Command { std: "docker" "create" "-v" "/var/lib/crater-agent-workspace/builds/worker-0-tc2/target:/opt/rustwide/target:rw,Z" "-v" "/var/lib/crater-agent-workspace/builds/worker-0-tc2/source:/opt/rustwide/workdir:ro,Z" "-v" "/var/lib/crater-agent-workspace/cargo-home:/opt/rustwide/cargo-home:ro,Z" "-v" "/var/lib/crater-agent-workspace/rustup-home:/opt/rustwide/rustup-home:ro,Z" "-e" "SOURCE_DIR=/opt/rustwide/workdir" "-e" "CARGO_TARGET_DIR=/opt/rustwide/target" "-e" "CARGO_HOME=/opt/rustwide/cargo-home" "-e" "RUSTUP_HOME=/opt/rustwide/rustup-home" "-w" "/opt/rustwide/workdir" "-m" "1610612736" "--user" "0:0" "--network" "none" "ghcr.io/rust-lang/crates-build-env/linux@sha256:2788e3201cd34a07e3172128adcd8b3090168a8e3bcc40d7c032b9dda1df7d1c" "/opt/rustwide/cargo-home/bin/cargo" "+beta-2023-12-22" "metadata" "--no-deps" "--format-version=1", kill_on_drop: false }`
[INFO] [stdout] 7c12857f91a3538a6cf6f7587001791b07de70464134258f64dd10571f16e268
[INFO] running `Command { std: "docker" "start" "-a" "7c12857f91a3538a6cf6f7587001791b07de70464134258f64dd10571f16e268", kill_on_drop: false }`
[INFO] running `Command { std: "docker" "inspect" "7c12857f91a3538a6cf6f7587001791b07de70464134258f64dd10571f16e268", kill_on_drop: false }`
[INFO] running `Command { std: "docker" "rm" "-f" "7c12857f91a3538a6cf6f7587001791b07de70464134258f64dd10571f16e268", kill_on_drop: false }`
[INFO] [stdout] 7c12857f91a3538a6cf6f7587001791b07de70464134258f64dd10571f16e268
[INFO] running `Command { std: "docker" "create" "-v" "/var/lib/crater-agent-workspace/builds/worker-0-tc2/target:/opt/rustwide/target:rw,Z" "-v" "/var/lib/crater-agent-workspace/builds/worker-0-tc2/source:/opt/rustwide/workdir:ro,Z" "-v" "/var/lib/crater-agent-workspace/cargo-home:/opt/rustwide/cargo-home:ro,Z" "-v" "/var/lib/crater-agent-workspace/rustup-home:/opt/rustwide/rustup-home:ro,Z" "-e" "SOURCE_DIR=/opt/rustwide/workdir" "-e" "CARGO_TARGET_DIR=/opt/rustwide/target" "-e" "CARGO_INCREMENTAL=0" "-e" "RUST_BACKTRACE=full" "-e" "RUSTFLAGS=--cap-lints=warn" "-e" "RUSTDOCFLAGS=--cap-lints=warn" "-e" "CARGO_HOME=/opt/rustwide/cargo-home" "-e" "RUSTUP_HOME=/opt/rustwide/rustup-home" "-w" "/opt/rustwide/workdir" "-m" "1610612736" "--user" "0:0" "--network" "none" "ghcr.io/rust-lang/crates-build-env/linux@sha256:2788e3201cd34a07e3172128adcd8b3090168a8e3bcc40d7c032b9dda1df7d1c" "/opt/rustwide/cargo-home/bin/cargo" "+beta-2023-12-22" "build" "--frozen" "--message-format=json", kill_on_drop: false }`
[INFO] [stdout] f64486663bdbdf492688af439ebf976a19380635bd260d26b848aabd2c49ecb2
[INFO] running `Command { std: "docker" "start" "-a" "f64486663bdbdf492688af439ebf976a19380635bd260d26b848aabd2c49ecb2", kill_on_drop: false }`
[INFO] [stderr]    Compiling num-traits v0.2.17
[INFO] [stderr]    Compiling anyhow v1.0.79
[INFO] [stderr]    Compiling colored v2.1.0
[INFO] [stderr]    Compiling termsize v0.1.6
[INFO] [stderr]    Compiling chrono v0.4.31
[INFO] [stderr]    Compiling stump v0.2.1 (/opt/rustwide/workdir)
[INFO] [stderr]     Finished dev [unoptimized + debuginfo] target(s) in 1.60s
[INFO] running `Command { std: "docker" "inspect" "f64486663bdbdf492688af439ebf976a19380635bd260d26b848aabd2c49ecb2", kill_on_drop: false }`
[INFO] running `Command { std: "docker" "rm" "-f" "f64486663bdbdf492688af439ebf976a19380635bd260d26b848aabd2c49ecb2", kill_on_drop: false }`
[INFO] [stdout] f64486663bdbdf492688af439ebf976a19380635bd260d26b848aabd2c49ecb2
[INFO] running `Command { std: "docker" "create" "-v" "/var/lib/crater-agent-workspace/builds/worker-0-tc2/target:/opt/rustwide/target:rw,Z" "-v" "/var/lib/crater-agent-workspace/builds/worker-0-tc2/source:/opt/rustwide/workdir:ro,Z" "-v" "/var/lib/crater-agent-workspace/cargo-home:/opt/rustwide/cargo-home:ro,Z" "-v" "/var/lib/crater-agent-workspace/rustup-home:/opt/rustwide/rustup-home:ro,Z" "-e" "SOURCE_DIR=/opt/rustwide/workdir" "-e" "CARGO_TARGET_DIR=/opt/rustwide/target" "-e" "CARGO_INCREMENTAL=0" "-e" "RUST_BACKTRACE=full" "-e" "RUSTFLAGS=--cap-lints=warn" "-e" "RUSTDOCFLAGS=--cap-lints=warn" "-e" "CARGO_HOME=/opt/rustwide/cargo-home" "-e" "RUSTUP_HOME=/opt/rustwide/rustup-home" "-w" "/opt/rustwide/workdir" "-m" "1610612736" "--user" "0:0" "--network" "none" "ghcr.io/rust-lang/crates-build-env/linux@sha256:2788e3201cd34a07e3172128adcd8b3090168a8e3bcc40d7c032b9dda1df7d1c" "/opt/rustwide/cargo-home/bin/cargo" "+beta-2023-12-22" "test" "--frozen" "--no-run" "--message-format=json", kill_on_drop: false }`
[INFO] [stdout] 0c8637d94f5f54a3964d346e1e14fc89d7a2885b3a27965d674d2399ec0c455c
[INFO] running `Command { std: "docker" "start" "-a" "0c8637d94f5f54a3964d346e1e14fc89d7a2885b3a27965d674d2399ec0c455c", kill_on_drop: false }`
[INFO] [stderr]    Compiling stump v0.2.1 (/opt/rustwide/workdir)
[INFO] [stderr]     Finished test [unoptimized + debuginfo] target(s) in 0.21s
[INFO] running `Command { std: "docker" "inspect" "0c8637d94f5f54a3964d346e1e14fc89d7a2885b3a27965d674d2399ec0c455c", kill_on_drop: false }`
[INFO] running `Command { std: "docker" "rm" "-f" "0c8637d94f5f54a3964d346e1e14fc89d7a2885b3a27965d674d2399ec0c455c", kill_on_drop: false }`
[INFO] [stdout] 0c8637d94f5f54a3964d346e1e14fc89d7a2885b3a27965d674d2399ec0c455c
[INFO] running `Command { std: "docker" "create" "-v" "/var/lib/crater-agent-workspace/builds/worker-0-tc2/target:/opt/rustwide/target:rw,Z" "-v" "/var/lib/crater-agent-workspace/builds/worker-0-tc2/source:/opt/rustwide/workdir:ro,Z" "-v" "/var/lib/crater-agent-workspace/cargo-home:/opt/rustwide/cargo-home:ro,Z" "-v" "/var/lib/crater-agent-workspace/rustup-home:/opt/rustwide/rustup-home:ro,Z" "-e" "SOURCE_DIR=/opt/rustwide/workdir" "-e" "CARGO_TARGET_DIR=/opt/rustwide/target" "-e" "CARGO_INCREMENTAL=0" "-e" "RUST_BACKTRACE=full" "-e" "RUSTFLAGS=--cap-lints=warn" "-e" "RUSTDOCFLAGS=--cap-lints=warn" "-e" "CARGO_HOME=/opt/rustwide/cargo-home" "-e" "RUSTUP_HOME=/opt/rustwide/rustup-home" "-w" "/opt/rustwide/workdir" "-m" "1610612736" "--user" "0:0" "--network" "none" "ghcr.io/rust-lang/crates-build-env/linux@sha256:2788e3201cd34a07e3172128adcd8b3090168a8e3bcc40d7c032b9dda1df7d1c" "/opt/rustwide/cargo-home/bin/cargo" "+beta-2023-12-22" "test" "--frozen", kill_on_drop: false }`
[INFO] [stdout] 24e8751f3222520ae5d6bbeda4cb9ee16947d9d673538255c4af31381166e911
[INFO] running `Command { std: "docker" "start" "-a" "24e8751f3222520ae5d6bbeda4cb9ee16947d9d673538255c4af31381166e911", kill_on_drop: false }`
[INFO] [stderr]     Finished test [unoptimized + debuginfo] target(s) in 0.02s
[INFO] [stderr]      Running unittests src/lib.rs (/opt/rustwide/target/debug/deps/stump-2cae2e7f35a8a716)
[INFO] [stdout] 
[INFO] [stdout] running 0 tests
[INFO] [stdout] 
[INFO] [stdout] test result: ok. 0 passed; 0 failed; 0 ignored; 0 measured; 0 filtered out; finished in 0.00s
[INFO] [stdout] 
[INFO] [stderr]    Doc-tests stump
[INFO] [stdout] 
[INFO] [stdout] running 9 tests
[INFO] [stdout] test src/lib.rs - print_fail (line 293) ... FAILED
[INFO] [stdout] test src/lib.rs - print_experimental (line 346) ... FAILED
[INFO] [stdout] test src/lib.rs - print_warn (line 271) ... FAILED
[INFO] [stdout] test src/lib.rs - print_done (line 249) ... FAILED
[INFO] [stdout] test src/lib.rs - set_print (line 64) ... FAILED
[INFO] [stdout] test src/lib.rs - set_verbose (line 98) ... FAILED
[INFO] [stdout] test src/lib.rs - format_warn (line 282) ... ok
[INFO] [stdout] test src/lib.rs - format_fail (line 304) ... ok
[INFO] [stdout] test src/lib.rs - format_done (line 260) ... ok
[INFO] [stdout] 
[INFO] [stdout] failures:
[INFO] [stdout] 
[INFO] [stdout] ---- src/lib.rs - print_fail (line 293) stdout ----
[INFO] [stdout] error[E0425]: cannot find function `print_done` in this scope
[INFO] [stdout]  --> src/lib.rs:294:1
[INFO] [stdout]   |
[INFO] [stdout] 3 | print_done("Completed task #1 with errors");
[INFO] [stdout]   | ^^^^^^^^^^ not found in this scope
[INFO] [stdout]   |
[INFO] [stdout] help: consider importing this function
[INFO] [stdout]   |
[INFO] [stdout] 2 + use stump::print_done;
[INFO] [stdout]   |
[INFO] [stdout] 
[INFO] [stdout] error: aborting due to 1 previous error
[INFO] [stdout] 
[INFO] [stdout] For more information about this error, try `rustc --explain E0425`.
[INFO] [stdout] Couldn't compile the test.
[INFO] [stdout] ---- src/lib.rs - print_experimental (line 346) stdout ----
[INFO] [stdout] error[E0425]: cannot find function `print_experimental` in this scope
[INFO] [stdout]  --> src/lib.rs:347:1
[INFO] [stdout]   |
[INFO] [stdout] 3 | print_experimental()
[INFO] [stdout]   | ^^^^^^^^^^^^^^^^^^ not found in this scope
[INFO] [stdout]   |
[INFO] [stdout] help: consider importing this function
[INFO] [stdout]   |
[INFO] [stdout] 2 + use stump::print_experimental;
[INFO] [stdout]   |
[INFO] [stdout] 
[INFO] [stdout] error: aborting due to 1 previous error
[INFO] [stdout] 
[INFO] [stdout] For more information about this error, try `rustc --explain E0425`.
[INFO] [stdout] Couldn't compile the test.
[INFO] [stdout] ---- src/lib.rs - print_warn (line 271) stdout ----
[INFO] [stdout] error[E0425]: cannot find function `format_done` in this scope
[INFO] [stdout]  --> src/lib.rs:272:1
[INFO] [stdout]   |
[INFO] [stdout] 3 | format_done("Completed task #1 with warnings");
[INFO] [stdout]   | ^^^^^^^^^^^ not found in this scope
[INFO] [stdout]   |
[INFO] [stdout] help: consider importing this function
[INFO] [stdout]   |
[INFO] [stdout] 2 + use stump::format_done;
[INFO] [stdout]   |
[INFO] [stdout] 
[INFO] [stdout] error: aborting due to 1 previous error
[INFO] [stdout] 
[INFO] [stdout] For more information about this error, try `rustc --explain E0425`.
[INFO] [stdout] Couldn't compile the test.
[INFO] [stdout] ---- src/lib.rs - print_done (line 249) stdout ----
[INFO] [stdout] error[E0425]: cannot find function `print_done` in this scope
[INFO] [stdout]  --> src/lib.rs:250:1
[INFO] [stdout]   |
[INFO] [stdout] 3 | print_done("Completed task #1");
[INFO] [stdout]   | ^^^^^^^^^^ not found in this scope
[INFO] [stdout]   |
[INFO] [stdout] help: consider importing this function
[INFO] [stdout]   |
[INFO] [stdout] 2 + use stump::print_done;
[INFO] [stdout]   |
[INFO] [stdout] 
[INFO] [stdout] error: aborting due to 1 previous error
[INFO] [stdout] 
[INFO] [stdout] For more information about this error, try `rustc --explain E0425`.
[INFO] [stdout] Couldn't compile the test.
[INFO] [stdout] ---- src/lib.rs - set_print (line 64) stdout ----
[INFO] [stdout] error[E0254]: the name `stump` is defined multiple times
[INFO] [stdout]  --> src/lib.rs:67:5
[INFO] [stdout]   |
[INFO] [stdout] 3 | extern crate r#stump;
[INFO] [stdout]   | --------------------- previous import of the extern crate `stump` here
[INFO] [stdout] 4 | use indicatif::ProgressBar;
[INFO] [stdout] 5 | use stump;
[INFO] [stdout]   |     ^^^^^ `stump` reimported here
[INFO] [stdout]   |
[INFO] [stdout]   = note: `stump` must be defined only once in the type namespace of this module
[INFO] [stdout] 
[INFO] [stdout] error[E0432]: unresolved import `indicatif`
[INFO] [stdout]  --> src/lib.rs:66:5
[INFO] [stdout]   |
[INFO] [stdout] 4 | use indicatif::ProgressBar;
[INFO] [stdout]   |     ^^^^^^^^^ use of undeclared crate or module `indicatif`
[INFO] [stdout] 
[INFO] [stdout] error: cannot find macro `lazy_static` in this scope
[INFO] [stdout]  --> src/lib.rs:69:1
[INFO] [stdout]   |
[INFO] [stdout] 7 | lazy_static! {
[INFO] [stdout]   | ^^^^^^^^^^^
[INFO] [stdout] 
[INFO] [stdout] error[E0425]: cannot find value `PB` in this scope
[INFO] [stdout]   --> src/lib.rs:75:9
[INFO] [stdout]    |
[INFO] [stdout] 13 |         PB.println(s);
[INFO] [stdout]    |         ^^ not found in this scope
[INFO] [stdout] 
[INFO] [stdout] error: aborting due to 4 previous errors
[INFO] [stdout] 
[INFO] [stdout] Some errors have detailed explanations: E0254, E0425, E0432.
[INFO] [stdout] For more information about an error, try `rustc --explain E0254`.
[INFO] [stdout] Couldn't compile the test.
[INFO] [stdout] ---- src/lib.rs - set_verbose (line 98) stdout ----
[INFO] [stdout] error: cannot find macro `veprintln` in this scope
[INFO] [stdout]   --> src/lib.rs:108:1
[INFO] [stdout]    |
[INFO] [stdout] 13 | veprintln!("Print something {}", "Here");
[INFO] [stdout]    | ^^^^^^^^^
[INFO] [stdout]   --> /rustc/0e09125c6c3c2fd70d7de961bcf0e51575235fad/library/std/src/macros.rs:216:1
[INFO] [stdout]    |
[INFO] [stdout]    = note: similarly named macro `eprintln` defined here
[INFO] [stdout]    |
[INFO] [stdout] help: a macro with a similar name exists
[INFO] [stdout]    |
[INFO] [stdout] 13 | eprintln!("Print something {}", "Here");
[INFO] [stdout]    | ~~~~~~~~
[INFO] [stdout] help: consider importing this macro
[INFO] [stdout]    |
[INFO] [stdout] 2  + use stump::veprintln;
[INFO] [stdout]    |
[INFO] [stdout] 
[INFO] [stdout] error: cannot find macro `vprintln` in this scope
[INFO] [stdout]   --> src/lib.rs:105:1
[INFO] [stdout]    |
[INFO] [stdout] 10 | vprintln!("Print something {}", "Here");
[INFO] [stdout]    | ^^^^^^^^
[INFO] [stdout]   --> /rustc/0e09125c6c3c2fd70d7de961bcf0e51575235fad/library/std/src/macros.rs:216:1
[INFO] [stdout]    |
[INFO] [stdout]    = note: similarly named macro `eprintln` defined here
[INFO] [stdout]    |
[INFO] [stdout] help: a macro with a similar name exists
[INFO] [stdout]    |
[INFO] [stdout] 10 | eprintln!("Print something {}", "Here");
[INFO] [stdout]    | ~~~~~~~~
[INFO] [stdout] help: consider importing this macro
[INFO] [stdout]    |
[INFO] [stdout] 2  + use stump::vprintln;
[INFO] [stdout]    |
[INFO] [stdout] 
[INFO] [stdout] error: cannot find macro `vprintln` in this scope
[INFO] [stdout]  --> src/lib.rs:100:1
[INFO] [stdout]   |
[INFO] [stdout] 5 | vprintln!("This won't print as the default is false");
[INFO] [stdout]   | ^^^^^^^^
[INFO] [stdout]  --> /rustc/0e09125c6c3c2fd70d7de961bcf0e51575235fad/library/std/src/macros.rs:216:1
[INFO] [stdout]   |
[INFO] [stdout]   = note: similarly named macro `eprintln` defined here
[INFO] [stdout]   |
[INFO] [stdout] help: a macro with a similar name exists
[INFO] [stdout]   |
[INFO] [stdout] 5 | eprintln!("This won't print as the default is false");
[INFO] [stdout]   | ~~~~~~~~
[INFO] [stdout] help: consider importing this macro
[INFO] [stdout]   |
[INFO] [stdout] 2 + use stump::vprintln;
[INFO] [stdout]   |
[INFO] [stdout] 
[INFO] [stdout] error[E0425]: cannot find function `vprintln` in this scope
[INFO] [stdout]   --> src/lib.rs:113:1
[INFO] [stdout]    |
[INFO] [stdout] 18 | vprintln("Again nothing will print");
[INFO] [stdout]    | ^^^^^^^^ not found in this scope
[INFO] [stdout] 
[INFO] [stdout] error: aborting due to 4 previous errors
[INFO] [stdout] 
[INFO] [stdout] For more information about this error, try `rustc --explain E0425`.
[INFO] [stdout] Couldn't compile the test.
[INFO] [stdout] 
[INFO] [stdout] failures:
[INFO] [stdout]     src/lib.rs - print_done (line 249)
[INFO] [stdout]     src/lib.rs - print_experimental (line 346)
[INFO] [stdout]     src/lib.rs - print_fail (line 293)
[INFO] [stdout]     src/lib.rs - print_warn (line 271)
[INFO] [stdout]     src/lib.rs - set_print (line 64)
[INFO] [stdout]     src/lib.rs - set_verbose (line 98)
[INFO] [stdout] 
[INFO] [stdout] test result: FAILED. 3 passed; 6 failed; 0 ignored; 0 measured; 0 filtered out; finished in 0.22s
[INFO] [stdout] 
[INFO] [stderr] error: doctest failed, to rerun pass `--doc`
[INFO] running `Command { std: "docker" "inspect" "24e8751f3222520ae5d6bbeda4cb9ee16947d9d673538255c4af31381166e911", kill_on_drop: false }`
[INFO] running `Command { std: "docker" "rm" "-f" "24e8751f3222520ae5d6bbeda4cb9ee16947d9d673538255c4af31381166e911", kill_on_drop: false }`
[INFO] [stdout] 24e8751f3222520ae5d6bbeda4cb9ee16947d9d673538255c4af31381166e911
