[INFO] fetching crate struct_baker_derive 0.1.1...
[INFO] testing struct_baker_derive-0.1.1 against 1.75.0 for beta-1.76-1
[INFO] extracting crate struct_baker_derive 0.1.1 into /workspace/builds/worker-6-tc1/source
[INFO] validating manifest of crates.io crate struct_baker_derive 0.1.1 on toolchain 1.75.0
[INFO] running `Command { std: CARGO_HOME="/workspace/cargo-home" RUSTUP_HOME="/workspace/rustup-home" "/workspace/cargo-home/bin/cargo" "+1.75.0" "metadata" "--manifest-path" "Cargo.toml" "--no-deps", kill_on_drop: false }`
[INFO] started tweaking crates.io crate struct_baker_derive 0.1.1
[INFO] finished tweaking crates.io crate struct_baker_derive 0.1.1
[INFO] tweaked toml for crates.io crate struct_baker_derive 0.1.1 written to /workspace/builds/worker-6-tc1/source/Cargo.toml
[INFO] running `Command { std: CARGO_HOME="/workspace/cargo-home" RUSTUP_HOME="/workspace/rustup-home" "/workspace/cargo-home/bin/cargo" "+1.75.0" "generate-lockfile" "--manifest-path" "Cargo.toml", kill_on_drop: false }`
[INFO] [stderr]     Updating crates.io index
[INFO] running `Command { std: CARGO_HOME="/workspace/cargo-home" RUSTUP_HOME="/workspace/rustup-home" "/workspace/cargo-home/bin/cargo" "+1.75.0" "fetch" "--manifest-path" "Cargo.toml", kill_on_drop: false }`
[INFO] [stderr]  Downloading crates ...
[INFO] [stderr]   Downloaded snailquote v0.3.1
[INFO] running `Command { std: "docker" "create" "-v" "/var/lib/crater-agent-workspace/builds/worker-6-tc1/target:/opt/rustwide/target:rw,Z" "-v" "/var/lib/crater-agent-workspace/builds/worker-6-tc1/source:/opt/rustwide/workdir:ro,Z" "-v" "/var/lib/crater-agent-workspace/cargo-home:/opt/rustwide/cargo-home:ro,Z" "-v" "/var/lib/crater-agent-workspace/rustup-home:/opt/rustwide/rustup-home:ro,Z" "-e" "SOURCE_DIR=/opt/rustwide/workdir" "-e" "CARGO_TARGET_DIR=/opt/rustwide/target" "-e" "CARGO_HOME=/opt/rustwide/cargo-home" "-e" "RUSTUP_HOME=/opt/rustwide/rustup-home" "-w" "/opt/rustwide/workdir" "-m" "1610612736" "--user" "0:0" "--network" "none" "ghcr.io/rust-lang/crates-build-env/linux@sha256:2788e3201cd34a07e3172128adcd8b3090168a8e3bcc40d7c032b9dda1df7d1c" "/opt/rustwide/cargo-home/bin/cargo" "+1.75.0" "metadata" "--no-deps" "--format-version=1", kill_on_drop: false }`
[INFO] [stdout] 9509a3947088a1906df5f575d1876e8be889b6c15cb55620fd8bf9d275a1a68a
[INFO] running `Command { std: "docker" "start" "-a" "9509a3947088a1906df5f575d1876e8be889b6c15cb55620fd8bf9d275a1a68a", kill_on_drop: false }`
[INFO] running `Command { std: "docker" "inspect" "9509a3947088a1906df5f575d1876e8be889b6c15cb55620fd8bf9d275a1a68a", kill_on_drop: false }`
[INFO] running `Command { std: "docker" "rm" "-f" "9509a3947088a1906df5f575d1876e8be889b6c15cb55620fd8bf9d275a1a68a", kill_on_drop: false }`
[INFO] [stdout] 9509a3947088a1906df5f575d1876e8be889b6c15cb55620fd8bf9d275a1a68a
[INFO] running `Command { std: "docker" "create" "-v" "/var/lib/crater-agent-workspace/builds/worker-6-tc1/target:/opt/rustwide/target:rw,Z" "-v" "/var/lib/crater-agent-workspace/builds/worker-6-tc1/source:/opt/rustwide/workdir:ro,Z" "-v" "/var/lib/crater-agent-workspace/cargo-home:/opt/rustwide/cargo-home:ro,Z" "-v" "/var/lib/crater-agent-workspace/rustup-home:/opt/rustwide/rustup-home:ro,Z" "-e" "SOURCE_DIR=/opt/rustwide/workdir" "-e" "CARGO_TARGET_DIR=/opt/rustwide/target" "-e" "CARGO_INCREMENTAL=0" "-e" "RUST_BACKTRACE=full" "-e" "RUSTFLAGS=--cap-lints=warn" "-e" "RUSTDOCFLAGS=--cap-lints=warn" "-e" "CARGO_HOME=/opt/rustwide/cargo-home" "-e" "RUSTUP_HOME=/opt/rustwide/rustup-home" "-w" "/opt/rustwide/workdir" "-m" "1610612736" "--user" "0:0" "--network" "none" "ghcr.io/rust-lang/crates-build-env/linux@sha256:2788e3201cd34a07e3172128adcd8b3090168a8e3bcc40d7c032b9dda1df7d1c" "/opt/rustwide/cargo-home/bin/cargo" "+1.75.0" "build" "--frozen" "--message-format=json", kill_on_drop: false }`
[INFO] [stdout] 91c651a5ff61e94f5e04ed9e2960eb36f0de915ecec1f32e82a596e8b99ed1c6
[INFO] running `Command { std: "docker" "start" "-a" "91c651a5ff61e94f5e04ed9e2960eb36f0de915ecec1f32e82a596e8b99ed1c6", kill_on_drop: false }`
[INFO] [stderr]    Compiling thiserror v1.0.56
[INFO] [stderr]    Compiling unicode_categories v0.1.1
[INFO] [stderr]    Compiling syn v2.0.48
[INFO] [stderr]    Compiling syn v1.0.109
[INFO] [stderr]    Compiling thiserror-impl v1.0.56
[INFO] [stderr]    Compiling snailquote v0.3.1
[INFO] [stderr]    Compiling struct_baker_derive v0.1.1 (/opt/rustwide/workdir)
[INFO] [stderr]     Finished dev [unoptimized + debuginfo] target(s) in 7.48s
[INFO] running `Command { std: "docker" "inspect" "91c651a5ff61e94f5e04ed9e2960eb36f0de915ecec1f32e82a596e8b99ed1c6", kill_on_drop: false }`
[INFO] running `Command { std: "docker" "rm" "-f" "91c651a5ff61e94f5e04ed9e2960eb36f0de915ecec1f32e82a596e8b99ed1c6", kill_on_drop: false }`
[INFO] [stdout] 91c651a5ff61e94f5e04ed9e2960eb36f0de915ecec1f32e82a596e8b99ed1c6
[INFO] running `Command { std: "docker" "create" "-v" "/var/lib/crater-agent-workspace/builds/worker-6-tc1/target:/opt/rustwide/target:rw,Z" "-v" "/var/lib/crater-agent-workspace/builds/worker-6-tc1/source:/opt/rustwide/workdir:ro,Z" "-v" "/var/lib/crater-agent-workspace/cargo-home:/opt/rustwide/cargo-home:ro,Z" "-v" "/var/lib/crater-agent-workspace/rustup-home:/opt/rustwide/rustup-home:ro,Z" "-e" "SOURCE_DIR=/opt/rustwide/workdir" "-e" "CARGO_TARGET_DIR=/opt/rustwide/target" "-e" "CARGO_INCREMENTAL=0" "-e" "RUST_BACKTRACE=full" "-e" "RUSTFLAGS=--cap-lints=warn" "-e" "RUSTDOCFLAGS=--cap-lints=warn" "-e" "CARGO_HOME=/opt/rustwide/cargo-home" "-e" "RUSTUP_HOME=/opt/rustwide/rustup-home" "-w" "/opt/rustwide/workdir" "-m" "1610612736" "--user" "0:0" "--network" "none" "ghcr.io/rust-lang/crates-build-env/linux@sha256:2788e3201cd34a07e3172128adcd8b3090168a8e3bcc40d7c032b9dda1df7d1c" "/opt/rustwide/cargo-home/bin/cargo" "+1.75.0" "test" "--frozen" "--no-run" "--message-format=json", kill_on_drop: false }`
[INFO] [stdout] 12ec539415f83112ea6088fcab93e08e1050d89a586392451883553ed3b62fe6
[INFO] running `Command { std: "docker" "start" "-a" "12ec539415f83112ea6088fcab93e08e1050d89a586392451883553ed3b62fe6", kill_on_drop: false }`
[INFO] [stderr]    Compiling struct_baker_derive v0.1.1 (/opt/rustwide/workdir)
[INFO] [stderr]     Finished test [unoptimized + debuginfo] target(s) in 1.12s
[INFO] running `Command { std: "docker" "inspect" "12ec539415f83112ea6088fcab93e08e1050d89a586392451883553ed3b62fe6", kill_on_drop: false }`
[INFO] running `Command { std: "docker" "rm" "-f" "12ec539415f83112ea6088fcab93e08e1050d89a586392451883553ed3b62fe6", kill_on_drop: false }`
[INFO] [stdout] 12ec539415f83112ea6088fcab93e08e1050d89a586392451883553ed3b62fe6
[INFO] running `Command { std: "docker" "create" "-v" "/var/lib/crater-agent-workspace/builds/worker-6-tc1/target:/opt/rustwide/target:rw,Z" "-v" "/var/lib/crater-agent-workspace/builds/worker-6-tc1/source:/opt/rustwide/workdir:ro,Z" "-v" "/var/lib/crater-agent-workspace/cargo-home:/opt/rustwide/cargo-home:ro,Z" "-v" "/var/lib/crater-agent-workspace/rustup-home:/opt/rustwide/rustup-home:ro,Z" "-e" "SOURCE_DIR=/opt/rustwide/workdir" "-e" "CARGO_TARGET_DIR=/opt/rustwide/target" "-e" "CARGO_INCREMENTAL=0" "-e" "RUST_BACKTRACE=full" "-e" "RUSTFLAGS=--cap-lints=warn" "-e" "RUSTDOCFLAGS=--cap-lints=warn" "-e" "CARGO_HOME=/opt/rustwide/cargo-home" "-e" "RUSTUP_HOME=/opt/rustwide/rustup-home" "-w" "/opt/rustwide/workdir" "-m" "1610612736" "--user" "0:0" "--network" "none" "ghcr.io/rust-lang/crates-build-env/linux@sha256:2788e3201cd34a07e3172128adcd8b3090168a8e3bcc40d7c032b9dda1df7d1c" "/opt/rustwide/cargo-home/bin/cargo" "+1.75.0" "test" "--frozen", kill_on_drop: false }`
[INFO] [stdout] d753b529a6b04fa21ca00ed97f9e04ce557606a22ebeea5b0c4066529dbcd7a5
[INFO] running `Command { std: "docker" "start" "-a" "d753b529a6b04fa21ca00ed97f9e04ce557606a22ebeea5b0c4066529dbcd7a5", kill_on_drop: false }`
[INFO] [stderr]     Finished test [unoptimized + debuginfo] target(s) in 0.01s
[INFO] [stderr]      Running unittests src/lib.rs (/opt/rustwide/target/debug/deps/struct_baker_derive-29da94b4db2695dc)
[INFO] [stdout] 
[INFO] [stdout] running 0 tests
[INFO] [stdout] 
[INFO] [stdout] test result: ok. 0 passed; 0 failed; 0 ignored; 0 measured; 0 filtered out; finished in 0.00s
[INFO] [stdout] 
[INFO] [stderr]    Doc-tests struct_baker_derive
[INFO] [stdout] 
[INFO] [stdout] running 1 test
[INFO] [stdout] test src/derive.rs - derive::destructure (line 107) ... FAILED
[INFO] [stdout] 
[INFO] [stdout] failures:
[INFO] [stdout] 
[INFO] [stdout] ---- src/derive.rs - derive::destructure (line 107) stdout ----
[INFO] [stdout] error: expected `:`, found `,`
[INFO] [stdout]  --> src/derive.rs:109:6
[INFO] [stdout]   |
[INFO] [stdout] 3 | struct A {
[INFO] [stdout]   |        - while parsing this struct
[INFO] [stdout] 4 |     a,
[INFO] [stdout]   |      ^ expected `:`
[INFO] [stdout] 
[INFO] [stdout] error: aborting due to previous error
[INFO] [stdout] 
[INFO] [stdout] Couldn't compile the test.
[INFO] [stdout] 
[INFO] [stdout] failures:
[INFO] [stdout]     src/derive.rs - derive::destructure (line 107)
[INFO] [stdout] 
[INFO] [stdout] test result: FAILED. 0 passed; 1 failed; 0 ignored; 0 measured; 0 filtered out; finished in 0.05s
[INFO] [stdout] 
[INFO] [stderr] error: doctest failed, to rerun pass `--doc`
[INFO] running `Command { std: "docker" "inspect" "d753b529a6b04fa21ca00ed97f9e04ce557606a22ebeea5b0c4066529dbcd7a5", kill_on_drop: false }`
[INFO] running `Command { std: "docker" "rm" "-f" "d753b529a6b04fa21ca00ed97f9e04ce557606a22ebeea5b0c4066529dbcd7a5", kill_on_drop: false }`
[INFO] [stdout] d753b529a6b04fa21ca00ed97f9e04ce557606a22ebeea5b0c4066529dbcd7a5
[INFO] testing struct_baker_derive-0.1.1 against beta-2023-12-22 for beta-1.76-1
[INFO] extracting crate struct_baker_derive 0.1.1 into /workspace/builds/worker-6-tc2/source
[INFO] validating manifest of crates.io crate struct_baker_derive 0.1.1 on toolchain beta-2023-12-22
[INFO] running `Command { std: CARGO_HOME="/workspace/cargo-home" RUSTUP_HOME="/workspace/rustup-home" "/workspace/cargo-home/bin/cargo" "+beta-2023-12-22" "metadata" "--manifest-path" "Cargo.toml" "--no-deps", kill_on_drop: false }`
[INFO] started tweaking crates.io crate struct_baker_derive 0.1.1
[INFO] finished tweaking crates.io crate struct_baker_derive 0.1.1
[INFO] tweaked toml for crates.io crate struct_baker_derive 0.1.1 written to /workspace/builds/worker-6-tc2/source/Cargo.toml
[INFO] running `Command { std: CARGO_HOME="/workspace/cargo-home" RUSTUP_HOME="/workspace/rustup-home" "/workspace/cargo-home/bin/cargo" "+beta-2023-12-22" "generate-lockfile" "--manifest-path" "Cargo.toml", kill_on_drop: false }`
[INFO] [stderr]     Updating crates.io index
[INFO] running `Command { std: CARGO_HOME="/workspace/cargo-home" RUSTUP_HOME="/workspace/rustup-home" "/workspace/cargo-home/bin/cargo" "+beta-2023-12-22" "fetch" "--manifest-path" "Cargo.toml", kill_on_drop: false }`
[INFO] running `Command { std: "docker" "create" "-v" "/var/lib/crater-agent-workspace/builds/worker-6-tc2/target:/opt/rustwide/target:rw,Z" "-v" "/var/lib/crater-agent-workspace/builds/worker-6-tc2/source:/opt/rustwide/workdir:ro,Z" "-v" "/var/lib/crater-agent-workspace/cargo-home:/opt/rustwide/cargo-home:ro,Z" "-v" "/var/lib/crater-agent-workspace/rustup-home:/opt/rustwide/rustup-home:ro,Z" "-e" "SOURCE_DIR=/opt/rustwide/workdir" "-e" "CARGO_TARGET_DIR=/opt/rustwide/target" "-e" "CARGO_HOME=/opt/rustwide/cargo-home" "-e" "RUSTUP_HOME=/opt/rustwide/rustup-home" "-w" "/opt/rustwide/workdir" "-m" "1610612736" "--user" "0:0" "--network" "none" "ghcr.io/rust-lang/crates-build-env/linux@sha256:2788e3201cd34a07e3172128adcd8b3090168a8e3bcc40d7c032b9dda1df7d1c" "/opt/rustwide/cargo-home/bin/cargo" "+beta-2023-12-22" "metadata" "--no-deps" "--format-version=1", kill_on_drop: false }`
[INFO] [stdout] 094ef452fc40c30b43ced1d5cbb626bce3988102fef8e83953dd176c6e518443
[INFO] running `Command { std: "docker" "start" "-a" "094ef452fc40c30b43ced1d5cbb626bce3988102fef8e83953dd176c6e518443", kill_on_drop: false }`
[INFO] running `Command { std: "docker" "inspect" "094ef452fc40c30b43ced1d5cbb626bce3988102fef8e83953dd176c6e518443", kill_on_drop: false }`
[INFO] running `Command { std: "docker" "rm" "-f" "094ef452fc40c30b43ced1d5cbb626bce3988102fef8e83953dd176c6e518443", kill_on_drop: false }`
[INFO] [stdout] 094ef452fc40c30b43ced1d5cbb626bce3988102fef8e83953dd176c6e518443
[INFO] running `Command { std: "docker" "create" "-v" "/var/lib/crater-agent-workspace/builds/worker-6-tc2/target:/opt/rustwide/target:rw,Z" "-v" "/var/lib/crater-agent-workspace/builds/worker-6-tc2/source:/opt/rustwide/workdir:ro,Z" "-v" "/var/lib/crater-agent-workspace/cargo-home:/opt/rustwide/cargo-home:ro,Z" "-v" "/var/lib/crater-agent-workspace/rustup-home:/opt/rustwide/rustup-home:ro,Z" "-e" "SOURCE_DIR=/opt/rustwide/workdir" "-e" "CARGO_TARGET_DIR=/opt/rustwide/target" "-e" "CARGO_INCREMENTAL=0" "-e" "RUST_BACKTRACE=full" "-e" "RUSTFLAGS=--cap-lints=warn" "-e" "RUSTDOCFLAGS=--cap-lints=warn" "-e" "CARGO_HOME=/opt/rustwide/cargo-home" "-e" "RUSTUP_HOME=/opt/rustwide/rustup-home" "-w" "/opt/rustwide/workdir" "-m" "1610612736" "--user" "0:0" "--network" "none" "ghcr.io/rust-lang/crates-build-env/linux@sha256:2788e3201cd34a07e3172128adcd8b3090168a8e3bcc40d7c032b9dda1df7d1c" "/opt/rustwide/cargo-home/bin/cargo" "+beta-2023-12-22" "build" "--frozen" "--message-format=json", kill_on_drop: false }`
[INFO] [stdout] 5f5f2a43a6904159c13b348c27fbb35d3599c004a300ffda78a3edcf3ab26853
[INFO] running `Command { std: "docker" "start" "-a" "5f5f2a43a6904159c13b348c27fbb35d3599c004a300ffda78a3edcf3ab26853", kill_on_drop: false }`
[INFO] [stderr]    Compiling thiserror v1.0.56
[INFO] [stderr]    Compiling unicode_categories v0.1.1
[INFO] [stderr]    Compiling syn v2.0.48
[INFO] [stderr]    Compiling syn v1.0.109
[INFO] [stderr]    Compiling thiserror-impl v1.0.56
[INFO] [stderr]    Compiling snailquote v0.3.1
[INFO] [stderr]    Compiling struct_baker_derive v0.1.1 (/opt/rustwide/workdir)
[INFO] [stderr]     Finished dev [unoptimized + debuginfo] target(s) in 7.22s
[INFO] running `Command { std: "docker" "inspect" "5f5f2a43a6904159c13b348c27fbb35d3599c004a300ffda78a3edcf3ab26853", kill_on_drop: false }`
[INFO] running `Command { std: "docker" "rm" "-f" "5f5f2a43a6904159c13b348c27fbb35d3599c004a300ffda78a3edcf3ab26853", kill_on_drop: false }`
[INFO] [stdout] 5f5f2a43a6904159c13b348c27fbb35d3599c004a300ffda78a3edcf3ab26853
[INFO] running `Command { std: "docker" "create" "-v" "/var/lib/crater-agent-workspace/builds/worker-6-tc2/target:/opt/rustwide/target:rw,Z" "-v" "/var/lib/crater-agent-workspace/builds/worker-6-tc2/source:/opt/rustwide/workdir:ro,Z" "-v" "/var/lib/crater-agent-workspace/cargo-home:/opt/rustwide/cargo-home:ro,Z" "-v" "/var/lib/crater-agent-workspace/rustup-home:/opt/rustwide/rustup-home:ro,Z" "-e" "SOURCE_DIR=/opt/rustwide/workdir" "-e" "CARGO_TARGET_DIR=/opt/rustwide/target" "-e" "CARGO_INCREMENTAL=0" "-e" "RUST_BACKTRACE=full" "-e" "RUSTFLAGS=--cap-lints=warn" "-e" "RUSTDOCFLAGS=--cap-lints=warn" "-e" "CARGO_HOME=/opt/rustwide/cargo-home" "-e" "RUSTUP_HOME=/opt/rustwide/rustup-home" "-w" "/opt/rustwide/workdir" "-m" "1610612736" "--user" "0:0" "--network" "none" "ghcr.io/rust-lang/crates-build-env/linux@sha256:2788e3201cd34a07e3172128adcd8b3090168a8e3bcc40d7c032b9dda1df7d1c" "/opt/rustwide/cargo-home/bin/cargo" "+beta-2023-12-22" "test" "--frozen" "--no-run" "--message-format=json", kill_on_drop: false }`
[INFO] [stdout] 40fb824f5cefbde3cc430e2a8bf3ef8a9d1425e1b6b90623403f6b05a58906c7
[INFO] running `Command { std: "docker" "start" "-a" "40fb824f5cefbde3cc430e2a8bf3ef8a9d1425e1b6b90623403f6b05a58906c7", kill_on_drop: false }`
[INFO] [stderr]    Compiling struct_baker_derive v0.1.1 (/opt/rustwide/workdir)
[INFO] [stderr]     Finished test [unoptimized + debuginfo] target(s) in 1.31s
[INFO] running `Command { std: "docker" "inspect" "40fb824f5cefbde3cc430e2a8bf3ef8a9d1425e1b6b90623403f6b05a58906c7", kill_on_drop: false }`
[INFO] running `Command { std: "docker" "rm" "-f" "40fb824f5cefbde3cc430e2a8bf3ef8a9d1425e1b6b90623403f6b05a58906c7", kill_on_drop: false }`
[INFO] [stdout] 40fb824f5cefbde3cc430e2a8bf3ef8a9d1425e1b6b90623403f6b05a58906c7
[INFO] running `Command { std: "docker" "create" "-v" "/var/lib/crater-agent-workspace/builds/worker-6-tc2/target:/opt/rustwide/target:rw,Z" "-v" "/var/lib/crater-agent-workspace/builds/worker-6-tc2/source:/opt/rustwide/workdir:ro,Z" "-v" "/var/lib/crater-agent-workspace/cargo-home:/opt/rustwide/cargo-home:ro,Z" "-v" "/var/lib/crater-agent-workspace/rustup-home:/opt/rustwide/rustup-home:ro,Z" "-e" "SOURCE_DIR=/opt/rustwide/workdir" "-e" "CARGO_TARGET_DIR=/opt/rustwide/target" "-e" "CARGO_INCREMENTAL=0" "-e" "RUST_BACKTRACE=full" "-e" "RUSTFLAGS=--cap-lints=warn" "-e" "RUSTDOCFLAGS=--cap-lints=warn" "-e" "CARGO_HOME=/opt/rustwide/cargo-home" "-e" "RUSTUP_HOME=/opt/rustwide/rustup-home" "-w" "/opt/rustwide/workdir" "-m" "1610612736" "--user" "0:0" "--network" "none" "ghcr.io/rust-lang/crates-build-env/linux@sha256:2788e3201cd34a07e3172128adcd8b3090168a8e3bcc40d7c032b9dda1df7d1c" "/opt/rustwide/cargo-home/bin/cargo" "+beta-2023-12-22" "test" "--frozen", kill_on_drop: false }`
[INFO] [stdout] 60d8158694cad552b27666ee688afe2051ccda10469999cd30371e5470d8a679
[INFO] running `Command { std: "docker" "start" "-a" "60d8158694cad552b27666ee688afe2051ccda10469999cd30371e5470d8a679", kill_on_drop: false }`
[INFO] [stderr]     Finished test [unoptimized + debuginfo] target(s) in 0.02s
[INFO] [stderr]      Running unittests src/lib.rs (/opt/rustwide/target/debug/deps/struct_baker_derive-3b63510696130d86)
[INFO] [stdout] 
[INFO] [stderr]    Doc-tests struct_baker_derive
[INFO] [stdout] running 0 tests
[INFO] [stdout] 
[INFO] [stdout] test result: ok. 0 passed; 0 failed; 0 ignored; 0 measured; 0 filtered out; finished in 0.00s
[INFO] [stdout] 
[INFO] [stdout] 
[INFO] [stdout] running 1 test
[INFO] [stdout] test src/derive.rs - derive::destructure (line 107) ... FAILED
[INFO] [stdout] 
[INFO] [stdout] failures:
[INFO] [stdout] 
[INFO] [stdout] ---- src/derive.rs - derive::destructure (line 107) stdout ----
[INFO] [stdout] error: expected `:`, found `,`
[INFO] [stdout]  --> src/derive.rs:109:6
[INFO] [stdout]   |
[INFO] [stdout] 3 | struct A {
[INFO] [stdout]   |        - while parsing this struct
[INFO] [stdout] 4 |     a,
[INFO] [stdout]   |      ^ expected `:`
[INFO] [stdout] 
[INFO] [stdout] error: aborting due to 1 previous error
[INFO] [stdout] 
[INFO] [stdout] Couldn't compile the test.
[INFO] [stdout] 
[INFO] [stdout] failures:
[INFO] [stdout]     src/derive.rs - derive::destructure (line 107)
[INFO] [stdout] 
[INFO] [stdout] test result: FAILED. 0 passed; 1 failed; 0 ignored; 0 measured; 0 filtered out; finished in 0.04s
[INFO] [stdout] 
[INFO] [stderr] error: doctest failed, to rerun pass `--doc`
[INFO] running `Command { std: "docker" "inspect" "60d8158694cad552b27666ee688afe2051ccda10469999cd30371e5470d8a679", kill_on_drop: false }`
[INFO] running `Command { std: "docker" "rm" "-f" "60d8158694cad552b27666ee688afe2051ccda10469999cd30371e5470d8a679", kill_on_drop: false }`
[INFO] [stdout] 60d8158694cad552b27666ee688afe2051ccda10469999cd30371e5470d8a679
