[INFO] fetching crate string-template-plus 0.3.7...
[INFO] testing string-template-plus-0.3.7 against 1.75.0 for beta-1.76-1
[INFO] extracting crate string-template-plus 0.3.7 into /workspace/builds/worker-7-tc1/source
[INFO] validating manifest of crates.io crate string-template-plus 0.3.7 on toolchain 1.75.0
[INFO] running `Command { std: CARGO_HOME="/workspace/cargo-home" RUSTUP_HOME="/workspace/rustup-home" "/workspace/cargo-home/bin/cargo" "+1.75.0" "metadata" "--manifest-path" "Cargo.toml" "--no-deps", kill_on_drop: false }`
[INFO] started tweaking crates.io crate string-template-plus 0.3.7
[INFO] finished tweaking crates.io crate string-template-plus 0.3.7
[INFO] tweaked toml for crates.io crate string-template-plus 0.3.7 written to /workspace/builds/worker-7-tc1/source/Cargo.toml
[INFO] crate crates.io crate string-template-plus 0.3.7 already has a lockfile, it will not be regenerated
[INFO] running `Command { std: CARGO_HOME="/workspace/cargo-home" RUSTUP_HOME="/workspace/rustup-home" "/workspace/cargo-home/bin/cargo" "+1.75.0" "fetch" "--manifest-path" "Cargo.toml", kill_on_drop: false }`
[INFO] [stderr]     Updating crates.io index
[INFO] [stderr]  Downloading crates ...
[INFO] [stderr]   Downloaded titlecase v2.2.1
[INFO] running `Command { std: "docker" "create" "-v" "/var/lib/crater-agent-workspace/builds/worker-7-tc1/target:/opt/rustwide/target:rw,Z" "-v" "/var/lib/crater-agent-workspace/builds/worker-7-tc1/source:/opt/rustwide/workdir:ro,Z" "-v" "/var/lib/crater-agent-workspace/cargo-home:/opt/rustwide/cargo-home:ro,Z" "-v" "/var/lib/crater-agent-workspace/rustup-home:/opt/rustwide/rustup-home:ro,Z" "-e" "SOURCE_DIR=/opt/rustwide/workdir" "-e" "CARGO_TARGET_DIR=/opt/rustwide/target" "-e" "CARGO_HOME=/opt/rustwide/cargo-home" "-e" "RUSTUP_HOME=/opt/rustwide/rustup-home" "-w" "/opt/rustwide/workdir" "-m" "1610612736" "--user" "0:0" "--network" "none" "ghcr.io/rust-lang/crates-build-env/linux@sha256:2788e3201cd34a07e3172128adcd8b3090168a8e3bcc40d7c032b9dda1df7d1c" "/opt/rustwide/cargo-home/bin/cargo" "+1.75.0" "metadata" "--no-deps" "--format-version=1", kill_on_drop: false }`
[INFO] [stdout] d849fa4ffaa894a57ed9ce5c0705701ed28090269dd4184f443b2b628c96c698
[INFO] running `Command { std: "docker" "start" "-a" "d849fa4ffaa894a57ed9ce5c0705701ed28090269dd4184f443b2b628c96c698", kill_on_drop: false }`
[INFO] running `Command { std: "docker" "inspect" "d849fa4ffaa894a57ed9ce5c0705701ed28090269dd4184f443b2b628c96c698", kill_on_drop: false }`
[INFO] running `Command { std: "docker" "rm" "-f" "d849fa4ffaa894a57ed9ce5c0705701ed28090269dd4184f443b2b628c96c698", kill_on_drop: false }`
[INFO] [stdout] d849fa4ffaa894a57ed9ce5c0705701ed28090269dd4184f443b2b628c96c698
[INFO] running `Command { std: "docker" "create" "-v" "/var/lib/crater-agent-workspace/builds/worker-7-tc1/target:/opt/rustwide/target:rw,Z" "-v" "/var/lib/crater-agent-workspace/builds/worker-7-tc1/source:/opt/rustwide/workdir:ro,Z" "-v" "/var/lib/crater-agent-workspace/cargo-home:/opt/rustwide/cargo-home:ro,Z" "-v" "/var/lib/crater-agent-workspace/rustup-home:/opt/rustwide/rustup-home:ro,Z" "-e" "SOURCE_DIR=/opt/rustwide/workdir" "-e" "CARGO_TARGET_DIR=/opt/rustwide/target" "-e" "CARGO_INCREMENTAL=0" "-e" "RUST_BACKTRACE=full" "-e" "RUSTFLAGS=--cap-lints=warn" "-e" "RUSTDOCFLAGS=--cap-lints=warn" "-e" "CARGO_HOME=/opt/rustwide/cargo-home" "-e" "RUSTUP_HOME=/opt/rustwide/rustup-home" "-w" "/opt/rustwide/workdir" "-m" "1610612736" "--user" "0:0" "--network" "none" "ghcr.io/rust-lang/crates-build-env/linux@sha256:2788e3201cd34a07e3172128adcd8b3090168a8e3bcc40d7c032b9dda1df7d1c" "/opt/rustwide/cargo-home/bin/cargo" "+1.75.0" "build" "--frozen" "--message-format=json", kill_on_drop: false }`
[INFO] [stdout] ff6f20d1219ebe28af9d24deb3cf403e43a5db8a28c37974e5fa5c44f6056c7b
[INFO] running `Command { std: "docker" "start" "-a" "ff6f20d1219ebe28af9d24deb3cf403e43a5db8a28c37974e5fa5c44f6056c7b", kill_on_drop: false }`
[INFO] [stderr]    Compiling memchr v2.6.3
[INFO] [stderr]    Compiling rustix v0.38.15
[INFO] [stderr]    Compiling linux-raw-sys v0.4.8
[INFO] [stderr]    Compiling regex-syntax v0.7.5
[INFO] [stderr]    Compiling libc v0.2.148
[INFO] [stderr]    Compiling bitflags v2.4.0
[INFO] [stderr]    Compiling anyhow v1.0.75
[INFO] [stderr]    Compiling lazy_static v1.4.0
[INFO] [stderr]    Compiling joinery v2.1.0
[INFO] [stderr]    Compiling iana-time-zone v0.1.57
[INFO] [stderr]    Compiling num-traits v0.2.16
[INFO] [stderr]    Compiling aho-corasick v1.1.1
[INFO] [stderr]    Compiling subprocess v0.2.9
[INFO] [stderr]    Compiling is-terminal v0.4.9
[INFO] [stderr]    Compiling colored v2.0.4
[INFO] [stderr]    Compiling chrono v0.4.31
[INFO] [stderr]    Compiling regex-automata v0.3.8
[INFO] [stderr]    Compiling regex v1.9.5
[INFO] [stderr]    Compiling titlecase v2.2.1
[INFO] [stderr]    Compiling string-template-plus v0.3.7 (/opt/rustwide/workdir)
[INFO] [stderr]     Finished dev [unoptimized + debuginfo] target(s) in 6.46s
[INFO] running `Command { std: "docker" "inspect" "ff6f20d1219ebe28af9d24deb3cf403e43a5db8a28c37974e5fa5c44f6056c7b", kill_on_drop: false }`
[INFO] running `Command { std: "docker" "rm" "-f" "ff6f20d1219ebe28af9d24deb3cf403e43a5db8a28c37974e5fa5c44f6056c7b", kill_on_drop: false }`
[INFO] [stdout] ff6f20d1219ebe28af9d24deb3cf403e43a5db8a28c37974e5fa5c44f6056c7b
[INFO] running `Command { std: "docker" "create" "-v" "/var/lib/crater-agent-workspace/builds/worker-7-tc1/target:/opt/rustwide/target:rw,Z" "-v" "/var/lib/crater-agent-workspace/builds/worker-7-tc1/source:/opt/rustwide/workdir:ro,Z" "-v" "/var/lib/crater-agent-workspace/cargo-home:/opt/rustwide/cargo-home:ro,Z" "-v" "/var/lib/crater-agent-workspace/rustup-home:/opt/rustwide/rustup-home:ro,Z" "-e" "SOURCE_DIR=/opt/rustwide/workdir" "-e" "CARGO_TARGET_DIR=/opt/rustwide/target" "-e" "CARGO_INCREMENTAL=0" "-e" "RUST_BACKTRACE=full" "-e" "RUSTFLAGS=--cap-lints=warn" "-e" "RUSTDOCFLAGS=--cap-lints=warn" "-e" "CARGO_HOME=/opt/rustwide/cargo-home" "-e" "RUSTUP_HOME=/opt/rustwide/rustup-home" "-w" "/opt/rustwide/workdir" "-m" "1610612736" "--user" "0:0" "--network" "none" "ghcr.io/rust-lang/crates-build-env/linux@sha256:2788e3201cd34a07e3172128adcd8b3090168a8e3bcc40d7c032b9dda1df7d1c" "/opt/rustwide/cargo-home/bin/cargo" "+1.75.0" "test" "--frozen" "--no-run" "--message-format=json", kill_on_drop: false }`
[INFO] [stdout] f839932e43f00e0761eeb74806f7cc6f8b9f615c48634875638fda9c5f8ac4c0
[INFO] running `Command { std: "docker" "start" "-a" "f839932e43f00e0761eeb74806f7cc6f8b9f615c48634875638fda9c5f8ac4c0", kill_on_drop: false }`
[INFO] [stderr]    Compiling string-template-plus v0.3.7 (/opt/rustwide/workdir)
[INFO] [stderr]     Finished test [unoptimized + debuginfo] target(s) in 1.23s
[INFO] running `Command { std: "docker" "inspect" "f839932e43f00e0761eeb74806f7cc6f8b9f615c48634875638fda9c5f8ac4c0", kill_on_drop: false }`
[INFO] running `Command { std: "docker" "rm" "-f" "f839932e43f00e0761eeb74806f7cc6f8b9f615c48634875638fda9c5f8ac4c0", kill_on_drop: false }`
[INFO] [stdout] f839932e43f00e0761eeb74806f7cc6f8b9f615c48634875638fda9c5f8ac4c0
[INFO] running `Command { std: "docker" "create" "-v" "/var/lib/crater-agent-workspace/builds/worker-7-tc1/target:/opt/rustwide/target:rw,Z" "-v" "/var/lib/crater-agent-workspace/builds/worker-7-tc1/source:/opt/rustwide/workdir:ro,Z" "-v" "/var/lib/crater-agent-workspace/cargo-home:/opt/rustwide/cargo-home:ro,Z" "-v" "/var/lib/crater-agent-workspace/rustup-home:/opt/rustwide/rustup-home:ro,Z" "-e" "SOURCE_DIR=/opt/rustwide/workdir" "-e" "CARGO_TARGET_DIR=/opt/rustwide/target" "-e" "CARGO_INCREMENTAL=0" "-e" "RUST_BACKTRACE=full" "-e" "RUSTFLAGS=--cap-lints=warn" "-e" "RUSTDOCFLAGS=--cap-lints=warn" "-e" "CARGO_HOME=/opt/rustwide/cargo-home" "-e" "RUSTUP_HOME=/opt/rustwide/rustup-home" "-w" "/opt/rustwide/workdir" "-m" "1610612736" "--user" "0:0" "--network" "none" "ghcr.io/rust-lang/crates-build-env/linux@sha256:2788e3201cd34a07e3172128adcd8b3090168a8e3bcc40d7c032b9dda1df7d1c" "/opt/rustwide/cargo-home/bin/cargo" "+1.75.0" "test" "--frozen", kill_on_drop: false }`
[INFO] [stdout] b10a4422cd4e45256377262b5a84c4f617eee564b3ec01bc181761f1b7064104
[INFO] running `Command { std: "docker" "start" "-a" "b10a4422cd4e45256377262b5a84c4f617eee564b3ec01bc181761f1b7064104", kill_on_drop: false }`
[INFO] [stderr]     Finished test [unoptimized + debuginfo] target(s) in 0.02s
[INFO] [stderr]      Running unittests src/lib.rs (/opt/rustwide/target/debug/deps/string_template_plus-82fb04a8d347da07)
[INFO] [stdout] 
[INFO] [stdout] running 14 tests
[INFO] [stdout] test tests::test_lit ... ok
[INFO] [stdout] test tests::test_novars_opt ... ok
[INFO] [stdout] test tests::test_optional ... ok
[INFO] [stdout] test tests::test_optional_lit ... ok
[INFO] [stdout] test tests::test_render_iter ... ok
[INFO] [stdout] test tests::test_special_chars ... ok
[INFO] [stdout] test tests::test_special_chars2 ... ok
[INFO] [stdout] test tests::test_vars ... ok
[INFO] [stdout] test tests::test_time ... ok
[INFO] [stdout] test tests::test_var_or_time ... ok
[INFO] [stdout] test tests::test_command_quote ... ok
[INFO] [stdout] test tests::test_command ... ok
[INFO] [stdout] test tests::test_vars_format ... ok
[INFO] [stdout] test tests::test_novars - should panic ... ok
[INFO] [stdout] 
[INFO] [stdout] test result: ok. 14 passed; 0 failed; 0 ignored; 0 measured; 0 filtered out; finished in 0.02s
[INFO] [stdout] 
[INFO] [stderr]      Running unittests src/bin/visual-test.rs (/opt/rustwide/target/debug/deps/string_template_plus_visualize-a0777f9689e62754)
[INFO] [stdout] 
[INFO] [stdout] running 0 tests
[INFO] [stdout] 
[INFO] [stdout] test result: ok. 0 passed; 0 failed; 0 ignored; 0 measured; 0 filtered out; finished in 0.00s
[INFO] [stdout] 
[INFO] [stderr]    Doc-tests string_template_plus
[INFO] [stdout] 
[INFO] [stdout] running 22 tests
[INFO] [stdout] test src/lib.rs - (line 135) ... FAILED
[INFO] [stdout] test src/lib.rs - (line 186) ... FAILED
[INFO] [stdout] test src/lib.rs - (line 89) ... FAILED
[INFO] [stdout] test src/lib.rs - RenderIter (line 630) ... FAILED
[INFO] [stdout] test src/lib.rs - (line 46) ... FAILED
[INFO] [stdout] test src/lib.rs - RenderOptions::render_iter (line 597) ... FAILED
[INFO] [stdout] test src/lib.rs - Template (line 496) ... FAILED
[INFO] [stdout] test src/lib.rs - (line 24) ... FAILED
[INFO] [stdout] test src/lib.rs - (line 67) ... FAILED
[INFO] [stdout] test src/transformers.rs - transformers::float_format (line 105) ... ok
[INFO] [stdout] test src/transformers.rs - transformers::bound (line 55) ... ok
[INFO] [stdout] test src/transformers.rs - transformers::comma (line 350) ... ok
[INFO] [stdout] test src/transformers.rs - transformers::count (line 244) ... ok
[INFO] [stdout] test src/transformers.rs - transformers::take (line 288) ... ok
[INFO] [stdout] test src/transformers.rs - transformers::quote (line 440) ... ok
[INFO] [stdout] test src/lib.rs - Template::parse_template (line 526) ... ok
[INFO] [stdout] test src/transformers.rs - transformers::replace (line 267) ... ok
[INFO] [stdout] test src/transformers.rs - transformers::calc (line 191) ... ok
[INFO] [stdout] test src/transformers.rs - transformers::trim (line 322) ... ok
[INFO] [stdout] test src/transformers.rs - transformers::group (line 394) ... ok
[INFO] [stdout] test src/transformers.rs - transformers::string_case (line 149) ... ok
[INFO] [stdout] test src/lib.rs - (line 112) ... ok
[INFO] [stdout] 
[INFO] [stdout] failures:
[INFO] [stdout] 
[INFO] [stdout] ---- src/lib.rs - (line 135) stdout ----
[INFO] [stdout] error: linking with `cc` failed: exit status: 1
[INFO] [stdout]   |
[INFO] [stdout]   = note: LC_ALL="C" PATH="/opt/rustwide/rustup-home/toolchains/1.75.0-x86_64-unknown-linux-gnu/lib/rustlib/x86_64-unknown-linux-gnu/bin:/opt/rustwide/cargo-home/bin:/usr/local/sbin:/usr/local/bin:/usr/sbin:/usr/bin:/sbin:/bin" VSLANG="1033" "cc" "-m64" "/tmp/rustco2lYzQ/symbols.o" "/tmp/rustdoctest5bQ7qQ/rust_out.rust_out.263fb70ac1c95110-cgu.0.rcgu.o" "/tmp/rustdoctest5bQ7qQ/rust_out.2uel00cfmdh5ufit.rcgu.o" "-Wl,--as-needed" "-L" "/opt/rustwide/target/debug/deps" "-L" "/opt/rustwide/target/debug/deps" "-L" "/opt/rustwide/rustup-home/toolchains/1.75.0-x86_64-unknown-linux-gnu/lib/rustlib/x86_64-unknown-linux-gnu/lib" "-Wl,-Bstatic" "/opt/rustwide/target/debug/deps/libstring_template_plus-fbe56be4be14160a.rlib" "/opt/rustwide/target/debug/deps/libtitlecase-65a65327d3d761d1.rlib" "/opt/rustwide/target/debug/deps/libjoinery-e099c11736a57566.rlib" "/opt/rustwide/target/debug/deps/libregex-5ce0ad01a4719b92.rlib" "/opt/rustwide/target/debug/deps/libregex_automata-85911e629ad3d839.rlib" "/opt/rustwide/target/debug/deps/libaho_corasick-55fa5d0d87606d18.rlib" "/opt/rustwide/target/debug/deps/libmemchr-a76ee3fe84a5d757.rlib" "/opt/rustwide/target/debug/deps/libregex_syntax-92ff7cd7e2c66084.rlib" "/opt/rustwide/target/debug/deps/libsubprocess-1bd696da3fa2503c.rlib" "/opt/rustwide/target/debug/deps/liblibc-25ce4f1326c5b95d.rlib" "/opt/rustwide/target/debug/deps/libcolored-41304f6701a597c8.rlib" "/opt/rustwide/target/debug/deps/liblazy_static-591486ebcb9a7ead.rlib" "/opt/rustwide/target/debug/deps/libis_terminal-f0fce3d751ee28b8.rlib" "/opt/rustwide/target/debug/deps/librustix-a9cf7f6fc9c831ec.rlib" "/opt/rustwide/target/debug/deps/libbitflags-78da337a9db99d1b.rlib" "/opt/rustwide/target/debug/deps/liblinux_raw_sys-07a189b4f0dc2326.rlib" "/opt/rustwide/target/debug/deps/libchrono-dae2057a8fe64e8d.rlib" "/opt/rustwide/target/debug/deps/libnum_traits-23ae6b7832b5a082.rlib" "/opt/rustwide/target/debug/deps/libiana_time_zone-4d940f736806fce6.rlib" "/opt/rustwide/target/debug/deps/libanyhow-477edb6dbb409be2.rlib" "/opt/rustwide/rustup-home/toolchains/1.75.0-x86_64-unknown-linux-gnu/lib/rustlib/x86_64-unknown-linux-gnu/lib/libstd-90f6ddbf82de36ec.rlib" "/opt/rustwide/rustup-home/toolchains/1.75.0-x86_64-unknown-linux-gnu/lib/rustlib/x86_64-unknown-linux-gnu/lib/libpanic_unwind-480c41e9d4e1f677.rlib" "/opt/rustwide/rustup-home/toolchains/1.75.0-x86_64-unknown-linux-gnu/lib/rustlib/x86_64-unknown-linux-gnu/lib/libobject-db744c0ca03eed1d.rlib" "/opt/rustwide/rustup-home/toolchains/1.75.0-x86_64-unknown-linux-gnu/lib/rustlib/x86_64-unknown-linux-gnu/lib/libmemchr-8ba652dc7d4b285a.rlib" "/opt/rustwide/rustup-home/toolchains/1.75.0-x86_64-unknown-linux-gnu/lib/rustlib/x86_64-unknown-linux-gnu/lib/libaddr2line-d5f4520a9ebc0d58.rlib" "/opt/rustwide/rustup-home/toolchains/1.75.0-x86_64-unknown-linux-gnu/lib/rustlib/x86_64-unknown-linux-gnu/lib/libgimli-4ad84de58f0cb463.rlib" "/opt/rustwide/rustup-home/toolchains/1.75.0-x86_64-unknown-linux-gnu/lib/rustlib/x86_64-unknown-linux-gnu/lib/librustc_demangle-0d10aae2e0f38735.rlib" "/opt/rustwide/rustup-home/toolchains/1.75.0-x86_64-unknown-linux-gnu/lib/rustlib/x86_64-unknown-linux-gnu/lib/libstd_detect-0c17cff739e6745b.rlib" "/opt/rustwide/rustup-home/toolchains/1.75.0-x86_64-unknown-linux-gnu/lib/rustlib/x86_64-unknown-linux-gnu/lib/libhashbrown-b29e17139dde1aa8.rlib" "/opt/rustwide/rustup-home/toolchains/1.75.0-x86_64-unknown-linux-gnu/lib/rustlib/x86_64-unknown-linux-gnu/lib/librustc_std_workspace_alloc-1f975299829cc7bd.rlib" "/opt/rustwide/rustup-home/toolchains/1.75.0-x86_64-unknown-linux-gnu/lib/rustlib/x86_64-unknown-linux-gnu/lib/libminiz_oxide-86bae3bc3079f89b.rlib" "/opt/rustwide/rustup-home/toolchains/1.75.0-x86_64-unknown-linux-gnu/lib/rustlib/x86_64-unknown-linux-gnu/lib/libadler-321b82c30dffdf5f.rlib" "/opt/rustwide/rustup-home/toolchains/1.75.0-x86_64-unknown-linux-gnu/lib/rustlib/x86_64-unknown-linux-gnu/lib/libunwind-3dd8a6810a0bdfef.rlib" "/opt/rustwide/rustup-home/toolchains/1.75.0-x86_64-unknown-linux-gnu/lib/rustlib/x86_64-unknown-linux-gnu/lib/libcfg_if-eb39a61c0c879984.rlib" "/opt/rustwide/rustup-home/toolchains/1.75.0-x86_64-unknown-linux-gnu/lib/rustlib/x86_64-unknown-linux-gnu/lib/liblibc-aa769569f91c3548.rlib" "/opt/rustwide/rustup-home/toolchains/1.75.0-x86_64-unknown-linux-gnu/lib/rustlib/x86_64-unknown-linux-gnu/lib/liballoc-510a192a50a983ed.rlib" "/opt/rustwide/rustup-home/toolchains/1.75.0-x86_64-unknown-linux-gnu/lib/rustlib/x86_64-unknown-linux-gnu/lib/librustc_std_workspace_core-0577018320f99037.rlib" "/opt/rustwide/rustup-home/toolchains/1.75.0-x86_64-unknown-linux-gnu/lib/rustlib/x86_64-unknown-linux-gnu/lib/libcore-193cf992125ccd4c.rlib" "/opt/rustwide/rustup-home/toolchains/1.75.0-x86_64-unknown-linux-gnu/lib/rustlib/x86_64-unknown-linux-gnu/lib/libcompiler_builtins-8e138eaf26ebb4a8.rlib" "-Wl,-Bdynamic" "-lgcc_s" "-lutil" "-lrt" "-lpthread" "-lm" "-ldl" "-lc" "-Wl,--eh-frame-hdr" "-Wl,-z,noexecstack" "-L" "/opt/rustwide/rustup-home/toolchains/1.75.0-x86_64-unknown-linux-gnu/lib/rustlib/x86_64-unknown-linux-gnu/lib" "-o" "/tmp/rustdoctest5bQ7qQ/rust_out" "-Wl,--gc-sections" "-pie" "-Wl,-z,relro,-z,now" "-nodefaultlibs"
[INFO] [stdout]   = note: collect2: fatal error: ld terminated with signal 9 [Killed]
[INFO] [stdout]           compilation terminated.
[INFO] [stdout]           
[INFO] [stdout] 
[INFO] [stdout] error: aborting due to previous error
[INFO] [stdout] 
[INFO] [stdout] Couldn't compile the test.
[INFO] [stdout] ---- src/lib.rs - (line 186) stdout ----
[INFO] [stdout] error: linking with `cc` failed: exit status: 1
[INFO] [stdout]   |
[INFO] [stdout]   = note: LC_ALL="C" PATH="/opt/rustwide/rustup-home/toolchains/1.75.0-x86_64-unknown-linux-gnu/lib/rustlib/x86_64-unknown-linux-gnu/bin:/opt/rustwide/cargo-home/bin:/usr/local/sbin:/usr/local/bin:/usr/sbin:/usr/bin:/sbin:/bin" VSLANG="1033" "cc" "-m64" "/tmp/rustcDEoUcz/symbols.o" "/tmp/rustdoctestAp984g/rust_out.rust_out.263fb70ac1c95110-cgu.0.rcgu.o" "/tmp/rustdoctestAp984g/rust_out.2uel00cfmdh5ufit.rcgu.o" "-Wl,--as-needed" "-L" "/opt/rustwide/target/debug/deps" "-L" "/opt/rustwide/target/debug/deps" "-L" "/opt/rustwide/rustup-home/toolchains/1.75.0-x86_64-unknown-linux-gnu/lib/rustlib/x86_64-unknown-linux-gnu/lib" "-Wl,-Bstatic" "/opt/rustwide/target/debug/deps/libstring_template_plus-fbe56be4be14160a.rlib" "/opt/rustwide/target/debug/deps/libtitlecase-65a65327d3d761d1.rlib" "/opt/rustwide/target/debug/deps/libjoinery-e099c11736a57566.rlib" "/opt/rustwide/target/debug/deps/libregex-5ce0ad01a4719b92.rlib" "/opt/rustwide/target/debug/deps/libregex_automata-85911e629ad3d839.rlib" "/opt/rustwide/target/debug/deps/libaho_corasick-55fa5d0d87606d18.rlib" "/opt/rustwide/target/debug/deps/libmemchr-a76ee3fe84a5d757.rlib" "/opt/rustwide/target/debug/deps/libregex_syntax-92ff7cd7e2c66084.rlib" "/opt/rustwide/target/debug/deps/libsubprocess-1bd696da3fa2503c.rlib" "/opt/rustwide/target/debug/deps/liblibc-25ce4f1326c5b95d.rlib" "/opt/rustwide/target/debug/deps/libcolored-41304f6701a597c8.rlib" "/opt/rustwide/target/debug/deps/liblazy_static-591486ebcb9a7ead.rlib" "/opt/rustwide/target/debug/deps/libis_terminal-f0fce3d751ee28b8.rlib" "/opt/rustwide/target/debug/deps/librustix-a9cf7f6fc9c831ec.rlib" "/opt/rustwide/target/debug/deps/libbitflags-78da337a9db99d1b.rlib" "/opt/rustwide/target/debug/deps/liblinux_raw_sys-07a189b4f0dc2326.rlib" "/opt/rustwide/target/debug/deps/libchrono-dae2057a8fe64e8d.rlib" "/opt/rustwide/target/debug/deps/libnum_traits-23ae6b7832b5a082.rlib" "/opt/rustwide/target/debug/deps/libiana_time_zone-4d940f736806fce6.rlib" "/opt/rustwide/target/debug/deps/libanyhow-477edb6dbb409be2.rlib" "/opt/rustwide/rustup-home/toolchains/1.75.0-x86_64-unknown-linux-gnu/lib/rustlib/x86_64-unknown-linux-gnu/lib/libstd-90f6ddbf82de36ec.rlib" "/opt/rustwide/rustup-home/toolchains/1.75.0-x86_64-unknown-linux-gnu/lib/rustlib/x86_64-unknown-linux-gnu/lib/libpanic_unwind-480c41e9d4e1f677.rlib" "/opt/rustwide/rustup-home/toolchains/1.75.0-x86_64-unknown-linux-gnu/lib/rustlib/x86_64-unknown-linux-gnu/lib/libobject-db744c0ca03eed1d.rlib" "/opt/rustwide/rustup-home/toolchains/1.75.0-x86_64-unknown-linux-gnu/lib/rustlib/x86_64-unknown-linux-gnu/lib/libmemchr-8ba652dc7d4b285a.rlib" "/opt/rustwide/rustup-home/toolchains/1.75.0-x86_64-unknown-linux-gnu/lib/rustlib/x86_64-unknown-linux-gnu/lib/libaddr2line-d5f4520a9ebc0d58.rlib" "/opt/rustwide/rustup-home/toolchains/1.75.0-x86_64-unknown-linux-gnu/lib/rustlib/x86_64-unknown-linux-gnu/lib/libgimli-4ad84de58f0cb463.rlib" "/opt/rustwide/rustup-home/toolchains/1.75.0-x86_64-unknown-linux-gnu/lib/rustlib/x86_64-unknown-linux-gnu/lib/librustc_demangle-0d10aae2e0f38735.rlib" "/opt/rustwide/rustup-home/toolchains/1.75.0-x86_64-unknown-linux-gnu/lib/rustlib/x86_64-unknown-linux-gnu/lib/libstd_detect-0c17cff739e6745b.rlib" "/opt/rustwide/rustup-home/toolchains/1.75.0-x86_64-unknown-linux-gnu/lib/rustlib/x86_64-unknown-linux-gnu/lib/libhashbrown-b29e17139dde1aa8.rlib" "/opt/rustwide/rustup-home/toolchains/1.75.0-x86_64-unknown-linux-gnu/lib/rustlib/x86_64-unknown-linux-gnu/lib/librustc_std_workspace_alloc-1f975299829cc7bd.rlib" "/opt/rustwide/rustup-home/toolchains/1.75.0-x86_64-unknown-linux-gnu/lib/rustlib/x86_64-unknown-linux-gnu/lib/libminiz_oxide-86bae3bc3079f89b.rlib" "/opt/rustwide/rustup-home/toolchains/1.75.0-x86_64-unknown-linux-gnu/lib/rustlib/x86_64-unknown-linux-gnu/lib/libadler-321b82c30dffdf5f.rlib" "/opt/rustwide/rustup-home/toolchains/1.75.0-x86_64-unknown-linux-gnu/lib/rustlib/x86_64-unknown-linux-gnu/lib/libunwind-3dd8a6810a0bdfef.rlib" "/opt/rustwide/rustup-home/toolchains/1.75.0-x86_64-unknown-linux-gnu/lib/rustlib/x86_64-unknown-linux-gnu/lib/libcfg_if-eb39a61c0c879984.rlib" "/opt/rustwide/rustup-home/toolchains/1.75.0-x86_64-unknown-linux-gnu/lib/rustlib/x86_64-unknown-linux-gnu/lib/liblibc-aa769569f91c3548.rlib" "/opt/rustwide/rustup-home/toolchains/1.75.0-x86_64-unknown-linux-gnu/lib/rustlib/x86_64-unknown-linux-gnu/lib/liballoc-510a192a50a983ed.rlib" "/opt/rustwide/rustup-home/toolchains/1.75.0-x86_64-unknown-linux-gnu/lib/rustlib/x86_64-unknown-linux-gnu/lib/librustc_std_workspace_core-0577018320f99037.rlib" "/opt/rustwide/rustup-home/toolchains/1.75.0-x86_64-unknown-linux-gnu/lib/rustlib/x86_64-unknown-linux-gnu/lib/libcore-193cf992125ccd4c.rlib" "/opt/rustwide/rustup-home/toolchains/1.75.0-x86_64-unknown-linux-gnu/lib/rustlib/x86_64-unknown-linux-gnu/lib/libcompiler_builtins-8e138eaf26ebb4a8.rlib" "-Wl,-Bdynamic" "-lgcc_s" "-lutil" "-lrt" "-lpthread" "-lm" "-ldl" "-lc" "-Wl,--eh-frame-hdr" "-Wl,-z,noexecstack" "-L" "/opt/rustwide/rustup-home/toolchains/1.75.0-x86_64-unknown-linux-gnu/lib/rustlib/x86_64-unknown-linux-gnu/lib" "-o" "/tmp/rustdoctestAp984g/rust_out" "-Wl,--gc-sections" "-pie" "-Wl,-z,relro,-z,now" "-nodefaultlibs"
[INFO] [stdout]   = note: collect2: fatal error: ld terminated with signal 9 [Killed]
[INFO] [stdout]           compilation terminated.
[INFO] [stdout]           
[INFO] [stdout] 
[INFO] [stdout] error: aborting due to previous error
[INFO] [stdout] 
[INFO] [stdout] Couldn't compile the test.
[INFO] [stdout] ---- src/lib.rs - (line 89) stdout ----
[INFO] [stdout] error: linking with `cc` failed: exit status: 1
[INFO] [stdout]   |
[INFO] [stdout]   = note: LC_ALL="C" PATH="/opt/rustwide/rustup-home/toolchains/1.75.0-x86_64-unknown-linux-gnu/lib/rustlib/x86_64-unknown-linux-gnu/bin:/opt/rustwide/cargo-home/bin:/usr/local/sbin:/usr/local/bin:/usr/sbin:/usr/bin:/sbin:/bin" VSLANG="1033" "cc" "-m64" "/tmp/rustcckQN6j/symbols.o" "/tmp/rustdoctestQVyMAk/rust_out.rust_out.263fb70ac1c95110-cgu.0.rcgu.o" "/tmp/rustdoctestQVyMAk/rust_out.2uel00cfmdh5ufit.rcgu.o" "-Wl,--as-needed" "-L" "/opt/rustwide/target/debug/deps" "-L" "/opt/rustwide/target/debug/deps" "-L" "/opt/rustwide/rustup-home/toolchains/1.75.0-x86_64-unknown-linux-gnu/lib/rustlib/x86_64-unknown-linux-gnu/lib" "-Wl,-Bstatic" "/opt/rustwide/target/debug/deps/libstring_template_plus-fbe56be4be14160a.rlib" "/opt/rustwide/target/debug/deps/libtitlecase-65a65327d3d761d1.rlib" "/opt/rustwide/target/debug/deps/libjoinery-e099c11736a57566.rlib" "/opt/rustwide/target/debug/deps/libregex-5ce0ad01a4719b92.rlib" "/opt/rustwide/target/debug/deps/libregex_automata-85911e629ad3d839.rlib" "/opt/rustwide/target/debug/deps/libaho_corasick-55fa5d0d87606d18.rlib" "/opt/rustwide/target/debug/deps/libmemchr-a76ee3fe84a5d757.rlib" "/opt/rustwide/target/debug/deps/libregex_syntax-92ff7cd7e2c66084.rlib" "/opt/rustwide/target/debug/deps/libsubprocess-1bd696da3fa2503c.rlib" "/opt/rustwide/target/debug/deps/liblibc-25ce4f1326c5b95d.rlib" "/opt/rustwide/target/debug/deps/libcolored-41304f6701a597c8.rlib" "/opt/rustwide/target/debug/deps/liblazy_static-591486ebcb9a7ead.rlib" "/opt/rustwide/target/debug/deps/libis_terminal-f0fce3d751ee28b8.rlib" "/opt/rustwide/target/debug/deps/librustix-a9cf7f6fc9c831ec.rlib" "/opt/rustwide/target/debug/deps/libbitflags-78da337a9db99d1b.rlib" "/opt/rustwide/target/debug/deps/liblinux_raw_sys-07a189b4f0dc2326.rlib" "/opt/rustwide/target/debug/deps/libchrono-dae2057a8fe64e8d.rlib" "/opt/rustwide/target/debug/deps/libnum_traits-23ae6b7832b5a082.rlib" "/opt/rustwide/target/debug/deps/libiana_time_zone-4d940f736806fce6.rlib" "/opt/rustwide/target/debug/deps/libanyhow-477edb6dbb409be2.rlib" "/opt/rustwide/rustup-home/toolchains/1.75.0-x86_64-unknown-linux-gnu/lib/rustlib/x86_64-unknown-linux-gnu/lib/libstd-90f6ddbf82de36ec.rlib" "/opt/rustwide/rustup-home/toolchains/1.75.0-x86_64-unknown-linux-gnu/lib/rustlib/x86_64-unknown-linux-gnu/lib/libpanic_unwind-480c41e9d4e1f677.rlib" "/opt/rustwide/rustup-home/toolchains/1.75.0-x86_64-unknown-linux-gnu/lib/rustlib/x86_64-unknown-linux-gnu/lib/libobject-db744c0ca03eed1d.rlib" "/opt/rustwide/rustup-home/toolchains/1.75.0-x86_64-unknown-linux-gnu/lib/rustlib/x86_64-unknown-linux-gnu/lib/libmemchr-8ba652dc7d4b285a.rlib" "/opt/rustwide/rustup-home/toolchains/1.75.0-x86_64-unknown-linux-gnu/lib/rustlib/x86_64-unknown-linux-gnu/lib/libaddr2line-d5f4520a9ebc0d58.rlib" "/opt/rustwide/rustup-home/toolchains/1.75.0-x86_64-unknown-linux-gnu/lib/rustlib/x86_64-unknown-linux-gnu/lib/libgimli-4ad84de58f0cb463.rlib" "/opt/rustwide/rustup-home/toolchains/1.75.0-x86_64-unknown-linux-gnu/lib/rustlib/x86_64-unknown-linux-gnu/lib/librustc_demangle-0d10aae2e0f38735.rlib" "/opt/rustwide/rustup-home/toolchains/1.75.0-x86_64-unknown-linux-gnu/lib/rustlib/x86_64-unknown-linux-gnu/lib/libstd_detect-0c17cff739e6745b.rlib" "/opt/rustwide/rustup-home/toolchains/1.75.0-x86_64-unknown-linux-gnu/lib/rustlib/x86_64-unknown-linux-gnu/lib/libhashbrown-b29e17139dde1aa8.rlib" "/opt/rustwide/rustup-home/toolchains/1.75.0-x86_64-unknown-linux-gnu/lib/rustlib/x86_64-unknown-linux-gnu/lib/librustc_std_workspace_alloc-1f975299829cc7bd.rlib" "/opt/rustwide/rustup-home/toolchains/1.75.0-x86_64-unknown-linux-gnu/lib/rustlib/x86_64-unknown-linux-gnu/lib/libminiz_oxide-86bae3bc3079f89b.rlib" "/opt/rustwide/rustup-home/toolchains/1.75.0-x86_64-unknown-linux-gnu/lib/rustlib/x86_64-unknown-linux-gnu/lib/libadler-321b82c30dffdf5f.rlib" "/opt/rustwide/rustup-home/toolchains/1.75.0-x86_64-unknown-linux-gnu/lib/rustlib/x86_64-unknown-linux-gnu/lib/libunwind-3dd8a6810a0bdfef.rlib" "/opt/rustwide/rustup-home/toolchains/1.75.0-x86_64-unknown-linux-gnu/lib/rustlib/x86_64-unknown-linux-gnu/lib/libcfg_if-eb39a61c0c879984.rlib" "/opt/rustwide/rustup-home/toolchains/1.75.0-x86_64-unknown-linux-gnu/lib/rustlib/x86_64-unknown-linux-gnu/lib/liblibc-aa769569f91c3548.rlib" "/opt/rustwide/rustup-home/toolchains/1.75.0-x86_64-unknown-linux-gnu/lib/rustlib/x86_64-unknown-linux-gnu/lib/liballoc-510a192a50a983ed.rlib" "/opt/rustwide/rustup-home/toolchains/1.75.0-x86_64-unknown-linux-gnu/lib/rustlib/x86_64-unknown-linux-gnu/lib/librustc_std_workspace_core-0577018320f99037.rlib" "/opt/rustwide/rustup-home/toolchains/1.75.0-x86_64-unknown-linux-gnu/lib/rustlib/x86_64-unknown-linux-gnu/lib/libcore-193cf992125ccd4c.rlib" "/opt/rustwide/rustup-home/toolchains/1.75.0-x86_64-unknown-linux-gnu/lib/rustlib/x86_64-unknown-linux-gnu/lib/libcompiler_builtins-8e138eaf26ebb4a8.rlib" "-Wl,-Bdynamic" "-lgcc_s" "-lutil" "-lrt" "-lpthread" "-lm" "-ldl" "-lc" "-Wl,--eh-frame-hdr" "-Wl,-z,noexecstack" "-L" "/opt/rustwide/rustup-home/toolchains/1.75.0-x86_64-unknown-linux-gnu/lib/rustlib/x86_64-unknown-linux-gnu/lib" "-o" "/tmp/rustdoctestQVyMAk/rust_out" "-Wl,--gc-sections" "-pie" "-Wl,-z,relro,-z,now" "-nodefaultlibs"
[INFO] [stdout]   = note: collect2: fatal error: ld terminated with signal 9 [Killed]
[INFO] [stdout]           compilation terminated.
[INFO] [stdout]           
[INFO] [stdout] 
[INFO] [stdout] error: aborting due to previous error
[INFO] [stdout] 
[INFO] [stdout] Couldn't compile the test.
[INFO] [stdout] ---- src/lib.rs - RenderIter (line 630) stdout ----
[INFO] [stdout] error: linking with `cc` failed: exit status: 1
[INFO] [stdout]   |
[INFO] [stdout]   = note: LC_ALL="C" PATH="/opt/rustwide/rustup-home/toolchains/1.75.0-x86_64-unknown-linux-gnu/lib/rustlib/x86_64-unknown-linux-gnu/bin:/opt/rustwide/cargo-home/bin:/usr/local/sbin:/usr/local/bin:/usr/sbin:/usr/bin:/sbin:/bin" VSLANG="1033" "cc" "-m64" "/tmp/rustcRCZshB/symbols.o" "/tmp/rustdoctestCI6ETm/rust_out.rust_out.263fb70ac1c95110-cgu.0.rcgu.o" "/tmp/rustdoctestCI6ETm/rust_out.2uel00cfmdh5ufit.rcgu.o" "-Wl,--as-needed" "-L" "/opt/rustwide/target/debug/deps" "-L" "/opt/rustwide/target/debug/deps" "-L" "/opt/rustwide/rustup-home/toolchains/1.75.0-x86_64-unknown-linux-gnu/lib/rustlib/x86_64-unknown-linux-gnu/lib" "-Wl,-Bstatic" "/opt/rustwide/target/debug/deps/libstring_template_plus-fbe56be4be14160a.rlib" "/opt/rustwide/target/debug/deps/libtitlecase-65a65327d3d761d1.rlib" "/opt/rustwide/target/debug/deps/libjoinery-e099c11736a57566.rlib" "/opt/rustwide/target/debug/deps/libregex-5ce0ad01a4719b92.rlib" "/opt/rustwide/target/debug/deps/libregex_automata-85911e629ad3d839.rlib" "/opt/rustwide/target/debug/deps/libaho_corasick-55fa5d0d87606d18.rlib" "/opt/rustwide/target/debug/deps/libmemchr-a76ee3fe84a5d757.rlib" "/opt/rustwide/target/debug/deps/libregex_syntax-92ff7cd7e2c66084.rlib" "/opt/rustwide/target/debug/deps/libsubprocess-1bd696da3fa2503c.rlib" "/opt/rustwide/target/debug/deps/liblibc-25ce4f1326c5b95d.rlib" "/opt/rustwide/target/debug/deps/libcolored-41304f6701a597c8.rlib" "/opt/rustwide/target/debug/deps/liblazy_static-591486ebcb9a7ead.rlib" "/opt/rustwide/target/debug/deps/libis_terminal-f0fce3d751ee28b8.rlib" "/opt/rustwide/target/debug/deps/librustix-a9cf7f6fc9c831ec.rlib" "/opt/rustwide/target/debug/deps/libbitflags-78da337a9db99d1b.rlib" "/opt/rustwide/target/debug/deps/liblinux_raw_sys-07a189b4f0dc2326.rlib" "/opt/rustwide/target/debug/deps/libchrono-dae2057a8fe64e8d.rlib" "/opt/rustwide/target/debug/deps/libnum_traits-23ae6b7832b5a082.rlib" "/opt/rustwide/target/debug/deps/libiana_time_zone-4d940f736806fce6.rlib" "/opt/rustwide/target/debug/deps/libanyhow-477edb6dbb409be2.rlib" "/opt/rustwide/rustup-home/toolchains/1.75.0-x86_64-unknown-linux-gnu/lib/rustlib/x86_64-unknown-linux-gnu/lib/libstd-90f6ddbf82de36ec.rlib" "/opt/rustwide/rustup-home/toolchains/1.75.0-x86_64-unknown-linux-gnu/lib/rustlib/x86_64-unknown-linux-gnu/lib/libpanic_unwind-480c41e9d4e1f677.rlib" "/opt/rustwide/rustup-home/toolchains/1.75.0-x86_64-unknown-linux-gnu/lib/rustlib/x86_64-unknown-linux-gnu/lib/libobject-db744c0ca03eed1d.rlib" "/opt/rustwide/rustup-home/toolchains/1.75.0-x86_64-unknown-linux-gnu/lib/rustlib/x86_64-unknown-linux-gnu/lib/libmemchr-8ba652dc7d4b285a.rlib" "/opt/rustwide/rustup-home/toolchains/1.75.0-x86_64-unknown-linux-gnu/lib/rustlib/x86_64-unknown-linux-gnu/lib/libaddr2line-d5f4520a9ebc0d58.rlib" "/opt/rustwide/rustup-home/toolchains/1.75.0-x86_64-unknown-linux-gnu/lib/rustlib/x86_64-unknown-linux-gnu/lib/libgimli-4ad84de58f0cb463.rlib" "/opt/rustwide/rustup-home/toolchains/1.75.0-x86_64-unknown-linux-gnu/lib/rustlib/x86_64-unknown-linux-gnu/lib/librustc_demangle-0d10aae2e0f38735.rlib" "/opt/rustwide/rustup-home/toolchains/1.75.0-x86_64-unknown-linux-gnu/lib/rustlib/x86_64-unknown-linux-gnu/lib/libstd_detect-0c17cff739e6745b.rlib" "/opt/rustwide/rustup-home/toolchains/1.75.0-x86_64-unknown-linux-gnu/lib/rustlib/x86_64-unknown-linux-gnu/lib/libhashbrown-b29e17139dde1aa8.rlib" "/opt/rustwide/rustup-home/toolchains/1.75.0-x86_64-unknown-linux-gnu/lib/rustlib/x86_64-unknown-linux-gnu/lib/librustc_std_workspace_alloc-1f975299829cc7bd.rlib" "/opt/rustwide/rustup-home/toolchains/1.75.0-x86_64-unknown-linux-gnu/lib/rustlib/x86_64-unknown-linux-gnu/lib/libminiz_oxide-86bae3bc3079f89b.rlib" "/opt/rustwide/rustup-home/toolchains/1.75.0-x86_64-unknown-linux-gnu/lib/rustlib/x86_64-unknown-linux-gnu/lib/libadler-321b82c30dffdf5f.rlib" "/opt/rustwide/rustup-home/toolchains/1.75.0-x86_64-unknown-linux-gnu/lib/rustlib/x86_64-unknown-linux-gnu/lib/libunwind-3dd8a6810a0bdfef.rlib" "/opt/rustwide/rustup-home/toolchains/1.75.0-x86_64-unknown-linux-gnu/lib/rustlib/x86_64-unknown-linux-gnu/lib/libcfg_if-eb39a61c0c879984.rlib" "/opt/rustwide/rustup-home/toolchains/1.75.0-x86_64-unknown-linux-gnu/lib/rustlib/x86_64-unknown-linux-gnu/lib/liblibc-aa769569f91c3548.rlib" "/opt/rustwide/rustup-home/toolchains/1.75.0-x86_64-unknown-linux-gnu/lib/rustlib/x86_64-unknown-linux-gnu/lib/liballoc-510a192a50a983ed.rlib" "/opt/rustwide/rustup-home/toolchains/1.75.0-x86_64-unknown-linux-gnu/lib/rustlib/x86_64-unknown-linux-gnu/lib/librustc_std_workspace_core-0577018320f99037.rlib" "/opt/rustwide/rustup-home/toolchains/1.75.0-x86_64-unknown-linux-gnu/lib/rustlib/x86_64-unknown-linux-gnu/lib/libcore-193cf992125ccd4c.rlib" "/opt/rustwide/rustup-home/toolchains/1.75.0-x86_64-unknown-linux-gnu/lib/rustlib/x86_64-unknown-linux-gnu/lib/libcompiler_builtins-8e138eaf26ebb4a8.rlib" "-Wl,-Bdynamic" "-lgcc_s" "-lutil" "-lrt" "-lpthread" "-lm" "-ldl" "-lc" "-Wl,--eh-frame-hdr" "-Wl,-z,noexecstack" "-L" "/opt/rustwide/rustup-home/toolchains/1.75.0-x86_64-unknown-linux-gnu/lib/rustlib/x86_64-unknown-linux-gnu/lib" "-o" "/tmp/rustdoctestCI6ETm/rust_out" "-Wl,--gc-sections" "-pie" "-Wl,-z,relro,-z,now" "-nodefaultlibs"
[INFO] [stdout]   = note: collect2: fatal error: ld terminated with signal 9 [Killed]
[INFO] [stdout]           compilation terminated.
[INFO] [stdout]           
[INFO] [stdout] 
[INFO] [stdout] error: aborting due to previous error
[INFO] [stdout] 
[INFO] [stdout] Couldn't compile the test.
[INFO] [stdout] ---- src/lib.rs - (line 46) stdout ----
[INFO] [stdout] error: linking with `cc` failed: exit status: 1
[INFO] [stdout]   |
[INFO] [stdout]   = note: LC_ALL="C" PATH="/opt/rustwide/rustup-home/toolchains/1.75.0-x86_64-unknown-linux-gnu/lib/rustlib/x86_64-unknown-linux-gnu/bin:/opt/rustwide/cargo-home/bin:/usr/local/sbin:/usr/local/bin:/usr/sbin:/usr/bin:/sbin:/bin" VSLANG="1033" "cc" "-m64" "/tmp/rustc58mSGT/symbols.o" "/tmp/rustdoctesteCvOcz/rust_out.rust_out.263fb70ac1c95110-cgu.0.rcgu.o" "/tmp/rustdoctesteCvOcz/rust_out.2uel00cfmdh5ufit.rcgu.o" "-Wl,--as-needed" "-L" "/opt/rustwide/target/debug/deps" "-L" "/opt/rustwide/target/debug/deps" "-L" "/opt/rustwide/rustup-home/toolchains/1.75.0-x86_64-unknown-linux-gnu/lib/rustlib/x86_64-unknown-linux-gnu/lib" "-Wl,-Bstatic" "/opt/rustwide/target/debug/deps/libstring_template_plus-fbe56be4be14160a.rlib" "/opt/rustwide/target/debug/deps/libtitlecase-65a65327d3d761d1.rlib" "/opt/rustwide/target/debug/deps/libjoinery-e099c11736a57566.rlib" "/opt/rustwide/target/debug/deps/libregex-5ce0ad01a4719b92.rlib" "/opt/rustwide/target/debug/deps/libregex_automata-85911e629ad3d839.rlib" "/opt/rustwide/target/debug/deps/libaho_corasick-55fa5d0d87606d18.rlib" "/opt/rustwide/target/debug/deps/libmemchr-a76ee3fe84a5d757.rlib" "/opt/rustwide/target/debug/deps/libregex_syntax-92ff7cd7e2c66084.rlib" "/opt/rustwide/target/debug/deps/libsubprocess-1bd696da3fa2503c.rlib" "/opt/rustwide/target/debug/deps/liblibc-25ce4f1326c5b95d.rlib" "/opt/rustwide/target/debug/deps/libcolored-41304f6701a597c8.rlib" "/opt/rustwide/target/debug/deps/liblazy_static-591486ebcb9a7ead.rlib" "/opt/rustwide/target/debug/deps/libis_terminal-f0fce3d751ee28b8.rlib" "/opt/rustwide/target/debug/deps/librustix-a9cf7f6fc9c831ec.rlib" "/opt/rustwide/target/debug/deps/libbitflags-78da337a9db99d1b.rlib" "/opt/rustwide/target/debug/deps/liblinux_raw_sys-07a189b4f0dc2326.rlib" "/opt/rustwide/target/debug/deps/libchrono-dae2057a8fe64e8d.rlib" "/opt/rustwide/target/debug/deps/libnum_traits-23ae6b7832b5a082.rlib" "/opt/rustwide/target/debug/deps/libiana_time_zone-4d940f736806fce6.rlib" "/opt/rustwide/target/debug/deps/libanyhow-477edb6dbb409be2.rlib" "/opt/rustwide/rustup-home/toolchains/1.75.0-x86_64-unknown-linux-gnu/lib/rustlib/x86_64-unknown-linux-gnu/lib/libstd-90f6ddbf82de36ec.rlib" "/opt/rustwide/rustup-home/toolchains/1.75.0-x86_64-unknown-linux-gnu/lib/rustlib/x86_64-unknown-linux-gnu/lib/libpanic_unwind-480c41e9d4e1f677.rlib" "/opt/rustwide/rustup-home/toolchains/1.75.0-x86_64-unknown-linux-gnu/lib/rustlib/x86_64-unknown-linux-gnu/lib/libobject-db744c0ca03eed1d.rlib" "/opt/rustwide/rustup-home/toolchains/1.75.0-x86_64-unknown-linux-gnu/lib/rustlib/x86_64-unknown-linux-gnu/lib/libmemchr-8ba652dc7d4b285a.rlib" "/opt/rustwide/rustup-home/toolchains/1.75.0-x86_64-unknown-linux-gnu/lib/rustlib/x86_64-unknown-linux-gnu/lib/libaddr2line-d5f4520a9ebc0d58.rlib" "/opt/rustwide/rustup-home/toolchains/1.75.0-x86_64-unknown-linux-gnu/lib/rustlib/x86_64-unknown-linux-gnu/lib/libgimli-4ad84de58f0cb463.rlib" "/opt/rustwide/rustup-home/toolchains/1.75.0-x86_64-unknown-linux-gnu/lib/rustlib/x86_64-unknown-linux-gnu/lib/librustc_demangle-0d10aae2e0f38735.rlib" "/opt/rustwide/rustup-home/toolchains/1.75.0-x86_64-unknown-linux-gnu/lib/rustlib/x86_64-unknown-linux-gnu/lib/libstd_detect-0c17cff739e6745b.rlib" "/opt/rustwide/rustup-home/toolchains/1.75.0-x86_64-unknown-linux-gnu/lib/rustlib/x86_64-unknown-linux-gnu/lib/libhashbrown-b29e17139dde1aa8.rlib" "/opt/rustwide/rustup-home/toolchains/1.75.0-x86_64-unknown-linux-gnu/lib/rustlib/x86_64-unknown-linux-gnu/lib/librustc_std_workspace_alloc-1f975299829cc7bd.rlib" "/opt/rustwide/rustup-home/toolchains/1.75.0-x86_64-unknown-linux-gnu/lib/rustlib/x86_64-unknown-linux-gnu/lib/libminiz_oxide-86bae3bc3079f89b.rlib" "/opt/rustwide/rustup-home/toolchains/1.75.0-x86_64-unknown-linux-gnu/lib/rustlib/x86_64-unknown-linux-gnu/lib/libadler-321b82c30dffdf5f.rlib" "/opt/rustwide/rustup-home/toolchains/1.75.0-x86_64-unknown-linux-gnu/lib/rustlib/x86_64-unknown-linux-gnu/lib/libunwind-3dd8a6810a0bdfef.rlib" "/opt/rustwide/rustup-home/toolchains/1.75.0-x86_64-unknown-linux-gnu/lib/rustlib/x86_64-unknown-linux-gnu/lib/libcfg_if-eb39a61c0c879984.rlib" "/opt/rustwide/rustup-home/toolchains/1.75.0-x86_64-unknown-linux-gnu/lib/rustlib/x86_64-unknown-linux-gnu/lib/liblibc-aa769569f91c3548.rlib" "/opt/rustwide/rustup-home/toolchains/1.75.0-x86_64-unknown-linux-gnu/lib/rustlib/x86_64-unknown-linux-gnu/lib/liballoc-510a192a50a983ed.rlib" "/opt/rustwide/rustup-home/toolchains/1.75.0-x86_64-unknown-linux-gnu/lib/rustlib/x86_64-unknown-linux-gnu/lib/librustc_std_workspace_core-0577018320f99037.rlib" "/opt/rustwide/rustup-home/toolchains/1.75.0-x86_64-unknown-linux-gnu/lib/rustlib/x86_64-unknown-linux-gnu/lib/libcore-193cf992125ccd4c.rlib" "/opt/rustwide/rustup-home/toolchains/1.75.0-x86_64-unknown-linux-gnu/lib/rustlib/x86_64-unknown-linux-gnu/lib/libcompiler_builtins-8e138eaf26ebb4a8.rlib" "-Wl,-Bdynamic" "-lgcc_s" "-lutil" "-lrt" "-lpthread" "-lm" "-ldl" "-lc" "-Wl,--eh-frame-hdr" "-Wl,-z,noexecstack" "-L" "/opt/rustwide/rustup-home/toolchains/1.75.0-x86_64-unknown-linux-gnu/lib/rustlib/x86_64-unknown-linux-gnu/lib" "-o" "/tmp/rustdoctesteCvOcz/rust_out" "-Wl,--gc-sections" "-pie" "-Wl,-z,relro,-z,now" "-nodefaultlibs"
[INFO] [stdout]   = note: collect2: fatal error: ld terminated with signal 9 [Killed]
[INFO] [stdout]           compilation terminated.
[INFO] [stdout]           
[INFO] [stdout] 
[INFO] [stdout] error: aborting due to previous error
[INFO] [stdout] 
[INFO] [stdout] Couldn't compile the test.
[INFO] [stdout] ---- src/lib.rs - RenderOptions::render_iter (line 597) stdout ----
[INFO] [stdout] error: linking with `cc` failed: exit status: 1
[INFO] [stdout]   |
[INFO] [stdout]   = note: LC_ALL="C" PATH="/opt/rustwide/rustup-home/toolchains/1.75.0-x86_64-unknown-linux-gnu/lib/rustlib/x86_64-unknown-linux-gnu/bin:/opt/rustwide/cargo-home/bin:/usr/local/sbin:/usr/local/bin:/usr/sbin:/usr/bin:/sbin:/bin" VSLANG="1033" "cc" "-m64" "/tmp/rustcomL3Qv/symbols.o" "/tmp/rustdoctestRZsdt6/rust_out.rust_out.263fb70ac1c95110-cgu.0.rcgu.o" "/tmp/rustdoctestRZsdt6/rust_out.2uel00cfmdh5ufit.rcgu.o" "-Wl,--as-needed" "-L" "/opt/rustwide/target/debug/deps" "-L" "/opt/rustwide/target/debug/deps" "-L" "/opt/rustwide/rustup-home/toolchains/1.75.0-x86_64-unknown-linux-gnu/lib/rustlib/x86_64-unknown-linux-gnu/lib" "-Wl,-Bstatic" "/opt/rustwide/target/debug/deps/libstring_template_plus-fbe56be4be14160a.rlib" "/opt/rustwide/target/debug/deps/libtitlecase-65a65327d3d761d1.rlib" "/opt/rustwide/target/debug/deps/libjoinery-e099c11736a57566.rlib" "/opt/rustwide/target/debug/deps/libregex-5ce0ad01a4719b92.rlib" "/opt/rustwide/target/debug/deps/libregex_automata-85911e629ad3d839.rlib" "/opt/rustwide/target/debug/deps/libaho_corasick-55fa5d0d87606d18.rlib" "/opt/rustwide/target/debug/deps/libmemchr-a76ee3fe84a5d757.rlib" "/opt/rustwide/target/debug/deps/libregex_syntax-92ff7cd7e2c66084.rlib" "/opt/rustwide/target/debug/deps/libsubprocess-1bd696da3fa2503c.rlib" "/opt/rustwide/target/debug/deps/liblibc-25ce4f1326c5b95d.rlib" "/opt/rustwide/target/debug/deps/libcolored-41304f6701a597c8.rlib" "/opt/rustwide/target/debug/deps/liblazy_static-591486ebcb9a7ead.rlib" "/opt/rustwide/target/debug/deps/libis_terminal-f0fce3d751ee28b8.rlib" "/opt/rustwide/target/debug/deps/librustix-a9cf7f6fc9c831ec.rlib" "/opt/rustwide/target/debug/deps/libbitflags-78da337a9db99d1b.rlib" "/opt/rustwide/target/debug/deps/liblinux_raw_sys-07a189b4f0dc2326.rlib" "/opt/rustwide/target/debug/deps/libchrono-dae2057a8fe64e8d.rlib" "/opt/rustwide/target/debug/deps/libnum_traits-23ae6b7832b5a082.rlib" "/opt/rustwide/target/debug/deps/libiana_time_zone-4d940f736806fce6.rlib" "/opt/rustwide/target/debug/deps/libanyhow-477edb6dbb409be2.rlib" "/opt/rustwide/rustup-home/toolchains/1.75.0-x86_64-unknown-linux-gnu/lib/rustlib/x86_64-unknown-linux-gnu/lib/libstd-90f6ddbf82de36ec.rlib" "/opt/rustwide/rustup-home/toolchains/1.75.0-x86_64-unknown-linux-gnu/lib/rustlib/x86_64-unknown-linux-gnu/lib/libpanic_unwind-480c41e9d4e1f677.rlib" "/opt/rustwide/rustup-home/toolchains/1.75.0-x86_64-unknown-linux-gnu/lib/rustlib/x86_64-unknown-linux-gnu/lib/libobject-db744c0ca03eed1d.rlib" "/opt/rustwide/rustup-home/toolchains/1.75.0-x86_64-unknown-linux-gnu/lib/rustlib/x86_64-unknown-linux-gnu/lib/libmemchr-8ba652dc7d4b285a.rlib" "/opt/rustwide/rustup-home/toolchains/1.75.0-x86_64-unknown-linux-gnu/lib/rustlib/x86_64-unknown-linux-gnu/lib/libaddr2line-d5f4520a9ebc0d58.rlib" "/opt/rustwide/rustup-home/toolchains/1.75.0-x86_64-unknown-linux-gnu/lib/rustlib/x86_64-unknown-linux-gnu/lib/libgimli-4ad84de58f0cb463.rlib" "/opt/rustwide/rustup-home/toolchains/1.75.0-x86_64-unknown-linux-gnu/lib/rustlib/x86_64-unknown-linux-gnu/lib/librustc_demangle-0d10aae2e0f38735.rlib" "/opt/rustwide/rustup-home/toolchains/1.75.0-x86_64-unknown-linux-gnu/lib/rustlib/x86_64-unknown-linux-gnu/lib/libstd_detect-0c17cff739e6745b.rlib" "/opt/rustwide/rustup-home/toolchains/1.75.0-x86_64-unknown-linux-gnu/lib/rustlib/x86_64-unknown-linux-gnu/lib/libhashbrown-b29e17139dde1aa8.rlib" "/opt/rustwide/rustup-home/toolchains/1.75.0-x86_64-unknown-linux-gnu/lib/rustlib/x86_64-unknown-linux-gnu/lib/librustc_std_workspace_alloc-1f975299829cc7bd.rlib" "/opt/rustwide/rustup-home/toolchains/1.75.0-x86_64-unknown-linux-gnu/lib/rustlib/x86_64-unknown-linux-gnu/lib/libminiz_oxide-86bae3bc3079f89b.rlib" "/opt/rustwide/rustup-home/toolchains/1.75.0-x86_64-unknown-linux-gnu/lib/rustlib/x86_64-unknown-linux-gnu/lib/libadler-321b82c30dffdf5f.rlib" "/opt/rustwide/rustup-home/toolchains/1.75.0-x86_64-unknown-linux-gnu/lib/rustlib/x86_64-unknown-linux-gnu/lib/libunwind-3dd8a6810a0bdfef.rlib" "/opt/rustwide/rustup-home/toolchains/1.75.0-x86_64-unknown-linux-gnu/lib/rustlib/x86_64-unknown-linux-gnu/lib/libcfg_if-eb39a61c0c879984.rlib" "/opt/rustwide/rustup-home/toolchains/1.75.0-x86_64-unknown-linux-gnu/lib/rustlib/x86_64-unknown-linux-gnu/lib/liblibc-aa769569f91c3548.rlib" "/opt/rustwide/rustup-home/toolchains/1.75.0-x86_64-unknown-linux-gnu/lib/rustlib/x86_64-unknown-linux-gnu/lib/liballoc-510a192a50a983ed.rlib" "/opt/rustwide/rustup-home/toolchains/1.75.0-x86_64-unknown-linux-gnu/lib/rustlib/x86_64-unknown-linux-gnu/lib/librustc_std_workspace_core-0577018320f99037.rlib" "/opt/rustwide/rustup-home/toolchains/1.75.0-x86_64-unknown-linux-gnu/lib/rustlib/x86_64-unknown-linux-gnu/lib/libcore-193cf992125ccd4c.rlib" "/opt/rustwide/rustup-home/toolchains/1.75.0-x86_64-unknown-linux-gnu/lib/rustlib/x86_64-unknown-linux-gnu/lib/libcompiler_builtins-8e138eaf26ebb4a8.rlib" "-Wl,-Bdynamic" "-lgcc_s" "-lutil" "-lrt" "-lpthread" "-lm" "-ldl" "-lc" "-Wl,--eh-frame-hdr" "-Wl,-z,noexecstack" "-L" "/opt/rustwide/rustup-home/toolchains/1.75.0-x86_64-unknown-linux-gnu/lib/rustlib/x86_64-unknown-linux-gnu/lib" "-o" "/tmp/rustdoctestRZsdt6/rust_out" "-Wl,--gc-sections" "-pie" "-Wl,-z,relro,-z,now" "-nodefaultlibs"
[INFO] [stdout]   = note: collect2: fatal error: ld terminated with signal 9 [Killed]
[INFO] [stdout]           compilation terminated.
[INFO] [stdout]           
[INFO] [stdout] 
[INFO] [stdout] error: aborting due to previous error
[INFO] [stdout] 
[INFO] [stdout] Couldn't compile the test.
[INFO] [stdout] ---- src/lib.rs - Template (line 496) stdout ----
[INFO] [stdout] error: linking with `cc` failed: exit status: 1
[INFO] [stdout]   |
[INFO] [stdout]   = note: LC_ALL="C" PATH="/opt/rustwide/rustup-home/toolchains/1.75.0-x86_64-unknown-linux-gnu/lib/rustlib/x86_64-unknown-linux-gnu/bin:/opt/rustwide/cargo-home/bin:/usr/local/sbin:/usr/local/bin:/usr/sbin:/usr/bin:/sbin:/bin" VSLANG="1033" "cc" "-m64" "/tmp/rustc1IfGxK/symbols.o" "/tmp/rustdoctestvdDydi/rust_out.rust_out.263fb70ac1c95110-cgu.0.rcgu.o" "/tmp/rustdoctestvdDydi/rust_out.2uel00cfmdh5ufit.rcgu.o" "-Wl,--as-needed" "-L" "/opt/rustwide/target/debug/deps" "-L" "/opt/rustwide/target/debug/deps" "-L" "/opt/rustwide/rustup-home/toolchains/1.75.0-x86_64-unknown-linux-gnu/lib/rustlib/x86_64-unknown-linux-gnu/lib" "-Wl,-Bstatic" "/opt/rustwide/target/debug/deps/libstring_template_plus-fbe56be4be14160a.rlib" "/opt/rustwide/target/debug/deps/libtitlecase-65a65327d3d761d1.rlib" "/opt/rustwide/target/debug/deps/libjoinery-e099c11736a57566.rlib" "/opt/rustwide/target/debug/deps/libregex-5ce0ad01a4719b92.rlib" "/opt/rustwide/target/debug/deps/libregex_automata-85911e629ad3d839.rlib" "/opt/rustwide/target/debug/deps/libaho_corasick-55fa5d0d87606d18.rlib" "/opt/rustwide/target/debug/deps/libmemchr-a76ee3fe84a5d757.rlib" "/opt/rustwide/target/debug/deps/libregex_syntax-92ff7cd7e2c66084.rlib" "/opt/rustwide/target/debug/deps/libsubprocess-1bd696da3fa2503c.rlib" "/opt/rustwide/target/debug/deps/liblibc-25ce4f1326c5b95d.rlib" "/opt/rustwide/target/debug/deps/libcolored-41304f6701a597c8.rlib" "/opt/rustwide/target/debug/deps/liblazy_static-591486ebcb9a7ead.rlib" "/opt/rustwide/target/debug/deps/libis_terminal-f0fce3d751ee28b8.rlib" "/opt/rustwide/target/debug/deps/librustix-a9cf7f6fc9c831ec.rlib" "/opt/rustwide/target/debug/deps/libbitflags-78da337a9db99d1b.rlib" "/opt/rustwide/target/debug/deps/liblinux_raw_sys-07a189b4f0dc2326.rlib" "/opt/rustwide/target/debug/deps/libchrono-dae2057a8fe64e8d.rlib" "/opt/rustwide/target/debug/deps/libnum_traits-23ae6b7832b5a082.rlib" "/opt/rustwide/target/debug/deps/libiana_time_zone-4d940f736806fce6.rlib" "/opt/rustwide/target/debug/deps/libanyhow-477edb6dbb409be2.rlib" "/opt/rustwide/rustup-home/toolchains/1.75.0-x86_64-unknown-linux-gnu/lib/rustlib/x86_64-unknown-linux-gnu/lib/libstd-90f6ddbf82de36ec.rlib" "/opt/rustwide/rustup-home/toolchains/1.75.0-x86_64-unknown-linux-gnu/lib/rustlib/x86_64-unknown-linux-gnu/lib/libpanic_unwind-480c41e9d4e1f677.rlib" "/opt/rustwide/rustup-home/toolchains/1.75.0-x86_64-unknown-linux-gnu/lib/rustlib/x86_64-unknown-linux-gnu/lib/libobject-db744c0ca03eed1d.rlib" "/opt/rustwide/rustup-home/toolchains/1.75.0-x86_64-unknown-linux-gnu/lib/rustlib/x86_64-unknown-linux-gnu/lib/libmemchr-8ba652dc7d4b285a.rlib" "/opt/rustwide/rustup-home/toolchains/1.75.0-x86_64-unknown-linux-gnu/lib/rustlib/x86_64-unknown-linux-gnu/lib/libaddr2line-d5f4520a9ebc0d58.rlib" "/opt/rustwide/rustup-home/toolchains/1.75.0-x86_64-unknown-linux-gnu/lib/rustlib/x86_64-unknown-linux-gnu/lib/libgimli-4ad84de58f0cb463.rlib" "/opt/rustwide/rustup-home/toolchains/1.75.0-x86_64-unknown-linux-gnu/lib/rustlib/x86_64-unknown-linux-gnu/lib/librustc_demangle-0d10aae2e0f38735.rlib" "/opt/rustwide/rustup-home/toolchains/1.75.0-x86_64-unknown-linux-gnu/lib/rustlib/x86_64-unknown-linux-gnu/lib/libstd_detect-0c17cff739e6745b.rlib" "/opt/rustwide/rustup-home/toolchains/1.75.0-x86_64-unknown-linux-gnu/lib/rustlib/x86_64-unknown-linux-gnu/lib/libhashbrown-b29e17139dde1aa8.rlib" "/opt/rustwide/rustup-home/toolchains/1.75.0-x86_64-unknown-linux-gnu/lib/rustlib/x86_64-unknown-linux-gnu/lib/librustc_std_workspace_alloc-1f975299829cc7bd.rlib" "/opt/rustwide/rustup-home/toolchains/1.75.0-x86_64-unknown-linux-gnu/lib/rustlib/x86_64-unknown-linux-gnu/lib/libminiz_oxide-86bae3bc3079f89b.rlib" "/opt/rustwide/rustup-home/toolchains/1.75.0-x86_64-unknown-linux-gnu/lib/rustlib/x86_64-unknown-linux-gnu/lib/libadler-321b82c30dffdf5f.rlib" "/opt/rustwide/rustup-home/toolchains/1.75.0-x86_64-unknown-linux-gnu/lib/rustlib/x86_64-unknown-linux-gnu/lib/libunwind-3dd8a6810a0bdfef.rlib" "/opt/rustwide/rustup-home/toolchains/1.75.0-x86_64-unknown-linux-gnu/lib/rustlib/x86_64-unknown-linux-gnu/lib/libcfg_if-eb39a61c0c879984.rlib" "/opt/rustwide/rustup-home/toolchains/1.75.0-x86_64-unknown-linux-gnu/lib/rustlib/x86_64-unknown-linux-gnu/lib/liblibc-aa769569f91c3548.rlib" "/opt/rustwide/rustup-home/toolchains/1.75.0-x86_64-unknown-linux-gnu/lib/rustlib/x86_64-unknown-linux-gnu/lib/liballoc-510a192a50a983ed.rlib" "/opt/rustwide/rustup-home/toolchains/1.75.0-x86_64-unknown-linux-gnu/lib/rustlib/x86_64-unknown-linux-gnu/lib/librustc_std_workspace_core-0577018320f99037.rlib" "/opt/rustwide/rustup-home/toolchains/1.75.0-x86_64-unknown-linux-gnu/lib/rustlib/x86_64-unknown-linux-gnu/lib/libcore-193cf992125ccd4c.rlib" "/opt/rustwide/rustup-home/toolchains/1.75.0-x86_64-unknown-linux-gnu/lib/rustlib/x86_64-unknown-linux-gnu/lib/libcompiler_builtins-8e138eaf26ebb4a8.rlib" "-Wl,-Bdynamic" "-lgcc_s" "-lutil" "-lrt" "-lpthread" "-lm" "-ldl" "-lc" "-Wl,--eh-frame-hdr" "-Wl,-z,noexecstack" "-L" "/opt/rustwide/rustup-home/toolchains/1.75.0-x86_64-unknown-linux-gnu/lib/rustlib/x86_64-unknown-linux-gnu/lib" "-o" "/tmp/rustdoctestvdDydi/rust_out" "-Wl,--gc-sections" "-pie" "-Wl,-z,relro,-z,now" "-nodefaultlibs"
[INFO] [stdout]   = note: collect2: fatal error: ld terminated with signal 9 [Killed]
[INFO] [stdout]           compilation terminated.
[INFO] [stdout]           
[INFO] [stdout] 
[INFO] [stdout] error: aborting due to previous error
[INFO] [stdout] 
[INFO] [stdout] Couldn't compile the test.
[INFO] [stdout] ---- src/lib.rs - (line 24) stdout ----
[INFO] [stdout] error: linking with `cc` failed: exit status: 1
[INFO] [stdout]   |
[INFO] [stdout]   = note: LC_ALL="C" PATH="/opt/rustwide/rustup-home/toolchains/1.75.0-x86_64-unknown-linux-gnu/lib/rustlib/x86_64-unknown-linux-gnu/bin:/opt/rustwide/cargo-home/bin:/usr/local/sbin:/usr/local/bin:/usr/sbin:/usr/bin:/sbin:/bin" VSLANG="1033" "cc" "-m64" "/tmp/rustcC78hVO/symbols.o" "/tmp/rustdoctestcOV1PB/rust_out.rust_out.263fb70ac1c95110-cgu.0.rcgu.o" "/tmp/rustdoctestcOV1PB/rust_out.2uel00cfmdh5ufit.rcgu.o" "-Wl,--as-needed" "-L" "/opt/rustwide/target/debug/deps" "-L" "/opt/rustwide/target/debug/deps" "-L" "/opt/rustwide/rustup-home/toolchains/1.75.0-x86_64-unknown-linux-gnu/lib/rustlib/x86_64-unknown-linux-gnu/lib" "-Wl,-Bstatic" "/opt/rustwide/target/debug/deps/libstring_template_plus-fbe56be4be14160a.rlib" "/opt/rustwide/target/debug/deps/libtitlecase-65a65327d3d761d1.rlib" "/opt/rustwide/target/debug/deps/libjoinery-e099c11736a57566.rlib" "/opt/rustwide/target/debug/deps/libregex-5ce0ad01a4719b92.rlib" "/opt/rustwide/target/debug/deps/libregex_automata-85911e629ad3d839.rlib" "/opt/rustwide/target/debug/deps/libaho_corasick-55fa5d0d87606d18.rlib" "/opt/rustwide/target/debug/deps/libmemchr-a76ee3fe84a5d757.rlib" "/opt/rustwide/target/debug/deps/libregex_syntax-92ff7cd7e2c66084.rlib" "/opt/rustwide/target/debug/deps/libsubprocess-1bd696da3fa2503c.rlib" "/opt/rustwide/target/debug/deps/liblibc-25ce4f1326c5b95d.rlib" "/opt/rustwide/target/debug/deps/libcolored-41304f6701a597c8.rlib" "/opt/rustwide/target/debug/deps/liblazy_static-591486ebcb9a7ead.rlib" "/opt/rustwide/target/debug/deps/libis_terminal-f0fce3d751ee28b8.rlib" "/opt/rustwide/target/debug/deps/librustix-a9cf7f6fc9c831ec.rlib" "/opt/rustwide/target/debug/deps/libbitflags-78da337a9db99d1b.rlib" "/opt/rustwide/target/debug/deps/liblinux_raw_sys-07a189b4f0dc2326.rlib" "/opt/rustwide/target/debug/deps/libchrono-dae2057a8fe64e8d.rlib" "/opt/rustwide/target/debug/deps/libnum_traits-23ae6b7832b5a082.rlib" "/opt/rustwide/target/debug/deps/libiana_time_zone-4d940f736806fce6.rlib" "/opt/rustwide/target/debug/deps/libanyhow-477edb6dbb409be2.rlib" "/opt/rustwide/rustup-home/toolchains/1.75.0-x86_64-unknown-linux-gnu/lib/rustlib/x86_64-unknown-linux-gnu/lib/libstd-90f6ddbf82de36ec.rlib" "/opt/rustwide/rustup-home/toolchains/1.75.0-x86_64-unknown-linux-gnu/lib/rustlib/x86_64-unknown-linux-gnu/lib/libpanic_unwind-480c41e9d4e1f677.rlib" "/opt/rustwide/rustup-home/toolchains/1.75.0-x86_64-unknown-linux-gnu/lib/rustlib/x86_64-unknown-linux-gnu/lib/libobject-db744c0ca03eed1d.rlib" "/opt/rustwide/rustup-home/toolchains/1.75.0-x86_64-unknown-linux-gnu/lib/rustlib/x86_64-unknown-linux-gnu/lib/libmemchr-8ba652dc7d4b285a.rlib" "/opt/rustwide/rustup-home/toolchains/1.75.0-x86_64-unknown-linux-gnu/lib/rustlib/x86_64-unknown-linux-gnu/lib/libaddr2line-d5f4520a9ebc0d58.rlib" "/opt/rustwide/rustup-home/toolchains/1.75.0-x86_64-unknown-linux-gnu/lib/rustlib/x86_64-unknown-linux-gnu/lib/libgimli-4ad84de58f0cb463.rlib" "/opt/rustwide/rustup-home/toolchains/1.75.0-x86_64-unknown-linux-gnu/lib/rustlib/x86_64-unknown-linux-gnu/lib/librustc_demangle-0d10aae2e0f38735.rlib" "/opt/rustwide/rustup-home/toolchains/1.75.0-x86_64-unknown-linux-gnu/lib/rustlib/x86_64-unknown-linux-gnu/lib/libstd_detect-0c17cff739e6745b.rlib" "/opt/rustwide/rustup-home/toolchains/1.75.0-x86_64-unknown-linux-gnu/lib/rustlib/x86_64-unknown-linux-gnu/lib/libhashbrown-b29e17139dde1aa8.rlib" "/opt/rustwide/rustup-home/toolchains/1.75.0-x86_64-unknown-linux-gnu/lib/rustlib/x86_64-unknown-linux-gnu/lib/librustc_std_workspace_alloc-1f975299829cc7bd.rlib" "/opt/rustwide/rustup-home/toolchains/1.75.0-x86_64-unknown-linux-gnu/lib/rustlib/x86_64-unknown-linux-gnu/lib/libminiz_oxide-86bae3bc3079f89b.rlib" "/opt/rustwide/rustup-home/toolchains/1.75.0-x86_64-unknown-linux-gnu/lib/rustlib/x86_64-unknown-linux-gnu/lib/libadler-321b82c30dffdf5f.rlib" "/opt/rustwide/rustup-home/toolchains/1.75.0-x86_64-unknown-linux-gnu/lib/rustlib/x86_64-unknown-linux-gnu/lib/libunwind-3dd8a6810a0bdfef.rlib" "/opt/rustwide/rustup-home/toolchains/1.75.0-x86_64-unknown-linux-gnu/lib/rustlib/x86_64-unknown-linux-gnu/lib/libcfg_if-eb39a61c0c879984.rlib" "/opt/rustwide/rustup-home/toolchains/1.75.0-x86_64-unknown-linux-gnu/lib/rustlib/x86_64-unknown-linux-gnu/lib/liblibc-aa769569f91c3548.rlib" "/opt/rustwide/rustup-home/toolchains/1.75.0-x86_64-unknown-linux-gnu/lib/rustlib/x86_64-unknown-linux-gnu/lib/liballoc-510a192a50a983ed.rlib" "/opt/rustwide/rustup-home/toolchains/1.75.0-x86_64-unknown-linux-gnu/lib/rustlib/x86_64-unknown-linux-gnu/lib/librustc_std_workspace_core-0577018320f99037.rlib" "/opt/rustwide/rustup-home/toolchains/1.75.0-x86_64-unknown-linux-gnu/lib/rustlib/x86_64-unknown-linux-gnu/lib/libcore-193cf992125ccd4c.rlib" "/opt/rustwide/rustup-home/toolchains/1.75.0-x86_64-unknown-linux-gnu/lib/rustlib/x86_64-unknown-linux-gnu/lib/libcompiler_builtins-8e138eaf26ebb4a8.rlib" "-Wl,-Bdynamic" "-lgcc_s" "-lutil" "-lrt" "-lpthread" "-lm" "-ldl" "-lc" "-Wl,--eh-frame-hdr" "-Wl,-z,noexecstack" "-L" "/opt/rustwide/rustup-home/toolchains/1.75.0-x86_64-unknown-linux-gnu/lib/rustlib/x86_64-unknown-linux-gnu/lib" "-o" "/tmp/rustdoctestcOV1PB/rust_out" "-Wl,--gc-sections" "-pie" "-Wl,-z,relro,-z,now" "-nodefaultlibs"
[INFO] [stdout]   = note: collect2: fatal error: ld terminated with signal 9 [Killed]
[INFO] [stdout]           compilation terminated.
[INFO] [stdout]           
[INFO] [stdout] 
[INFO] [stdout] error: aborting due to previous error
[INFO] [stdout] 
[INFO] [stdout] Couldn't compile the test.
[INFO] [stdout] ---- src/lib.rs - (line 67) stdout ----
[INFO] [stdout] error: linking with `cc` failed: exit status: 1
[INFO] [stdout]   |
[INFO] [stdout]   = note: LC_ALL="C" PATH="/opt/rustwide/rustup-home/toolchains/1.75.0-x86_64-unknown-linux-gnu/lib/rustlib/x86_64-unknown-linux-gnu/bin:/opt/rustwide/cargo-home/bin:/usr/local/sbin:/usr/local/bin:/usr/sbin:/usr/bin:/sbin:/bin" VSLANG="1033" "cc" "-m64" "/tmp/rustcwGKRof/symbols.o" "/tmp/rustdoctestOr9CcC/rust_out.rust_out.263fb70ac1c95110-cgu.0.rcgu.o" "/tmp/rustdoctestOr9CcC/rust_out.2uel00cfmdh5ufit.rcgu.o" "-Wl,--as-needed" "-L" "/opt/rustwide/target/debug/deps" "-L" "/opt/rustwide/target/debug/deps" "-L" "/opt/rustwide/rustup-home/toolchains/1.75.0-x86_64-unknown-linux-gnu/lib/rustlib/x86_64-unknown-linux-gnu/lib" "-Wl,-Bstatic" "/opt/rustwide/target/debug/deps/libstring_template_plus-fbe56be4be14160a.rlib" "/opt/rustwide/target/debug/deps/libtitlecase-65a65327d3d761d1.rlib" "/opt/rustwide/target/debug/deps/libjoinery-e099c11736a57566.rlib" "/opt/rustwide/target/debug/deps/libregex-5ce0ad01a4719b92.rlib" "/opt/rustwide/target/debug/deps/libregex_automata-85911e629ad3d839.rlib" "/opt/rustwide/target/debug/deps/libaho_corasick-55fa5d0d87606d18.rlib" "/opt/rustwide/target/debug/deps/libmemchr-a76ee3fe84a5d757.rlib" "/opt/rustwide/target/debug/deps/libregex_syntax-92ff7cd7e2c66084.rlib" "/opt/rustwide/target/debug/deps/libsubprocess-1bd696da3fa2503c.rlib" "/opt/rustwide/target/debug/deps/liblibc-25ce4f1326c5b95d.rlib" "/opt/rustwide/target/debug/deps/libcolored-41304f6701a597c8.rlib" "/opt/rustwide/target/debug/deps/liblazy_static-591486ebcb9a7ead.rlib" "/opt/rustwide/target/debug/deps/libis_terminal-f0fce3d751ee28b8.rlib" "/opt/rustwide/target/debug/deps/librustix-a9cf7f6fc9c831ec.rlib" "/opt/rustwide/target/debug/deps/libbitflags-78da337a9db99d1b.rlib" "/opt/rustwide/target/debug/deps/liblinux_raw_sys-07a189b4f0dc2326.rlib" "/opt/rustwide/target/debug/deps/libchrono-dae2057a8fe64e8d.rlib" "/opt/rustwide/target/debug/deps/libnum_traits-23ae6b7832b5a082.rlib" "/opt/rustwide/target/debug/deps/libiana_time_zone-4d940f736806fce6.rlib" "/opt/rustwide/target/debug/deps/libanyhow-477edb6dbb409be2.rlib" "/opt/rustwide/rustup-home/toolchains/1.75.0-x86_64-unknown-linux-gnu/lib/rustlib/x86_64-unknown-linux-gnu/lib/libstd-90f6ddbf82de36ec.rlib" "/opt/rustwide/rustup-home/toolchains/1.75.0-x86_64-unknown-linux-gnu/lib/rustlib/x86_64-unknown-linux-gnu/lib/libpanic_unwind-480c41e9d4e1f677.rlib" "/opt/rustwide/rustup-home/toolchains/1.75.0-x86_64-unknown-linux-gnu/lib/rustlib/x86_64-unknown-linux-gnu/lib/libobject-db744c0ca03eed1d.rlib" "/opt/rustwide/rustup-home/toolchains/1.75.0-x86_64-unknown-linux-gnu/lib/rustlib/x86_64-unknown-linux-gnu/lib/libmemchr-8ba652dc7d4b285a.rlib" "/opt/rustwide/rustup-home/toolchains/1.75.0-x86_64-unknown-linux-gnu/lib/rustlib/x86_64-unknown-linux-gnu/lib/libaddr2line-d5f4520a9ebc0d58.rlib" "/opt/rustwide/rustup-home/toolchains/1.75.0-x86_64-unknown-linux-gnu/lib/rustlib/x86_64-unknown-linux-gnu/lib/libgimli-4ad84de58f0cb463.rlib" "/opt/rustwide/rustup-home/toolchains/1.75.0-x86_64-unknown-linux-gnu/lib/rustlib/x86_64-unknown-linux-gnu/lib/librustc_demangle-0d10aae2e0f38735.rlib" "/opt/rustwide/rustup-home/toolchains/1.75.0-x86_64-unknown-linux-gnu/lib/rustlib/x86_64-unknown-linux-gnu/lib/libstd_detect-0c17cff739e6745b.rlib" "/opt/rustwide/rustup-home/toolchains/1.75.0-x86_64-unknown-linux-gnu/lib/rustlib/x86_64-unknown-linux-gnu/lib/libhashbrown-b29e17139dde1aa8.rlib" "/opt/rustwide/rustup-home/toolchains/1.75.0-x86_64-unknown-linux-gnu/lib/rustlib/x86_64-unknown-linux-gnu/lib/librustc_std_workspace_alloc-1f975299829cc7bd.rlib" "/opt/rustwide/rustup-home/toolchains/1.75.0-x86_64-unknown-linux-gnu/lib/rustlib/x86_64-unknown-linux-gnu/lib/libminiz_oxide-86bae3bc3079f89b.rlib" "/opt/rustwide/rustup-home/toolchains/1.75.0-x86_64-unknown-linux-gnu/lib/rustlib/x86_64-unknown-linux-gnu/lib/libadler-321b82c30dffdf5f.rlib" "/opt/rustwide/rustup-home/toolchains/1.75.0-x86_64-unknown-linux-gnu/lib/rustlib/x86_64-unknown-linux-gnu/lib/libunwind-3dd8a6810a0bdfef.rlib" "/opt/rustwide/rustup-home/toolchains/1.75.0-x86_64-unknown-linux-gnu/lib/rustlib/x86_64-unknown-linux-gnu/lib/libcfg_if-eb39a61c0c879984.rlib" "/opt/rustwide/rustup-home/toolchains/1.75.0-x86_64-unknown-linux-gnu/lib/rustlib/x86_64-unknown-linux-gnu/lib/liblibc-aa769569f91c3548.rlib" "/opt/rustwide/rustup-home/toolchains/1.75.0-x86_64-unknown-linux-gnu/lib/rustlib/x86_64-unknown-linux-gnu/lib/liballoc-510a192a50a983ed.rlib" "/opt/rustwide/rustup-home/toolchains/1.75.0-x86_64-unknown-linux-gnu/lib/rustlib/x86_64-unknown-linux-gnu/lib/librustc_std_workspace_core-0577018320f99037.rlib" "/opt/rustwide/rustup-home/toolchains/1.75.0-x86_64-unknown-linux-gnu/lib/rustlib/x86_64-unknown-linux-gnu/lib/libcore-193cf992125ccd4c.rlib" "/opt/rustwide/rustup-home/toolchains/1.75.0-x86_64-unknown-linux-gnu/lib/rustlib/x86_64-unknown-linux-gnu/lib/libcompiler_builtins-8e138eaf26ebb4a8.rlib" "-Wl,-Bdynamic" "-lgcc_s" "-lutil" "-lrt" "-lpthread" "-lm" "-ldl" "-lc" "-Wl,--eh-frame-hdr" "-Wl,-z,noexecstack" "-L" "/opt/rustwide/rustup-home/toolchains/1.75.0-x86_64-unknown-linux-gnu/lib/rustlib/x86_64-unknown-linux-gnu/lib" "-o" "/tmp/rustdoctestOr9CcC/rust_out" "-Wl,--gc-sections" "-pie" "-Wl,-z,relro,-z,now" "-nodefaultlibs"
[INFO] [stdout]   = note: collect2: fatal error: ld terminated with signal 9 [Killed]
[INFO] [stdout]           compilation terminated.
[INFO] [stdout]           
[INFO] [stdout] 
[INFO] [stdout] error: aborting due to previous error
[INFO] [stdout] 
[INFO] [stdout] Couldn't compile the test.
[INFO] [stdout] 
[INFO] [stdout] failures:
[INFO] [stdout]     src/lib.rs - (line 135)
[INFO] [stdout]     src/lib.rs - (line 186)
[INFO] [stdout]     src/lib.rs - (line 24)
[INFO] [stdout]     src/lib.rs - (line 46)
[INFO] [stdout]     src/lib.rs - (line 67)
[INFO] [stdout]     src/lib.rs - (line 89)
[INFO] [stdout]     src/lib.rs - RenderIter (line 630)
[INFO] [stdout]     src/lib.rs - RenderOptions::render_iter (line 597)
[INFO] [stdout]     src/lib.rs - Template (line 496)
[INFO] [stdout] 
[INFO] [stdout] test result: FAILED. 13 passed; 9 failed; 0 ignored; 0 measured; 0 filtered out; finished in 2.82s
[INFO] [stdout] 
[INFO] [stderr] error: doctest failed, to rerun pass `--doc`
[INFO] running `Command { std: "docker" "inspect" "b10a4422cd4e45256377262b5a84c4f617eee564b3ec01bc181761f1b7064104", kill_on_drop: false }`
[INFO] running `Command { std: "docker" "rm" "-f" "b10a4422cd4e45256377262b5a84c4f617eee564b3ec01bc181761f1b7064104", kill_on_drop: false }`
[INFO] [stdout] b10a4422cd4e45256377262b5a84c4f617eee564b3ec01bc181761f1b7064104
