[INFO] fetching crate streamdeck-hid-rs 0.1.1...
[INFO] testing streamdeck-hid-rs-0.1.1 against 1.75.0 for beta-1.76-1
[INFO] extracting crate streamdeck-hid-rs 0.1.1 into /workspace/builds/worker-2-tc1/source
[INFO] validating manifest of crates.io crate streamdeck-hid-rs 0.1.1 on toolchain 1.75.0
[INFO] running `Command { std: CARGO_HOME="/workspace/cargo-home" RUSTUP_HOME="/workspace/rustup-home" "/workspace/cargo-home/bin/cargo" "+1.75.0" "metadata" "--manifest-path" "Cargo.toml" "--no-deps", kill_on_drop: false }`
[INFO] started tweaking crates.io crate streamdeck-hid-rs 0.1.1
[INFO] finished tweaking crates.io crate streamdeck-hid-rs 0.1.1
[INFO] tweaked toml for crates.io crate streamdeck-hid-rs 0.1.1 written to /workspace/builds/worker-2-tc1/source/Cargo.toml
[INFO] crate crates.io crate streamdeck-hid-rs 0.1.1 already has a lockfile, it will not be regenerated
[INFO] running `Command { std: CARGO_HOME="/workspace/cargo-home" RUSTUP_HOME="/workspace/rustup-home" "/workspace/cargo-home/bin/cargo" "+1.75.0" "fetch" "--manifest-path" "Cargo.toml", kill_on_drop: false }`
[INFO] [stderr]  Downloading crates ...
[INFO] [stderr]   Downloaded fragile v1.1.0
[INFO] [stderr]   Downloaded png v0.17.3
[INFO] [stderr]   Downloaded mockall v0.11.0
[INFO] [stderr]   Downloaded mockall_derive v0.11.0
[INFO] [stderr]   Downloaded flume v0.10.11
[INFO] [stderr]   Downloaded hidapi v1.3.3
[INFO] running `Command { std: "docker" "create" "-v" "/var/lib/crater-agent-workspace/builds/worker-2-tc1/target:/opt/rustwide/target:rw,Z" "-v" "/var/lib/crater-agent-workspace/builds/worker-2-tc1/source:/opt/rustwide/workdir:ro,Z" "-v" "/var/lib/crater-agent-workspace/cargo-home:/opt/rustwide/cargo-home:ro,Z" "-v" "/var/lib/crater-agent-workspace/rustup-home:/opt/rustwide/rustup-home:ro,Z" "-e" "SOURCE_DIR=/opt/rustwide/workdir" "-e" "CARGO_TARGET_DIR=/opt/rustwide/target" "-e" "CARGO_HOME=/opt/rustwide/cargo-home" "-e" "RUSTUP_HOME=/opt/rustwide/rustup-home" "-w" "/opt/rustwide/workdir" "-m" "1610612736" "--user" "0:0" "--network" "none" "ghcr.io/rust-lang/crates-build-env/linux@sha256:2788e3201cd34a07e3172128adcd8b3090168a8e3bcc40d7c032b9dda1df7d1c" "/opt/rustwide/cargo-home/bin/cargo" "+1.75.0" "metadata" "--no-deps" "--format-version=1", kill_on_drop: false }`
[INFO] [stdout] b0b76d8e1c2dd9154fd2c72f29151390c248eb12274e993653cc1c3b6334b89d
[INFO] running `Command { std: "docker" "start" "-a" "b0b76d8e1c2dd9154fd2c72f29151390c248eb12274e993653cc1c3b6334b89d", kill_on_drop: false }`
[INFO] running `Command { std: "docker" "inspect" "b0b76d8e1c2dd9154fd2c72f29151390c248eb12274e993653cc1c3b6334b89d", kill_on_drop: false }`
[INFO] running `Command { std: "docker" "rm" "-f" "b0b76d8e1c2dd9154fd2c72f29151390c248eb12274e993653cc1c3b6334b89d", kill_on_drop: false }`
[INFO] [stdout] b0b76d8e1c2dd9154fd2c72f29151390c248eb12274e993653cc1c3b6334b89d
[INFO] running `Command { std: "docker" "create" "-v" "/var/lib/crater-agent-workspace/builds/worker-2-tc1/target:/opt/rustwide/target:rw,Z" "-v" "/var/lib/crater-agent-workspace/builds/worker-2-tc1/source:/opt/rustwide/workdir:ro,Z" "-v" "/var/lib/crater-agent-workspace/cargo-home:/opt/rustwide/cargo-home:ro,Z" "-v" "/var/lib/crater-agent-workspace/rustup-home:/opt/rustwide/rustup-home:ro,Z" "-e" "SOURCE_DIR=/opt/rustwide/workdir" "-e" "CARGO_TARGET_DIR=/opt/rustwide/target" "-e" "CARGO_INCREMENTAL=0" "-e" "RUST_BACKTRACE=full" "-e" "RUSTFLAGS=--cap-lints=warn" "-e" "RUSTDOCFLAGS=--cap-lints=warn" "-e" "CARGO_HOME=/opt/rustwide/cargo-home" "-e" "RUSTUP_HOME=/opt/rustwide/rustup-home" "-w" "/opt/rustwide/workdir" "-m" "1610612736" "--user" "0:0" "--network" "none" "ghcr.io/rust-lang/crates-build-env/linux@sha256:2788e3201cd34a07e3172128adcd8b3090168a8e3bcc40d7c032b9dda1df7d1c" "/opt/rustwide/cargo-home/bin/cargo" "+1.75.0" "build" "--frozen" "--message-format=json", kill_on_drop: false }`
[INFO] [stdout] ef82b585adedb835294721ed442f5e0caa478273c2189602fc86097c54de7334
[INFO] running `Command { std: "docker" "start" "-a" "ef82b585adedb835294721ed442f5e0caa478273c2189602fc86097c54de7334", kill_on_drop: false }`
[INFO] [stderr]    Compiling libc v0.2.119
[INFO] [stderr]    Compiling num-traits v0.2.14
[INFO] [stderr]    Compiling num-integer v0.1.44
[INFO] [stderr]    Compiling scopeguard v1.1.0
[INFO] [stderr]    Compiling proc-macro2 v1.0.36
[INFO] [stderr]    Compiling unicode-xid v0.2.2
[INFO] [stderr]    Compiling crossbeam-utils v0.8.7
[INFO] [stderr]    Compiling memoffset v0.6.5
[INFO] [stderr]    Compiling syn v1.0.86
[INFO] [stderr]    Compiling num-iter v0.1.42
[INFO] [stderr]    Compiling crossbeam-epoch v0.9.7
[INFO] [stderr]    Compiling either v1.6.1
[INFO] [stderr]    Compiling rayon-core v1.9.1
[INFO] [stderr]    Compiling getrandom v0.1.16
[INFO] [stderr]    Compiling num-bigint v0.3.3
[INFO] [stderr]    Compiling memchr v2.4.1
[INFO] [stderr]    Compiling rayon v1.5.1
[INFO] [stderr]    Compiling crossbeam-channel v0.5.2
[INFO] [stderr]    Compiling num-rational v0.3.2
[INFO] [stderr]    Compiling quote v1.0.15
[INFO] [stderr]    Compiling crossbeam-deque v0.8.1
[INFO] [stderr]    Compiling miniz_oxide v0.4.4
[INFO] [stderr]    Compiling num_cpus v1.13.1
[INFO] [stderr]    Compiling futures-core v0.3.21
[INFO] [stderr]    Compiling adler32 v1.2.0
[INFO] [stderr]    Compiling rand_core v0.5.1
[INFO] [stderr]    Compiling getrandom v0.2.5
[INFO] [stderr]    Compiling lock_api v0.4.6
[INFO] [stderr]    Compiling color_quant v1.1.0
[INFO] [stderr]    Compiling ppv-lite86 v0.2.16
[INFO] [stderr]    Compiling matrixmultiply v0.1.15
[INFO] [stderr]    Compiling spin v0.9.2
[INFO] [stderr]    Compiling nanorand v0.6.1
[INFO] [stderr]    Compiling aho-corasick v0.7.18
[INFO] [stderr]    Compiling rand_chacha v0.2.2
[INFO] [stderr]    Compiling deflate v1.0.0
[INFO] [stderr]    Compiling num-rational v0.4.0
[INFO] [stderr]    Compiling regex-syntax v0.6.25
[INFO] [stderr]    Compiling pkg-config v0.3.24
[INFO] [stderr]    Compiling weezl v0.1.5
[INFO] [stderr]    Compiling futures-sink v0.3.21
[INFO] [stderr]    Compiling rawpointer v0.1.0
[INFO] [stderr]    Compiling ttf-parser v0.6.2
[INFO] [stderr]    Compiling predicates-core v1.0.3
[INFO] [stderr]    Compiling cc v1.0.73
[INFO] [stderr]    Compiling byteorder v1.4.3
[INFO] [stderr]    Compiling bytemuck v1.7.3
[INFO] [stderr]    Compiling flate2 v1.0.22
[INFO] [stderr]    Compiling rand v0.7.3
[INFO] [stderr]    Compiling num v0.1.42
[INFO] [stderr]    Compiling inflate v0.4.5
[INFO] [stderr]    Compiling owned_ttf_parser v0.6.0
[INFO] [stderr]    Compiling float-cmp v0.9.0
[INFO] [stderr]    Compiling num-complex v0.3.1
[INFO] [stderr]    Compiling regex v1.5.4
[INFO] [stderr]    Compiling hidapi v1.3.3
[INFO] [stderr]    Compiling threadpool v1.8.1
[INFO] [stderr]    Compiling miniz_oxide v0.5.1
[INFO] [stderr]    Compiling itertools v0.10.3
[INFO] [stderr]    Compiling difflib v0.4.0
[INFO] [stderr]    Compiling lebe v0.5.1
[INFO] [stderr]    Compiling termtree v0.2.4
[INFO] [stderr]    Compiling normalize-line-endings v0.3.0
[INFO] [stderr]    Compiling bit_field v0.10.1
[INFO] [stderr]    Compiling custom_derive v0.1.7
[INFO] [stderr]    Compiling ab_glyph_rasterizer v0.1.5
[INFO] [stderr]    Compiling half v1.8.2
[INFO] [stderr]    Compiling jpeg-decoder v0.1.22
[INFO] [stderr]    Compiling log v0.4.14
[INFO] [stderr]    Compiling smallvec v1.8.0
[INFO] [stderr]    Compiling png v0.17.3
[INFO] [stderr]    Compiling rusttype v0.9.2
[INFO] [stderr]    Compiling tiff v0.7.1
[INFO] [stderr]    Compiling conv v0.3.3
[INFO] [stderr]    Compiling predicates v2.1.1
[INFO] [stderr]    Compiling predicates-tree v1.0.5
[INFO] [stderr]    Compiling num v0.3.1
[INFO] [stderr]    Compiling jpeg-decoder v0.2.2
[INFO] [stderr]    Compiling rand_distr v0.2.2
[INFO] [stderr]    Compiling rulinalg v0.4.2
[INFO] [stderr]    Compiling image v0.23.14
[INFO] [stderr]    Compiling gif v0.11.3
[INFO] [stderr]    Compiling itertools v0.9.0
[INFO] [stderr]    Compiling pin-project-internal v1.0.10
[INFO] [stderr]    Compiling mockall_derive v0.11.0
[INFO] [stderr]    Compiling downcast v0.11.0
[INFO] [stderr]    Compiling fragile v1.1.0
[INFO] [stderr]    Compiling scoped_threadpool v0.1.9
[INFO] [stderr]    Compiling imageproc v0.22.0
[INFO] [stderr]    Compiling pin-project v1.0.10
[INFO] [stderr]    Compiling flume v0.10.11
[INFO] [stderr]    Compiling exr v1.4.1
[INFO] [stderr]    Compiling mockall v0.11.0
[INFO] [stderr]    Compiling image v0.24.1
[INFO] [stderr]    Compiling streamdeck-hid-rs v0.1.1 (/opt/rustwide/workdir)
[INFO] [stderr]     Finished dev [unoptimized + debuginfo] target(s) in 56.77s
[INFO] running `Command { std: "docker" "inspect" "ef82b585adedb835294721ed442f5e0caa478273c2189602fc86097c54de7334", kill_on_drop: false }`
[INFO] running `Command { std: "docker" "rm" "-f" "ef82b585adedb835294721ed442f5e0caa478273c2189602fc86097c54de7334", kill_on_drop: false }`
[INFO] [stdout] ef82b585adedb835294721ed442f5e0caa478273c2189602fc86097c54de7334
[INFO] running `Command { std: "docker" "create" "-v" "/var/lib/crater-agent-workspace/builds/worker-2-tc1/target:/opt/rustwide/target:rw,Z" "-v" "/var/lib/crater-agent-workspace/builds/worker-2-tc1/source:/opt/rustwide/workdir:ro,Z" "-v" "/var/lib/crater-agent-workspace/cargo-home:/opt/rustwide/cargo-home:ro,Z" "-v" "/var/lib/crater-agent-workspace/rustup-home:/opt/rustwide/rustup-home:ro,Z" "-e" "SOURCE_DIR=/opt/rustwide/workdir" "-e" "CARGO_TARGET_DIR=/opt/rustwide/target" "-e" "CARGO_INCREMENTAL=0" "-e" "RUST_BACKTRACE=full" "-e" "RUSTFLAGS=--cap-lints=warn" "-e" "RUSTDOCFLAGS=--cap-lints=warn" "-e" "CARGO_HOME=/opt/rustwide/cargo-home" "-e" "RUSTUP_HOME=/opt/rustwide/rustup-home" "-w" "/opt/rustwide/workdir" "-m" "1610612736" "--user" "0:0" "--network" "none" "ghcr.io/rust-lang/crates-build-env/linux@sha256:2788e3201cd34a07e3172128adcd8b3090168a8e3bcc40d7c032b9dda1df7d1c" "/opt/rustwide/cargo-home/bin/cargo" "+1.75.0" "test" "--frozen" "--no-run" "--message-format=json", kill_on_drop: false }`
[INFO] [stdout] 45481bb6fa2cb062f38424954b9388978c118faca69cd274dd233cbdf5a22bb9
[INFO] running `Command { std: "docker" "start" "-a" "45481bb6fa2cb062f38424954b9388978c118faca69cd274dd233cbdf5a22bb9", kill_on_drop: false }`
[INFO] [stderr]    Compiling streamdeck-hid-rs v0.1.1 (/opt/rustwide/workdir)
[INFO] [stderr]     Finished test [unoptimized + debuginfo] target(s) in 5.57s
[INFO] running `Command { std: "docker" "inspect" "45481bb6fa2cb062f38424954b9388978c118faca69cd274dd233cbdf5a22bb9", kill_on_drop: false }`
[INFO] running `Command { std: "docker" "rm" "-f" "45481bb6fa2cb062f38424954b9388978c118faca69cd274dd233cbdf5a22bb9", kill_on_drop: false }`
[INFO] [stdout] 45481bb6fa2cb062f38424954b9388978c118faca69cd274dd233cbdf5a22bb9
[INFO] running `Command { std: "docker" "create" "-v" "/var/lib/crater-agent-workspace/builds/worker-2-tc1/target:/opt/rustwide/target:rw,Z" "-v" "/var/lib/crater-agent-workspace/builds/worker-2-tc1/source:/opt/rustwide/workdir:ro,Z" "-v" "/var/lib/crater-agent-workspace/cargo-home:/opt/rustwide/cargo-home:ro,Z" "-v" "/var/lib/crater-agent-workspace/rustup-home:/opt/rustwide/rustup-home:ro,Z" "-e" "SOURCE_DIR=/opt/rustwide/workdir" "-e" "CARGO_TARGET_DIR=/opt/rustwide/target" "-e" "CARGO_INCREMENTAL=0" "-e" "RUST_BACKTRACE=full" "-e" "RUSTFLAGS=--cap-lints=warn" "-e" "RUSTDOCFLAGS=--cap-lints=warn" "-e" "CARGO_HOME=/opt/rustwide/cargo-home" "-e" "RUSTUP_HOME=/opt/rustwide/rustup-home" "-w" "/opt/rustwide/workdir" "-m" "1610612736" "--user" "0:0" "--network" "none" "ghcr.io/rust-lang/crates-build-env/linux@sha256:2788e3201cd34a07e3172128adcd8b3090168a8e3bcc40d7c032b9dda1df7d1c" "/opt/rustwide/cargo-home/bin/cargo" "+1.75.0" "test" "--frozen", kill_on_drop: false }`
[INFO] [stdout] d812870d16ec2df5e82fab8296a7df6394f2a4f7bcb361bb9418a3e13f4fea09
[INFO] running `Command { std: "docker" "start" "-a" "d812870d16ec2df5e82fab8296a7df6394f2a4f7bcb361bb9418a3e13f4fea09", kill_on_drop: false }`
[INFO] [stderr]     Finished test [unoptimized + debuginfo] target(s) in 0.10s
[INFO] [stderr]      Running unittests src/lib.rs (/opt/rustwide/target/debug/deps/streamdeck_hid_rs-637ae9624f68108b)
[INFO] [stdout] 
[INFO] [stdout] running 25 tests
[INFO] [stdout] test device::tests::test_list_devices_empty ... ok
[INFO] [stdout] test image::tests::test_image_packer_fail_incorrect_dimensions ... ok
[INFO] [stdout] test device::tests::test_list_devices_streamdeck_device ... ok
[INFO] [stdout] test tests::it_works ... ok
[INFO] [stdout] test image::tests::test_image_packer_accept_correct_dimensions ... ok
[INFO] [stdout] test device::tests::test_list_devices_non_streamdeck_empty ... ok
[INFO] [stdout] test type_info::tests::test_brightness_packet ... ok
[INFO] [stdout] test type_info::tests::test_button_image_transformation ... ok
[INFO] [stdout] test type_info::tests::test_button_image_size ... ok
[INFO] [stdout] test type_info::tests::test_get_type_correct ... ok
[INFO] [stdout] test image::tests::test_image_packer_encoding ... ok
[INFO] [stdout] test type_info::tests::test_button_image_format ... ok
[INFO] [stdout] test image::tests::test_image_packer_num_pages ... ok
[INFO] [stdout] test type_info::tests::test_get_type_incorrect ... ok
[INFO] [stdout] test type_info::tests::test_button_read_offset ... ok
[INFO] [stdout] test type_info::tests::test_name ... ok
[INFO] [stdout] test type_info::tests::test_num_buttons ... ok
[INFO] [stdout] test type_info::tests::test_reset_keystream_package ... ok
[INFO] [stdout] test type_info::tests::test_reset_packet ... ok
[INFO] [stdout] test type_info::tests::test_total_buttons ... ok
[INFO] [stdout] test type_info::tests::test_image_package_header_button_index ... ok
[INFO] [stderr]    Doc-tests streamdeck-hid-rs
[INFO] [stdout] test type_info::tests::test_image_package_header_page_number ... ok
[INFO] [stdout] test type_info::tests::test_image_package_size ... ok
[INFO] [stdout] test type_info::tests::test_max_payload_size ... ok
[INFO] [stdout] test image::tests::test_image_packer_header ... ok
[INFO] [stdout] 
[INFO] [stdout] test result: ok. 25 passed; 0 failed; 0 ignored; 0 measured; 0 filtered out; finished in 0.03s
[INFO] [stdout] 
[INFO] [stdout] 
[INFO] [stdout] running 7 tests
[INFO] [stdout] test src/device.rs - device::StreamDeckDevice<API>::on_button_events (line 253) ... FAILED
[INFO] [stdout] test src/device.rs - device::StreamDeckDevice<API>::open_first_device (line 132) ... ok
[INFO] [stdout] test src/device.rs - device::StreamDeckDevice<API>::set_brightness (line 164) ... ok
[INFO] [stdout] test src/device.rs - device::StreamDeckDevice<API>::open (line 82) ... ok
[INFO] [stdout] test src/device.rs - device::StreamDeckDevice<API>::reset (line 188) ... ok
[INFO] [stdout] test src/device.rs - device::StreamDeckDevice<API>::set_button_image (line 215) ... ok
[INFO] [stdout] test src/device.rs - device::StreamDeckDevice<API>::list_devices (line 36) ... ok
[INFO] [stdout] 
[INFO] [stdout] failures:
[INFO] [stdout] 
[INFO] [stdout] ---- src/device.rs - device::StreamDeckDevice<API>::on_button_events (line 253) stdout ----
[INFO] [stdout] error: linking with `cc` failed: exit status: 1
[INFO] [stdout]   |
[INFO] [stdout]   = note: LC_ALL="C" PATH="/opt/rustwide/rustup-home/toolchains/1.75.0-x86_64-unknown-linux-gnu/lib/rustlib/x86_64-unknown-linux-gnu/bin:/opt/rustwide/cargo-home/bin:/usr/local/sbin:/usr/local/bin:/usr/sbin:/usr/bin:/sbin:/bin" VSLANG="1033" "cc" "-m64" "/tmp/rustckX1Vjj/symbols.o" "/tmp/rustdoctestrTaUTx/rust_out.rust_out.263fb70ac1c95110-cgu.0.rcgu.o" "/tmp/rustdoctestrTaUTx/rust_out.2uel00cfmdh5ufit.rcgu.o" "-Wl,--as-needed" "-L" "/opt/rustwide/target/debug/deps" "-L" "/opt/rustwide/target/debug/deps" "-L" "/opt/rustwide/target/debug/build/hidapi-e8905fcda220c86e/out" "-L" "/usr/lib/x86_64-linux-gnu" "-L" "/opt/rustwide/rustup-home/toolchains/1.75.0-x86_64-unknown-linux-gnu/lib/rustlib/x86_64-unknown-linux-gnu/lib" "-Wl,-Bstatic" "/opt/rustwide/target/debug/deps/libstreamdeck_hid_rs-e5a4b1c59b5b421e.rlib" "/opt/rustwide/target/debug/deps/libhidapi-59e6972ba781f230.rlib" "/opt/rustwide/target/debug/deps/libmockall-704b28de244c8d75.rlib" "/opt/rustwide/target/debug/deps/libpredicates_tree-f889b6b9a06666e9.rlib" "/opt/rustwide/target/debug/deps/libtermtree-9ba836e651dc4832.rlib" "/opt/rustwide/target/debug/deps/libpredicates-05d468a521e92579.rlib" "/opt/rustwide/target/debug/deps/libregex-930036e353b5683d.rlib" "/opt/rustwide/target/debug/deps/libaho_corasick-4efc27b8b413d73f.rlib" "/opt/rustwide/target/debug/deps/libmemchr-651b9a52835bc194.rlib" "/opt/rustwide/target/debug/deps/libregex_syntax-df051bb3664d7987.rlib" "/opt/rustwide/target/debug/deps/libitertools-c35821b23775529e.rlib" "/opt/rustwide/target/debug/deps/libdifflib-f7095916b3a20efb.rlib" "/opt/rustwide/target/debug/deps/libnormalize_line_endings-7cb08fa43cc16bb3.rlib" "/opt/rustwide/target/debug/deps/libfloat_cmp-4aff4346ac9b50d0.rlib" "/opt/rustwide/target/debug/deps/libpredicates_core-68bae9313a9fa501.rlib" "/opt/rustwide/target/debug/deps/libfragile-572a02de5ca66ccf.rlib" "/opt/rustwide/target/debug/deps/libdowncast-5c7529a62bc9f2a6.rlib" "/opt/rustwide/target/debug/deps/liblog-0a8665efbc1725c2.rlib" "/opt/rustwide/target/debug/deps/libimage-1a5d014dfcd37012.rlib" "/opt/rustwide/target/debug/deps/libbytemuck-10e1449652f09da4.rlib" "/opt/rustwide/target/debug/deps/libpng-d751177bc8a68d8c.rlib" "/opt/rustwide/target/debug/deps/libminiz_oxide-2716fe8a4f8e91cd.rlib" "/opt/rustwide/target/debug/deps/libbitflags-b7cee2ca4fb438d0.rlib" "/opt/rustwide/target/debug/deps/libnum_iter-83cf7f6a0b2f8cdb.rlib" "/opt/rustwide/target/debug/deps/libjpeg_decoder-98f3151f0e24d044.rlib" "/opt/rustwide/target/debug/deps/librayon-51ac778e19c5f715.rlib" "/opt/rustwide/target/debug/deps/librayon_core-3ea67aa0877d8db5.rlib" "/opt/rustwide/target/debug/deps/libcrossbeam_deque-3cc623ebcddb0b76.rlib" "/opt/rustwide/target/debug/deps/libcrossbeam_epoch-ebab39e4672322c6.rlib" "/opt/rustwide/target/debug/deps/libmemoffset-c7b1b1cc44d01308.rlib" "/opt/rustwide/target/debug/deps/libcrossbeam_channel-93e85f81edcfb5af.rlib" "/opt/rustwide/target/debug/deps/libcrossbeam_utils-9079329192e58ac7.rlib" "/opt/rustwide/target/debug/deps/liblazy_static-591486ebcb9a7ead.rlib" "/opt/rustwide/target/debug/deps/libeither-4beac2e2abd4c5f7.rlib" "/opt/rustwide/target/debug/deps/libscoped_threadpool-cf49c53216faf76b.rlib" "/opt/rustwide/target/debug/deps/libnum_rational-b691452624bd00ca.rlib" "/opt/rustwide/target/debug/deps/libnum_integer-087b98417867852f.rlib" "/opt/rustwide/target/debug/deps/libgif-c4da6ea96a11da67.rlib" "/opt/rustwide/target/debug/deps/libcolor_quant-76e42fe6d44f3f56.rlib" "/opt/rustwide/target/debug/deps/libbyteorder-b7588b59c1d17615.rlib" "/opt/rustwide/target/debug/deps/libnum_traits-a888385c1f0bdd19.rlib" "/opt/rustwide/target/debug/deps/libtiff-97c88f6abebb2dfd.rlib" "/opt/rustwide/target/debug/deps/libflate2-a6d5377fa8bd05e3.rlib" "/opt/rustwide/target/debug/deps/libminiz_oxide-db86657b438033a2.rlib" "/opt/rustwide/target/debug/deps/libadler-c8f2240c56a0abca.rlib" "/opt/rustwide/target/debug/deps/libcrc32fast-664446237529ebff.rlib" "/opt/rustwide/target/debug/deps/libweezl-2705b9f431f13afc.rlib" "/opt/rustwide/target/debug/deps/libjpeg_decoder-b4492813159915cd.rlib" "/opt/rustwide/target/debug/deps/libexr-5c5f9a7daa94a57d.rlib" "/opt/rustwide/target/debug/deps/libflume-b57ad5c2a662f3a8.rlib" "/opt/rustwide/target/debug/deps/libspin-a7c16464e39f50e3.rlib" "/opt/rustwide/target/debug/deps/liblock_api-27b992132c09bfdd.rlib" "/opt/rustwide/target/debug/deps/libscopeguard-b35f5c652940acc2.rlib" "/opt/rustwide/target/debug/deps/libpin_project-ce8375e99550aef8.rlib" "/opt/rustwide/target/debug/deps/libfutures_sink-417b4e9d99403a4f.rlib" "/opt/rustwide/target/debug/deps/libfutures_core-70f2c3650c010d58.rlib" "/opt/rustwide/target/debug/deps/libnanorand-fad22add37d9e831.rlib" "/opt/rustwide/target/debug/deps/libgetrandom-f432fbfc1a44485a.rlib" "/opt/rustwide/target/debug/deps/libcfg_if-61dc7a6799e72b18.rlib" "/opt/rustwide/target/debug/deps/libthreadpool-a012aecf65c026f2.rlib" "/opt/rustwide/target/debug/deps/libnum_cpus-14aed089fdf95167.rlib" "/opt/rustwide/target/debug/deps/liblibc-965767c6309fcc2a.rlib" "/opt/rustwide/target/debug/deps/libbit_field-fdebf8c8352c22d9.rlib" "/opt/rustwide/target/debug/deps/libinflate-b5d04b3354a762b8.rlib" "/opt/rustwide/target/debug/deps/libdeflate-6be3da166bc8780c.rlib" "/opt/rustwide/target/debug/deps/libadler32-8dd0b9a34d7f5b64.rlib" "/opt/rustwide/target/debug/deps/liblebe-6078a5f5df5f8e7d.rlib" "/opt/rustwide/target/debug/deps/libhalf-3e429f0b720467d6.rlib" "/opt/rustwide/target/debug/deps/libsmallvec-05d968e413b3bfca.rlib" "/opt/rustwide/rustup-home/toolchains/1.75.0-x86_64-unknown-linux-gnu/lib/rustlib/x86_64-unknown-linux-gnu/lib/libstd-90f6ddbf82de36ec.rlib" "/opt/rustwide/rustup-home/toolchains/1.75.0-x86_64-unknown-linux-gnu/lib/rustlib/x86_64-unknown-linux-gnu/lib/libpanic_unwind-480c41e9d4e1f677.rlib" "/opt/rustwide/rustup-home/toolchains/1.75.0-x86_64-unknown-linux-gnu/lib/rustlib/x86_64-unknown-linux-gnu/lib/libobject-db744c0ca03eed1d.rlib" "/opt/rustwide/rustup-home/toolchains/1.75.0-x86_64-unknown-linux-gnu/lib/rustlib/x86_64-unknown-linux-gnu/lib/libmemchr-8ba652dc7d4b285a.rlib" "/opt/rustwide/rustup-home/toolchains/1.75.0-x86_64-unknown-linux-gnu/lib/rustlib/x86_64-unknown-linux-gnu/lib/libaddr2line-d5f4520a9ebc0d58.rlib" "/opt/rustwide/rustup-home/toolchains/1.75.0-x86_64-unknown-linux-gnu/lib/rustlib/x86_64-unknown-linux-gnu/lib/libgimli-4ad84de58f0cb463.rlib" "/opt/rustwide/rustup-home/toolchains/1.75.0-x86_64-unknown-linux-gnu/lib/rustlib/x86_64-unknown-linux-gnu/lib/librustc_demangle-0d10aae2e0f38735.rlib" "/opt/rustwide/rustup-home/toolchains/1.75.0-x86_64-unknown-linux-gnu/lib/rustlib/x86_64-unknown-linux-gnu/lib/libstd_detect-0c17cff739e6745b.rlib" "/opt/rustwide/rustup-home/toolchains/1.75.0-x86_64-unknown-linux-gnu/lib/rustlib/x86_64-unknown-linux-gnu/lib/libhashbrown-b29e17139dde1aa8.rlib" "/opt/rustwide/rustup-home/toolchains/1.75.0-x86_64-unknown-linux-gnu/lib/rustlib/x86_64-unknown-linux-gnu/lib/librustc_std_workspace_alloc-1f975299829cc7bd.rlib" "/opt/rustwide/rustup-home/toolchains/1.75.0-x86_64-unknown-linux-gnu/lib/rustlib/x86_64-unknown-linux-gnu/lib/libminiz_oxide-86bae3bc3079f89b.rlib" "/opt/rustwide/rustup-home/toolchains/1.75.0-x86_64-unknown-linux-gnu/lib/rustlib/x86_64-unknown-linux-gnu/lib/libadler-321b82c30dffdf5f.rlib" "/opt/rustwide/rustup-home/toolchains/1.75.0-x86_64-unknown-linux-gnu/lib/rustlib/x86_64-unknown-linux-gnu/lib/libunwind-3dd8a6810a0bdfef.rlib" "/opt/rustwide/rustup-home/toolchains/1.75.0-x86_64-unknown-linux-gnu/lib/rustlib/x86_64-unknown-linux-gnu/lib/libcfg_if-eb39a61c0c879984.rlib" "/opt/rustwide/rustup-home/toolchains/1.75.0-x86_64-unknown-linux-gnu/lib/rustlib/x86_64-unknown-linux-gnu/lib/liblibc-aa769569f91c3548.rlib" "/opt/rustwide/rustup-home/toolchains/1.75.0-x86_64-unknown-linux-gnu/lib/rustlib/x86_64-unknown-linux-gnu/lib/liballoc-510a192a50a983ed.rlib" "/opt/rustwide/rustup-home/toolchains/1.75.0-x86_64-unknown-linux-gnu/lib/rustlib/x86_64-unknown-linux-gnu/lib/librustc_std_workspace_core-0577018320f99037.rlib" "/opt/rustwide/rustup-home/toolchains/1.75.0-x86_64-unknown-linux-gnu/lib/rustlib/x86_64-unknown-linux-gnu/lib/libcore-193cf992125ccd4c.rlib" "/opt/rustwide/rustup-home/toolchains/1.75.0-x86_64-unknown-linux-gnu/lib/rustlib/x86_64-unknown-linux-gnu/lib/libcompiler_builtins-8e138eaf26ebb4a8.rlib" "-Wl,-Bdynamic" "-lusb-1.0" "-lgcc_s" "-lutil" "-lrt" "-lpthread" "-lm" "-ldl" "-lc" "-Wl,--eh-frame-hdr" "-Wl,-z,noexecstack" "-L" "/opt/rustwide/rustup-home/toolchains/1.75.0-x86_64-unknown-linux-gnu/lib/rustlib/x86_64-unknown-linux-gnu/lib" "-o" "/tmp/rustdoctestrTaUTx/rust_out" "-Wl,--gc-sections" "-pie" "-Wl,-z,relro,-z,now" "-nodefaultlibs"
[INFO] [stdout]   = note: collect2: fatal error: ld terminated with signal 9 [Killed]
[INFO] [stdout]           compilation terminated.
[INFO] [stdout]           
[INFO] [stdout] 
[INFO] [stdout] error: aborting due to previous error
[INFO] [stdout] 
[INFO] [stdout] Couldn't compile the test.
[INFO] [stdout] 
[INFO] [stdout] failures:
[INFO] [stdout]     src/device.rs - device::StreamDeckDevice<API>::on_button_events (line 253)
[INFO] [stdout] 
[INFO] [stdout] test result: FAILED. 6 passed; 1 failed; 0 ignored; 0 measured; 0 filtered out; finished in 6.57s
[INFO] [stdout] 
[INFO] [stderr] error: doctest failed, to rerun pass `--doc`
[INFO] running `Command { std: "docker" "inspect" "d812870d16ec2df5e82fab8296a7df6394f2a4f7bcb361bb9418a3e13f4fea09", kill_on_drop: false }`
[INFO] running `Command { std: "docker" "rm" "-f" "d812870d16ec2df5e82fab8296a7df6394f2a4f7bcb361bb9418a3e13f4fea09", kill_on_drop: false }`
[INFO] [stdout] d812870d16ec2df5e82fab8296a7df6394f2a4f7bcb361bb9418a3e13f4fea09
