[INFO] fetching crate stomp-test-utils 0.2.1...
[INFO] testing stomp-test-utils-0.2.1 against 1.75.0 for beta-1.76-1
[INFO] extracting crate stomp-test-utils 0.2.1 into /workspace/builds/worker-1-tc1/source
[INFO] validating manifest of crates.io crate stomp-test-utils 0.2.1 on toolchain 1.75.0
[INFO] running `Command { std: CARGO_HOME="/workspace/cargo-home" RUSTUP_HOME="/workspace/rustup-home" "/workspace/cargo-home/bin/cargo" "+1.75.0" "metadata" "--manifest-path" "Cargo.toml" "--no-deps", kill_on_drop: false }`
[INFO] started tweaking crates.io crate stomp-test-utils 0.2.1
[INFO] finished tweaking crates.io crate stomp-test-utils 0.2.1
[INFO] tweaked toml for crates.io crate stomp-test-utils 0.2.1 written to /workspace/builds/worker-1-tc1/source/Cargo.toml
[INFO] running `Command { std: CARGO_HOME="/workspace/cargo-home" RUSTUP_HOME="/workspace/rustup-home" "/workspace/cargo-home/bin/cargo" "+1.75.0" "generate-lockfile" "--manifest-path" "Cargo.toml", kill_on_drop: false }`
[INFO] [stderr]     Updating crates.io index
[INFO] running `Command { std: CARGO_HOME="/workspace/cargo-home" RUSTUP_HOME="/workspace/rustup-home" "/workspace/cargo-home/bin/cargo" "+1.75.0" "fetch" "--manifest-path" "Cargo.toml", kill_on_drop: false }`
[INFO] running `Command { std: "docker" "create" "-v" "/var/lib/crater-agent-workspace/builds/worker-1-tc1/target:/opt/rustwide/target:rw,Z" "-v" "/var/lib/crater-agent-workspace/builds/worker-1-tc1/source:/opt/rustwide/workdir:ro,Z" "-v" "/var/lib/crater-agent-workspace/cargo-home:/opt/rustwide/cargo-home:ro,Z" "-v" "/var/lib/crater-agent-workspace/rustup-home:/opt/rustwide/rustup-home:ro,Z" "-e" "SOURCE_DIR=/opt/rustwide/workdir" "-e" "CARGO_TARGET_DIR=/opt/rustwide/target" "-e" "CARGO_HOME=/opt/rustwide/cargo-home" "-e" "RUSTUP_HOME=/opt/rustwide/rustup-home" "-w" "/opt/rustwide/workdir" "-m" "1610612736" "--user" "0:0" "--network" "none" "ghcr.io/rust-lang/crates-build-env/linux@sha256:2788e3201cd34a07e3172128adcd8b3090168a8e3bcc40d7c032b9dda1df7d1c" "/opt/rustwide/cargo-home/bin/cargo" "+1.75.0" "metadata" "--no-deps" "--format-version=1", kill_on_drop: false }`
[INFO] [stdout] 64e15b85798ace622ff938d59b631dd7ca00e985550a27ad334931d08aedffda
[INFO] running `Command { std: "docker" "start" "-a" "64e15b85798ace622ff938d59b631dd7ca00e985550a27ad334931d08aedffda", kill_on_drop: false }`
[INFO] running `Command { std: "docker" "inspect" "64e15b85798ace622ff938d59b631dd7ca00e985550a27ad334931d08aedffda", kill_on_drop: false }`
[INFO] running `Command { std: "docker" "rm" "-f" "64e15b85798ace622ff938d59b631dd7ca00e985550a27ad334931d08aedffda", kill_on_drop: false }`
[INFO] [stdout] 64e15b85798ace622ff938d59b631dd7ca00e985550a27ad334931d08aedffda
[INFO] running `Command { std: "docker" "create" "-v" "/var/lib/crater-agent-workspace/builds/worker-1-tc1/target:/opt/rustwide/target:rw,Z" "-v" "/var/lib/crater-agent-workspace/builds/worker-1-tc1/source:/opt/rustwide/workdir:ro,Z" "-v" "/var/lib/crater-agent-workspace/cargo-home:/opt/rustwide/cargo-home:ro,Z" "-v" "/var/lib/crater-agent-workspace/rustup-home:/opt/rustwide/rustup-home:ro,Z" "-e" "SOURCE_DIR=/opt/rustwide/workdir" "-e" "CARGO_TARGET_DIR=/opt/rustwide/target" "-e" "CARGO_INCREMENTAL=0" "-e" "RUST_BACKTRACE=full" "-e" "RUSTFLAGS=--cap-lints=warn" "-e" "RUSTDOCFLAGS=--cap-lints=warn" "-e" "CARGO_HOME=/opt/rustwide/cargo-home" "-e" "RUSTUP_HOME=/opt/rustwide/rustup-home" "-w" "/opt/rustwide/workdir" "-m" "1610612736" "--user" "0:0" "--network" "none" "ghcr.io/rust-lang/crates-build-env/linux@sha256:2788e3201cd34a07e3172128adcd8b3090168a8e3bcc40d7c032b9dda1df7d1c" "/opt/rustwide/cargo-home/bin/cargo" "+1.75.0" "build" "--frozen" "--message-format=json", kill_on_drop: false }`
[INFO] [stdout] 42bb6256a6ac95997e8b2867b45140489af15a92b90df512c413228aa2cd0e1b
[INFO] running `Command { std: "docker" "start" "-a" "42bb6256a6ac95997e8b2867b45140489af15a92b90df512c413228aa2cd0e1b", kill_on_drop: false }`
[INFO] [stderr]    Compiling futures-sink v0.3.30
[INFO] [stderr]    Compiling futures-core v0.3.30
[INFO] [stderr]    Compiling pin-project-lite v0.2.13
[INFO] [stderr]    Compiling pin-utils v0.1.0
[INFO] [stderr]    Compiling futures-task v0.3.30
[INFO] [stderr]    Compiling futures-io v0.3.30
[INFO] [stderr]    Compiling slab v0.4.9
[INFO] [stderr]    Compiling syn v2.0.48
[INFO] [stderr]    Compiling futures-channel v0.3.30
[INFO] [stderr]    Compiling futures-util v0.3.30
[INFO] [stderr]    Compiling tokio-macros v2.2.0
[INFO] [stderr]    Compiling futures v0.3.30
[INFO] [stderr]    Compiling tokio v1.35.1
[INFO] [stderr]    Compiling stomp-test-utils v0.2.1 (/opt/rustwide/workdir)
[INFO] [stdout] warning: unused import: `convert::TryInto`
[INFO] [stdout]  --> src/framework.rs:1:11
[INFO] [stdout]   |
[INFO] [stdout] 1 | use std::{convert::TryInto, pin::Pin, time::Duration};
[INFO] [stdout]   |           ^^^^^^^^^^^^^^^^
[INFO] [stdout]   |
[INFO] [stdout]   = note: `#[warn(unused_imports)]` on by default
[INFO] [stdout] 
[INFO] [stdout] 
[INFO] [stdout] warning: 1 warning emitted
[INFO] [stdout] 
[INFO] [stdout] 
[INFO] [stderr]     Finished dev [unoptimized + debuginfo] target(s) in 12.41s
[INFO] running `Command { std: "docker" "inspect" "42bb6256a6ac95997e8b2867b45140489af15a92b90df512c413228aa2cd0e1b", kill_on_drop: false }`
[INFO] running `Command { std: "docker" "rm" "-f" "42bb6256a6ac95997e8b2867b45140489af15a92b90df512c413228aa2cd0e1b", kill_on_drop: false }`
[INFO] [stdout] 42bb6256a6ac95997e8b2867b45140489af15a92b90df512c413228aa2cd0e1b
[INFO] running `Command { std: "docker" "create" "-v" "/var/lib/crater-agent-workspace/builds/worker-1-tc1/target:/opt/rustwide/target:rw,Z" "-v" "/var/lib/crater-agent-workspace/builds/worker-1-tc1/source:/opt/rustwide/workdir:ro,Z" "-v" "/var/lib/crater-agent-workspace/cargo-home:/opt/rustwide/cargo-home:ro,Z" "-v" "/var/lib/crater-agent-workspace/rustup-home:/opt/rustwide/rustup-home:ro,Z" "-e" "SOURCE_DIR=/opt/rustwide/workdir" "-e" "CARGO_TARGET_DIR=/opt/rustwide/target" "-e" "CARGO_INCREMENTAL=0" "-e" "RUST_BACKTRACE=full" "-e" "RUSTFLAGS=--cap-lints=warn" "-e" "RUSTDOCFLAGS=--cap-lints=warn" "-e" "CARGO_HOME=/opt/rustwide/cargo-home" "-e" "RUSTUP_HOME=/opt/rustwide/rustup-home" "-w" "/opt/rustwide/workdir" "-m" "1610612736" "--user" "0:0" "--network" "none" "ghcr.io/rust-lang/crates-build-env/linux@sha256:2788e3201cd34a07e3172128adcd8b3090168a8e3bcc40d7c032b9dda1df7d1c" "/opt/rustwide/cargo-home/bin/cargo" "+1.75.0" "test" "--frozen" "--no-run" "--message-format=json", kill_on_drop: false }`
[INFO] [stdout] b8d248afade3ced30c3cbfbcb9fcd72bf2f0d54132f0450d58de3229f2e30adc
[INFO] running `Command { std: "docker" "start" "-a" "b8d248afade3ced30c3cbfbcb9fcd72bf2f0d54132f0450d58de3229f2e30adc", kill_on_drop: false }`
[INFO] [stderr]    Compiling stomp-test-utils v0.2.1 (/opt/rustwide/workdir)
[INFO] [stdout] warning: unused import: `convert::TryInto`
[INFO] [stdout]  --> src/framework.rs:1:11
[INFO] [stdout]   |
[INFO] [stdout] 1 | use std::{convert::TryInto, pin::Pin, time::Duration};
[INFO] [stdout]   |           ^^^^^^^^^^^^^^^^
[INFO] [stdout]   |
[INFO] [stdout]   = note: `#[warn(unused_imports)]` on by default
[INFO] [stdout] 
[INFO] [stdout] 
[INFO] [stdout] warning: 1 warning emitted
[INFO] [stdout] 
[INFO] [stdout] 
[INFO] [stdout] warning: unused import: `convert::TryInto`
[INFO] [stdout]  --> src/framework.rs:1:11
[INFO] [stdout]   |
[INFO] [stdout] 1 | use std::{convert::TryInto, pin::Pin, time::Duration};
[INFO] [stdout]   |           ^^^^^^^^^^^^^^^^
[INFO] [stdout]   |
[INFO] [stdout]   = note: `#[warn(unused_imports)]` on by default
[INFO] [stdout] 
[INFO] [stdout] 
[INFO] [stdout] warning: 1 warning emitted
[INFO] [stdout] 
[INFO] [stdout] 
[INFO] [stderr]     Finished test [unoptimized + debuginfo] target(s) in 2.98s
[INFO] running `Command { std: "docker" "inspect" "b8d248afade3ced30c3cbfbcb9fcd72bf2f0d54132f0450d58de3229f2e30adc", kill_on_drop: false }`
[INFO] running `Command { std: "docker" "rm" "-f" "b8d248afade3ced30c3cbfbcb9fcd72bf2f0d54132f0450d58de3229f2e30adc", kill_on_drop: false }`
[INFO] [stdout] b8d248afade3ced30c3cbfbcb9fcd72bf2f0d54132f0450d58de3229f2e30adc
[INFO] running `Command { std: "docker" "create" "-v" "/var/lib/crater-agent-workspace/builds/worker-1-tc1/target:/opt/rustwide/target:rw,Z" "-v" "/var/lib/crater-agent-workspace/builds/worker-1-tc1/source:/opt/rustwide/workdir:ro,Z" "-v" "/var/lib/crater-agent-workspace/cargo-home:/opt/rustwide/cargo-home:ro,Z" "-v" "/var/lib/crater-agent-workspace/rustup-home:/opt/rustwide/rustup-home:ro,Z" "-e" "SOURCE_DIR=/opt/rustwide/workdir" "-e" "CARGO_TARGET_DIR=/opt/rustwide/target" "-e" "CARGO_INCREMENTAL=0" "-e" "RUST_BACKTRACE=full" "-e" "RUSTFLAGS=--cap-lints=warn" "-e" "RUSTDOCFLAGS=--cap-lints=warn" "-e" "CARGO_HOME=/opt/rustwide/cargo-home" "-e" "RUSTUP_HOME=/opt/rustwide/rustup-home" "-w" "/opt/rustwide/workdir" "-m" "1610612736" "--user" "0:0" "--network" "none" "ghcr.io/rust-lang/crates-build-env/linux@sha256:2788e3201cd34a07e3172128adcd8b3090168a8e3bcc40d7c032b9dda1df7d1c" "/opt/rustwide/cargo-home/bin/cargo" "+1.75.0" "test" "--frozen", kill_on_drop: false }`
[INFO] [stdout] 612cd0a783c3e6a10d0d6584ac3963eff245ce0e58d4905dfc301d0db9bec61e
[INFO] running `Command { std: "docker" "start" "-a" "612cd0a783c3e6a10d0d6584ac3963eff245ce0e58d4905dfc301d0db9bec61e", kill_on_drop: false }`
[INFO] [stderr] warning: unused import: `convert::TryInto`
[INFO] [stderr]  --> src/framework.rs:1:11
[INFO] [stderr]   |
[INFO] [stderr] 1 | use std::{convert::TryInto, pin::Pin, time::Duration};
[INFO] [stderr]   |           ^^^^^^^^^^^^^^^^
[INFO] [stderr]   |
[INFO] [stderr]   = note: `#[warn(unused_imports)]` on by default
[INFO] [stderr] 
[INFO] [stderr] warning: `stomp-test-utils` (lib) generated 1 warning (run `cargo fix --lib -p stomp-test-utils` to apply 1 suggestion)
[INFO] [stderr] warning: `stomp-test-utils` (lib test) generated 1 warning (1 duplicate)
[INFO] [stderr]     Finished test [unoptimized + debuginfo] target(s) in 0.04s
[INFO] [stderr]      Running unittests src/lib.rs (/opt/rustwide/target/debug/deps/stomp_test_utils-0a1ab3f9cf0437ef)
[INFO] [stdout] 
[INFO] [stdout] running 22 tests
[INFO] [stdout] test framework::test::assert_receive_passes_message_to_predicate ... ok
[INFO] [stdout] test framework::test::assert_receive_succeeds_if_message_matches ... ok
[INFO] [stdout] test framework::test::assert_receive_fails_if_no_message ... ok
[INFO] [stdout] test framework::test::assert_receive_fails_if_predicate_false ... ok
[INFO] [stdout] test framework::test::chaining_works ... ok
[INFO] [stdout] test framework::test::receive_succeeds_with_message ... ok
[INFO] [stdout] test framework::test::send_yields ... ok
[INFO] [stdout] test framework::test::send_works ... ok
[INFO] [stdout] test framework::test::sleep_in_pause_passes_time ... ok
[INFO] [stdout] test framework::test::test_expectations_fails_if_error_in_behaviour ... ok
[INFO] [stdout] test framework::test::assert_receive_succeeds_if_session_closed ... ok
[INFO] [stdout] test framework::test::test_expectations_executes_behaviour ... ok
[INFO] [stdout] test framework::test::test_expectations_fails_if_error_in_session ... ok
[INFO] [stdout] test framework::test::test_expectations_receives_out_from_session ... ok
[INFO] [stdout] test framework::test::send_handles_conversion_error ... FAILED
[INFO] [stdout] test framework::test::test_expectations_sends_in_to_session ... ok
[INFO] [stdout] test framework::test::test_expectations_starts_session ... ok
[INFO] [stdout] test framework::test::receive_fails_with_incorrect_message ... ok
[INFO] [stdout] test framework::test::test_expectations_succeeds_if_empty ... ok
[INFO] [stdout] test framework::test::wait_for_disconnect_succeeds_if_disconnected ... ok
[INFO] [stdout] test framework::test::send_data_sends ... ok
[INFO] [stdout] test framework::test::wait_for_disconnect_fails_if_not_disconnected ... ok
[INFO] [stdout] 
[INFO] [stdout] failures:
[INFO] [stdout] 
[INFO] [stdout] failures:
[INFO] [stdout]     framework::test::send_handles_conversion_error
[INFO] [stdout] 
[INFO] [stdout] test result: FAILED. 21 passed; 1 failed; 0 ignored; 0 measured; 0 filtered out; finished in 0.03s
[INFO] [stdout] 
[INFO] [stderr] error: test failed, to rerun pass `--lib`
[INFO] running `Command { std: "docker" "inspect" "612cd0a783c3e6a10d0d6584ac3963eff245ce0e58d4905dfc301d0db9bec61e", kill_on_drop: false }`
[INFO] running `Command { std: "docker" "rm" "-f" "612cd0a783c3e6a10d0d6584ac3963eff245ce0e58d4905dfc301d0db9bec61e", kill_on_drop: false }`
[INFO] [stdout] 612cd0a783c3e6a10d0d6584ac3963eff245ce0e58d4905dfc301d0db9bec61e
[INFO] testing stomp-test-utils-0.2.1 against beta-2023-12-22 for beta-1.76-1
[INFO] extracting crate stomp-test-utils 0.2.1 into /workspace/builds/worker-1-tc2/source
[INFO] validating manifest of crates.io crate stomp-test-utils 0.2.1 on toolchain beta-2023-12-22
[INFO] running `Command { std: CARGO_HOME="/workspace/cargo-home" RUSTUP_HOME="/workspace/rustup-home" "/workspace/cargo-home/bin/cargo" "+beta-2023-12-22" "metadata" "--manifest-path" "Cargo.toml" "--no-deps", kill_on_drop: false }`
[INFO] started tweaking crates.io crate stomp-test-utils 0.2.1
[INFO] finished tweaking crates.io crate stomp-test-utils 0.2.1
[INFO] tweaked toml for crates.io crate stomp-test-utils 0.2.1 written to /workspace/builds/worker-1-tc2/source/Cargo.toml
[INFO] running `Command { std: CARGO_HOME="/workspace/cargo-home" RUSTUP_HOME="/workspace/rustup-home" "/workspace/cargo-home/bin/cargo" "+beta-2023-12-22" "generate-lockfile" "--manifest-path" "Cargo.toml", kill_on_drop: false }`
[INFO] [stderr]     Updating crates.io index
[INFO] running `Command { std: CARGO_HOME="/workspace/cargo-home" RUSTUP_HOME="/workspace/rustup-home" "/workspace/cargo-home/bin/cargo" "+beta-2023-12-22" "fetch" "--manifest-path" "Cargo.toml", kill_on_drop: false }`
[INFO] running `Command { std: "docker" "create" "-v" "/var/lib/crater-agent-workspace/builds/worker-1-tc2/target:/opt/rustwide/target:rw,Z" "-v" "/var/lib/crater-agent-workspace/builds/worker-1-tc2/source:/opt/rustwide/workdir:ro,Z" "-v" "/var/lib/crater-agent-workspace/cargo-home:/opt/rustwide/cargo-home:ro,Z" "-v" "/var/lib/crater-agent-workspace/rustup-home:/opt/rustwide/rustup-home:ro,Z" "-e" "SOURCE_DIR=/opt/rustwide/workdir" "-e" "CARGO_TARGET_DIR=/opt/rustwide/target" "-e" "CARGO_HOME=/opt/rustwide/cargo-home" "-e" "RUSTUP_HOME=/opt/rustwide/rustup-home" "-w" "/opt/rustwide/workdir" "-m" "1610612736" "--user" "0:0" "--network" "none" "ghcr.io/rust-lang/crates-build-env/linux@sha256:2788e3201cd34a07e3172128adcd8b3090168a8e3bcc40d7c032b9dda1df7d1c" "/opt/rustwide/cargo-home/bin/cargo" "+beta-2023-12-22" "metadata" "--no-deps" "--format-version=1", kill_on_drop: false }`
[INFO] [stdout] 9a1c861376f118ae4fa81076b985aa29ad4985b4e49c89112d4fb871831c940a
[INFO] running `Command { std: "docker" "start" "-a" "9a1c861376f118ae4fa81076b985aa29ad4985b4e49c89112d4fb871831c940a", kill_on_drop: false }`
[INFO] running `Command { std: "docker" "inspect" "9a1c861376f118ae4fa81076b985aa29ad4985b4e49c89112d4fb871831c940a", kill_on_drop: false }`
[INFO] running `Command { std: "docker" "rm" "-f" "9a1c861376f118ae4fa81076b985aa29ad4985b4e49c89112d4fb871831c940a", kill_on_drop: false }`
[INFO] [stdout] 9a1c861376f118ae4fa81076b985aa29ad4985b4e49c89112d4fb871831c940a
[INFO] running `Command { std: "docker" "create" "-v" "/var/lib/crater-agent-workspace/builds/worker-1-tc2/target:/opt/rustwide/target:rw,Z" "-v" "/var/lib/crater-agent-workspace/builds/worker-1-tc2/source:/opt/rustwide/workdir:ro,Z" "-v" "/var/lib/crater-agent-workspace/cargo-home:/opt/rustwide/cargo-home:ro,Z" "-v" "/var/lib/crater-agent-workspace/rustup-home:/opt/rustwide/rustup-home:ro,Z" "-e" "SOURCE_DIR=/opt/rustwide/workdir" "-e" "CARGO_TARGET_DIR=/opt/rustwide/target" "-e" "CARGO_INCREMENTAL=0" "-e" "RUST_BACKTRACE=full" "-e" "RUSTFLAGS=--cap-lints=warn" "-e" "RUSTDOCFLAGS=--cap-lints=warn" "-e" "CARGO_HOME=/opt/rustwide/cargo-home" "-e" "RUSTUP_HOME=/opt/rustwide/rustup-home" "-w" "/opt/rustwide/workdir" "-m" "1610612736" "--user" "0:0" "--network" "none" "ghcr.io/rust-lang/crates-build-env/linux@sha256:2788e3201cd34a07e3172128adcd8b3090168a8e3bcc40d7c032b9dda1df7d1c" "/opt/rustwide/cargo-home/bin/cargo" "+beta-2023-12-22" "build" "--frozen" "--message-format=json", kill_on_drop: false }`
[INFO] [stdout] 2ad7576a74c2a41582bd6c12dace8472774d0c13adfe2f7dd69c400d0b2ce51c
[INFO] running `Command { std: "docker" "start" "-a" "2ad7576a74c2a41582bd6c12dace8472774d0c13adfe2f7dd69c400d0b2ce51c", kill_on_drop: false }`
[INFO] [stderr]    Compiling slab v0.4.9
[INFO] [stderr]    Compiling pin-project-lite v0.2.13
[INFO] [stderr]    Compiling futures-sink v0.3.30
[INFO] [stderr]    Compiling futures-core v0.3.30
[INFO] [stderr]    Compiling syn v2.0.48
[INFO] [stderr]    Compiling pin-utils v0.1.0
[INFO] [stderr]    Compiling futures-io v0.3.30
[INFO] [stderr]    Compiling futures-task v0.3.30
[INFO] [stderr]    Compiling futures-channel v0.3.30
[INFO] [stderr]    Compiling futures-util v0.3.30
[INFO] [stderr]    Compiling tokio-macros v2.2.0
[INFO] [stderr]    Compiling futures v0.3.30
[INFO] [stderr]    Compiling tokio v1.35.1
[INFO] [stderr]    Compiling stomp-test-utils v0.2.1 (/opt/rustwide/workdir)
[INFO] [stdout] warning: unused import: `convert::TryInto`
[INFO] [stdout]  --> src/framework.rs:1:11
[INFO] [stdout]   |
[INFO] [stdout] 1 | use std::{convert::TryInto, pin::Pin, time::Duration};
[INFO] [stdout]   |           ^^^^^^^^^^^^^^^^
[INFO] [stdout]   |
[INFO] [stdout]   = note: `#[warn(unused_imports)]` on by default
[INFO] [stdout] 
[INFO] [stdout] 
[INFO] [stdout] warning: 1 warning emitted
[INFO] [stdout] 
[INFO] [stdout] 
[INFO] [stderr]     Finished dev [unoptimized + debuginfo] target(s) in 12.52s
[INFO] running `Command { std: "docker" "inspect" "2ad7576a74c2a41582bd6c12dace8472774d0c13adfe2f7dd69c400d0b2ce51c", kill_on_drop: false }`
[INFO] running `Command { std: "docker" "rm" "-f" "2ad7576a74c2a41582bd6c12dace8472774d0c13adfe2f7dd69c400d0b2ce51c", kill_on_drop: false }`
[INFO] [stdout] 2ad7576a74c2a41582bd6c12dace8472774d0c13adfe2f7dd69c400d0b2ce51c
[INFO] running `Command { std: "docker" "create" "-v" "/var/lib/crater-agent-workspace/builds/worker-1-tc2/target:/opt/rustwide/target:rw,Z" "-v" "/var/lib/crater-agent-workspace/builds/worker-1-tc2/source:/opt/rustwide/workdir:ro,Z" "-v" "/var/lib/crater-agent-workspace/cargo-home:/opt/rustwide/cargo-home:ro,Z" "-v" "/var/lib/crater-agent-workspace/rustup-home:/opt/rustwide/rustup-home:ro,Z" "-e" "SOURCE_DIR=/opt/rustwide/workdir" "-e" "CARGO_TARGET_DIR=/opt/rustwide/target" "-e" "CARGO_INCREMENTAL=0" "-e" "RUST_BACKTRACE=full" "-e" "RUSTFLAGS=--cap-lints=warn" "-e" "RUSTDOCFLAGS=--cap-lints=warn" "-e" "CARGO_HOME=/opt/rustwide/cargo-home" "-e" "RUSTUP_HOME=/opt/rustwide/rustup-home" "-w" "/opt/rustwide/workdir" "-m" "1610612736" "--user" "0:0" "--network" "none" "ghcr.io/rust-lang/crates-build-env/linux@sha256:2788e3201cd34a07e3172128adcd8b3090168a8e3bcc40d7c032b9dda1df7d1c" "/opt/rustwide/cargo-home/bin/cargo" "+beta-2023-12-22" "test" "--frozen" "--no-run" "--message-format=json", kill_on_drop: false }`
[INFO] [stdout] d17541058f40c44cf15606681626c9df0e566683d6f37ea9d7be30e4d057ed7e
[INFO] running `Command { std: "docker" "start" "-a" "d17541058f40c44cf15606681626c9df0e566683d6f37ea9d7be30e4d057ed7e", kill_on_drop: false }`
[INFO] [stdout] warning: unused import: `convert::TryInto`
[INFO] [stdout]  --> src/framework.rs:1:11
[INFO] [stdout]   |
[INFO] [stdout] 1 | use std::{convert::TryInto, pin::Pin, time::Duration};
[INFO] [stdout]   |           ^^^^^^^^^^^^^^^^
[INFO] [stdout]   |
[INFO] [stdout]   = note: `#[warn(unused_imports)]` on by default
[INFO] [stdout] 
[INFO] [stdout] 
[INFO] [stdout] warning: 1 warning emitted
[INFO] [stdout] 
[INFO] [stdout] 
[INFO] [stderr]    Compiling stomp-test-utils v0.2.1 (/opt/rustwide/workdir)
[INFO] [stdout] warning: unused import: `convert::TryInto`
[INFO] [stdout]  --> src/framework.rs:1:11
[INFO] [stdout]   |
[INFO] [stdout] 1 | use std::{convert::TryInto, pin::Pin, time::Duration};
[INFO] [stdout]   |           ^^^^^^^^^^^^^^^^
[INFO] [stdout]   |
[INFO] [stdout]   = note: `#[warn(unused_imports)]` on by default
[INFO] [stdout] 
[INFO] [stdout] 
[INFO] [stdout] warning: unused pinned boxed `futures::Future` trait object that must be used
[INFO] [stdout]    --> src/framework.rs:282:9
[INFO] [stdout]     |
[INFO] [stdout] 282 |         behaviour(&mut tx, &mut out_rx);
[INFO] [stdout]     |         ^^^^^^^^^^^^^^^^^^^^^^^^^^^^^^^
[INFO] [stdout]     |
[INFO] [stdout]     = note: futures do nothing unless you `.await` or poll them
[INFO] [stdout]     = note: `#[warn(unused_must_use)]` on by default
[INFO] [stdout] 
[INFO] [stdout] 
[INFO] [stdout] warning: unused pinned boxed `futures::Future` trait object that must be used
[INFO] [stdout]    --> src/framework.rs:326:9
[INFO] [stdout]     |
[INFO] [stdout] 326 |         behaviour(&mut tx, &mut out_rx);
[INFO] [stdout]     |         ^^^^^^^^^^^^^^^^^^^^^^^^^^^^^^^
[INFO] [stdout]     |
[INFO] [stdout]     = note: futures do nothing unless you `.await` or poll them
[INFO] [stdout] 
[INFO] [stdout] 
[INFO] [stdout] warning: 3 warnings emitted
[INFO] [stdout] 
[INFO] [stdout] 
[INFO] [stderr]     Finished test [unoptimized + debuginfo] target(s) in 3.62s
[INFO] running `Command { std: "docker" "inspect" "d17541058f40c44cf15606681626c9df0e566683d6f37ea9d7be30e4d057ed7e", kill_on_drop: false }`
[INFO] running `Command { std: "docker" "rm" "-f" "d17541058f40c44cf15606681626c9df0e566683d6f37ea9d7be30e4d057ed7e", kill_on_drop: false }`
[INFO] [stdout] d17541058f40c44cf15606681626c9df0e566683d6f37ea9d7be30e4d057ed7e
[INFO] running `Command { std: "docker" "create" "-v" "/var/lib/crater-agent-workspace/builds/worker-1-tc2/target:/opt/rustwide/target:rw,Z" "-v" "/var/lib/crater-agent-workspace/builds/worker-1-tc2/source:/opt/rustwide/workdir:ro,Z" "-v" "/var/lib/crater-agent-workspace/cargo-home:/opt/rustwide/cargo-home:ro,Z" "-v" "/var/lib/crater-agent-workspace/rustup-home:/opt/rustwide/rustup-home:ro,Z" "-e" "SOURCE_DIR=/opt/rustwide/workdir" "-e" "CARGO_TARGET_DIR=/opt/rustwide/target" "-e" "CARGO_INCREMENTAL=0" "-e" "RUST_BACKTRACE=full" "-e" "RUSTFLAGS=--cap-lints=warn" "-e" "RUSTDOCFLAGS=--cap-lints=warn" "-e" "CARGO_HOME=/opt/rustwide/cargo-home" "-e" "RUSTUP_HOME=/opt/rustwide/rustup-home" "-w" "/opt/rustwide/workdir" "-m" "1610612736" "--user" "0:0" "--network" "none" "ghcr.io/rust-lang/crates-build-env/linux@sha256:2788e3201cd34a07e3172128adcd8b3090168a8e3bcc40d7c032b9dda1df7d1c" "/opt/rustwide/cargo-home/bin/cargo" "+beta-2023-12-22" "test" "--frozen", kill_on_drop: false }`
[INFO] [stdout] 83d16c32007a5441b8caf59b9f19d0096bedea4cc065dbf017912af437458b71
[INFO] running `Command { std: "docker" "start" "-a" "83d16c32007a5441b8caf59b9f19d0096bedea4cc065dbf017912af437458b71", kill_on_drop: false }`
[INFO] [stderr] warning: unused import: `convert::TryInto`
[INFO] [stderr]  --> src/framework.rs:1:11
[INFO] [stderr]   |
[INFO] [stderr] 1 | use std::{convert::TryInto, pin::Pin, time::Duration};
[INFO] [stderr]   |           ^^^^^^^^^^^^^^^^
[INFO] [stderr]   |
[INFO] [stderr]   = note: `#[warn(unused_imports)]` on by default
[INFO] [stderr] 
[INFO] [stderr] warning: unused pinned boxed `futures::Future` trait object that must be used
[INFO] [stderr]    --> src/framework.rs:282:9
[INFO] [stderr]     |
[INFO] [stderr] 282 |         behaviour(&mut tx, &mut out_rx);
[INFO] [stderr]     |         ^^^^^^^^^^^^^^^^^^^^^^^^^^^^^^^
[INFO] [stderr]     |
[INFO] [stderr]     = note: futures do nothing unless you `.await` or poll them
[INFO] [stderr]     = note: `#[warn(unused_must_use)]` on by default
[INFO] [stderr] 
[INFO] [stderr] warning: unused pinned boxed `futures::Future` trait object that must be used
[INFO] [stderr]    --> src/framework.rs:326:9
[INFO] [stderr]     |
[INFO] [stderr] 326 |         behaviour(&mut tx, &mut out_rx);
[INFO] [stderr]     |         ^^^^^^^^^^^^^^^^^^^^^^^^^^^^^^^
[INFO] [stderr]     |
[INFO] [stderr]     = note: futures do nothing unless you `.await` or poll them
[INFO] [stderr] 
[INFO] [stderr] warning: `stomp-test-utils` (lib) generated 1 warning (run `cargo fix --lib -p stomp-test-utils` to apply 1 suggestion)
[INFO] [stderr] warning: `stomp-test-utils` (lib test) generated 3 warnings (1 duplicate)
[INFO] [stderr]     Finished test [unoptimized + debuginfo] target(s) in 0.05s
[INFO] [stderr]      Running unittests src/lib.rs (/opt/rustwide/target/debug/deps/stomp_test_utils-dbd2c4b06e48c034)
[INFO] [stdout] 
[INFO] [stdout] running 22 tests
[INFO] [stdout] test framework::test::assert_receive_passes_message_to_predicate ... ok
[INFO] [stdout] test framework::test::assert_receive_succeeds_if_message_matches ... ok
[INFO] [stdout] test framework::test::assert_receive_fails_if_predicate_false ... ok
[INFO] [stdout] test framework::test::chaining_works ... ok
[INFO] [stdout] test framework::test::receive_fails_with_incorrect_message ... ok
[INFO] [stdout] test framework::test::send_handles_conversion_error ... FAILED
[INFO] [stdout] test framework::test::send_works ... ok
[INFO] [stdout] test framework::test::receive_succeeds_with_message ... ok
[INFO] [stdout] test framework::test::assert_receive_succeeds_if_session_closed ... ok
[INFO] [stdout] test framework::test::assert_receive_fails_if_no_message ... ok
[INFO] [stdout] test framework::test::send_data_sends ... ok
[INFO] [stdout] test framework::test::send_yields ... ok
[INFO] [stdout] test framework::test::test_expectations_receives_out_from_session ... ok
[INFO] [stdout] test framework::test::test_expectations_fails_if_error_in_session ... ok
[INFO] [stdout] test framework::test::sleep_in_pause_passes_time ... ok
[INFO] [stdout] test framework::test::test_expectations_starts_session ... ok
[INFO] [stdout] test framework::test::test_expectations_executes_behaviour ... ok
[INFO] [stdout] test framework::test::test_expectations_sends_in_to_session ... ok
[INFO] [stdout] test framework::test::wait_for_disconnect_succeeds_if_disconnected ... ok
[INFO] [stdout] test framework::test::test_expectations_succeeds_if_empty ... ok
[INFO] [stdout] test framework::test::test_expectations_fails_if_error_in_behaviour ... ok
[INFO] [stdout] test framework::test::wait_for_disconnect_fails_if_not_disconnected ... ok
[INFO] [stdout] 
[INFO] [stdout] failures:
[INFO] [stdout] 
[INFO] [stdout] failures:
[INFO] [stdout]     framework::test::send_handles_conversion_error
[INFO] [stdout] 
[INFO] [stdout] test result: FAILED. 21 passed; 1 failed; 0 ignored; 0 measured; 0 filtered out; finished in 0.03s
[INFO] [stdout] 
[INFO] [stderr] error: test failed, to rerun pass `--lib`
[INFO] running `Command { std: "docker" "inspect" "83d16c32007a5441b8caf59b9f19d0096bedea4cc065dbf017912af437458b71", kill_on_drop: false }`
[INFO] running `Command { std: "docker" "rm" "-f" "83d16c32007a5441b8caf59b9f19d0096bedea4cc065dbf017912af437458b71", kill_on_drop: false }`
[INFO] [stdout] 83d16c32007a5441b8caf59b9f19d0096bedea4cc065dbf017912af437458b71
