[INFO] fetching crate stoicdreams_timestamp 0.1.1...
[INFO] testing stoicdreams_timestamp-0.1.1 against 1.75.0 for beta-1.76-1
[INFO] extracting crate stoicdreams_timestamp 0.1.1 into /workspace/builds/worker-1-tc1/source
[INFO] validating manifest of crates.io crate stoicdreams_timestamp 0.1.1 on toolchain 1.75.0
[INFO] running `Command { std: CARGO_HOME="/workspace/cargo-home" RUSTUP_HOME="/workspace/rustup-home" "/workspace/cargo-home/bin/cargo" "+1.75.0" "metadata" "--manifest-path" "Cargo.toml" "--no-deps", kill_on_drop: false }`
[INFO] started tweaking crates.io crate stoicdreams_timestamp 0.1.1
[INFO] finished tweaking crates.io crate stoicdreams_timestamp 0.1.1
[INFO] tweaked toml for crates.io crate stoicdreams_timestamp 0.1.1 written to /workspace/builds/worker-1-tc1/source/Cargo.toml
[INFO] running `Command { std: CARGO_HOME="/workspace/cargo-home" RUSTUP_HOME="/workspace/rustup-home" "/workspace/cargo-home/bin/cargo" "+1.75.0" "generate-lockfile" "--manifest-path" "Cargo.toml", kill_on_drop: false }`
[INFO] [stderr]     Updating crates.io index
[INFO] running `Command { std: CARGO_HOME="/workspace/cargo-home" RUSTUP_HOME="/workspace/rustup-home" "/workspace/cargo-home/bin/cargo" "+1.75.0" "fetch" "--manifest-path" "Cargo.toml", kill_on_drop: false }`
[INFO] running `Command { std: "docker" "create" "-v" "/var/lib/crater-agent-workspace/builds/worker-1-tc1/target:/opt/rustwide/target:rw,Z" "-v" "/var/lib/crater-agent-workspace/builds/worker-1-tc1/source:/opt/rustwide/workdir:ro,Z" "-v" "/var/lib/crater-agent-workspace/cargo-home:/opt/rustwide/cargo-home:ro,Z" "-v" "/var/lib/crater-agent-workspace/rustup-home:/opt/rustwide/rustup-home:ro,Z" "-e" "SOURCE_DIR=/opt/rustwide/workdir" "-e" "CARGO_TARGET_DIR=/opt/rustwide/target" "-e" "CARGO_HOME=/opt/rustwide/cargo-home" "-e" "RUSTUP_HOME=/opt/rustwide/rustup-home" "-w" "/opt/rustwide/workdir" "-m" "1610612736" "--user" "0:0" "--network" "none" "ghcr.io/rust-lang/crates-build-env/linux@sha256:2788e3201cd34a07e3172128adcd8b3090168a8e3bcc40d7c032b9dda1df7d1c" "/opt/rustwide/cargo-home/bin/cargo" "+1.75.0" "metadata" "--no-deps" "--format-version=1", kill_on_drop: false }`
[INFO] [stdout] 63cd4a9b1696c8ff5482cd1cd3da6fca2b1accaf8fc5286c2bf388e2245e5cc8
[INFO] running `Command { std: "docker" "start" "-a" "63cd4a9b1696c8ff5482cd1cd3da6fca2b1accaf8fc5286c2bf388e2245e5cc8", kill_on_drop: false }`
[INFO] running `Command { std: "docker" "inspect" "63cd4a9b1696c8ff5482cd1cd3da6fca2b1accaf8fc5286c2bf388e2245e5cc8", kill_on_drop: false }`
[INFO] running `Command { std: "docker" "rm" "-f" "63cd4a9b1696c8ff5482cd1cd3da6fca2b1accaf8fc5286c2bf388e2245e5cc8", kill_on_drop: false }`
[INFO] [stdout] 63cd4a9b1696c8ff5482cd1cd3da6fca2b1accaf8fc5286c2bf388e2245e5cc8
[INFO] running `Command { std: "docker" "create" "-v" "/var/lib/crater-agent-workspace/builds/worker-1-tc1/target:/opt/rustwide/target:rw,Z" "-v" "/var/lib/crater-agent-workspace/builds/worker-1-tc1/source:/opt/rustwide/workdir:ro,Z" "-v" "/var/lib/crater-agent-workspace/cargo-home:/opt/rustwide/cargo-home:ro,Z" "-v" "/var/lib/crater-agent-workspace/rustup-home:/opt/rustwide/rustup-home:ro,Z" "-e" "SOURCE_DIR=/opt/rustwide/workdir" "-e" "CARGO_TARGET_DIR=/opt/rustwide/target" "-e" "CARGO_INCREMENTAL=0" "-e" "RUST_BACKTRACE=full" "-e" "RUSTFLAGS=--cap-lints=warn" "-e" "RUSTDOCFLAGS=--cap-lints=warn" "-e" "CARGO_HOME=/opt/rustwide/cargo-home" "-e" "RUSTUP_HOME=/opt/rustwide/rustup-home" "-w" "/opt/rustwide/workdir" "-m" "1610612736" "--user" "0:0" "--network" "none" "ghcr.io/rust-lang/crates-build-env/linux@sha256:2788e3201cd34a07e3172128adcd8b3090168a8e3bcc40d7c032b9dda1df7d1c" "/opt/rustwide/cargo-home/bin/cargo" "+1.75.0" "build" "--frozen" "--message-format=json", kill_on_drop: false }`
[INFO] [stdout] f847a3249afb42ee1b49507a97967e1c634a08b8dcdd925ed205728bc2c531ae
[INFO] running `Command { std: "docker" "start" "-a" "f847a3249afb42ee1b49507a97967e1c634a08b8dcdd925ed205728bc2c531ae", kill_on_drop: false }`
[INFO] [stderr]    Compiling proc-macro2 v1.0.75
[INFO] [stderr]    Compiling serde v1.0.194
[INFO] [stderr]    Compiling quote v1.0.35
[INFO] [stderr]    Compiling syn v2.0.48
[INFO] [stderr]    Compiling serde_derive v1.0.194
[INFO] [stderr]    Compiling stoicdreams_timestamp v0.1.1 (/opt/rustwide/workdir)
[INFO] [stdout] warning: unused import: `std::time`
[INFO] [stdout]  --> src/stopwatch.rs:3:5
[INFO] [stdout]   |
[INFO] [stdout] 3 | use std::time;
[INFO] [stdout]   |     ^^^^^^^^^
[INFO] [stdout]   |
[INFO] [stdout]   = note: `#[warn(unused_imports)]` on by default
[INFO] [stdout] 
[INFO] [stdout] 
[INFO] [stdout] warning: unused import: `std::time`
[INFO] [stdout]  --> src/timestamp.rs:3:5
[INFO] [stdout]   |
[INFO] [stdout] 3 | use std::time;
[INFO] [stdout]   |     ^^^^^^^^^
[INFO] [stdout] 
[INFO] [stdout] 
[INFO] [stdout] warning: 2 warnings emitted
[INFO] [stdout] 
[INFO] [stdout] 
[INFO] [stderr]     Finished dev [unoptimized + debuginfo] target(s) in 5.78s
[INFO] running `Command { std: "docker" "inspect" "f847a3249afb42ee1b49507a97967e1c634a08b8dcdd925ed205728bc2c531ae", kill_on_drop: false }`
[INFO] running `Command { std: "docker" "rm" "-f" "f847a3249afb42ee1b49507a97967e1c634a08b8dcdd925ed205728bc2c531ae", kill_on_drop: false }`
[INFO] [stdout] f847a3249afb42ee1b49507a97967e1c634a08b8dcdd925ed205728bc2c531ae
[INFO] running `Command { std: "docker" "create" "-v" "/var/lib/crater-agent-workspace/builds/worker-1-tc1/target:/opt/rustwide/target:rw,Z" "-v" "/var/lib/crater-agent-workspace/builds/worker-1-tc1/source:/opt/rustwide/workdir:ro,Z" "-v" "/var/lib/crater-agent-workspace/cargo-home:/opt/rustwide/cargo-home:ro,Z" "-v" "/var/lib/crater-agent-workspace/rustup-home:/opt/rustwide/rustup-home:ro,Z" "-e" "SOURCE_DIR=/opt/rustwide/workdir" "-e" "CARGO_TARGET_DIR=/opt/rustwide/target" "-e" "CARGO_INCREMENTAL=0" "-e" "RUST_BACKTRACE=full" "-e" "RUSTFLAGS=--cap-lints=warn" "-e" "RUSTDOCFLAGS=--cap-lints=warn" "-e" "CARGO_HOME=/opt/rustwide/cargo-home" "-e" "RUSTUP_HOME=/opt/rustwide/rustup-home" "-w" "/opt/rustwide/workdir" "-m" "1610612736" "--user" "0:0" "--network" "none" "ghcr.io/rust-lang/crates-build-env/linux@sha256:2788e3201cd34a07e3172128adcd8b3090168a8e3bcc40d7c032b9dda1df7d1c" "/opt/rustwide/cargo-home/bin/cargo" "+1.75.0" "test" "--frozen" "--no-run" "--message-format=json", kill_on_drop: false }`
[INFO] [stdout] 8f4771ef133f7b01cf823dc2e9f268fbfd68f8832989f3e4816b83c52b303d57
[INFO] running `Command { std: "docker" "start" "-a" "8f4771ef133f7b01cf823dc2e9f268fbfd68f8832989f3e4816b83c52b303d57", kill_on_drop: false }`
[INFO] [stdout] warning: unused import: `std::time`
[INFO] [stdout]  --> src/stopwatch.rs:3:5
[INFO] [stdout]   |
[INFO] [stdout] 3 | use std::time;
[INFO] [stdout]   |     ^^^^^^^^^
[INFO] [stdout]   |
[INFO] [stdout]   = note: `#[warn(unused_imports)]` on by default
[INFO] [stdout] 
[INFO] [stdout] 
[INFO] [stderr]    Compiling stoicdreams_timestamp v0.1.1 (/opt/rustwide/workdir)
[INFO] [stdout] warning: unused import: `std::time`
[INFO] [stdout]  --> src/timestamp.rs:3:5
[INFO] [stdout]   |
[INFO] [stdout] 3 | use std::time;
[INFO] [stdout]   |     ^^^^^^^^^
[INFO] [stdout] 
[INFO] [stdout] 
[INFO] [stdout] warning: 2 warnings emitted
[INFO] [stdout] 
[INFO] [stdout] 
[INFO] [stdout] warning: unused import: `std::time`
[INFO] [stdout]  --> src/stopwatch.rs:3:5
[INFO] [stdout]   |
[INFO] [stdout] 3 | use std::time;
[INFO] [stdout]   |     ^^^^^^^^^
[INFO] [stdout]   |
[INFO] [stdout]   = note: `#[warn(unused_imports)]` on by default
[INFO] [stdout] 
[INFO] [stdout] 
[INFO] [stdout] warning: unused import: `std::time`
[INFO] [stdout]  --> src/timestamp.rs:3:5
[INFO] [stdout]   |
[INFO] [stdout] 3 | use std::time;
[INFO] [stdout]   |     ^^^^^^^^^
[INFO] [stdout] 
[INFO] [stdout] 
[INFO] [stdout] warning: unused import: `std::f32::consts::E`
[INFO] [stdout]    --> src/timestamp.rs:111:9
[INFO] [stdout]     |
[INFO] [stdout] 111 |     use std::f32::consts::E;
[INFO] [stdout]     |         ^^^^^^^^^^^^^^^^^^^
[INFO] [stdout] 
[INFO] [stdout] 
[INFO] [stdout] warning: 3 warnings emitted
[INFO] [stdout] 
[INFO] [stdout] 
[INFO] [stderr]     Finished test [unoptimized + debuginfo] target(s) in 0.38s
[INFO] running `Command { std: "docker" "inspect" "8f4771ef133f7b01cf823dc2e9f268fbfd68f8832989f3e4816b83c52b303d57", kill_on_drop: false }`
[INFO] running `Command { std: "docker" "rm" "-f" "8f4771ef133f7b01cf823dc2e9f268fbfd68f8832989f3e4816b83c52b303d57", kill_on_drop: false }`
[INFO] [stdout] 8f4771ef133f7b01cf823dc2e9f268fbfd68f8832989f3e4816b83c52b303d57
[INFO] running `Command { std: "docker" "create" "-v" "/var/lib/crater-agent-workspace/builds/worker-1-tc1/target:/opt/rustwide/target:rw,Z" "-v" "/var/lib/crater-agent-workspace/builds/worker-1-tc1/source:/opt/rustwide/workdir:ro,Z" "-v" "/var/lib/crater-agent-workspace/cargo-home:/opt/rustwide/cargo-home:ro,Z" "-v" "/var/lib/crater-agent-workspace/rustup-home:/opt/rustwide/rustup-home:ro,Z" "-e" "SOURCE_DIR=/opt/rustwide/workdir" "-e" "CARGO_TARGET_DIR=/opt/rustwide/target" "-e" "CARGO_INCREMENTAL=0" "-e" "RUST_BACKTRACE=full" "-e" "RUSTFLAGS=--cap-lints=warn" "-e" "RUSTDOCFLAGS=--cap-lints=warn" "-e" "CARGO_HOME=/opt/rustwide/cargo-home" "-e" "RUSTUP_HOME=/opt/rustwide/rustup-home" "-w" "/opt/rustwide/workdir" "-m" "1610612736" "--user" "0:0" "--network" "none" "ghcr.io/rust-lang/crates-build-env/linux@sha256:2788e3201cd34a07e3172128adcd8b3090168a8e3bcc40d7c032b9dda1df7d1c" "/opt/rustwide/cargo-home/bin/cargo" "+1.75.0" "test" "--frozen", kill_on_drop: false }`
[INFO] [stdout] 7cef599cf6d013ab3389aa664bcde3d207f4ddeaa3616cff1a4fc2f6f0cf9983
[INFO] running `Command { std: "docker" "start" "-a" "7cef599cf6d013ab3389aa664bcde3d207f4ddeaa3616cff1a4fc2f6f0cf9983", kill_on_drop: false }`
[INFO] [stderr] warning: unused import: `std::time`
[INFO] [stderr]  --> src/stopwatch.rs:3:5
[INFO] [stderr]   |
[INFO] [stderr] 3 | use std::time;
[INFO] [stderr]   |     ^^^^^^^^^
[INFO] [stderr]   |
[INFO] [stderr]   = note: `#[warn(unused_imports)]` on by default
[INFO] [stderr] 
[INFO] [stderr] warning: unused import: `std::time`
[INFO] [stderr]  --> src/timestamp.rs:3:5
[INFO] [stderr]   |
[INFO] [stderr] 3 | use std::time;
[INFO] [stderr]   |     ^^^^^^^^^
[INFO] [stderr] 
[INFO] [stderr] warning: unused import: `std::f32::consts::E`
[INFO] [stderr]    --> src/timestamp.rs:111:9
[INFO] [stderr]     |
[INFO] [stderr] 111 |     use std::f32::consts::E;
[INFO] [stderr]     |         ^^^^^^^^^^^^^^^^^^^
[INFO] [stderr] 
[INFO] [stderr] warning: `stoicdreams_timestamp` (lib) generated 2 warnings (run `cargo fix --lib -p stoicdreams_timestamp` to apply 2 suggestions)
[INFO] [stderr] warning: `stoicdreams_timestamp` (lib test) generated 3 warnings (2 duplicates) (run `cargo fix --lib -p stoicdreams_timestamp --tests` to apply 1 suggestion)
[INFO] [stderr]     Finished test [unoptimized + debuginfo] target(s) in 0.01s
[INFO] [stderr]      Running unittests src/lib.rs (/opt/rustwide/target/debug/deps/stoicdreams_timestamp-53e9ed9d35f26b43)
[INFO] [stdout] 
[INFO] [stdout] running 9 tests
[INFO] [stdout] test datetime::tests::test_datetime_formatting_from_milliseconds ... ok
[INFO] [stdout] test datetime::tests::test_datetime_formatting_pre_1970 ... ok
[INFO] [stdout] test datetime::tests::test_datetime_formatting_from_new ... ok
[INFO] [stdout] test precisetime::tests::test_time_formatting ... ok
[INFO] [stdout] test precisetime::tests::test_time_formatting_from_zero ... ok
[INFO] [stdout] test stopwatch::tests::test_stopwatch_expecting_some_nanoseconds_to_pass ... ok
[INFO] [stdout] test time::tests::test_time_formatting ... ok
[INFO] [stdout] test time::tests::test_time_formatting_from_zero ... ok
[INFO] [stdout] test timestamp::tests::test_timestamp_formatting ... ok
[INFO] [stdout] 
[INFO] [stdout] test result: ok. 9 passed; 0 failed; 0 ignored; 0 measured; 0 filtered out; finished in 0.00s
[INFO] [stdout] 
[INFO] [stderr]    Doc-tests stoicdreams_timestamp
[INFO] [stdout] 
[INFO] [stdout] running 18 tests
[INFO] [stdout] test src/precisetime.rs - precisetime::PreciseTime (line 72) ... ok
[INFO] [stdout] test src/precisetime.rs - precisetime::PreciseTime (line 12) ... ok
[INFO] [stdout] test src/precisetime.rs - precisetime::PreciseTime (line 117) ... ok
[INFO] [stdout] test src/time.rs - time::Time (line 52) ... ok
[INFO] [stdout] test src/precisetime.rs - precisetime::PreciseTime (line 102) ... ok
[INFO] [stdout] test src/precisetime.rs - precisetime::PreciseTime (line 87) ... ok
[INFO] [stdout] test src/precisetime.rs - precisetime::PreciseTime (line 42) ... ok
[INFO] [stdout] test src/time.rs - time::Time (line 16) ... ok
[INFO] [stdout] test src/precisetime.rs - precisetime::PreciseTime (line 27) ... ok
[INFO] [stdout] test src/datetime.rs - datetime::DateTime (line 13) ... ok
[INFO] [stdout] test src/stopwatch.rs - stopwatch::StopWatch (line 14) ... ok
[INFO] [stdout] test src/time.rs - time::Time (line 64) ... ok
[INFO] [stdout] test src/precisetime.rs - precisetime::PreciseTime (line 132) ... ok
[INFO] [stdout] test src/time.rs - time::Time (line 28) ... ok
[INFO] [stdout] test src/precisetime.rs - precisetime::PreciseTime (line 57) ... ok
[INFO] [stdout] test src/time.rs - time::Time (line 40) ... ok
[INFO] [stdout] test src/time.rs - time::Time (line 76) ... ok
[INFO] [stdout] test src/timestamp.rs - timestamp::TimeStamp (line 21) ... FAILED
[INFO] [stdout] 
[INFO] [stdout] failures:
[INFO] [stdout] 
[INFO] [stdout] ---- src/timestamp.rs - timestamp::TimeStamp (line 21) stdout ----
[INFO] [stdout] Test executable failed (exit status: 101).
[INFO] [stdout] 
[INFO] [stdout] stderr:
[INFO] [stdout] thread 'main' panicked at src/timestamp.rs:15:1:
[INFO] [stdout] assertion `left == right` failed
[INFO] [stdout]   left: false
[INFO] [stdout]  right: true
[INFO] [stdout] stack backtrace:
[INFO] [stdout]    0:     0x561de57c9f0c - std::backtrace_rs::backtrace::libunwind::trace::ha637c64ce894333a
[INFO] [stdout]                                at /rustc/82e1608dfa6e0b5569232559e3d385fea5a93112/library/std/src/../../backtrace/src/backtrace/libunwind.rs:104:5
[INFO] [stdout]    1:     0x561de57c9f0c - std::backtrace_rs::backtrace::trace_unsynchronized::h47f62dea28e0c88d
[INFO] [stdout]                                at /rustc/82e1608dfa6e0b5569232559e3d385fea5a93112/library/std/src/../../backtrace/src/backtrace/mod.rs:66:5
[INFO] [stdout]    2:     0x561de57c9f0c - std::sys_common::backtrace::_print_fmt::h9eef0abe20ede486
[INFO] [stdout]                                at /rustc/82e1608dfa6e0b5569232559e3d385fea5a93112/library/std/src/sys_common/backtrace.rs:67:5
[INFO] [stdout]    3:     0x561de57c9f0c - <std::sys_common::backtrace::_print::DisplayBacktrace as core::fmt::Display>::fmt::hed7f999df88cc644
[INFO] [stdout]                                at /rustc/82e1608dfa6e0b5569232559e3d385fea5a93112/library/std/src/sys_common/backtrace.rs:44:22
[INFO] [stdout]    4:     0x561de57e9dc0 - core::fmt::rt::Argument::fmt::h1539a9308b8d058d
[INFO] [stdout]                                at /rustc/82e1608dfa6e0b5569232559e3d385fea5a93112/library/core/src/fmt/rt.rs:142:9
[INFO] [stdout]    5:     0x561de57e9dc0 - core::fmt::write::h3a39390d8560d9c9
[INFO] [stdout]                                at /rustc/82e1608dfa6e0b5569232559e3d385fea5a93112/library/core/src/fmt/mod.rs:1120:17
[INFO] [stdout]    6:     0x561de57c836f - std::io::Write::write_fmt::h5fc9997dfe05f882
[INFO] [stdout]                                at /rustc/82e1608dfa6e0b5569232559e3d385fea5a93112/library/std/src/io/mod.rs:1762:15
[INFO] [stdout]    7:     0x561de57c9cf4 - std::sys_common::backtrace::_print::h894006fb5c6f3d45
[INFO] [stdout]                                at /rustc/82e1608dfa6e0b5569232559e3d385fea5a93112/library/std/src/sys_common/backtrace.rs:47:5
[INFO] [stdout]    8:     0x561de57c9cf4 - std::sys_common::backtrace::print::h23a2d212c6fff936
[INFO] [stdout]                                at /rustc/82e1608dfa6e0b5569232559e3d385fea5a93112/library/std/src/sys_common/backtrace.rs:34:9
[INFO] [stdout]    9:     0x561de57cb207 - std::panicking::default_hook::{{closure}}::h8a1d2ee00185001a
[INFO] [stdout]   10:     0x561de57caf6f - std::panicking::default_hook::h6038f2eba384e475
[INFO] [stdout]                                at /rustc/82e1608dfa6e0b5569232559e3d385fea5a93112/library/std/src/panicking.rs:292:9
[INFO] [stdout]   11:     0x561de57cb688 - std::panicking::rust_panic_with_hook::h2b5517d590cab22e
[INFO] [stdout]                                at /rustc/82e1608dfa6e0b5569232559e3d385fea5a93112/library/std/src/panicking.rs:779:13
[INFO] [stdout]   12:     0x561de57cb56e - std::panicking::begin_panic_handler::{{closure}}::h233112c06e0ef43e
[INFO] [stdout]                                at /rustc/82e1608dfa6e0b5569232559e3d385fea5a93112/library/std/src/panicking.rs:657:13
[INFO] [stdout]   13:     0x561de57ca3d6 - std::sys_common::backtrace::__rust_end_short_backtrace::h6e893f24d7ebbff8
[INFO] [stdout]                                at /rustc/82e1608dfa6e0b5569232559e3d385fea5a93112/library/std/src/sys_common/backtrace.rs:170:18
[INFO] [stdout]   14:     0x561de57cb2d2 - rust_begin_unwind
[INFO] [stdout]                                at /rustc/82e1608dfa6e0b5569232559e3d385fea5a93112/library/std/src/panicking.rs:645:5
[INFO] [stdout]   15:     0x561de57a2e05 - core::panicking::panic_fmt::hbf0e066aabfa482c
[INFO] [stdout]                                at /rustc/82e1608dfa6e0b5569232559e3d385fea5a93112/library/core/src/panicking.rs:72:14
[INFO] [stdout]   16:     0x561de57a30eb - core::panicking::assert_failed_inner::h0bba8b7c26ee4492
[INFO] [stdout]   17:     0x561de57a38aa - core::panicking::assert_failed::hab85631668664e42
[INFO] [stdout]   18:     0x561de57a3d04 - rust_out::main::_doctest_main_src_timestamp_rs_21_0::hffefa44c3eff4fa5
[INFO] [stdout]   19:     0x561de57a3a06 - rust_out::main::hc20c0d07e2402830
[INFO] [stdout]   20:     0x561de57a36a3 - core::ops::function::FnOnce::call_once::hbc459743598298c4
[INFO] [stdout]   21:     0x561de57a35f6 - std::sys_common::backtrace::__rust_begin_short_backtrace::h62debe7d3058b76a
[INFO] [stdout]   22:     0x561de57a3649 - std::rt::lang_start::{{closure}}::h8f486f3e1e6418b2
[INFO] [stdout]   23:     0x561de57c5f07 - core::ops::function::impls::<impl core::ops::function::FnOnce<A> for &F>::call_once::hd95060ecd5e1ca24
[INFO] [stdout]                                at /rustc/82e1608dfa6e0b5569232559e3d385fea5a93112/library/core/src/ops/function.rs:284:13
[INFO] [stdout]   24:     0x561de57c5f07 - std::panicking::try::do_call::h6e8cf51db32a6e4b
[INFO] [stdout]                                at /rustc/82e1608dfa6e0b5569232559e3d385fea5a93112/library/std/src/panicking.rs:552:40
[INFO] [stdout]   25:     0x561de57c5f07 - std::panicking::try::h3a52eefe24fe3c29
[INFO] [stdout]                                at /rustc/82e1608dfa6e0b5569232559e3d385fea5a93112/library/std/src/panicking.rs:516:19
[INFO] [stdout]   26:     0x561de57c5f07 - std::panic::catch_unwind::h24c28c23c02c3841
[INFO] [stdout]                                at /rustc/82e1608dfa6e0b5569232559e3d385fea5a93112/library/std/src/panic.rs:142:14
[INFO] [stdout]   27:     0x561de57c5f07 - std::rt::lang_start_internal::{{closure}}::h705d3c9cbc06ef47
[INFO] [stdout]                                at /rustc/82e1608dfa6e0b5569232559e3d385fea5a93112/library/std/src/rt.rs:148:48
[INFO] [stdout]   28:     0x561de57c5f07 - std::panicking::try::do_call::ha21f52ba13158470
[INFO] [stdout]                                at /rustc/82e1608dfa6e0b5569232559e3d385fea5a93112/library/std/src/panicking.rs:552:40
[INFO] [stdout]   29:     0x561de57c5f07 - std::panicking::try::h5581346bf6aeb1f8
[INFO] [stdout]                                at /rustc/82e1608dfa6e0b5569232559e3d385fea5a93112/library/std/src/panicking.rs:516:19
[INFO] [stdout]   30:     0x561de57c5f07 - std::panic::catch_unwind::h7919645a6b72e25b
[INFO] [stdout]                                at /rustc/82e1608dfa6e0b5569232559e3d385fea5a93112/library/std/src/panic.rs:142:14
[INFO] [stdout]   31:     0x561de57c5f07 - std::rt::lang_start_internal::h12de51168669836e
[INFO] [stdout]                                at /rustc/82e1608dfa6e0b5569232559e3d385fea5a93112/library/std/src/rt.rs:148:20
[INFO] [stdout]   32:     0x561de57a3627 - std::rt::lang_start::h2c48f91a7bf85629
[INFO] [stdout]   33:     0x561de57a3f45 - main
[INFO] [stdout]   34:     0x7f15b30eed90 - <unknown>
[INFO] [stdout]   35:     0x7f15b30eee40 - __libc_start_main
[INFO] [stdout]   36:     0x561de57a3525 - _start
[INFO] [stdout]   37:                0x0 - <unknown>
[INFO] [stdout] 
[INFO] [stdout] 
[INFO] [stdout] 
[INFO] [stdout] failures:
[INFO] [stdout]     src/timestamp.rs - timestamp::TimeStamp (line 21)
[INFO] [stdout] 
[INFO] [stdout] test result: FAILED. 17 passed; 1 failed; 0 ignored; 0 measured; 0 filtered out; finished in 1.40s
[INFO] [stdout] 
[INFO] [stderr] error: doctest failed, to rerun pass `--doc`
[INFO] running `Command { std: "docker" "inspect" "7cef599cf6d013ab3389aa664bcde3d207f4ddeaa3616cff1a4fc2f6f0cf9983", kill_on_drop: false }`
[INFO] running `Command { std: "docker" "rm" "-f" "7cef599cf6d013ab3389aa664bcde3d207f4ddeaa3616cff1a4fc2f6f0cf9983", kill_on_drop: false }`
[INFO] [stdout] 7cef599cf6d013ab3389aa664bcde3d207f4ddeaa3616cff1a4fc2f6f0cf9983
