[INFO] fetching crate stochastic-queue 0.2.0...
[INFO] testing stochastic-queue-0.2.0 against 1.75.0 for beta-1.76-1
[INFO] extracting crate stochastic-queue 0.2.0 into /workspace/builds/worker-0-tc1/source
[INFO] validating manifest of crates.io crate stochastic-queue 0.2.0 on toolchain 1.75.0
[INFO] running `Command { std: CARGO_HOME="/workspace/cargo-home" RUSTUP_HOME="/workspace/rustup-home" "/workspace/cargo-home/bin/cargo" "+1.75.0" "metadata" "--manifest-path" "Cargo.toml" "--no-deps", kill_on_drop: false }`
[INFO] started tweaking crates.io crate stochastic-queue 0.2.0
[INFO] finished tweaking crates.io crate stochastic-queue 0.2.0
[INFO] tweaked toml for crates.io crate stochastic-queue 0.2.0 written to /workspace/builds/worker-0-tc1/source/Cargo.toml
[INFO] running `Command { std: CARGO_HOME="/workspace/cargo-home" RUSTUP_HOME="/workspace/rustup-home" "/workspace/cargo-home/bin/cargo" "+1.75.0" "generate-lockfile" "--manifest-path" "Cargo.toml", kill_on_drop: false }`
[INFO] [stderr]     Updating crates.io index
[INFO] running `Command { std: CARGO_HOME="/workspace/cargo-home" RUSTUP_HOME="/workspace/rustup-home" "/workspace/cargo-home/bin/cargo" "+1.75.0" "fetch" "--manifest-path" "Cargo.toml", kill_on_drop: false }`
[INFO] running `Command { std: "docker" "create" "-v" "/var/lib/crater-agent-workspace/builds/worker-0-tc1/target:/opt/rustwide/target:rw,Z" "-v" "/var/lib/crater-agent-workspace/builds/worker-0-tc1/source:/opt/rustwide/workdir:ro,Z" "-v" "/var/lib/crater-agent-workspace/cargo-home:/opt/rustwide/cargo-home:ro,Z" "-v" "/var/lib/crater-agent-workspace/rustup-home:/opt/rustwide/rustup-home:ro,Z" "-e" "SOURCE_DIR=/opt/rustwide/workdir" "-e" "CARGO_TARGET_DIR=/opt/rustwide/target" "-e" "CARGO_HOME=/opt/rustwide/cargo-home" "-e" "RUSTUP_HOME=/opt/rustwide/rustup-home" "-w" "/opt/rustwide/workdir" "-m" "1610612736" "--user" "0:0" "--network" "none" "ghcr.io/rust-lang/crates-build-env/linux@sha256:2788e3201cd34a07e3172128adcd8b3090168a8e3bcc40d7c032b9dda1df7d1c" "/opt/rustwide/cargo-home/bin/cargo" "+1.75.0" "metadata" "--no-deps" "--format-version=1", kill_on_drop: false }`
[INFO] [stdout] 8ed5052fd444ce5a8fffd2f557a3ba5eac7d89f49785ab5cab7d6f9275901105
[INFO] running `Command { std: "docker" "start" "-a" "8ed5052fd444ce5a8fffd2f557a3ba5eac7d89f49785ab5cab7d6f9275901105", kill_on_drop: false }`
[INFO] running `Command { std: "docker" "inspect" "8ed5052fd444ce5a8fffd2f557a3ba5eac7d89f49785ab5cab7d6f9275901105", kill_on_drop: false }`
[INFO] running `Command { std: "docker" "rm" "-f" "8ed5052fd444ce5a8fffd2f557a3ba5eac7d89f49785ab5cab7d6f9275901105", kill_on_drop: false }`
[INFO] [stdout] 8ed5052fd444ce5a8fffd2f557a3ba5eac7d89f49785ab5cab7d6f9275901105
[INFO] running `Command { std: "docker" "create" "-v" "/var/lib/crater-agent-workspace/builds/worker-0-tc1/target:/opt/rustwide/target:rw,Z" "-v" "/var/lib/crater-agent-workspace/builds/worker-0-tc1/source:/opt/rustwide/workdir:ro,Z" "-v" "/var/lib/crater-agent-workspace/cargo-home:/opt/rustwide/cargo-home:ro,Z" "-v" "/var/lib/crater-agent-workspace/rustup-home:/opt/rustwide/rustup-home:ro,Z" "-e" "SOURCE_DIR=/opt/rustwide/workdir" "-e" "CARGO_TARGET_DIR=/opt/rustwide/target" "-e" "CARGO_INCREMENTAL=0" "-e" "RUST_BACKTRACE=full" "-e" "RUSTFLAGS=--cap-lints=warn" "-e" "RUSTDOCFLAGS=--cap-lints=warn" "-e" "CARGO_HOME=/opt/rustwide/cargo-home" "-e" "RUSTUP_HOME=/opt/rustwide/rustup-home" "-w" "/opt/rustwide/workdir" "-m" "1610612736" "--user" "0:0" "--network" "none" "ghcr.io/rust-lang/crates-build-env/linux@sha256:2788e3201cd34a07e3172128adcd8b3090168a8e3bcc40d7c032b9dda1df7d1c" "/opt/rustwide/cargo-home/bin/cargo" "+1.75.0" "build" "--frozen" "--message-format=json", kill_on_drop: false }`
[INFO] [stdout] 4d1d2b4ca7ed3add829c78c97e95632ea3f8016ccb7adbfc260825d4b62be717
[INFO] running `Command { std: "docker" "start" "-a" "4d1d2b4ca7ed3add829c78c97e95632ea3f8016ccb7adbfc260825d4b62be717", kill_on_drop: false }`
[INFO] [stderr]    Compiling libc v0.2.151
[INFO] [stderr]    Compiling cfg-if v1.0.0
[INFO] [stderr]    Compiling ppv-lite86 v0.2.17
[INFO] [stderr]    Compiling getrandom v0.2.11
[INFO] [stderr]    Compiling rand_core v0.6.4
[INFO] [stderr]    Compiling rand_chacha v0.3.1
[INFO] [stderr]    Compiling rand v0.8.5
[INFO] [stderr]    Compiling stochastic-queue v0.2.0 (/opt/rustwide/workdir)
[INFO] [stderr]     Finished dev [unoptimized + debuginfo] target(s) in 1.35s
[INFO] running `Command { std: "docker" "inspect" "4d1d2b4ca7ed3add829c78c97e95632ea3f8016ccb7adbfc260825d4b62be717", kill_on_drop: false }`
[INFO] running `Command { std: "docker" "rm" "-f" "4d1d2b4ca7ed3add829c78c97e95632ea3f8016ccb7adbfc260825d4b62be717", kill_on_drop: false }`
[INFO] [stdout] 4d1d2b4ca7ed3add829c78c97e95632ea3f8016ccb7adbfc260825d4b62be717
[INFO] running `Command { std: "docker" "create" "-v" "/var/lib/crater-agent-workspace/builds/worker-0-tc1/target:/opt/rustwide/target:rw,Z" "-v" "/var/lib/crater-agent-workspace/builds/worker-0-tc1/source:/opt/rustwide/workdir:ro,Z" "-v" "/var/lib/crater-agent-workspace/cargo-home:/opt/rustwide/cargo-home:ro,Z" "-v" "/var/lib/crater-agent-workspace/rustup-home:/opt/rustwide/rustup-home:ro,Z" "-e" "SOURCE_DIR=/opt/rustwide/workdir" "-e" "CARGO_TARGET_DIR=/opt/rustwide/target" "-e" "CARGO_INCREMENTAL=0" "-e" "RUST_BACKTRACE=full" "-e" "RUSTFLAGS=--cap-lints=warn" "-e" "RUSTDOCFLAGS=--cap-lints=warn" "-e" "CARGO_HOME=/opt/rustwide/cargo-home" "-e" "RUSTUP_HOME=/opt/rustwide/rustup-home" "-w" "/opt/rustwide/workdir" "-m" "1610612736" "--user" "0:0" "--network" "none" "ghcr.io/rust-lang/crates-build-env/linux@sha256:2788e3201cd34a07e3172128adcd8b3090168a8e3bcc40d7c032b9dda1df7d1c" "/opt/rustwide/cargo-home/bin/cargo" "+1.75.0" "test" "--frozen" "--no-run" "--message-format=json", kill_on_drop: false }`
[INFO] [stdout] f5d481c6b5a747496e4e10e3242fc652bfec7b782b475877a0be90c1582e6074
[INFO] running `Command { std: "docker" "start" "-a" "f5d481c6b5a747496e4e10e3242fc652bfec7b782b475877a0be90c1582e6074", kill_on_drop: false }`
[INFO] [stderr]    Compiling stochastic-queue v0.2.0 (/opt/rustwide/workdir)
[INFO] [stderr]     Finished test [unoptimized + debuginfo] target(s) in 0.23s
[INFO] running `Command { std: "docker" "inspect" "f5d481c6b5a747496e4e10e3242fc652bfec7b782b475877a0be90c1582e6074", kill_on_drop: false }`
[INFO] running `Command { std: "docker" "rm" "-f" "f5d481c6b5a747496e4e10e3242fc652bfec7b782b475877a0be90c1582e6074", kill_on_drop: false }`
[INFO] [stdout] f5d481c6b5a747496e4e10e3242fc652bfec7b782b475877a0be90c1582e6074
[INFO] running `Command { std: "docker" "create" "-v" "/var/lib/crater-agent-workspace/builds/worker-0-tc1/target:/opt/rustwide/target:rw,Z" "-v" "/var/lib/crater-agent-workspace/builds/worker-0-tc1/source:/opt/rustwide/workdir:ro,Z" "-v" "/var/lib/crater-agent-workspace/cargo-home:/opt/rustwide/cargo-home:ro,Z" "-v" "/var/lib/crater-agent-workspace/rustup-home:/opt/rustwide/rustup-home:ro,Z" "-e" "SOURCE_DIR=/opt/rustwide/workdir" "-e" "CARGO_TARGET_DIR=/opt/rustwide/target" "-e" "CARGO_INCREMENTAL=0" "-e" "RUST_BACKTRACE=full" "-e" "RUSTFLAGS=--cap-lints=warn" "-e" "RUSTDOCFLAGS=--cap-lints=warn" "-e" "CARGO_HOME=/opt/rustwide/cargo-home" "-e" "RUSTUP_HOME=/opt/rustwide/rustup-home" "-w" "/opt/rustwide/workdir" "-m" "1610612736" "--user" "0:0" "--network" "none" "ghcr.io/rust-lang/crates-build-env/linux@sha256:2788e3201cd34a07e3172128adcd8b3090168a8e3bcc40d7c032b9dda1df7d1c" "/opt/rustwide/cargo-home/bin/cargo" "+1.75.0" "test" "--frozen", kill_on_drop: false }`
[INFO] [stdout] 9969c631b6fc55ed7fecb85fc089978ed0efcd4122f859c73eeac049cff1cd59
[INFO] running `Command { std: "docker" "start" "-a" "9969c631b6fc55ed7fecb85fc089978ed0efcd4122f859c73eeac049cff1cd59", kill_on_drop: false }`
[INFO] [stderr]     Finished test [unoptimized + debuginfo] target(s) in 0.00s
[INFO] [stderr]      Running unittests src/lib.rs (/opt/rustwide/target/debug/deps/stochastic_queue-3093af7faa053c93)
[INFO] [stdout] 
[INFO] [stdout] running 0 tests
[INFO] [stdout] 
[INFO] [stdout] test result: ok. 0 passed; 0 failed; 0 ignored; 0 measured; 0 filtered out; finished in 0.00s
[INFO] [stdout] 
[INFO] [stderr]    Doc-tests stochastic-queue
[INFO] [stdout] 
[INFO] [stdout] running 1 test
[INFO] [stdout] test src/mpmc_sync.rs - mpmc_sync::stochastic_channel (line 182) ... FAILED
[INFO] [stdout] 
[INFO] [stdout] failures:
[INFO] [stdout] 
[INFO] [stdout] ---- src/mpmc_sync.rs - mpmc_sync::stochastic_channel (line 182) stdout ----
[INFO] [stdout] error[E0432]: unresolved import `stochastic_queue::stochastic_channel`
[INFO] [stdout]  --> src/mpmc_sync.rs:185:5
[INFO] [stdout]   |
[INFO] [stdout] 6 | use stochastic_queue::stochastic_channel;
[INFO] [stdout]   |     ^^^^^^^^^^^^^^^^^^^^^^^^^^^^^^^^^^^^ no `stochastic_channel` in the root
[INFO] [stdout] 
[INFO] [stdout] error: aborting due to previous error
[INFO] [stdout] 
[INFO] [stdout] For more information about this error, try `rustc --explain E0432`.
[INFO] [stdout] Couldn't compile the test.
[INFO] [stdout] 
[INFO] [stdout] failures:
[INFO] [stdout]     src/mpmc_sync.rs - mpmc_sync::stochastic_channel (line 182)
[INFO] [stdout] 
[INFO] [stdout] test result: FAILED. 0 passed; 1 failed; 0 ignored; 0 measured; 0 filtered out; finished in 0.05s
[INFO] [stdout] 
[INFO] [stderr] error: doctest failed, to rerun pass `--doc`
[INFO] running `Command { std: "docker" "inspect" "9969c631b6fc55ed7fecb85fc089978ed0efcd4122f859c73eeac049cff1cd59", kill_on_drop: false }`
[INFO] running `Command { std: "docker" "rm" "-f" "9969c631b6fc55ed7fecb85fc089978ed0efcd4122f859c73eeac049cff1cd59", kill_on_drop: false }`
[INFO] [stdout] 9969c631b6fc55ed7fecb85fc089978ed0efcd4122f859c73eeac049cff1cd59
