[INFO] fetching crate stivale-proc 0.1.0...
[INFO] testing stivale-proc-0.1.0 against 1.75.0 for beta-1.76-1
[INFO] extracting crate stivale-proc 0.1.0 into /workspace/builds/worker-3-tc1/source
[INFO] validating manifest of crates.io crate stivale-proc 0.1.0 on toolchain 1.75.0
[INFO] running `Command { std: CARGO_HOME="/workspace/cargo-home" RUSTUP_HOME="/workspace/rustup-home" "/workspace/cargo-home/bin/cargo" "+1.75.0" "metadata" "--manifest-path" "Cargo.toml" "--no-deps", kill_on_drop: false }`
[INFO] started tweaking crates.io crate stivale-proc 0.1.0
[INFO] finished tweaking crates.io crate stivale-proc 0.1.0
[INFO] tweaked toml for crates.io crate stivale-proc 0.1.0 written to /workspace/builds/worker-3-tc1/source/Cargo.toml
[INFO] running `Command { std: CARGO_HOME="/workspace/cargo-home" RUSTUP_HOME="/workspace/rustup-home" "/workspace/cargo-home/bin/cargo" "+1.75.0" "generate-lockfile" "--manifest-path" "Cargo.toml", kill_on_drop: false }`
[INFO] [stderr]     Blocking waiting for file lock on package cache
[INFO] [stderr]     Updating crates.io index
[INFO] running `Command { std: CARGO_HOME="/workspace/cargo-home" RUSTUP_HOME="/workspace/rustup-home" "/workspace/cargo-home/bin/cargo" "+1.75.0" "fetch" "--manifest-path" "Cargo.toml", kill_on_drop: false }`
[INFO] [stderr]     Blocking waiting for file lock on package cache
[INFO] running `Command { std: "docker" "create" "-v" "/var/lib/crater-agent-workspace/builds/worker-3-tc1/target:/opt/rustwide/target:rw,Z" "-v" "/var/lib/crater-agent-workspace/builds/worker-3-tc1/source:/opt/rustwide/workdir:ro,Z" "-v" "/var/lib/crater-agent-workspace/cargo-home:/opt/rustwide/cargo-home:ro,Z" "-v" "/var/lib/crater-agent-workspace/rustup-home:/opt/rustwide/rustup-home:ro,Z" "-e" "SOURCE_DIR=/opt/rustwide/workdir" "-e" "CARGO_TARGET_DIR=/opt/rustwide/target" "-e" "CARGO_HOME=/opt/rustwide/cargo-home" "-e" "RUSTUP_HOME=/opt/rustwide/rustup-home" "-w" "/opt/rustwide/workdir" "-m" "1610612736" "--user" "0:0" "--network" "none" "ghcr.io/rust-lang/crates-build-env/linux@sha256:2788e3201cd34a07e3172128adcd8b3090168a8e3bcc40d7c032b9dda1df7d1c" "/opt/rustwide/cargo-home/bin/cargo" "+1.75.0" "metadata" "--no-deps" "--format-version=1", kill_on_drop: false }`
[INFO] [stdout] 86b6488febff13247dd8984402a1e5091b72cd6d01275035f33ff8c64aec3488
[INFO] running `Command { std: "docker" "start" "-a" "86b6488febff13247dd8984402a1e5091b72cd6d01275035f33ff8c64aec3488", kill_on_drop: false }`
[INFO] running `Command { std: "docker" "inspect" "86b6488febff13247dd8984402a1e5091b72cd6d01275035f33ff8c64aec3488", kill_on_drop: false }`
[INFO] running `Command { std: "docker" "rm" "-f" "86b6488febff13247dd8984402a1e5091b72cd6d01275035f33ff8c64aec3488", kill_on_drop: false }`
[INFO] [stdout] 86b6488febff13247dd8984402a1e5091b72cd6d01275035f33ff8c64aec3488
[INFO] running `Command { std: "docker" "create" "-v" "/var/lib/crater-agent-workspace/builds/worker-3-tc1/target:/opt/rustwide/target:rw,Z" "-v" "/var/lib/crater-agent-workspace/builds/worker-3-tc1/source:/opt/rustwide/workdir:ro,Z" "-v" "/var/lib/crater-agent-workspace/cargo-home:/opt/rustwide/cargo-home:ro,Z" "-v" "/var/lib/crater-agent-workspace/rustup-home:/opt/rustwide/rustup-home:ro,Z" "-e" "SOURCE_DIR=/opt/rustwide/workdir" "-e" "CARGO_TARGET_DIR=/opt/rustwide/target" "-e" "CARGO_INCREMENTAL=0" "-e" "RUST_BACKTRACE=full" "-e" "RUSTFLAGS=--cap-lints=warn" "-e" "RUSTDOCFLAGS=--cap-lints=warn" "-e" "CARGO_HOME=/opt/rustwide/cargo-home" "-e" "RUSTUP_HOME=/opt/rustwide/rustup-home" "-w" "/opt/rustwide/workdir" "-m" "1610612736" "--user" "0:0" "--network" "none" "ghcr.io/rust-lang/crates-build-env/linux@sha256:2788e3201cd34a07e3172128adcd8b3090168a8e3bcc40d7c032b9dda1df7d1c" "/opt/rustwide/cargo-home/bin/cargo" "+1.75.0" "build" "--frozen" "--message-format=json", kill_on_drop: false }`
[INFO] [stdout] 7da51446062450a6281f400d37e9ac0136b14dac8b0528f1d5428351afc1f690
[INFO] running `Command { std: "docker" "start" "-a" "7da51446062450a6281f400d37e9ac0136b14dac8b0528f1d5428351afc1f690", kill_on_drop: false }`
[INFO] [stderr]    Compiling proc-macro2 v1.0.75
[INFO] [stderr]    Compiling quote v1.0.35
[INFO] [stderr]    Compiling syn v1.0.109
[INFO] [stderr]    Compiling stivale-proc v0.1.0 (/opt/rustwide/workdir)
[INFO] [stderr]     Finished dev [unoptimized + debuginfo] target(s) in 5.45s
[INFO] running `Command { std: "docker" "inspect" "7da51446062450a6281f400d37e9ac0136b14dac8b0528f1d5428351afc1f690", kill_on_drop: false }`
[INFO] running `Command { std: "docker" "rm" "-f" "7da51446062450a6281f400d37e9ac0136b14dac8b0528f1d5428351afc1f690", kill_on_drop: false }`
[INFO] [stdout] 7da51446062450a6281f400d37e9ac0136b14dac8b0528f1d5428351afc1f690
[INFO] running `Command { std: "docker" "create" "-v" "/var/lib/crater-agent-workspace/builds/worker-3-tc1/target:/opt/rustwide/target:rw,Z" "-v" "/var/lib/crater-agent-workspace/builds/worker-3-tc1/source:/opt/rustwide/workdir:ro,Z" "-v" "/var/lib/crater-agent-workspace/cargo-home:/opt/rustwide/cargo-home:ro,Z" "-v" "/var/lib/crater-agent-workspace/rustup-home:/opt/rustwide/rustup-home:ro,Z" "-e" "SOURCE_DIR=/opt/rustwide/workdir" "-e" "CARGO_TARGET_DIR=/opt/rustwide/target" "-e" "CARGO_INCREMENTAL=0" "-e" "RUST_BACKTRACE=full" "-e" "RUSTFLAGS=--cap-lints=warn" "-e" "RUSTDOCFLAGS=--cap-lints=warn" "-e" "CARGO_HOME=/opt/rustwide/cargo-home" "-e" "RUSTUP_HOME=/opt/rustwide/rustup-home" "-w" "/opt/rustwide/workdir" "-m" "1610612736" "--user" "0:0" "--network" "none" "ghcr.io/rust-lang/crates-build-env/linux@sha256:2788e3201cd34a07e3172128adcd8b3090168a8e3bcc40d7c032b9dda1df7d1c" "/opt/rustwide/cargo-home/bin/cargo" "+1.75.0" "test" "--frozen" "--no-run" "--message-format=json", kill_on_drop: false }`
[INFO] [stdout] 5bbae5906a741335e9e6943d7e530329e2b35ebe17cda6e496954808e484b7fd
[INFO] running `Command { std: "docker" "start" "-a" "5bbae5906a741335e9e6943d7e530329e2b35ebe17cda6e496954808e484b7fd", kill_on_drop: false }`
[INFO] [stderr]    Compiling stivale-proc v0.1.0 (/opt/rustwide/workdir)
[INFO] [stderr]     Finished test [unoptimized + debuginfo] target(s) in 0.69s
[INFO] running `Command { std: "docker" "inspect" "5bbae5906a741335e9e6943d7e530329e2b35ebe17cda6e496954808e484b7fd", kill_on_drop: false }`
[INFO] running `Command { std: "docker" "rm" "-f" "5bbae5906a741335e9e6943d7e530329e2b35ebe17cda6e496954808e484b7fd", kill_on_drop: false }`
[INFO] [stdout] 5bbae5906a741335e9e6943d7e530329e2b35ebe17cda6e496954808e484b7fd
[INFO] running `Command { std: "docker" "create" "-v" "/var/lib/crater-agent-workspace/builds/worker-3-tc1/target:/opt/rustwide/target:rw,Z" "-v" "/var/lib/crater-agent-workspace/builds/worker-3-tc1/source:/opt/rustwide/workdir:ro,Z" "-v" "/var/lib/crater-agent-workspace/cargo-home:/opt/rustwide/cargo-home:ro,Z" "-v" "/var/lib/crater-agent-workspace/rustup-home:/opt/rustwide/rustup-home:ro,Z" "-e" "SOURCE_DIR=/opt/rustwide/workdir" "-e" "CARGO_TARGET_DIR=/opt/rustwide/target" "-e" "CARGO_INCREMENTAL=0" "-e" "RUST_BACKTRACE=full" "-e" "RUSTFLAGS=--cap-lints=warn" "-e" "RUSTDOCFLAGS=--cap-lints=warn" "-e" "CARGO_HOME=/opt/rustwide/cargo-home" "-e" "RUSTUP_HOME=/opt/rustwide/rustup-home" "-w" "/opt/rustwide/workdir" "-m" "1610612736" "--user" "0:0" "--network" "none" "ghcr.io/rust-lang/crates-build-env/linux@sha256:2788e3201cd34a07e3172128adcd8b3090168a8e3bcc40d7c032b9dda1df7d1c" "/opt/rustwide/cargo-home/bin/cargo" "+1.75.0" "test" "--frozen", kill_on_drop: false }`
[INFO] [stdout] 52a6a1804317c84a590dd9afeaa5158fd6af234d8a675398b42800ebe6a88240
[INFO] running `Command { std: "docker" "start" "-a" "52a6a1804317c84a590dd9afeaa5158fd6af234d8a675398b42800ebe6a88240", kill_on_drop: false }`
[INFO] [stderr]     Finished test [unoptimized + debuginfo] target(s) in 0.02s
[INFO] [stderr]      Running unittests src/lib.rs (/opt/rustwide/target/debug/deps/stivale_proc-bf4625e3d0e5a1b7)
[INFO] [stdout] 
[INFO] [stderr]    Doc-tests stivale-proc
[INFO] [stdout] running 0 tests
[INFO] [stdout] 
[INFO] [stdout] test result: ok. 0 passed; 0 failed; 0 ignored; 0 measured; 0 filtered out; finished in 0.00s
[INFO] [stdout] 
[INFO] [stderr] warning: unknown attribute `norun`. Did you mean `no_run`?
[INFO] [stderr]   --> src/lib.rs:5:1
[INFO] [stderr]    |
[INFO] [stderr] 5  | / /// The header structure needs to reside in the `.stivale2hdr` ELF section
[INFO] [stderr] 6  | | /// in order for the bootloader to find it. The use of this macro instructs
[INFO] [stderr] 7  | | /// the compiler to put the following structure in the said section.
[INFO] [stderr] 8  | | ///
[INFO] [stderr] ...  |
[INFO] [stderr] 17 | | /// static STIVALE_HDR: StivaleHeader = StivaleHeader::new();
[INFO] [stderr] 18 | | /// ```
[INFO] [stderr]    | |_______^
[INFO] [stderr]    |
[INFO] [stderr]    = help: the code block will either not be tested if not marked as a rust one or will be run (which you might not want)
[INFO] [stderr]    = note: `#[warn(rustdoc::invalid_codeblock_attributes)]` on by default
[INFO] [stderr] 
[INFO] [stderr] warning: 1 warning emitted
[INFO] [stderr] 
[INFO] [stdout] 
[INFO] [stdout] running 1 test
[INFO] [stdout] test src/lib.rs - stivale2hdr (line 10) ... FAILED
[INFO] [stderr] error: doctest failed, to rerun pass `--doc`
[INFO] [stdout] 
[INFO] [stdout] failures:
[INFO] [stdout] 
[INFO] [stdout] ---- src/lib.rs - stivale2hdr (line 10) stdout ----
[INFO] [stdout] error[E0463]: can't find crate for `stivale_boot`
[INFO] [stdout]  --> src/lib.rs:12:1
[INFO] [stdout]   |
[INFO] [stdout] 4 | extern crate stivale_boot;
[INFO] [stdout]   | ^^^^^^^^^^^^^^^^^^^^^^^^^^ can't find crate
[INFO] [stdout] 
[INFO] [stdout] error: cannot find attribute `stivale2hdr` in this scope
[INFO] [stdout]  --> src/lib.rs:16:3
[INFO] [stdout]   |
[INFO] [stdout] 8 | #[stivale2hdr]
[INFO] [stdout]   |   ^^^^^^^^^^^
[INFO] [stdout]   |
[INFO] [stdout] help: consider importing this attribute macro
[INFO] [stdout]   |
[INFO] [stdout] 2 + use stivale_proc::stivale2hdr;
[INFO] [stdout]   |
[INFO] [stdout] 
[INFO] [stdout] error: aborting due to 2 previous errors
[INFO] [stdout] 
[INFO] [stdout] For more information about this error, try `rustc --explain E0463`.
[INFO] [stdout] Couldn't compile the test.
[INFO] [stdout] 
[INFO] [stdout] failures:
[INFO] [stdout]     src/lib.rs - stivale2hdr (line 10)
[INFO] [stdout] 
[INFO] [stdout] test result: FAILED. 0 passed; 1 failed; 0 ignored; 0 measured; 0 filtered out; finished in 0.08s
[INFO] [stdout] 
[INFO] running `Command { std: "docker" "inspect" "52a6a1804317c84a590dd9afeaa5158fd6af234d8a675398b42800ebe6a88240", kill_on_drop: false }`
[INFO] running `Command { std: "docker" "rm" "-f" "52a6a1804317c84a590dd9afeaa5158fd6af234d8a675398b42800ebe6a88240", kill_on_drop: false }`
[INFO] [stdout] 52a6a1804317c84a590dd9afeaa5158fd6af234d8a675398b42800ebe6a88240
[INFO] testing stivale-proc-0.1.0 against beta-2023-12-22 for beta-1.76-1
[INFO] extracting crate stivale-proc 0.1.0 into /workspace/builds/worker-3-tc2/source
[INFO] validating manifest of crates.io crate stivale-proc 0.1.0 on toolchain beta-2023-12-22
[INFO] running `Command { std: CARGO_HOME="/workspace/cargo-home" RUSTUP_HOME="/workspace/rustup-home" "/workspace/cargo-home/bin/cargo" "+beta-2023-12-22" "metadata" "--manifest-path" "Cargo.toml" "--no-deps", kill_on_drop: false }`
[INFO] started tweaking crates.io crate stivale-proc 0.1.0
[INFO] finished tweaking crates.io crate stivale-proc 0.1.0
[INFO] tweaked toml for crates.io crate stivale-proc 0.1.0 written to /workspace/builds/worker-3-tc2/source/Cargo.toml
[INFO] running `Command { std: CARGO_HOME="/workspace/cargo-home" RUSTUP_HOME="/workspace/rustup-home" "/workspace/cargo-home/bin/cargo" "+beta-2023-12-22" "generate-lockfile" "--manifest-path" "Cargo.toml", kill_on_drop: false }`
[INFO] [stderr]     Updating crates.io index
[INFO] running `Command { std: CARGO_HOME="/workspace/cargo-home" RUSTUP_HOME="/workspace/rustup-home" "/workspace/cargo-home/bin/cargo" "+beta-2023-12-22" "fetch" "--manifest-path" "Cargo.toml", kill_on_drop: false }`
[INFO] running `Command { std: "docker" "create" "-v" "/var/lib/crater-agent-workspace/builds/worker-3-tc2/target:/opt/rustwide/target:rw,Z" "-v" "/var/lib/crater-agent-workspace/builds/worker-3-tc2/source:/opt/rustwide/workdir:ro,Z" "-v" "/var/lib/crater-agent-workspace/cargo-home:/opt/rustwide/cargo-home:ro,Z" "-v" "/var/lib/crater-agent-workspace/rustup-home:/opt/rustwide/rustup-home:ro,Z" "-e" "SOURCE_DIR=/opt/rustwide/workdir" "-e" "CARGO_TARGET_DIR=/opt/rustwide/target" "-e" "CARGO_HOME=/opt/rustwide/cargo-home" "-e" "RUSTUP_HOME=/opt/rustwide/rustup-home" "-w" "/opt/rustwide/workdir" "-m" "1610612736" "--user" "0:0" "--network" "none" "ghcr.io/rust-lang/crates-build-env/linux@sha256:2788e3201cd34a07e3172128adcd8b3090168a8e3bcc40d7c032b9dda1df7d1c" "/opt/rustwide/cargo-home/bin/cargo" "+beta-2023-12-22" "metadata" "--no-deps" "--format-version=1", kill_on_drop: false }`
[INFO] [stdout] 3518fd0910887fe79b42cfd963e58c9541be99af5f2ad4616d5ae89433e7760b
[INFO] running `Command { std: "docker" "start" "-a" "3518fd0910887fe79b42cfd963e58c9541be99af5f2ad4616d5ae89433e7760b", kill_on_drop: false }`
[INFO] running `Command { std: "docker" "inspect" "3518fd0910887fe79b42cfd963e58c9541be99af5f2ad4616d5ae89433e7760b", kill_on_drop: false }`
[INFO] running `Command { std: "docker" "rm" "-f" "3518fd0910887fe79b42cfd963e58c9541be99af5f2ad4616d5ae89433e7760b", kill_on_drop: false }`
[INFO] [stdout] 3518fd0910887fe79b42cfd963e58c9541be99af5f2ad4616d5ae89433e7760b
[INFO] running `Command { std: "docker" "create" "-v" "/var/lib/crater-agent-workspace/builds/worker-3-tc2/target:/opt/rustwide/target:rw,Z" "-v" "/var/lib/crater-agent-workspace/builds/worker-3-tc2/source:/opt/rustwide/workdir:ro,Z" "-v" "/var/lib/crater-agent-workspace/cargo-home:/opt/rustwide/cargo-home:ro,Z" "-v" "/var/lib/crater-agent-workspace/rustup-home:/opt/rustwide/rustup-home:ro,Z" "-e" "SOURCE_DIR=/opt/rustwide/workdir" "-e" "CARGO_TARGET_DIR=/opt/rustwide/target" "-e" "CARGO_INCREMENTAL=0" "-e" "RUST_BACKTRACE=full" "-e" "RUSTFLAGS=--cap-lints=warn" "-e" "RUSTDOCFLAGS=--cap-lints=warn" "-e" "CARGO_HOME=/opt/rustwide/cargo-home" "-e" "RUSTUP_HOME=/opt/rustwide/rustup-home" "-w" "/opt/rustwide/workdir" "-m" "1610612736" "--user" "0:0" "--network" "none" "ghcr.io/rust-lang/crates-build-env/linux@sha256:2788e3201cd34a07e3172128adcd8b3090168a8e3bcc40d7c032b9dda1df7d1c" "/opt/rustwide/cargo-home/bin/cargo" "+beta-2023-12-22" "build" "--frozen" "--message-format=json", kill_on_drop: false }`
[INFO] [stdout] 7f75d2ad18b9e0832c05775d6e39c8a8b8a29e2e73df3ba531ffc7f89bb2fffe
[INFO] running `Command { std: "docker" "start" "-a" "7f75d2ad18b9e0832c05775d6e39c8a8b8a29e2e73df3ba531ffc7f89bb2fffe", kill_on_drop: false }`
[INFO] [stderr]    Compiling proc-macro2 v1.0.75
[INFO] [stderr]    Compiling quote v1.0.35
[INFO] [stderr]    Compiling syn v1.0.109
[INFO] [stderr]    Compiling stivale-proc v0.1.0 (/opt/rustwide/workdir)
[INFO] [stderr]     Finished dev [unoptimized + debuginfo] target(s) in 5.10s
[INFO] running `Command { std: "docker" "inspect" "7f75d2ad18b9e0832c05775d6e39c8a8b8a29e2e73df3ba531ffc7f89bb2fffe", kill_on_drop: false }`
[INFO] running `Command { std: "docker" "rm" "-f" "7f75d2ad18b9e0832c05775d6e39c8a8b8a29e2e73df3ba531ffc7f89bb2fffe", kill_on_drop: false }`
[INFO] [stdout] 7f75d2ad18b9e0832c05775d6e39c8a8b8a29e2e73df3ba531ffc7f89bb2fffe
[INFO] running `Command { std: "docker" "create" "-v" "/var/lib/crater-agent-workspace/builds/worker-3-tc2/target:/opt/rustwide/target:rw,Z" "-v" "/var/lib/crater-agent-workspace/builds/worker-3-tc2/source:/opt/rustwide/workdir:ro,Z" "-v" "/var/lib/crater-agent-workspace/cargo-home:/opt/rustwide/cargo-home:ro,Z" "-v" "/var/lib/crater-agent-workspace/rustup-home:/opt/rustwide/rustup-home:ro,Z" "-e" "SOURCE_DIR=/opt/rustwide/workdir" "-e" "CARGO_TARGET_DIR=/opt/rustwide/target" "-e" "CARGO_INCREMENTAL=0" "-e" "RUST_BACKTRACE=full" "-e" "RUSTFLAGS=--cap-lints=warn" "-e" "RUSTDOCFLAGS=--cap-lints=warn" "-e" "CARGO_HOME=/opt/rustwide/cargo-home" "-e" "RUSTUP_HOME=/opt/rustwide/rustup-home" "-w" "/opt/rustwide/workdir" "-m" "1610612736" "--user" "0:0" "--network" "none" "ghcr.io/rust-lang/crates-build-env/linux@sha256:2788e3201cd34a07e3172128adcd8b3090168a8e3bcc40d7c032b9dda1df7d1c" "/opt/rustwide/cargo-home/bin/cargo" "+beta-2023-12-22" "test" "--frozen" "--no-run" "--message-format=json", kill_on_drop: false }`
[INFO] [stdout] 2bd7a24bdd9fd9679d7fd676a2bdfc7bb4b43eba1b148c65355a926628bcbcad
[INFO] running `Command { std: "docker" "start" "-a" "2bd7a24bdd9fd9679d7fd676a2bdfc7bb4b43eba1b148c65355a926628bcbcad", kill_on_drop: false }`
[INFO] [stderr]    Compiling stivale-proc v0.1.0 (/opt/rustwide/workdir)
[INFO] [stderr]     Finished test [unoptimized + debuginfo] target(s) in 0.67s
[INFO] running `Command { std: "docker" "inspect" "2bd7a24bdd9fd9679d7fd676a2bdfc7bb4b43eba1b148c65355a926628bcbcad", kill_on_drop: false }`
[INFO] running `Command { std: "docker" "rm" "-f" "2bd7a24bdd9fd9679d7fd676a2bdfc7bb4b43eba1b148c65355a926628bcbcad", kill_on_drop: false }`
[INFO] [stdout] 2bd7a24bdd9fd9679d7fd676a2bdfc7bb4b43eba1b148c65355a926628bcbcad
[INFO] running `Command { std: "docker" "create" "-v" "/var/lib/crater-agent-workspace/builds/worker-3-tc2/target:/opt/rustwide/target:rw,Z" "-v" "/var/lib/crater-agent-workspace/builds/worker-3-tc2/source:/opt/rustwide/workdir:ro,Z" "-v" "/var/lib/crater-agent-workspace/cargo-home:/opt/rustwide/cargo-home:ro,Z" "-v" "/var/lib/crater-agent-workspace/rustup-home:/opt/rustwide/rustup-home:ro,Z" "-e" "SOURCE_DIR=/opt/rustwide/workdir" "-e" "CARGO_TARGET_DIR=/opt/rustwide/target" "-e" "CARGO_INCREMENTAL=0" "-e" "RUST_BACKTRACE=full" "-e" "RUSTFLAGS=--cap-lints=warn" "-e" "RUSTDOCFLAGS=--cap-lints=warn" "-e" "CARGO_HOME=/opt/rustwide/cargo-home" "-e" "RUSTUP_HOME=/opt/rustwide/rustup-home" "-w" "/opt/rustwide/workdir" "-m" "1610612736" "--user" "0:0" "--network" "none" "ghcr.io/rust-lang/crates-build-env/linux@sha256:2788e3201cd34a07e3172128adcd8b3090168a8e3bcc40d7c032b9dda1df7d1c" "/opt/rustwide/cargo-home/bin/cargo" "+beta-2023-12-22" "test" "--frozen", kill_on_drop: false }`
[INFO] [stdout] a464392a7dc83f40396c591ab8c58d485b332f016da29552cec3009520f2ffca
[INFO] running `Command { std: "docker" "start" "-a" "a464392a7dc83f40396c591ab8c58d485b332f016da29552cec3009520f2ffca", kill_on_drop: false }`
[INFO] [stderr]     Finished test [unoptimized + debuginfo] target(s) in 0.02s
[INFO] [stderr]      Running unittests src/lib.rs (/opt/rustwide/target/debug/deps/stivale_proc-7d1f81560271ace9)
[INFO] [stderr]    Doc-tests stivale-proc
[INFO] [stdout] 
[INFO] [stdout] running 0 tests
[INFO] [stdout] 
[INFO] [stdout] test result: ok. 0 passed; 0 failed; 0 ignored; 0 measured; 0 filtered out; finished in 0.00s
[INFO] [stdout] 
[INFO] [stderr] warning: unknown attribute `norun`
[INFO] [stderr]   --> src/lib.rs:5:1
[INFO] [stderr]    |
[INFO] [stderr] 5  | / /// The header structure needs to reside in the `.stivale2hdr` ELF section
[INFO] [stderr] 6  | | /// in order for the bootloader to find it. The use of this macro instructs
[INFO] [stderr] 7  | | /// the compiler to put the following structure in the said section.
[INFO] [stderr] 8  | | ///
[INFO] [stderr] ...  |
[INFO] [stderr] 17 | | /// static STIVALE_HDR: StivaleHeader = StivaleHeader::new();
[INFO] [stderr] 18 | | /// ```
[INFO] [stderr]    | |_______^
[INFO] [stderr]    |
[INFO] [stderr]    = help: there is an attribute with a similar name: `no_run`
[INFO] [stderr]    = help: the code block will either not be tested if not marked as a rust one or will be run (which you might not want)
[INFO] [stderr]    = note: `#[warn(rustdoc::invalid_codeblock_attributes)]` on by default
[INFO] [stderr] 
[INFO] [stderr] warning: 1 warning emitted
[INFO] [stderr] 
[INFO] [stdout] 
[INFO] [stdout] running 1 test
[INFO] [stderr] error: doctest failed, to rerun pass `--doc`
[INFO] [stdout] test src/lib.rs - stivale2hdr (line 10) ... FAILED
[INFO] [stdout] 
[INFO] [stdout] failures:
[INFO] [stdout] 
[INFO] [stdout] ---- src/lib.rs - stivale2hdr (line 10) stdout ----
[INFO] [stdout] error[E0463]: can't find crate for `stivale_boot`
[INFO] [stdout]  --> src/lib.rs:12:1
[INFO] [stdout]   |
[INFO] [stdout] 4 | extern crate stivale_boot;
[INFO] [stdout]   | ^^^^^^^^^^^^^^^^^^^^^^^^^^ can't find crate
[INFO] [stdout] 
[INFO] [stdout] error: cannot find attribute `stivale2hdr` in this scope
[INFO] [stdout]  --> src/lib.rs:16:3
[INFO] [stdout]   |
[INFO] [stdout] 8 | #[stivale2hdr]
[INFO] [stdout]   |   ^^^^^^^^^^^
[INFO] [stdout]   |
[INFO] [stdout] help: consider importing this attribute macro
[INFO] [stdout]   |
[INFO] [stdout] 2 + use stivale_proc::stivale2hdr;
[INFO] [stdout]   |
[INFO] [stdout] 
[INFO] [stdout] error: aborting due to 2 previous errors
[INFO] [stdout] 
[INFO] [stdout] For more information about this error, try `rustc --explain E0463`.
[INFO] [stdout] Couldn't compile the test.
[INFO] [stdout] 
[INFO] [stdout] failures:
[INFO] [stdout]     src/lib.rs - stivale2hdr (line 10)
[INFO] [stdout] 
[INFO] [stdout] test result: FAILED. 0 passed; 1 failed; 0 ignored; 0 measured; 0 filtered out; finished in 0.09s
[INFO] [stdout] 
[INFO] running `Command { std: "docker" "inspect" "a464392a7dc83f40396c591ab8c58d485b332f016da29552cec3009520f2ffca", kill_on_drop: false }`
[INFO] running `Command { std: "docker" "rm" "-f" "a464392a7dc83f40396c591ab8c58d485b332f016da29552cec3009520f2ffca", kill_on_drop: false }`
[INFO] [stdout] a464392a7dc83f40396c591ab8c58d485b332f016da29552cec3009520f2ffca
