[INFO] fetching crate stilts 0.2.1...
[INFO] testing stilts-0.2.1 against 1.75.0 for beta-1.76-1
[INFO] extracting crate stilts 0.2.1 into /workspace/builds/worker-3-tc1/source
[INFO] validating manifest of crates.io crate stilts 0.2.1 on toolchain 1.75.0
[INFO] running `Command { std: CARGO_HOME="/workspace/cargo-home" RUSTUP_HOME="/workspace/rustup-home" "/workspace/cargo-home/bin/cargo" "+1.75.0" "metadata" "--manifest-path" "Cargo.toml" "--no-deps", kill_on_drop: false }`
[INFO] started tweaking crates.io crate stilts 0.2.1
[INFO] finished tweaking crates.io crate stilts 0.2.1
[INFO] tweaked toml for crates.io crate stilts 0.2.1 written to /workspace/builds/worker-3-tc1/source/Cargo.toml
[INFO] running `Command { std: CARGO_HOME="/workspace/cargo-home" RUSTUP_HOME="/workspace/rustup-home" "/workspace/cargo-home/bin/cargo" "+1.75.0" "generate-lockfile" "--manifest-path" "Cargo.toml", kill_on_drop: false }`
[INFO] [stderr]     Blocking waiting for file lock on package cache
[INFO] [stderr]     Updating crates.io index
[INFO] running `Command { std: CARGO_HOME="/workspace/cargo-home" RUSTUP_HOME="/workspace/rustup-home" "/workspace/cargo-home/bin/cargo" "+1.75.0" "fetch" "--manifest-path" "Cargo.toml", kill_on_drop: false }`
[INFO] [stderr]     Blocking waiting for file lock on package cache
[INFO] [stderr]     Blocking waiting for file lock on package cache
[INFO] [stderr]  Downloading crates ...
[INFO] [stderr]   Downloaded stilts-lang v0.2.0
[INFO] [stderr]   Downloaded stilts-macros v0.2.1
[INFO] running `Command { std: "docker" "create" "-v" "/var/lib/crater-agent-workspace/builds/worker-3-tc1/target:/opt/rustwide/target:rw,Z" "-v" "/var/lib/crater-agent-workspace/builds/worker-3-tc1/source:/opt/rustwide/workdir:ro,Z" "-v" "/var/lib/crater-agent-workspace/cargo-home:/opt/rustwide/cargo-home:ro,Z" "-v" "/var/lib/crater-agent-workspace/rustup-home:/opt/rustwide/rustup-home:ro,Z" "-e" "SOURCE_DIR=/opt/rustwide/workdir" "-e" "CARGO_TARGET_DIR=/opt/rustwide/target" "-e" "CARGO_HOME=/opt/rustwide/cargo-home" "-e" "RUSTUP_HOME=/opt/rustwide/rustup-home" "-w" "/opt/rustwide/workdir" "-m" "1610612736" "--user" "0:0" "--network" "none" "ghcr.io/rust-lang/crates-build-env/linux@sha256:2788e3201cd34a07e3172128adcd8b3090168a8e3bcc40d7c032b9dda1df7d1c" "/opt/rustwide/cargo-home/bin/cargo" "+1.75.0" "metadata" "--no-deps" "--format-version=1", kill_on_drop: false }`
[INFO] [stdout] df40d5f1eee16969c17e71e9fd44e59b0b69d5f646eee8da473a87ca42d04006
[INFO] running `Command { std: "docker" "start" "-a" "df40d5f1eee16969c17e71e9fd44e59b0b69d5f646eee8da473a87ca42d04006", kill_on_drop: false }`
[INFO] running `Command { std: "docker" "inspect" "df40d5f1eee16969c17e71e9fd44e59b0b69d5f646eee8da473a87ca42d04006", kill_on_drop: false }`
[INFO] running `Command { std: "docker" "rm" "-f" "df40d5f1eee16969c17e71e9fd44e59b0b69d5f646eee8da473a87ca42d04006", kill_on_drop: false }`
[INFO] [stdout] df40d5f1eee16969c17e71e9fd44e59b0b69d5f646eee8da473a87ca42d04006
[INFO] running `Command { std: "docker" "create" "-v" "/var/lib/crater-agent-workspace/builds/worker-3-tc1/target:/opt/rustwide/target:rw,Z" "-v" "/var/lib/crater-agent-workspace/builds/worker-3-tc1/source:/opt/rustwide/workdir:ro,Z" "-v" "/var/lib/crater-agent-workspace/cargo-home:/opt/rustwide/cargo-home:ro,Z" "-v" "/var/lib/crater-agent-workspace/rustup-home:/opt/rustwide/rustup-home:ro,Z" "-e" "SOURCE_DIR=/opt/rustwide/workdir" "-e" "CARGO_TARGET_DIR=/opt/rustwide/target" "-e" "CARGO_INCREMENTAL=0" "-e" "RUST_BACKTRACE=full" "-e" "RUSTFLAGS=--cap-lints=warn" "-e" "RUSTDOCFLAGS=--cap-lints=warn" "-e" "CARGO_HOME=/opt/rustwide/cargo-home" "-e" "RUSTUP_HOME=/opt/rustwide/rustup-home" "-w" "/opt/rustwide/workdir" "-m" "1610612736" "--user" "0:0" "--network" "none" "ghcr.io/rust-lang/crates-build-env/linux@sha256:2788e3201cd34a07e3172128adcd8b3090168a8e3bcc40d7c032b9dda1df7d1c" "/opt/rustwide/cargo-home/bin/cargo" "+1.75.0" "build" "--frozen" "--message-format=json", kill_on_drop: false }`
[INFO] [stdout] f74d8c8f693e4efa0dc28a622b7567503f76d60b2ce3a24335c0f20ed9f932f2
[INFO] running `Command { std: "docker" "start" "-a" "f74d8c8f693e4efa0dc28a622b7567503f76d60b2ce3a24335c0f20ed9f932f2", kill_on_drop: false }`
[INFO] [stderr]    Compiling proc-macro2 v1.0.75
[INFO] [stderr]    Compiling serde v1.0.194
[INFO] [stderr]    Compiling serde_json v1.0.111
[INFO] [stderr]    Compiling camino v1.1.6
[INFO] [stderr]    Compiling semver v1.0.21
[INFO] [stderr]    Compiling once_cell v1.19.0
[INFO] [stderr]    Compiling unicode-width v0.1.11
[INFO] [stderr]    Compiling utf8-width v0.1.7
[INFO] [stderr]    Compiling thiserror v1.0.56
[INFO] [stderr]    Compiling html-escape v0.2.13
[INFO] [stderr]    Compiling quote v1.0.35
[INFO] [stderr]    Compiling syn v2.0.48
[INFO] [stderr]    Compiling serde_derive v1.0.194
[INFO] [stderr]    Compiling thiserror-impl v1.0.56
[INFO] [stderr]    Compiling miette-derive v5.10.0
[INFO] [stderr]    Compiling miette v5.10.0
[INFO] [stderr]    Compiling stilts-lang v0.2.0
[INFO] [stderr]    Compiling cargo-platform v0.1.6
[INFO] [stderr]    Compiling cargo_metadata v0.15.4
[INFO] [stderr]    Compiling stilts-macros v0.2.1
[INFO] [stderr]    Compiling stilts v0.2.1 (/opt/rustwide/workdir)
[INFO] [stderr]     Finished dev [unoptimized + debuginfo] target(s) in 12.87s
[INFO] running `Command { std: "docker" "inspect" "f74d8c8f693e4efa0dc28a622b7567503f76d60b2ce3a24335c0f20ed9f932f2", kill_on_drop: false }`
[INFO] running `Command { std: "docker" "rm" "-f" "f74d8c8f693e4efa0dc28a622b7567503f76d60b2ce3a24335c0f20ed9f932f2", kill_on_drop: false }`
[INFO] [stdout] f74d8c8f693e4efa0dc28a622b7567503f76d60b2ce3a24335c0f20ed9f932f2
[INFO] running `Command { std: "docker" "create" "-v" "/var/lib/crater-agent-workspace/builds/worker-3-tc1/target:/opt/rustwide/target:rw,Z" "-v" "/var/lib/crater-agent-workspace/builds/worker-3-tc1/source:/opt/rustwide/workdir:ro,Z" "-v" "/var/lib/crater-agent-workspace/cargo-home:/opt/rustwide/cargo-home:ro,Z" "-v" "/var/lib/crater-agent-workspace/rustup-home:/opt/rustwide/rustup-home:ro,Z" "-e" "SOURCE_DIR=/opt/rustwide/workdir" "-e" "CARGO_TARGET_DIR=/opt/rustwide/target" "-e" "CARGO_INCREMENTAL=0" "-e" "RUST_BACKTRACE=full" "-e" "RUSTFLAGS=--cap-lints=warn" "-e" "RUSTDOCFLAGS=--cap-lints=warn" "-e" "CARGO_HOME=/opt/rustwide/cargo-home" "-e" "RUSTUP_HOME=/opt/rustwide/rustup-home" "-w" "/opt/rustwide/workdir" "-m" "1610612736" "--user" "0:0" "--network" "none" "ghcr.io/rust-lang/crates-build-env/linux@sha256:2788e3201cd34a07e3172128adcd8b3090168a8e3bcc40d7c032b9dda1df7d1c" "/opt/rustwide/cargo-home/bin/cargo" "+1.75.0" "test" "--frozen" "--no-run" "--message-format=json", kill_on_drop: false }`
[INFO] [stdout] aaadf280b82c9774d7913629cbbf020623d8647a360d01de8d14fbf3485f0f44
[INFO] running `Command { std: "docker" "start" "-a" "aaadf280b82c9774d7913629cbbf020623d8647a360d01de8d14fbf3485f0f44", kill_on_drop: false }`
[INFO] [stderr]    Compiling stilts v0.2.1 (/opt/rustwide/workdir)
[INFO] [stderr]     Finished test [unoptimized + debuginfo] target(s) in 0.22s
[INFO] running `Command { std: "docker" "inspect" "aaadf280b82c9774d7913629cbbf020623d8647a360d01de8d14fbf3485f0f44", kill_on_drop: false }`
[INFO] running `Command { std: "docker" "rm" "-f" "aaadf280b82c9774d7913629cbbf020623d8647a360d01de8d14fbf3485f0f44", kill_on_drop: false }`
[INFO] [stdout] aaadf280b82c9774d7913629cbbf020623d8647a360d01de8d14fbf3485f0f44
[INFO] running `Command { std: "docker" "create" "-v" "/var/lib/crater-agent-workspace/builds/worker-3-tc1/target:/opt/rustwide/target:rw,Z" "-v" "/var/lib/crater-agent-workspace/builds/worker-3-tc1/source:/opt/rustwide/workdir:ro,Z" "-v" "/var/lib/crater-agent-workspace/cargo-home:/opt/rustwide/cargo-home:ro,Z" "-v" "/var/lib/crater-agent-workspace/rustup-home:/opt/rustwide/rustup-home:ro,Z" "-e" "SOURCE_DIR=/opt/rustwide/workdir" "-e" "CARGO_TARGET_DIR=/opt/rustwide/target" "-e" "CARGO_INCREMENTAL=0" "-e" "RUST_BACKTRACE=full" "-e" "RUSTFLAGS=--cap-lints=warn" "-e" "RUSTDOCFLAGS=--cap-lints=warn" "-e" "CARGO_HOME=/opt/rustwide/cargo-home" "-e" "RUSTUP_HOME=/opt/rustwide/rustup-home" "-w" "/opt/rustwide/workdir" "-m" "1610612736" "--user" "0:0" "--network" "none" "ghcr.io/rust-lang/crates-build-env/linux@sha256:2788e3201cd34a07e3172128adcd8b3090168a8e3bcc40d7c032b9dda1df7d1c" "/opt/rustwide/cargo-home/bin/cargo" "+1.75.0" "test" "--frozen", kill_on_drop: false }`
[INFO] [stdout] de7365c4076db9b7dd3180e3ca92fb6a28319e26f19755a552d102d536a66660
[INFO] running `Command { std: "docker" "start" "-a" "de7365c4076db9b7dd3180e3ca92fb6a28319e26f19755a552d102d536a66660", kill_on_drop: false }`
[INFO] [stderr]     Finished test [unoptimized + debuginfo] target(s) in 0.02s
[INFO] [stderr]      Running unittests src/lib.rs (/opt/rustwide/target/debug/deps/stilts-7f9b036937a82f1a)
[INFO] [stdout] 
[INFO] [stdout] running 0 tests
[INFO] [stdout] 
[INFO] [stdout] test result: ok. 0 passed; 0 failed; 0 ignored; 0 measured; 0 filtered out; finished in 0.00s
[INFO] [stdout] 
[INFO] [stderr]    Doc-tests stilts
[INFO] [stdout] 
[INFO] [stdout] running 4 tests
[INFO] [stdout] test src/lib.rs - (line 13) - compile ... FAILED
[INFO] [stdout] test src/lib.rs - Template (line 67) - compile ... FAILED
[INFO] [stdout] test src/lib.rs - Template (line 76) - compile ... FAILED
[INFO] [stdout] test src/lib.rs - (line 22) - compile ... FAILED
[INFO] [stdout] 
[INFO] [stdout] failures:
[INFO] [stdout] 
[INFO] [stdout] ---- src/lib.rs - (line 13) stdout ----
[INFO] [stdout] error: cannot find derive macro `Template` in this scope
[INFO] [stdout]  --> src/lib.rs:15:10
[INFO] [stdout]   |
[INFO] [stdout] 5 | #[derive(Template)]
[INFO] [stdout]   |          ^^^^^^^^
[INFO] [stdout]   |
[INFO] [stdout] help: consider importing one of these items
[INFO] [stdout]   |
[INFO] [stdout] 2 + use stilts::Template;
[INFO] [stdout]   |
[INFO] [stdout] 2 + use stilts_macros::Template;
[INFO] [stdout]   |
[INFO] [stdout] 
[INFO] [stdout] error: cannot find attribute `stilts` in this scope
[INFO] [stdout]  --> src/lib.rs:16:3
[INFO] [stdout]   |
[INFO] [stdout] 6 | #[stilts(path = "example.html")]
[INFO] [stdout]   |   ^^^^^^
[INFO] [stdout]   |
[INFO] [stdout] note: `stilts` is imported here, but it is a crate, not an attribute
[INFO] [stdout]  --> src/lib.rs:13:1
[INFO] [stdout]   |
[INFO] [stdout] 3 | extern crate r#stilts;
[INFO] [stdout]   | ^^^^^^^^^^^^^^^^^^^^^^
[INFO] [stdout] 
[INFO] [stdout] error: aborting due to 2 previous errors
[INFO] [stdout] 
[INFO] [stdout] Couldn't compile the test.
[INFO] [stdout] ---- src/lib.rs - Template (line 67) stdout ----
[INFO] [stdout] error: cannot find derive macro `Template` in this scope
[INFO] [stdout]  --> src/lib.rs:69:10
[INFO] [stdout]   |
[INFO] [stdout] 5 | #[derive(Template)]
[INFO] [stdout]   |          ^^^^^^^^
[INFO] [stdout]   |
[INFO] [stdout] help: consider importing one of these items
[INFO] [stdout]   |
[INFO] [stdout] 2 + use stilts::Template;
[INFO] [stdout]   |
[INFO] [stdout] 2 + use stilts_macros::Template;
[INFO] [stdout]   |
[INFO] [stdout] 
[INFO] [stdout] error: cannot find attribute `stilts` in this scope
[INFO] [stdout]  --> src/lib.rs:70:3
[INFO] [stdout]   |
[INFO] [stdout] 6 | #[stilts(path = "index.html")]
[INFO] [stdout]   |   ^^^^^^
[INFO] [stdout]   |
[INFO] [stdout] note: `stilts` is imported here, but it is a crate, not an attribute
[INFO] [stdout]  --> src/lib.rs:67:1
[INFO] [stdout]   |
[INFO] [stdout] 3 | extern crate r#stilts;
[INFO] [stdout]   | ^^^^^^^^^^^^^^^^^^^^^^
[INFO] [stdout] 
[INFO] [stdout] error: aborting due to 2 previous errors
[INFO] [stdout] 
[INFO] [stdout] Couldn't compile the test.
[INFO] [stdout] ---- src/lib.rs - Template (line 76) stdout ----
[INFO] [stdout] error: cannot find derive macro `Template` in this scope
[INFO] [stdout]  --> src/lib.rs:78:10
[INFO] [stdout]   |
[INFO] [stdout] 5 | #[derive(Template)]
[INFO] [stdout]   |          ^^^^^^^^
[INFO] [stdout]   |
[INFO] [stdout] help: consider importing one of these items
[INFO] [stdout]   |
[INFO] [stdout] 2 + use stilts::Template;
[INFO] [stdout]   |
[INFO] [stdout] 2 + use stilts_macros::Template;
[INFO] [stdout]   |
[INFO] [stdout] 
[INFO] [stdout] error: cannot find attribute `stilts` in this scope
[INFO] [stdout]  --> src/lib.rs:79:3
[INFO] [stdout]   |
[INFO] [stdout] 6 | #[stilts(path = "index.html", escape = ::stilts::escaping::Empty)]
[INFO] [stdout]   |   ^^^^^^
[INFO] [stdout]   |
[INFO] [stdout] note: `stilts` is imported here, but it is a crate, not an attribute
[INFO] [stdout]  --> src/lib.rs:76:1
[INFO] [stdout]   |
[INFO] [stdout] 3 | extern crate r#stilts;
[INFO] [stdout]   | ^^^^^^^^^^^^^^^^^^^^^^
[INFO] [stdout] 
[INFO] [stdout] error: aborting due to 2 previous errors
[INFO] [stdout] 
[INFO] [stdout] Couldn't compile the test.
[INFO] [stdout] ---- src/lib.rs - (line 22) stdout ----
[INFO] [stdout] error[E0422]: cannot find struct, variant or union type `MyExample` in this scope
[INFO] [stdout]  --> src/lib.rs:26:19
[INFO] [stdout]   |
[INFO] [stdout] 7 | let my_template = MyExample {
[INFO] [stdout]   |                   ^^^^^^^^^ not found in this scope
[INFO] [stdout] 
[INFO] [stdout] error: aborting due to previous error
[INFO] [stdout] 
[INFO] [stdout] For more information about this error, try `rustc --explain E0422`.
[INFO] [stdout] Couldn't compile the test.
[INFO] [stdout] 
[INFO] [stdout] failures:
[INFO] [stdout]     src/lib.rs - (line 13)
[INFO] [stdout]     src/lib.rs - (line 22)
[INFO] [stdout]     src/lib.rs - Template (line 67)
[INFO] [stdout]     src/lib.rs - Template (line 76)
[INFO] [stdout] 
[INFO] [stdout] test result: FAILED. 0 passed; 4 failed; 0 ignored; 0 measured; 0 filtered out; finished in 0.06s
[INFO] [stdout] 
[INFO] [stderr] error: doctest failed, to rerun pass `--doc`
[INFO] running `Command { std: "docker" "inspect" "de7365c4076db9b7dd3180e3ca92fb6a28319e26f19755a552d102d536a66660", kill_on_drop: false }`
[INFO] running `Command { std: "docker" "rm" "-f" "de7365c4076db9b7dd3180e3ca92fb6a28319e26f19755a552d102d536a66660", kill_on_drop: false }`
[INFO] [stdout] de7365c4076db9b7dd3180e3ca92fb6a28319e26f19755a552d102d536a66660
[INFO] testing stilts-0.2.1 against beta-2023-12-22 for beta-1.76-1
[INFO] extracting crate stilts 0.2.1 into /workspace/builds/worker-3-tc2/source
[INFO] validating manifest of crates.io crate stilts 0.2.1 on toolchain beta-2023-12-22
[INFO] running `Command { std: CARGO_HOME="/workspace/cargo-home" RUSTUP_HOME="/workspace/rustup-home" "/workspace/cargo-home/bin/cargo" "+beta-2023-12-22" "metadata" "--manifest-path" "Cargo.toml" "--no-deps", kill_on_drop: false }`
[INFO] started tweaking crates.io crate stilts 0.2.1
[INFO] finished tweaking crates.io crate stilts 0.2.1
[INFO] tweaked toml for crates.io crate stilts 0.2.1 written to /workspace/builds/worker-3-tc2/source/Cargo.toml
[INFO] running `Command { std: CARGO_HOME="/workspace/cargo-home" RUSTUP_HOME="/workspace/rustup-home" "/workspace/cargo-home/bin/cargo" "+beta-2023-12-22" "generate-lockfile" "--manifest-path" "Cargo.toml", kill_on_drop: false }`
[INFO] [stderr]     Updating crates.io index
[INFO] running `Command { std: CARGO_HOME="/workspace/cargo-home" RUSTUP_HOME="/workspace/rustup-home" "/workspace/cargo-home/bin/cargo" "+beta-2023-12-22" "fetch" "--manifest-path" "Cargo.toml", kill_on_drop: false }`
[INFO] running `Command { std: "docker" "create" "-v" "/var/lib/crater-agent-workspace/builds/worker-3-tc2/target:/opt/rustwide/target:rw,Z" "-v" "/var/lib/crater-agent-workspace/builds/worker-3-tc2/source:/opt/rustwide/workdir:ro,Z" "-v" "/var/lib/crater-agent-workspace/cargo-home:/opt/rustwide/cargo-home:ro,Z" "-v" "/var/lib/crater-agent-workspace/rustup-home:/opt/rustwide/rustup-home:ro,Z" "-e" "SOURCE_DIR=/opt/rustwide/workdir" "-e" "CARGO_TARGET_DIR=/opt/rustwide/target" "-e" "CARGO_HOME=/opt/rustwide/cargo-home" "-e" "RUSTUP_HOME=/opt/rustwide/rustup-home" "-w" "/opt/rustwide/workdir" "-m" "1610612736" "--user" "0:0" "--network" "none" "ghcr.io/rust-lang/crates-build-env/linux@sha256:2788e3201cd34a07e3172128adcd8b3090168a8e3bcc40d7c032b9dda1df7d1c" "/opt/rustwide/cargo-home/bin/cargo" "+beta-2023-12-22" "metadata" "--no-deps" "--format-version=1", kill_on_drop: false }`
[INFO] [stdout] f896b4480a68536848369b3e741738bcc9292e74e9215fade4cea1c2a9fff22c
[INFO] running `Command { std: "docker" "start" "-a" "f896b4480a68536848369b3e741738bcc9292e74e9215fade4cea1c2a9fff22c", kill_on_drop: false }`
[INFO] running `Command { std: "docker" "inspect" "f896b4480a68536848369b3e741738bcc9292e74e9215fade4cea1c2a9fff22c", kill_on_drop: false }`
[INFO] running `Command { std: "docker" "rm" "-f" "f896b4480a68536848369b3e741738bcc9292e74e9215fade4cea1c2a9fff22c", kill_on_drop: false }`
[INFO] [stdout] f896b4480a68536848369b3e741738bcc9292e74e9215fade4cea1c2a9fff22c
[INFO] running `Command { std: "docker" "create" "-v" "/var/lib/crater-agent-workspace/builds/worker-3-tc2/target:/opt/rustwide/target:rw,Z" "-v" "/var/lib/crater-agent-workspace/builds/worker-3-tc2/source:/opt/rustwide/workdir:ro,Z" "-v" "/var/lib/crater-agent-workspace/cargo-home:/opt/rustwide/cargo-home:ro,Z" "-v" "/var/lib/crater-agent-workspace/rustup-home:/opt/rustwide/rustup-home:ro,Z" "-e" "SOURCE_DIR=/opt/rustwide/workdir" "-e" "CARGO_TARGET_DIR=/opt/rustwide/target" "-e" "CARGO_INCREMENTAL=0" "-e" "RUST_BACKTRACE=full" "-e" "RUSTFLAGS=--cap-lints=warn" "-e" "RUSTDOCFLAGS=--cap-lints=warn" "-e" "CARGO_HOME=/opt/rustwide/cargo-home" "-e" "RUSTUP_HOME=/opt/rustwide/rustup-home" "-w" "/opt/rustwide/workdir" "-m" "1610612736" "--user" "0:0" "--network" "none" "ghcr.io/rust-lang/crates-build-env/linux@sha256:2788e3201cd34a07e3172128adcd8b3090168a8e3bcc40d7c032b9dda1df7d1c" "/opt/rustwide/cargo-home/bin/cargo" "+beta-2023-12-22" "build" "--frozen" "--message-format=json", kill_on_drop: false }`
[INFO] [stdout] 8e43dd83f4c3798d27dabeb974e9541352d8eec519cb8837b45fd18f8c1e6ae9
[INFO] running `Command { std: "docker" "start" "-a" "8e43dd83f4c3798d27dabeb974e9541352d8eec519cb8837b45fd18f8c1e6ae9", kill_on_drop: false }`
[INFO] [stderr]    Compiling proc-macro2 v1.0.75
[INFO] [stderr]    Compiling serde v1.0.194
[INFO] [stderr]    Compiling serde_json v1.0.111
[INFO] [stderr]    Compiling semver v1.0.21
[INFO] [stderr]    Compiling camino v1.1.6
[INFO] [stderr]    Compiling once_cell v1.19.0
[INFO] [stderr]    Compiling unicode-width v0.1.11
[INFO] [stderr]    Compiling utf8-width v0.1.7
[INFO] [stderr]    Compiling thiserror v1.0.56
[INFO] [stderr]    Compiling html-escape v0.2.13
[INFO] [stderr]    Compiling quote v1.0.35
[INFO] [stderr]    Compiling syn v2.0.48
[INFO] [stderr]    Compiling serde_derive v1.0.194
[INFO] [stderr]    Compiling thiserror-impl v1.0.56
[INFO] [stderr]    Compiling miette-derive v5.10.0
[INFO] [stderr]    Compiling miette v5.10.0
[INFO] [stderr]    Compiling stilts-lang v0.2.0
[INFO] [stderr]    Compiling cargo-platform v0.1.6
[INFO] [stderr]    Compiling cargo_metadata v0.15.4
[INFO] [stderr]    Compiling stilts-macros v0.2.1
[INFO] [stderr]    Compiling stilts v0.2.1 (/opt/rustwide/workdir)
[INFO] [stderr]     Finished dev [unoptimized + debuginfo] target(s) in 9.20s
[INFO] running `Command { std: "docker" "inspect" "8e43dd83f4c3798d27dabeb974e9541352d8eec519cb8837b45fd18f8c1e6ae9", kill_on_drop: false }`
[INFO] running `Command { std: "docker" "rm" "-f" "8e43dd83f4c3798d27dabeb974e9541352d8eec519cb8837b45fd18f8c1e6ae9", kill_on_drop: false }`
[INFO] [stdout] 8e43dd83f4c3798d27dabeb974e9541352d8eec519cb8837b45fd18f8c1e6ae9
[INFO] running `Command { std: "docker" "create" "-v" "/var/lib/crater-agent-workspace/builds/worker-3-tc2/target:/opt/rustwide/target:rw,Z" "-v" "/var/lib/crater-agent-workspace/builds/worker-3-tc2/source:/opt/rustwide/workdir:ro,Z" "-v" "/var/lib/crater-agent-workspace/cargo-home:/opt/rustwide/cargo-home:ro,Z" "-v" "/var/lib/crater-agent-workspace/rustup-home:/opt/rustwide/rustup-home:ro,Z" "-e" "SOURCE_DIR=/opt/rustwide/workdir" "-e" "CARGO_TARGET_DIR=/opt/rustwide/target" "-e" "CARGO_INCREMENTAL=0" "-e" "RUST_BACKTRACE=full" "-e" "RUSTFLAGS=--cap-lints=warn" "-e" "RUSTDOCFLAGS=--cap-lints=warn" "-e" "CARGO_HOME=/opt/rustwide/cargo-home" "-e" "RUSTUP_HOME=/opt/rustwide/rustup-home" "-w" "/opt/rustwide/workdir" "-m" "1610612736" "--user" "0:0" "--network" "none" "ghcr.io/rust-lang/crates-build-env/linux@sha256:2788e3201cd34a07e3172128adcd8b3090168a8e3bcc40d7c032b9dda1df7d1c" "/opt/rustwide/cargo-home/bin/cargo" "+beta-2023-12-22" "test" "--frozen" "--no-run" "--message-format=json", kill_on_drop: false }`
[INFO] [stdout] 8c960bf217d650285bc3e34047a686016d685cf75f9db3b1129ff2864c485d6a
[INFO] running `Command { std: "docker" "start" "-a" "8c960bf217d650285bc3e34047a686016d685cf75f9db3b1129ff2864c485d6a", kill_on_drop: false }`
[INFO] [stderr]    Compiling stilts v0.2.1 (/opt/rustwide/workdir)
[INFO] [stderr]     Finished test [unoptimized + debuginfo] target(s) in 0.19s
[INFO] running `Command { std: "docker" "inspect" "8c960bf217d650285bc3e34047a686016d685cf75f9db3b1129ff2864c485d6a", kill_on_drop: false }`
[INFO] running `Command { std: "docker" "rm" "-f" "8c960bf217d650285bc3e34047a686016d685cf75f9db3b1129ff2864c485d6a", kill_on_drop: false }`
[INFO] [stdout] 8c960bf217d650285bc3e34047a686016d685cf75f9db3b1129ff2864c485d6a
[INFO] running `Command { std: "docker" "create" "-v" "/var/lib/crater-agent-workspace/builds/worker-3-tc2/target:/opt/rustwide/target:rw,Z" "-v" "/var/lib/crater-agent-workspace/builds/worker-3-tc2/source:/opt/rustwide/workdir:ro,Z" "-v" "/var/lib/crater-agent-workspace/cargo-home:/opt/rustwide/cargo-home:ro,Z" "-v" "/var/lib/crater-agent-workspace/rustup-home:/opt/rustwide/rustup-home:ro,Z" "-e" "SOURCE_DIR=/opt/rustwide/workdir" "-e" "CARGO_TARGET_DIR=/opt/rustwide/target" "-e" "CARGO_INCREMENTAL=0" "-e" "RUST_BACKTRACE=full" "-e" "RUSTFLAGS=--cap-lints=warn" "-e" "RUSTDOCFLAGS=--cap-lints=warn" "-e" "CARGO_HOME=/opt/rustwide/cargo-home" "-e" "RUSTUP_HOME=/opt/rustwide/rustup-home" "-w" "/opt/rustwide/workdir" "-m" "1610612736" "--user" "0:0" "--network" "none" "ghcr.io/rust-lang/crates-build-env/linux@sha256:2788e3201cd34a07e3172128adcd8b3090168a8e3bcc40d7c032b9dda1df7d1c" "/opt/rustwide/cargo-home/bin/cargo" "+beta-2023-12-22" "test" "--frozen", kill_on_drop: false }`
[INFO] [stdout] 2fa504030d6af3b68eee91631536a97e0ddf16e1be8707bcb60776648626f1c4
[INFO] running `Command { std: "docker" "start" "-a" "2fa504030d6af3b68eee91631536a97e0ddf16e1be8707bcb60776648626f1c4", kill_on_drop: false }`
[INFO] [stderr]     Finished test [unoptimized + debuginfo] target(s) in 0.02s
[INFO] [stderr]      Running unittests src/lib.rs (/opt/rustwide/target/debug/deps/stilts-856538878ce15c0b)
[INFO] [stdout] 
[INFO] [stdout] running 0 tests
[INFO] [stdout] 
[INFO] [stdout] test result: ok. 0 passed; 0 failed; 0 ignored; 0 measured; 0 filtered out; finished in 0.00s
[INFO] [stdout] 
[INFO] [stderr]    Doc-tests stilts
[INFO] [stdout] 
[INFO] [stdout] running 4 tests
[INFO] [stdout] test src/lib.rs - (line 22) - compile ... FAILED
[INFO] [stdout] test src/lib.rs - Template (line 67) - compile ... FAILED
[INFO] [stdout] test src/lib.rs - (line 13) - compile ... FAILED
[INFO] [stdout] test src/lib.rs - Template (line 76) - compile ... FAILED
[INFO] [stdout] 
[INFO] [stdout] failures:
[INFO] [stdout] 
[INFO] [stdout] ---- src/lib.rs - (line 22) stdout ----
[INFO] [stdout] error[E0422]: cannot find struct, variant or union type `MyExample` in this scope
[INFO] [stdout]  --> src/lib.rs:26:19
[INFO] [stdout]   |
[INFO] [stdout] 7 | let my_template = MyExample {
[INFO] [stdout]   |                   ^^^^^^^^^ not found in this scope
[INFO] [stdout] 
[INFO] [stdout] error: aborting due to 1 previous error
[INFO] [stdout] 
[INFO] [stdout] For more information about this error, try `rustc --explain E0422`.
[INFO] [stdout] Couldn't compile the test.
[INFO] [stdout] ---- src/lib.rs - Template (line 67) stdout ----
[INFO] [stdout] error: cannot find derive macro `Template` in this scope
[INFO] [stdout]  --> src/lib.rs:69:10
[INFO] [stdout]   |
[INFO] [stdout] 5 | #[derive(Template)]
[INFO] [stdout]   |          ^^^^^^^^
[INFO] [stdout]   |
[INFO] [stdout] help: consider importing one of these items
[INFO] [stdout]   |
[INFO] [stdout] 2 + use stilts::Template;
[INFO] [stdout]   |
[INFO] [stdout] 2 + use stilts_macros::Template;
[INFO] [stdout]   |
[INFO] [stdout] 
[INFO] [stdout] error: cannot find attribute `stilts` in this scope
[INFO] [stdout]  --> src/lib.rs:70:3
[INFO] [stdout]   |
[INFO] [stdout] 6 | #[stilts(path = "index.html")]
[INFO] [stdout]   |   ^^^^^^
[INFO] [stdout]   |
[INFO] [stdout] note: `stilts` is imported here, but it is a crate, not an attribute
[INFO] [stdout]  --> src/lib.rs:67:1
[INFO] [stdout]   |
[INFO] [stdout] 3 | extern crate r#stilts;
[INFO] [stdout]   | ^^^^^^^^^^^^^^^^^^^^^^
[INFO] [stdout] 
[INFO] [stdout] error: aborting due to 2 previous errors
[INFO] [stdout] 
[INFO] [stdout] Couldn't compile the test.
[INFO] [stdout] ---- src/lib.rs - (line 13) stdout ----
[INFO] [stdout] error: cannot find derive macro `Template` in this scope
[INFO] [stdout]  --> src/lib.rs:15:10
[INFO] [stdout]   |
[INFO] [stdout] 5 | #[derive(Template)]
[INFO] [stdout]   |          ^^^^^^^^
[INFO] [stdout]   |
[INFO] [stdout] help: consider importing one of these items
[INFO] [stdout]   |
[INFO] [stdout] 2 + use stilts::Template;
[INFO] [stdout]   |
[INFO] [stdout] 2 + use stilts_macros::Template;
[INFO] [stdout]   |
[INFO] [stdout] 
[INFO] [stdout] error: cannot find attribute `stilts` in this scope
[INFO] [stdout]  --> src/lib.rs:16:3
[INFO] [stdout]   |
[INFO] [stdout] 6 | #[stilts(path = "example.html")]
[INFO] [stdout]   |   ^^^^^^
[INFO] [stdout]   |
[INFO] [stdout] note: `stilts` is imported here, but it is a crate, not an attribute
[INFO] [stdout]  --> src/lib.rs:13:1
[INFO] [stdout]   |
[INFO] [stdout] 3 | extern crate r#stilts;
[INFO] [stdout]   | ^^^^^^^^^^^^^^^^^^^^^^
[INFO] [stdout] 
[INFO] [stdout] error: aborting due to 2 previous errors
[INFO] [stdout] 
[INFO] [stdout] Couldn't compile the test.
[INFO] [stdout] ---- src/lib.rs - Template (line 76) stdout ----
[INFO] [stdout] error: cannot find derive macro `Template` in this scope
[INFO] [stdout]  --> src/lib.rs:78:10
[INFO] [stdout]   |
[INFO] [stdout] 5 | #[derive(Template)]
[INFO] [stdout]   |          ^^^^^^^^
[INFO] [stdout]   |
[INFO] [stdout] help: consider importing one of these items
[INFO] [stdout]   |
[INFO] [stdout] 2 + use stilts::Template;
[INFO] [stdout]   |
[INFO] [stdout] 2 + use stilts_macros::Template;
[INFO] [stdout]   |
[INFO] [stdout] 
[INFO] [stdout] error: cannot find attribute `stilts` in this scope
[INFO] [stdout]  --> src/lib.rs:79:3
[INFO] [stdout]   |
[INFO] [stdout] 6 | #[stilts(path = "index.html", escape = ::stilts::escaping::Empty)]
[INFO] [stdout]   |   ^^^^^^
[INFO] [stdout]   |
[INFO] [stdout] note: `stilts` is imported here, but it is a crate, not an attribute
[INFO] [stdout]  --> src/lib.rs:76:1
[INFO] [stdout]   |
[INFO] [stdout] 3 | extern crate r#stilts;
[INFO] [stdout]   | ^^^^^^^^^^^^^^^^^^^^^^
[INFO] [stdout] 
[INFO] [stdout] error: aborting due to 2 previous errors
[INFO] [stdout] 
[INFO] [stdout] Couldn't compile the test.
[INFO] [stdout] 
[INFO] [stdout] failures:
[INFO] [stdout]     src/lib.rs - (line 13)
[INFO] [stdout]     src/lib.rs - (line 22)
[INFO] [stdout]     src/lib.rs - Template (line 67)
[INFO] [stdout]     src/lib.rs - Template (line 76)
[INFO] [stdout] 
[INFO] [stdout] test result: FAILED. 0 passed; 4 failed; 0 ignored; 0 measured; 0 filtered out; finished in 0.04s
[INFO] [stdout] 
[INFO] [stderr] error: doctest failed, to rerun pass `--doc`
[INFO] running `Command { std: "docker" "inspect" "2fa504030d6af3b68eee91631536a97e0ddf16e1be8707bcb60776648626f1c4", kill_on_drop: false }`
[INFO] running `Command { std: "docker" "rm" "-f" "2fa504030d6af3b68eee91631536a97e0ddf16e1be8707bcb60776648626f1c4", kill_on_drop: false }`
[INFO] [stdout] 2fa504030d6af3b68eee91631536a97e0ddf16e1be8707bcb60776648626f1c4
