[INFO] fetching crate static-pubkey 1.0.3...
[INFO] testing static-pubkey-1.0.3 against 1.75.0 for beta-1.76-1
[INFO] extracting crate static-pubkey 1.0.3 into /workspace/builds/worker-6-tc1/source
[INFO] validating manifest of crates.io crate static-pubkey 1.0.3 on toolchain 1.75.0
[INFO] running `Command { std: CARGO_HOME="/workspace/cargo-home" RUSTUP_HOME="/workspace/rustup-home" "/workspace/cargo-home/bin/cargo" "+1.75.0" "metadata" "--manifest-path" "Cargo.toml" "--no-deps", kill_on_drop: false }`
[INFO] started tweaking crates.io crate static-pubkey 1.0.3
[INFO] finished tweaking crates.io crate static-pubkey 1.0.3
[INFO] tweaked toml for crates.io crate static-pubkey 1.0.3 written to /workspace/builds/worker-6-tc1/source/Cargo.toml
[INFO] running `Command { std: CARGO_HOME="/workspace/cargo-home" RUSTUP_HOME="/workspace/rustup-home" "/workspace/cargo-home/bin/cargo" "+1.75.0" "generate-lockfile" "--manifest-path" "Cargo.toml", kill_on_drop: false }`
[INFO] [stderr]     Updating crates.io index
[INFO] running `Command { std: CARGO_HOME="/workspace/cargo-home" RUSTUP_HOME="/workspace/rustup-home" "/workspace/cargo-home/bin/cargo" "+1.75.0" "fetch" "--manifest-path" "Cargo.toml", kill_on_drop: false }`
[INFO] running `Command { std: "docker" "create" "-v" "/var/lib/crater-agent-workspace/builds/worker-6-tc1/target:/opt/rustwide/target:rw,Z" "-v" "/var/lib/crater-agent-workspace/builds/worker-6-tc1/source:/opt/rustwide/workdir:ro,Z" "-v" "/var/lib/crater-agent-workspace/cargo-home:/opt/rustwide/cargo-home:ro,Z" "-v" "/var/lib/crater-agent-workspace/rustup-home:/opt/rustwide/rustup-home:ro,Z" "-e" "SOURCE_DIR=/opt/rustwide/workdir" "-e" "CARGO_TARGET_DIR=/opt/rustwide/target" "-e" "CARGO_HOME=/opt/rustwide/cargo-home" "-e" "RUSTUP_HOME=/opt/rustwide/rustup-home" "-w" "/opt/rustwide/workdir" "-m" "1610612736" "--user" "0:0" "--network" "none" "ghcr.io/rust-lang/crates-build-env/linux@sha256:2788e3201cd34a07e3172128adcd8b3090168a8e3bcc40d7c032b9dda1df7d1c" "/opt/rustwide/cargo-home/bin/cargo" "+1.75.0" "metadata" "--no-deps" "--format-version=1", kill_on_drop: false }`
[INFO] [stdout] d939a61bbbb99d82bf336c17f03a049cca5d6a98cf0d0481496b9458498b5cd4
[INFO] running `Command { std: "docker" "start" "-a" "d939a61bbbb99d82bf336c17f03a049cca5d6a98cf0d0481496b9458498b5cd4", kill_on_drop: false }`
[INFO] running `Command { std: "docker" "inspect" "d939a61bbbb99d82bf336c17f03a049cca5d6a98cf0d0481496b9458498b5cd4", kill_on_drop: false }`
[INFO] running `Command { std: "docker" "rm" "-f" "d939a61bbbb99d82bf336c17f03a049cca5d6a98cf0d0481496b9458498b5cd4", kill_on_drop: false }`
[INFO] [stdout] d939a61bbbb99d82bf336c17f03a049cca5d6a98cf0d0481496b9458498b5cd4
[INFO] running `Command { std: "docker" "create" "-v" "/var/lib/crater-agent-workspace/builds/worker-6-tc1/target:/opt/rustwide/target:rw,Z" "-v" "/var/lib/crater-agent-workspace/builds/worker-6-tc1/source:/opt/rustwide/workdir:ro,Z" "-v" "/var/lib/crater-agent-workspace/cargo-home:/opt/rustwide/cargo-home:ro,Z" "-v" "/var/lib/crater-agent-workspace/rustup-home:/opt/rustwide/rustup-home:ro,Z" "-e" "SOURCE_DIR=/opt/rustwide/workdir" "-e" "CARGO_TARGET_DIR=/opt/rustwide/target" "-e" "CARGO_INCREMENTAL=0" "-e" "RUST_BACKTRACE=full" "-e" "RUSTFLAGS=--cap-lints=warn" "-e" "RUSTDOCFLAGS=--cap-lints=warn" "-e" "CARGO_HOME=/opt/rustwide/cargo-home" "-e" "RUSTUP_HOME=/opt/rustwide/rustup-home" "-w" "/opt/rustwide/workdir" "-m" "1610612736" "--user" "0:0" "--network" "none" "ghcr.io/rust-lang/crates-build-env/linux@sha256:2788e3201cd34a07e3172128adcd8b3090168a8e3bcc40d7c032b9dda1df7d1c" "/opt/rustwide/cargo-home/bin/cargo" "+1.75.0" "build" "--frozen" "--message-format=json", kill_on_drop: false }`
[INFO] [stdout] 5e6b95b7728015e34c3294beded8ff746ebf54a8432b1ed13a93a9aa456e14b6
[INFO] running `Command { std: "docker" "start" "-a" "5e6b95b7728015e34c3294beded8ff746ebf54a8432b1ed13a93a9aa456e14b6", kill_on_drop: false }`
[INFO] [stderr]    Compiling bs58 v0.4.0
[INFO] [stderr]    Compiling static-pubkey v1.0.3 (/opt/rustwide/workdir)
[INFO] [stderr]     Finished dev [unoptimized + debuginfo] target(s) in 0.95s
[INFO] running `Command { std: "docker" "inspect" "5e6b95b7728015e34c3294beded8ff746ebf54a8432b1ed13a93a9aa456e14b6", kill_on_drop: false }`
[INFO] running `Command { std: "docker" "rm" "-f" "5e6b95b7728015e34c3294beded8ff746ebf54a8432b1ed13a93a9aa456e14b6", kill_on_drop: false }`
[INFO] [stdout] 5e6b95b7728015e34c3294beded8ff746ebf54a8432b1ed13a93a9aa456e14b6
[INFO] running `Command { std: "docker" "create" "-v" "/var/lib/crater-agent-workspace/builds/worker-6-tc1/target:/opt/rustwide/target:rw,Z" "-v" "/var/lib/crater-agent-workspace/builds/worker-6-tc1/source:/opt/rustwide/workdir:ro,Z" "-v" "/var/lib/crater-agent-workspace/cargo-home:/opt/rustwide/cargo-home:ro,Z" "-v" "/var/lib/crater-agent-workspace/rustup-home:/opt/rustwide/rustup-home:ro,Z" "-e" "SOURCE_DIR=/opt/rustwide/workdir" "-e" "CARGO_TARGET_DIR=/opt/rustwide/target" "-e" "CARGO_INCREMENTAL=0" "-e" "RUST_BACKTRACE=full" "-e" "RUSTFLAGS=--cap-lints=warn" "-e" "RUSTDOCFLAGS=--cap-lints=warn" "-e" "CARGO_HOME=/opt/rustwide/cargo-home" "-e" "RUSTUP_HOME=/opt/rustwide/rustup-home" "-w" "/opt/rustwide/workdir" "-m" "1610612736" "--user" "0:0" "--network" "none" "ghcr.io/rust-lang/crates-build-env/linux@sha256:2788e3201cd34a07e3172128adcd8b3090168a8e3bcc40d7c032b9dda1df7d1c" "/opt/rustwide/cargo-home/bin/cargo" "+1.75.0" "test" "--frozen" "--no-run" "--message-format=json", kill_on_drop: false }`
[INFO] [stdout] 431d8c8ebfc8ace9cce08b2f4627653b6ea87e3de08e7ab6d2d1b3108a299f7f
[INFO] running `Command { std: "docker" "start" "-a" "431d8c8ebfc8ace9cce08b2f4627653b6ea87e3de08e7ab6d2d1b3108a299f7f", kill_on_drop: false }`
[INFO] [stderr]    Compiling static-pubkey v1.0.3 (/opt/rustwide/workdir)
[INFO] [stderr]     Finished test [unoptimized + debuginfo] target(s) in 0.73s
[INFO] running `Command { std: "docker" "inspect" "431d8c8ebfc8ace9cce08b2f4627653b6ea87e3de08e7ab6d2d1b3108a299f7f", kill_on_drop: false }`
[INFO] running `Command { std: "docker" "rm" "-f" "431d8c8ebfc8ace9cce08b2f4627653b6ea87e3de08e7ab6d2d1b3108a299f7f", kill_on_drop: false }`
[INFO] [stdout] 431d8c8ebfc8ace9cce08b2f4627653b6ea87e3de08e7ab6d2d1b3108a299f7f
[INFO] running `Command { std: "docker" "create" "-v" "/var/lib/crater-agent-workspace/builds/worker-6-tc1/target:/opt/rustwide/target:rw,Z" "-v" "/var/lib/crater-agent-workspace/builds/worker-6-tc1/source:/opt/rustwide/workdir:ro,Z" "-v" "/var/lib/crater-agent-workspace/cargo-home:/opt/rustwide/cargo-home:ro,Z" "-v" "/var/lib/crater-agent-workspace/rustup-home:/opt/rustwide/rustup-home:ro,Z" "-e" "SOURCE_DIR=/opt/rustwide/workdir" "-e" "CARGO_TARGET_DIR=/opt/rustwide/target" "-e" "CARGO_INCREMENTAL=0" "-e" "RUST_BACKTRACE=full" "-e" "RUSTFLAGS=--cap-lints=warn" "-e" "RUSTDOCFLAGS=--cap-lints=warn" "-e" "CARGO_HOME=/opt/rustwide/cargo-home" "-e" "RUSTUP_HOME=/opt/rustwide/rustup-home" "-w" "/opt/rustwide/workdir" "-m" "1610612736" "--user" "0:0" "--network" "none" "ghcr.io/rust-lang/crates-build-env/linux@sha256:2788e3201cd34a07e3172128adcd8b3090168a8e3bcc40d7c032b9dda1df7d1c" "/opt/rustwide/cargo-home/bin/cargo" "+1.75.0" "test" "--frozen", kill_on_drop: false }`
[INFO] [stdout] c063c05192568c71ca39aa00f0117585b39265e9c9d6b108398137f2059dc59e
[INFO] running `Command { std: "docker" "start" "-a" "c063c05192568c71ca39aa00f0117585b39265e9c9d6b108398137f2059dc59e", kill_on_drop: false }`
[INFO] [stderr]     Finished test [unoptimized + debuginfo] target(s) in 0.01s
[INFO] [stderr]      Running unittests src/lib.rs (/opt/rustwide/target/debug/deps/static_pubkey-6b35614565b52a44)
[INFO] [stdout] 
[INFO] [stdout] running 0 tests
[INFO] [stdout] 
[INFO] [stdout] test result: ok. 0 passed; 0 failed; 0 ignored; 0 measured; 0 filtered out; finished in 0.00s
[INFO] [stdout] 
[INFO] [stderr]    Doc-tests static-pubkey
[INFO] [stdout] 
[INFO] [stdout] running 1 test
[INFO] [stderr] error: doctest failed, to rerun pass `--doc`
[INFO] [stdout] test src/lib.rs - static_pubkey (line 16) ... FAILED
[INFO] [stdout] 
[INFO] [stdout] failures:
[INFO] [stdout] 
[INFO] [stdout] ---- src/lib.rs - static_pubkey (line 16) stdout ----
[INFO] [stdout] error[E0433]: failed to resolve: use of undeclared crate or module `solana_program`
[INFO] [stdout]  --> src/lib.rs:19:11
[INFO] [stdout]   |
[INFO] [stdout] 6 | let key = static_pubkey!("GjphYQcbP1m3FuDyCTUJf2mUMxKPE3j6feWU1rxvC7Ps");
[INFO] [stdout]   |           ^^^^^^^^^^^^^^^^^^^^^^^^^^^^^^^^^^^^^^^^^^^^^^^^^^^^^^^^^^^^^^ use of undeclared crate or module `solana_program`
[INFO] [stdout]   |
[INFO] [stdout]   = note: this error originates in the macro `static_pubkey` (in Nightly builds, run with -Z macro-backtrace for more info)
[INFO] [stdout] 
[INFO] [stdout] error: aborting due to previous error
[INFO] [stdout] 
[INFO] [stdout] For more information about this error, try `rustc --explain E0433`.
[INFO] [stdout] Couldn't compile the test.
[INFO] [stdout] 
[INFO] [stdout] failures:
[INFO] [stdout]     src/lib.rs - static_pubkey (line 16)
[INFO] [stdout] 
[INFO] [stdout] test result: FAILED. 0 passed; 1 failed; 0 ignored; 0 measured; 0 filtered out; finished in 0.08s
[INFO] [stdout] 
[INFO] running `Command { std: "docker" "inspect" "c063c05192568c71ca39aa00f0117585b39265e9c9d6b108398137f2059dc59e", kill_on_drop: false }`
[INFO] running `Command { std: "docker" "rm" "-f" "c063c05192568c71ca39aa00f0117585b39265e9c9d6b108398137f2059dc59e", kill_on_drop: false }`
[INFO] [stdout] c063c05192568c71ca39aa00f0117585b39265e9c9d6b108398137f2059dc59e
[INFO] testing static-pubkey-1.0.3 against beta-2023-12-22 for beta-1.76-1
[INFO] extracting crate static-pubkey 1.0.3 into /workspace/builds/worker-6-tc2/source
[INFO] validating manifest of crates.io crate static-pubkey 1.0.3 on toolchain beta-2023-12-22
[INFO] running `Command { std: CARGO_HOME="/workspace/cargo-home" RUSTUP_HOME="/workspace/rustup-home" "/workspace/cargo-home/bin/cargo" "+beta-2023-12-22" "metadata" "--manifest-path" "Cargo.toml" "--no-deps", kill_on_drop: false }`
[INFO] started tweaking crates.io crate static-pubkey 1.0.3
[INFO] finished tweaking crates.io crate static-pubkey 1.0.3
[INFO] tweaked toml for crates.io crate static-pubkey 1.0.3 written to /workspace/builds/worker-6-tc2/source/Cargo.toml
[INFO] running `Command { std: CARGO_HOME="/workspace/cargo-home" RUSTUP_HOME="/workspace/rustup-home" "/workspace/cargo-home/bin/cargo" "+beta-2023-12-22" "generate-lockfile" "--manifest-path" "Cargo.toml", kill_on_drop: false }`
[INFO] [stderr]     Updating crates.io index
[INFO] running `Command { std: CARGO_HOME="/workspace/cargo-home" RUSTUP_HOME="/workspace/rustup-home" "/workspace/cargo-home/bin/cargo" "+beta-2023-12-22" "fetch" "--manifest-path" "Cargo.toml", kill_on_drop: false }`
[INFO] running `Command { std: "docker" "create" "-v" "/var/lib/crater-agent-workspace/builds/worker-6-tc2/target:/opt/rustwide/target:rw,Z" "-v" "/var/lib/crater-agent-workspace/builds/worker-6-tc2/source:/opt/rustwide/workdir:ro,Z" "-v" "/var/lib/crater-agent-workspace/cargo-home:/opt/rustwide/cargo-home:ro,Z" "-v" "/var/lib/crater-agent-workspace/rustup-home:/opt/rustwide/rustup-home:ro,Z" "-e" "SOURCE_DIR=/opt/rustwide/workdir" "-e" "CARGO_TARGET_DIR=/opt/rustwide/target" "-e" "CARGO_HOME=/opt/rustwide/cargo-home" "-e" "RUSTUP_HOME=/opt/rustwide/rustup-home" "-w" "/opt/rustwide/workdir" "-m" "1610612736" "--user" "0:0" "--network" "none" "ghcr.io/rust-lang/crates-build-env/linux@sha256:2788e3201cd34a07e3172128adcd8b3090168a8e3bcc40d7c032b9dda1df7d1c" "/opt/rustwide/cargo-home/bin/cargo" "+beta-2023-12-22" "metadata" "--no-deps" "--format-version=1", kill_on_drop: false }`
[INFO] [stdout] bf6fe68cc9e1476e487b158c4dd659eb3503dffedad6210fd3b1cdfd53504344
[INFO] running `Command { std: "docker" "start" "-a" "bf6fe68cc9e1476e487b158c4dd659eb3503dffedad6210fd3b1cdfd53504344", kill_on_drop: false }`
[INFO] running `Command { std: "docker" "inspect" "bf6fe68cc9e1476e487b158c4dd659eb3503dffedad6210fd3b1cdfd53504344", kill_on_drop: false }`
[INFO] running `Command { std: "docker" "rm" "-f" "bf6fe68cc9e1476e487b158c4dd659eb3503dffedad6210fd3b1cdfd53504344", kill_on_drop: false }`
[INFO] [stdout] bf6fe68cc9e1476e487b158c4dd659eb3503dffedad6210fd3b1cdfd53504344
[INFO] running `Command { std: "docker" "create" "-v" "/var/lib/crater-agent-workspace/builds/worker-6-tc2/target:/opt/rustwide/target:rw,Z" "-v" "/var/lib/crater-agent-workspace/builds/worker-6-tc2/source:/opt/rustwide/workdir:ro,Z" "-v" "/var/lib/crater-agent-workspace/cargo-home:/opt/rustwide/cargo-home:ro,Z" "-v" "/var/lib/crater-agent-workspace/rustup-home:/opt/rustwide/rustup-home:ro,Z" "-e" "SOURCE_DIR=/opt/rustwide/workdir" "-e" "CARGO_TARGET_DIR=/opt/rustwide/target" "-e" "CARGO_INCREMENTAL=0" "-e" "RUST_BACKTRACE=full" "-e" "RUSTFLAGS=--cap-lints=warn" "-e" "RUSTDOCFLAGS=--cap-lints=warn" "-e" "CARGO_HOME=/opt/rustwide/cargo-home" "-e" "RUSTUP_HOME=/opt/rustwide/rustup-home" "-w" "/opt/rustwide/workdir" "-m" "1610612736" "--user" "0:0" "--network" "none" "ghcr.io/rust-lang/crates-build-env/linux@sha256:2788e3201cd34a07e3172128adcd8b3090168a8e3bcc40d7c032b9dda1df7d1c" "/opt/rustwide/cargo-home/bin/cargo" "+beta-2023-12-22" "build" "--frozen" "--message-format=json", kill_on_drop: false }`
[INFO] [stdout] 871e63047c50ca561189bbe41eea24f0880bb522f15714a475c00ef5c13c0505
[INFO] running `Command { std: "docker" "start" "-a" "871e63047c50ca561189bbe41eea24f0880bb522f15714a475c00ef5c13c0505", kill_on_drop: false }`
[INFO] [stderr]    Compiling bs58 v0.4.0
[INFO] [stderr]    Compiling static-pubkey v1.0.3 (/opt/rustwide/workdir)
[INFO] [stderr]     Finished dev [unoptimized + debuginfo] target(s) in 0.84s
[INFO] running `Command { std: "docker" "inspect" "871e63047c50ca561189bbe41eea24f0880bb522f15714a475c00ef5c13c0505", kill_on_drop: false }`
[INFO] running `Command { std: "docker" "rm" "-f" "871e63047c50ca561189bbe41eea24f0880bb522f15714a475c00ef5c13c0505", kill_on_drop: false }`
[INFO] [stdout] 871e63047c50ca561189bbe41eea24f0880bb522f15714a475c00ef5c13c0505
[INFO] running `Command { std: "docker" "create" "-v" "/var/lib/crater-agent-workspace/builds/worker-6-tc2/target:/opt/rustwide/target:rw,Z" "-v" "/var/lib/crater-agent-workspace/builds/worker-6-tc2/source:/opt/rustwide/workdir:ro,Z" "-v" "/var/lib/crater-agent-workspace/cargo-home:/opt/rustwide/cargo-home:ro,Z" "-v" "/var/lib/crater-agent-workspace/rustup-home:/opt/rustwide/rustup-home:ro,Z" "-e" "SOURCE_DIR=/opt/rustwide/workdir" "-e" "CARGO_TARGET_DIR=/opt/rustwide/target" "-e" "CARGO_INCREMENTAL=0" "-e" "RUST_BACKTRACE=full" "-e" "RUSTFLAGS=--cap-lints=warn" "-e" "RUSTDOCFLAGS=--cap-lints=warn" "-e" "CARGO_HOME=/opt/rustwide/cargo-home" "-e" "RUSTUP_HOME=/opt/rustwide/rustup-home" "-w" "/opt/rustwide/workdir" "-m" "1610612736" "--user" "0:0" "--network" "none" "ghcr.io/rust-lang/crates-build-env/linux@sha256:2788e3201cd34a07e3172128adcd8b3090168a8e3bcc40d7c032b9dda1df7d1c" "/opt/rustwide/cargo-home/bin/cargo" "+beta-2023-12-22" "test" "--frozen" "--no-run" "--message-format=json", kill_on_drop: false }`
[INFO] [stdout] d43ba8d54db82b7f427132505ecd886a178cb0be015fe18a6534176a4c77fa1c
[INFO] running `Command { std: "docker" "start" "-a" "d43ba8d54db82b7f427132505ecd886a178cb0be015fe18a6534176a4c77fa1c", kill_on_drop: false }`
[INFO] [stderr]    Compiling static-pubkey v1.0.3 (/opt/rustwide/workdir)
[INFO] [stderr]     Finished test [unoptimized + debuginfo] target(s) in 0.54s
[INFO] running `Command { std: "docker" "inspect" "d43ba8d54db82b7f427132505ecd886a178cb0be015fe18a6534176a4c77fa1c", kill_on_drop: false }`
[INFO] running `Command { std: "docker" "rm" "-f" "d43ba8d54db82b7f427132505ecd886a178cb0be015fe18a6534176a4c77fa1c", kill_on_drop: false }`
[INFO] [stdout] d43ba8d54db82b7f427132505ecd886a178cb0be015fe18a6534176a4c77fa1c
[INFO] running `Command { std: "docker" "create" "-v" "/var/lib/crater-agent-workspace/builds/worker-6-tc2/target:/opt/rustwide/target:rw,Z" "-v" "/var/lib/crater-agent-workspace/builds/worker-6-tc2/source:/opt/rustwide/workdir:ro,Z" "-v" "/var/lib/crater-agent-workspace/cargo-home:/opt/rustwide/cargo-home:ro,Z" "-v" "/var/lib/crater-agent-workspace/rustup-home:/opt/rustwide/rustup-home:ro,Z" "-e" "SOURCE_DIR=/opt/rustwide/workdir" "-e" "CARGO_TARGET_DIR=/opt/rustwide/target" "-e" "CARGO_INCREMENTAL=0" "-e" "RUST_BACKTRACE=full" "-e" "RUSTFLAGS=--cap-lints=warn" "-e" "RUSTDOCFLAGS=--cap-lints=warn" "-e" "CARGO_HOME=/opt/rustwide/cargo-home" "-e" "RUSTUP_HOME=/opt/rustwide/rustup-home" "-w" "/opt/rustwide/workdir" "-m" "1610612736" "--user" "0:0" "--network" "none" "ghcr.io/rust-lang/crates-build-env/linux@sha256:2788e3201cd34a07e3172128adcd8b3090168a8e3bcc40d7c032b9dda1df7d1c" "/opt/rustwide/cargo-home/bin/cargo" "+beta-2023-12-22" "test" "--frozen", kill_on_drop: false }`
[INFO] [stdout] 6a2f530b2fd92677d6fb9b0ceabc7867329ea4c3f9bcca1134af87492bdd96ae
[INFO] running `Command { std: "docker" "start" "-a" "6a2f530b2fd92677d6fb9b0ceabc7867329ea4c3f9bcca1134af87492bdd96ae", kill_on_drop: false }`
[INFO] [stderr]     Finished test [unoptimized + debuginfo] target(s) in 0.02s
[INFO] [stderr]      Running unittests src/lib.rs (/opt/rustwide/target/debug/deps/static_pubkey-2d1e7a985495ec54)
[INFO] [stdout] 
[INFO] [stdout] running 0 tests
[INFO] [stdout] 
[INFO] [stdout] test result: ok. 0 passed; 0 failed; 0 ignored; 0 measured; 0 filtered out; finished in 0.00s
[INFO] [stdout] 
[INFO] [stderr]    Doc-tests static-pubkey
[INFO] [stdout] 
[INFO] [stdout] running 1 test
[INFO] [stdout] test src/lib.rs - static_pubkey (line 16) ... FAILED
[INFO] [stdout] 
[INFO] [stdout] failures:
[INFO] [stdout] 
[INFO] [stdout] ---- src/lib.rs - static_pubkey (line 16) stdout ----
[INFO] [stdout] error[E0433]: failed to resolve: use of undeclared crate or module `solana_program`
[INFO] [stdout]  --> src/lib.rs:19:11
[INFO] [stdout]   |
[INFO] [stdout] 6 | let key = static_pubkey!("GjphYQcbP1m3FuDyCTUJf2mUMxKPE3j6feWU1rxvC7Ps");
[INFO] [stdout]   |           ^^^^^^^^^^^^^^^^^^^^^^^^^^^^^^^^^^^^^^^^^^^^^^^^^^^^^^^^^^^^^^ use of undeclared crate or module `solana_program`
[INFO] [stdout]   |
[INFO] [stdout]   = note: this error originates in the macro `static_pubkey` (in Nightly builds, run with -Z macro-backtrace for more info)
[INFO] [stdout] 
[INFO] [stdout] error: aborting due to 1 previous error
[INFO] [stdout] 
[INFO] [stdout] For more information about this error, try `rustc --explain E0433`.
[INFO] [stdout] Couldn't compile the test.
[INFO] [stdout] 
[INFO] [stdout] failures:
[INFO] [stdout]     src/lib.rs - static_pubkey (line 16)
[INFO] [stdout] 
[INFO] [stdout] test result: FAILED. 0 passed; 1 failed; 0 ignored; 0 measured; 0 filtered out; finished in 0.08s
[INFO] [stdout] 
[INFO] [stderr] error: doctest failed, to rerun pass `--doc`
[INFO] running `Command { std: "docker" "inspect" "6a2f530b2fd92677d6fb9b0ceabc7867329ea4c3f9bcca1134af87492bdd96ae", kill_on_drop: false }`
[INFO] running `Command { std: "docker" "rm" "-f" "6a2f530b2fd92677d6fb9b0ceabc7867329ea4c3f9bcca1134af87492bdd96ae", kill_on_drop: false }`
[INFO] [stdout] 6a2f530b2fd92677d6fb9b0ceabc7867329ea4c3f9bcca1134af87492bdd96ae
