[INFO] fetching crate static-graph 0.2.1...
[INFO] testing static-graph-0.2.1 against 1.75.0 for beta-1.76-1
[INFO] extracting crate static-graph 0.2.1 into /workspace/builds/worker-2-tc1/source
[INFO] validating manifest of crates.io crate static-graph 0.2.1 on toolchain 1.75.0
[INFO] running `Command { std: CARGO_HOME="/workspace/cargo-home" RUSTUP_HOME="/workspace/rustup-home" "/workspace/cargo-home/bin/cargo" "+1.75.0" "metadata" "--manifest-path" "Cargo.toml" "--no-deps", kill_on_drop: false }`
[INFO] started tweaking crates.io crate static-graph 0.2.1
[INFO] finished tweaking crates.io crate static-graph 0.2.1
[INFO] tweaked toml for crates.io crate static-graph 0.2.1 written to /workspace/builds/worker-2-tc1/source/Cargo.toml
[INFO] crate crates.io crate static-graph 0.2.1 already has a lockfile, it will not be regenerated
[INFO] running `Command { std: CARGO_HOME="/workspace/cargo-home" RUSTUP_HOME="/workspace/rustup-home" "/workspace/cargo-home/bin/cargo" "+1.75.0" "fetch" "--manifest-path" "Cargo.toml", kill_on_drop: false }`
[INFO] [stderr]  Downloading crates ...
[INFO] [stderr]   Downloaded faststr v0.2.1
[INFO] running `Command { std: "docker" "create" "-v" "/var/lib/crater-agent-workspace/builds/worker-2-tc1/target:/opt/rustwide/target:rw,Z" "-v" "/var/lib/crater-agent-workspace/builds/worker-2-tc1/source:/opt/rustwide/workdir:ro,Z" "-v" "/var/lib/crater-agent-workspace/cargo-home:/opt/rustwide/cargo-home:ro,Z" "-v" "/var/lib/crater-agent-workspace/rustup-home:/opt/rustwide/rustup-home:ro,Z" "-e" "SOURCE_DIR=/opt/rustwide/workdir" "-e" "CARGO_TARGET_DIR=/opt/rustwide/target" "-e" "CARGO_HOME=/opt/rustwide/cargo-home" "-e" "RUSTUP_HOME=/opt/rustwide/rustup-home" "-w" "/opt/rustwide/workdir" "-m" "1610612736" "--user" "0:0" "--network" "none" "ghcr.io/rust-lang/crates-build-env/linux@sha256:2788e3201cd34a07e3172128adcd8b3090168a8e3bcc40d7c032b9dda1df7d1c" "/opt/rustwide/cargo-home/bin/cargo" "+1.75.0" "metadata" "--no-deps" "--format-version=1", kill_on_drop: false }`
[INFO] [stdout] bca0999d6299b350939420d5a7abfb432fececd6ccd1ca8058b75065a494ec71
[INFO] running `Command { std: "docker" "start" "-a" "bca0999d6299b350939420d5a7abfb432fececd6ccd1ca8058b75065a494ec71", kill_on_drop: false }`
[INFO] running `Command { std: "docker" "inspect" "bca0999d6299b350939420d5a7abfb432fececd6ccd1ca8058b75065a494ec71", kill_on_drop: false }`
[INFO] running `Command { std: "docker" "rm" "-f" "bca0999d6299b350939420d5a7abfb432fececd6ccd1ca8058b75065a494ec71", kill_on_drop: false }`
[INFO] [stdout] bca0999d6299b350939420d5a7abfb432fececd6ccd1ca8058b75065a494ec71
[INFO] running `Command { std: "docker" "create" "-v" "/var/lib/crater-agent-workspace/builds/worker-2-tc1/target:/opt/rustwide/target:rw,Z" "-v" "/var/lib/crater-agent-workspace/builds/worker-2-tc1/source:/opt/rustwide/workdir:ro,Z" "-v" "/var/lib/crater-agent-workspace/cargo-home:/opt/rustwide/cargo-home:ro,Z" "-v" "/var/lib/crater-agent-workspace/rustup-home:/opt/rustwide/rustup-home:ro,Z" "-e" "SOURCE_DIR=/opt/rustwide/workdir" "-e" "CARGO_TARGET_DIR=/opt/rustwide/target" "-e" "CARGO_INCREMENTAL=0" "-e" "RUST_BACKTRACE=full" "-e" "RUSTFLAGS=--cap-lints=warn" "-e" "RUSTDOCFLAGS=--cap-lints=warn" "-e" "CARGO_HOME=/opt/rustwide/cargo-home" "-e" "RUSTUP_HOME=/opt/rustwide/rustup-home" "-w" "/opt/rustwide/workdir" "-m" "1610612736" "--user" "0:0" "--network" "none" "ghcr.io/rust-lang/crates-build-env/linux@sha256:2788e3201cd34a07e3172128adcd8b3090168a8e3bcc40d7c032b9dda1df7d1c" "/opt/rustwide/cargo-home/bin/cargo" "+1.75.0" "build" "--frozen" "--message-format=json", kill_on_drop: false }`
[INFO] [stdout] 881c594188c4d43ad33c1c5df3d52818c5b6b2339025f558c15aac905bd097a2
[INFO] running `Command { std: "docker" "start" "-a" "881c594188c4d43ad33c1c5df3d52818c5b6b2339025f558c15aac905bd097a2", kill_on_drop: false }`
[INFO] [stderr]    Compiling libc v0.2.142
[INFO] [stderr]    Compiling proc-macro2 v1.0.56
[INFO] [stderr]    Compiling quote v1.0.26
[INFO] [stderr]    Compiling unicode-ident v1.0.8
[INFO] [stderr]    Compiling log v0.4.17
[INFO] [stderr]    Compiling parking_lot_core v0.9.7
[INFO] [stderr]    Compiling lock_api v0.4.9
[INFO] [stderr]    Compiling scopeguard v1.1.0
[INFO] [stderr]    Compiling serde v1.0.162
[INFO] [stderr]    Compiling memchr v2.5.0
[INFO] [stderr]    Compiling smallvec v1.10.0
[INFO] [stderr]    Compiling tokio v1.28.0
[INFO] [stderr]    Compiling async-trait v0.1.68
[INFO] [stderr]    Compiling bytes v1.4.0
[INFO] [stderr]    Compiling pin-project-lite v0.2.9
[INFO] [stderr]    Compiling byteorder v1.4.3
[INFO] [stderr]    Compiling syn v2.0.15
[INFO] [stderr]    Compiling nom v7.1.3
[INFO] [stderr]    Compiling fxhash v0.2.1
[INFO] [stderr]    Compiling mio v0.8.6
[INFO] [stderr]    Compiling socket2 v0.4.9
[INFO] [stderr]    Compiling parking_lot v0.12.1
[INFO] [stderr]    Compiling signal-hook-registry v1.4.1
[INFO] [stderr]    Compiling num_cpus v1.15.0
[INFO] [stderr]    Compiling heck v0.4.1
[INFO] [stderr]    Compiling arc-swap v1.6.0
[INFO] [stderr]    Compiling faststr v0.2.1
[INFO] [stderr]    Compiling tokio-macros v2.1.0
[INFO] [stderr]    Compiling static-graph v0.2.1 (/opt/rustwide/workdir)
[INFO] [stdout] warning: private item shadows public glob re-export
[INFO] [stdout]    --> src/lib.rs:192:10
[INFO] [stdout]     |
[INFO] [stdout] 192 |     io::{self, Write},
[INFO] [stdout]     |          ^^^^
[INFO] [stdout]     |
[INFO] [stdout] note: the name `io` in the type namespace is supposed to be publicly re-exported here
[INFO] [stdout]    --> src/lib.rs:183:9
[INFO] [stdout]     |
[INFO] [stdout] 183 | pub use tokio::*;
[INFO] [stdout]     |         ^^^^^^^^
[INFO] [stdout] note: but the private item here shadows it
[INFO] [stdout]    --> src/lib.rs:192:10
[INFO] [stdout]     |
[INFO] [stdout] 192 |     io::{self, Write},
[INFO] [stdout]     |          ^^^^
[INFO] [stdout]     = note: `#[warn(hidden_glob_reexports)]` on by default
[INFO] [stdout] 
[INFO] [stdout] 
[INFO] [stdout] warning: 1 warning emitted
[INFO] [stdout] 
[INFO] [stdout] 
[INFO] [stderr]     Finished dev [unoptimized + debuginfo] target(s) in 12.91s
[INFO] running `Command { std: "docker" "inspect" "881c594188c4d43ad33c1c5df3d52818c5b6b2339025f558c15aac905bd097a2", kill_on_drop: false }`
[INFO] running `Command { std: "docker" "rm" "-f" "881c594188c4d43ad33c1c5df3d52818c5b6b2339025f558c15aac905bd097a2", kill_on_drop: false }`
[INFO] [stdout] 881c594188c4d43ad33c1c5df3d52818c5b6b2339025f558c15aac905bd097a2
[INFO] running `Command { std: "docker" "create" "-v" "/var/lib/crater-agent-workspace/builds/worker-2-tc1/target:/opt/rustwide/target:rw,Z" "-v" "/var/lib/crater-agent-workspace/builds/worker-2-tc1/source:/opt/rustwide/workdir:ro,Z" "-v" "/var/lib/crater-agent-workspace/cargo-home:/opt/rustwide/cargo-home:ro,Z" "-v" "/var/lib/crater-agent-workspace/rustup-home:/opt/rustwide/rustup-home:ro,Z" "-e" "SOURCE_DIR=/opt/rustwide/workdir" "-e" "CARGO_TARGET_DIR=/opt/rustwide/target" "-e" "CARGO_INCREMENTAL=0" "-e" "RUST_BACKTRACE=full" "-e" "RUSTFLAGS=--cap-lints=warn" "-e" "RUSTDOCFLAGS=--cap-lints=warn" "-e" "CARGO_HOME=/opt/rustwide/cargo-home" "-e" "RUSTUP_HOME=/opt/rustwide/rustup-home" "-w" "/opt/rustwide/workdir" "-m" "1610612736" "--user" "0:0" "--network" "none" "ghcr.io/rust-lang/crates-build-env/linux@sha256:2788e3201cd34a07e3172128adcd8b3090168a8e3bcc40d7c032b9dda1df7d1c" "/opt/rustwide/cargo-home/bin/cargo" "+1.75.0" "test" "--frozen" "--no-run" "--message-format=json", kill_on_drop: false }`
[INFO] [stdout] 089efbd26b7b3f047366d6dba57b426a87d94e9976df29ba214df5ac842e0e90
[INFO] running `Command { std: "docker" "start" "-a" "089efbd26b7b3f047366d6dba57b426a87d94e9976df29ba214df5ac842e0e90", kill_on_drop: false }`
[INFO] [stdout] warning: private item shadows public glob re-export
[INFO] [stdout]    --> src/lib.rs:192:10
[INFO] [stdout]     |
[INFO] [stdout] 192 |     io::{self, Write},
[INFO] [stdout]     |          ^^^^
[INFO] [stdout]     |
[INFO] [stdout] note: the name `io` in the type namespace is supposed to be publicly re-exported here
[INFO] [stdout]    --> src/lib.rs:183:9
[INFO] [stdout]     |
[INFO] [stdout] 183 | pub use tokio::*;
[INFO] [stdout]     |         ^^^^^^^^
[INFO] [stdout] note: but the private item here shadows it
[INFO] [stdout]    --> src/lib.rs:192:10
[INFO] [stdout]     |
[INFO] [stdout] 192 |     io::{self, Write},
[INFO] [stdout]     |          ^^^^
[INFO] [stdout]     = note: `#[warn(hidden_glob_reexports)]` on by default
[INFO] [stdout] 
[INFO] [stdout] 
[INFO] [stdout] warning: 1 warning emitted
[INFO] [stdout] 
[INFO] [stdout] 
[INFO] [stderr]    Compiling static-graph v0.2.1 (/opt/rustwide/workdir)
[INFO] [stdout] warning: private item shadows public glob re-export
[INFO] [stdout]    --> src/lib.rs:192:10
[INFO] [stdout]     |
[INFO] [stdout] 192 |     io::{self, Write},
[INFO] [stdout]     |          ^^^^
[INFO] [stdout]     |
[INFO] [stdout] note: the name `io` in the type namespace is supposed to be publicly re-exported here
[INFO] [stdout]    --> src/lib.rs:183:9
[INFO] [stdout]     |
[INFO] [stdout] 183 | pub use tokio::*;
[INFO] [stdout]     |         ^^^^^^^^
[INFO] [stdout] note: but the private item here shadows it
[INFO] [stdout]    --> src/lib.rs:192:10
[INFO] [stdout]     |
[INFO] [stdout] 192 |     io::{self, Write},
[INFO] [stdout]     |          ^^^^
[INFO] [stdout]     = note: `#[warn(hidden_glob_reexports)]` on by default
[INFO] [stdout] 
[INFO] [stdout] 
[INFO] [stdout] warning: 1 warning emitted
[INFO] [stdout] 
[INFO] [stdout] 
[INFO] [stderr]     Finished test [unoptimized + debuginfo] target(s) in 1.66s
[INFO] running `Command { std: "docker" "inspect" "089efbd26b7b3f047366d6dba57b426a87d94e9976df29ba214df5ac842e0e90", kill_on_drop: false }`
[INFO] running `Command { std: "docker" "rm" "-f" "089efbd26b7b3f047366d6dba57b426a87d94e9976df29ba214df5ac842e0e90", kill_on_drop: false }`
[INFO] [stdout] 089efbd26b7b3f047366d6dba57b426a87d94e9976df29ba214df5ac842e0e90
[INFO] running `Command { std: "docker" "create" "-v" "/var/lib/crater-agent-workspace/builds/worker-2-tc1/target:/opt/rustwide/target:rw,Z" "-v" "/var/lib/crater-agent-workspace/builds/worker-2-tc1/source:/opt/rustwide/workdir:ro,Z" "-v" "/var/lib/crater-agent-workspace/cargo-home:/opt/rustwide/cargo-home:ro,Z" "-v" "/var/lib/crater-agent-workspace/rustup-home:/opt/rustwide/rustup-home:ro,Z" "-e" "SOURCE_DIR=/opt/rustwide/workdir" "-e" "CARGO_TARGET_DIR=/opt/rustwide/target" "-e" "CARGO_INCREMENTAL=0" "-e" "RUST_BACKTRACE=full" "-e" "RUSTFLAGS=--cap-lints=warn" "-e" "RUSTDOCFLAGS=--cap-lints=warn" "-e" "CARGO_HOME=/opt/rustwide/cargo-home" "-e" "RUSTUP_HOME=/opt/rustwide/rustup-home" "-w" "/opt/rustwide/workdir" "-m" "1610612736" "--user" "0:0" "--network" "none" "ghcr.io/rust-lang/crates-build-env/linux@sha256:2788e3201cd34a07e3172128adcd8b3090168a8e3bcc40d7c032b9dda1df7d1c" "/opt/rustwide/cargo-home/bin/cargo" "+1.75.0" "test" "--frozen", kill_on_drop: false }`
[INFO] [stdout] 6dde8a2e8a9cf64ee5909ba5cc39516c7b7fff4ddcc17f0f3e20d91d0722744b
[INFO] running `Command { std: "docker" "start" "-a" "6dde8a2e8a9cf64ee5909ba5cc39516c7b7fff4ddcc17f0f3e20d91d0722744b", kill_on_drop: false }`
[INFO] [stderr] warning: private item shadows public glob re-export
[INFO] [stderr]    --> src/lib.rs:192:10
[INFO] [stderr]     |
[INFO] [stderr] 192 |     io::{self, Write},
[INFO] [stderr]     |          ^^^^
[INFO] [stderr]     |
[INFO] [stderr] note: the name `io` in the type namespace is supposed to be publicly re-exported here
[INFO] [stderr]    --> src/lib.rs:183:9
[INFO] [stderr]     |
[INFO] [stderr] 183 | pub use tokio::*;
[INFO] [stderr]     |         ^^^^^^^^
[INFO] [stderr] note: but the private item here shadows it
[INFO] [stderr]    --> src/lib.rs:192:10
[INFO] [stderr]     |
[INFO] [stderr] 192 |     io::{self, Write},
[INFO] [stderr]     |          ^^^^
[INFO] [stderr]     = note: `#[warn(hidden_glob_reexports)]` on by default
[INFO] [stderr] 
[INFO] [stderr] warning: `static-graph` (lib) generated 1 warning
[INFO] [stderr] warning: `static-graph` (lib test) generated 1 warning (1 duplicate)
[INFO] [stderr]     Finished test [unoptimized + debuginfo] target(s) in 0.04s
[INFO] [stderr]      Running unittests src/lib.rs (/opt/rustwide/target/debug/deps/static_graph-dc50b90e5b353223)
[INFO] [stdout] 
[INFO] [stdout] running 9 tests
[INFO] [stdout] test parser::annotations::tests::test_annotations ... ok
[INFO] [stdout] test parser::field::tests::test_field ... ok
[INFO] [stdout] test parser::ident::tests::test_ident ... ok
[INFO] [stdout] test parser::literal::tests::test_literal ... ok
[INFO] [stdout] test parser::document::tests::test_document ... ok
[INFO] [stdout] test parser::graph::tests::test_graph ... ok
[INFO] [stdout] test parser::node::tests::test_node ... ok
[INFO] [stdout] test parser::path::tests::test_path ... ok
[INFO] [stdout] test parser::ty::tests::test_type ... ok
[INFO] [stdout] 
[INFO] [stdout] test result: ok. 9 passed; 0 failed; 0 ignored; 0 measured; 0 filtered out; finished in 0.04s
[INFO] [stdout] 
[INFO] [stderr]    Doc-tests static-graph
[INFO] [stdout] 
[INFO] [stdout] running 2 tests
[INFO] [stdout] test src/lib.rs - (line 49) ... FAILED
[INFO] [stdout] test src/lib.rs - (line 42) ... FAILED
[INFO] [stdout] 
[INFO] [stdout] failures:
[INFO] [stdout] 
[INFO] [stdout] ---- src/lib.rs - (line 49) stdout ----
[INFO] [stdout] error: environment variable `OUT_DIR` not defined at compile time
[INFO] [stdout]   --> src/lib.rs:58:5
[INFO] [stdout]    |
[INFO] [stdout] 11 |     static_graph::include_graph!("example.rs");
[INFO] [stdout]    |     ^^^^^^^^^^^^^^^^^^^^^^^^^^^^^^^^^^^^^^^^^^
[INFO] [stdout]    |
[INFO] [stdout]    = help: Cargo sets build script variables at run time. Use `std::env::var("OUT_DIR")` instead
[INFO] [stdout]    = note: this error originates in the macro `env` which comes from the expansion of the macro `static_graph::include_graph` (in Nightly builds, run with -Z macro-backtrace for more info)
[INFO] [stdout] 
[INFO] [stdout] error[E0432]: unresolved imports `gen_graph::Runnable`, `gen_graph::E`, `gen_graph::G`, `gen_graph::O`, `gen_graph::X`, `gen_graph::Y`
[INFO] [stdout]  --> src/lib.rs:55:17
[INFO] [stdout]   |
[INFO] [stdout] 8 | use gen_graph::{Runnable, E, G, O, X, Y};
[INFO] [stdout]   |                 ^^^^^^^^  ^  ^  ^  ^  ^ no `Y` in `gen_graph`
[INFO] [stdout]   |                 |         |  |  |  |
[INFO] [stdout]   |                 |         |  |  |  no `X` in `gen_graph`
[INFO] [stdout]   |                 |         |  |  no `O` in `gen_graph`
[INFO] [stdout]   |                 |         |  no `G` in `gen_graph`
[INFO] [stdout]   |                 |         no `E` in `gen_graph`
[INFO] [stdout]   |                 no `Runnable` in `gen_graph`
[INFO] [stdout] 
[INFO] [stdout] error: aborting due to 2 previous errors
[INFO] [stdout] 
[INFO] [stdout] For more information about this error, try `rustc --explain E0432`.
[INFO] [stdout] Couldn't compile the test.
[INFO] [stdout] ---- src/lib.rs - (line 42) stdout ----
[INFO] [stdout] Test executable failed (exit status: 101).
[INFO] [stdout] 
[INFO] [stdout] stderr:
[INFO] [stdout] thread 'main' panicked at /opt/rustwide/workdir/src/lib.rs:243:52:
[INFO] [stdout] called `Result::unwrap()` on an `Err` value: NotPresent
[INFO] [stdout] stack backtrace:
[INFO] [stdout]    0:     0x55c00fadb00c - std::backtrace_rs::backtrace::libunwind::trace::ha637c64ce894333a
[INFO] [stdout]                                at /rustc/82e1608dfa6e0b5569232559e3d385fea5a93112/library/std/src/../../backtrace/src/backtrace/libunwind.rs:104:5
[INFO] [stdout]    1:     0x55c00fadb00c - std::backtrace_rs::backtrace::trace_unsynchronized::h47f62dea28e0c88d
[INFO] [stdout]                                at /rustc/82e1608dfa6e0b5569232559e3d385fea5a93112/library/std/src/../../backtrace/src/backtrace/mod.rs:66:5
[INFO] [stdout]    2:     0x55c00fadb00c - std::sys_common::backtrace::_print_fmt::h9eef0abe20ede486
[INFO] [stdout]                                at /rustc/82e1608dfa6e0b5569232559e3d385fea5a93112/library/std/src/sys_common/backtrace.rs:67:5
[INFO] [stdout]    3:     0x55c00fadb00c - <std::sys_common::backtrace::_print::DisplayBacktrace as core::fmt::Display>::fmt::hed7f999df88cc644
[INFO] [stdout]                                at /rustc/82e1608dfa6e0b5569232559e3d385fea5a93112/library/std/src/sys_common/backtrace.rs:44:22
[INFO] [stdout]    4:     0x55c00fafef60 - core::fmt::rt::Argument::fmt::h1539a9308b8d058d
[INFO] [stdout]                                at /rustc/82e1608dfa6e0b5569232559e3d385fea5a93112/library/core/src/fmt/rt.rs:142:9
[INFO] [stdout]    5:     0x55c00fafef60 - core::fmt::write::h3a39390d8560d9c9
[INFO] [stdout]                                at /rustc/82e1608dfa6e0b5569232559e3d385fea5a93112/library/core/src/fmt/mod.rs:1120:17
[INFO] [stdout]    6:     0x55c00fad8d9f - std::io::Write::write_fmt::h5fc9997dfe05f882
[INFO] [stdout]                                at /rustc/82e1608dfa6e0b5569232559e3d385fea5a93112/library/std/src/io/mod.rs:1762:15
[INFO] [stdout]    7:     0x55c00fadadf4 - std::sys_common::backtrace::_print::h894006fb5c6f3d45
[INFO] [stdout]                                at /rustc/82e1608dfa6e0b5569232559e3d385fea5a93112/library/std/src/sys_common/backtrace.rs:47:5
[INFO] [stdout]    8:     0x55c00fadadf4 - std::sys_common::backtrace::print::h23a2d212c6fff936
[INFO] [stdout]                                at /rustc/82e1608dfa6e0b5569232559e3d385fea5a93112/library/std/src/sys_common/backtrace.rs:34:9
[INFO] [stdout]    9:     0x55c00fadc307 - std::panicking::default_hook::{{closure}}::h8a1d2ee00185001a
[INFO] [stdout]   10:     0x55c00fadc06f - std::panicking::default_hook::h6038f2eba384e475
[INFO] [stdout]                                at /rustc/82e1608dfa6e0b5569232559e3d385fea5a93112/library/std/src/panicking.rs:292:9
[INFO] [stdout]   11:     0x55c00fadc788 - std::panicking::rust_panic_with_hook::h2b5517d590cab22e
[INFO] [stdout]                                at /rustc/82e1608dfa6e0b5569232559e3d385fea5a93112/library/std/src/panicking.rs:779:13
[INFO] [stdout]   12:     0x55c00fadc66e - std::panicking::begin_panic_handler::{{closure}}::h233112c06e0ef43e
[INFO] [stdout]                                at /rustc/82e1608dfa6e0b5569232559e3d385fea5a93112/library/std/src/panicking.rs:657:13
[INFO] [stdout]   13:     0x55c00fadb4d6 - std::sys_common::backtrace::__rust_end_short_backtrace::h6e893f24d7ebbff8
[INFO] [stdout]                                at /rustc/82e1608dfa6e0b5569232559e3d385fea5a93112/library/std/src/sys_common/backtrace.rs:170:18
[INFO] [stdout]   14:     0x55c00fadc3d2 - rust_begin_unwind
[INFO] [stdout]                                at /rustc/82e1608dfa6e0b5569232559e3d385fea5a93112/library/std/src/panicking.rs:645:5
[INFO] [stdout]   15:     0x55c00fa09d85 - core::panicking::panic_fmt::hbf0e066aabfa482c
[INFO] [stdout]                                at /rustc/82e1608dfa6e0b5569232559e3d385fea5a93112/library/core/src/panicking.rs:72:14
[INFO] [stdout]   16:     0x55c00fa0a1e3 - core::result::unwrap_failed::hddb4fea594200c52
[INFO] [stdout]                                at /rustc/82e1608dfa6e0b5569232559e3d385fea5a93112/library/core/src/result.rs:1653:5
[INFO] [stdout]   17:     0x55c00fa0da24 - core::result::Result<T,E>::unwrap::ha8a2befa43d0ab41
[INFO] [stdout]   18:     0x55c00fa0a9d6 - static_graph::Builder::compile::hf76a022075a9a093
[INFO] [stdout]   19:     0x55c00fa10570 - rust_out::main::_doctest_main_src_lib_rs_42_0::h6cc6170b3f85e3cc
[INFO] [stdout]   20:     0x55c00fa10526 - rust_out::main::hc20c0d07e2402830
[INFO] [stdout]   21:     0x55c00fa0cae3 - core::ops::function::FnOnce::call_once::hbc459743598298c4
[INFO] [stdout]   22:     0x55c00fa0bbf6 - std::sys_common::backtrace::__rust_begin_short_backtrace::h62debe7d3058b76a
[INFO] [stdout]   23:     0x55c00fa0c429 - std::rt::lang_start::{{closure}}::h8f486f3e1e6418b2
[INFO] [stdout]   24:     0x55c00fad4ea7 - core::ops::function::impls::<impl core::ops::function::FnOnce<A> for &F>::call_once::hd95060ecd5e1ca24
[INFO] [stdout]                                at /rustc/82e1608dfa6e0b5569232559e3d385fea5a93112/library/core/src/ops/function.rs:284:13
[INFO] [stdout]   25:     0x55c00fad4ea7 - std::panicking::try::do_call::h6e8cf51db32a6e4b
[INFO] [stdout]                                at /rustc/82e1608dfa6e0b5569232559e3d385fea5a93112/library/std/src/panicking.rs:552:40
[INFO] [stdout]   26:     0x55c00fad4ea7 - std::panicking::try::h3a52eefe24fe3c29
[INFO] [stdout]                                at /rustc/82e1608dfa6e0b5569232559e3d385fea5a93112/library/std/src/panicking.rs:516:19
[INFO] [stdout]   27:     0x55c00fad4ea7 - std::panic::catch_unwind::h24c28c23c02c3841
[INFO] [stdout]                                at /rustc/82e1608dfa6e0b5569232559e3d385fea5a93112/library/std/src/panic.rs:142:14
[INFO] [stdout]   28:     0x55c00fad4ea7 - std::rt::lang_start_internal::{{closure}}::h705d3c9cbc06ef47
[INFO] [stdout]                                at /rustc/82e1608dfa6e0b5569232559e3d385fea5a93112/library/std/src/rt.rs:148:48
[INFO] [stdout]   29:     0x55c00fad4ea7 - std::panicking::try::do_call::ha21f52ba13158470
[INFO] [stdout]                                at /rustc/82e1608dfa6e0b5569232559e3d385fea5a93112/library/std/src/panicking.rs:552:40
[INFO] [stdout]   30:     0x55c00fad4ea7 - std::panicking::try::h5581346bf6aeb1f8
[INFO] [stdout]                                at /rustc/82e1608dfa6e0b5569232559e3d385fea5a93112/library/std/src/panicking.rs:516:19
[INFO] [stdout]   31:     0x55c00fad4ea7 - std::panic::catch_unwind::h7919645a6b72e25b
[INFO] [stdout]                                at /rustc/82e1608dfa6e0b5569232559e3d385fea5a93112/library/std/src/panic.rs:142:14
[INFO] [stdout]   32:     0x55c00fad4ea7 - std::rt::lang_start_internal::h12de51168669836e
[INFO] [stdout]                                at /rustc/82e1608dfa6e0b5569232559e3d385fea5a93112/library/std/src/rt.rs:148:20
[INFO] [stdout]   33:     0x55c00fa0c407 - std::rt::lang_start::h2c48f91a7bf85629
[INFO] [stdout]   34:     0x55c00fa105a5 - main
[INFO] [stdout]   35:     0x7ff35463dd90 - <unknown>
[INFO] [stdout]   36:     0x7ff35463de40 - __libc_start_main
[INFO] [stdout]   37:     0x55c00fa0a4e5 - _start
[INFO] [stdout]   38:                0x0 - <unknown>
[INFO] [stdout] 
[INFO] [stdout] 
[INFO] [stdout] 
[INFO] [stdout] failures:
[INFO] [stdout]     src/lib.rs - (line 42)
[INFO] [stdout]     src/lib.rs - (line 49)
[INFO] [stdout] 
[INFO] [stdout] test result: FAILED. 0 passed; 2 failed; 0 ignored; 0 measured; 0 filtered out; finished in 1.17s
[INFO] [stdout] 
[INFO] [stderr] error: doctest failed, to rerun pass `--doc`
[INFO] running `Command { std: "docker" "inspect" "6dde8a2e8a9cf64ee5909ba5cc39516c7b7fff4ddcc17f0f3e20d91d0722744b", kill_on_drop: false }`
[INFO] running `Command { std: "docker" "rm" "-f" "6dde8a2e8a9cf64ee5909ba5cc39516c7b7fff4ddcc17f0f3e20d91d0722744b", kill_on_drop: false }`
[INFO] [stdout] 6dde8a2e8a9cf64ee5909ba5cc39516c7b7fff4ddcc17f0f3e20d91d0722744b
