[INFO] fetching crate starcrawl 0.1.0...
[INFO] testing starcrawl-0.1.0 against 1.75.0 for beta-1.76-1
[INFO] extracting crate starcrawl 0.1.0 into /workspace/builds/worker-2-tc1/source
[INFO] validating manifest of crates.io crate starcrawl 0.1.0 on toolchain 1.75.0
[INFO] running `Command { std: CARGO_HOME="/workspace/cargo-home" RUSTUP_HOME="/workspace/rustup-home" "/workspace/cargo-home/bin/cargo" "+1.75.0" "metadata" "--manifest-path" "Cargo.toml" "--no-deps", kill_on_drop: false }`
[INFO] started tweaking crates.io crate starcrawl 0.1.0
[INFO] finished tweaking crates.io crate starcrawl 0.1.0
[INFO] tweaked toml for crates.io crate starcrawl 0.1.0 written to /workspace/builds/worker-2-tc1/source/Cargo.toml
[INFO] running `Command { std: CARGO_HOME="/workspace/cargo-home" RUSTUP_HOME="/workspace/rustup-home" "/workspace/cargo-home/bin/cargo" "+1.75.0" "generate-lockfile" "--manifest-path" "Cargo.toml", kill_on_drop: false }`
[INFO] [stderr]     Updating crates.io index
[INFO] running `Command { std: CARGO_HOME="/workspace/cargo-home" RUSTUP_HOME="/workspace/rustup-home" "/workspace/cargo-home/bin/cargo" "+1.75.0" "fetch" "--manifest-path" "Cargo.toml", kill_on_drop: false }`
[INFO] [stderr]  Downloading crates ...
[INFO] [stderr]   Downloaded s2rs v0.7.15
[INFO] [stderr]   Downloaded s2rs-derive v0.1.2
[INFO] [stderr]   Downloaded html_parser v0.6.3
[INFO] running `Command { std: "docker" "create" "-v" "/var/lib/crater-agent-workspace/builds/worker-2-tc1/target:/opt/rustwide/target:rw,Z" "-v" "/var/lib/crater-agent-workspace/builds/worker-2-tc1/source:/opt/rustwide/workdir:ro,Z" "-v" "/var/lib/crater-agent-workspace/cargo-home:/opt/rustwide/cargo-home:ro,Z" "-v" "/var/lib/crater-agent-workspace/rustup-home:/opt/rustwide/rustup-home:ro,Z" "-e" "SOURCE_DIR=/opt/rustwide/workdir" "-e" "CARGO_TARGET_DIR=/opt/rustwide/target" "-e" "CARGO_HOME=/opt/rustwide/cargo-home" "-e" "RUSTUP_HOME=/opt/rustwide/rustup-home" "-w" "/opt/rustwide/workdir" "-m" "1610612736" "--user" "0:0" "--network" "none" "ghcr.io/rust-lang/crates-build-env/linux@sha256:2788e3201cd34a07e3172128adcd8b3090168a8e3bcc40d7c032b9dda1df7d1c" "/opt/rustwide/cargo-home/bin/cargo" "+1.75.0" "metadata" "--no-deps" "--format-version=1", kill_on_drop: false }`
[INFO] [stdout] be7496d52c20e2615c572ead4893c793c288b05f6be23fa856add794e846be64
[INFO] running `Command { std: "docker" "start" "-a" "be7496d52c20e2615c572ead4893c793c288b05f6be23fa856add794e846be64", kill_on_drop: false }`
[INFO] running `Command { std: "docker" "inspect" "be7496d52c20e2615c572ead4893c793c288b05f6be23fa856add794e846be64", kill_on_drop: false }`
[INFO] running `Command { std: "docker" "rm" "-f" "be7496d52c20e2615c572ead4893c793c288b05f6be23fa856add794e846be64", kill_on_drop: false }`
[INFO] [stdout] be7496d52c20e2615c572ead4893c793c288b05f6be23fa856add794e846be64
[INFO] running `Command { std: "docker" "create" "-v" "/var/lib/crater-agent-workspace/builds/worker-2-tc1/target:/opt/rustwide/target:rw,Z" "-v" "/var/lib/crater-agent-workspace/builds/worker-2-tc1/source:/opt/rustwide/workdir:ro,Z" "-v" "/var/lib/crater-agent-workspace/cargo-home:/opt/rustwide/cargo-home:ro,Z" "-v" "/var/lib/crater-agent-workspace/rustup-home:/opt/rustwide/rustup-home:ro,Z" "-e" "SOURCE_DIR=/opt/rustwide/workdir" "-e" "CARGO_TARGET_DIR=/opt/rustwide/target" "-e" "CARGO_INCREMENTAL=0" "-e" "RUST_BACKTRACE=full" "-e" "RUSTFLAGS=--cap-lints=warn" "-e" "RUSTDOCFLAGS=--cap-lints=warn" "-e" "CARGO_HOME=/opt/rustwide/cargo-home" "-e" "RUSTUP_HOME=/opt/rustwide/rustup-home" "-w" "/opt/rustwide/workdir" "-m" "1610612736" "--user" "0:0" "--network" "none" "ghcr.io/rust-lang/crates-build-env/linux@sha256:2788e3201cd34a07e3172128adcd8b3090168a8e3bcc40d7c032b9dda1df7d1c" "/opt/rustwide/cargo-home/bin/cargo" "+1.75.0" "build" "--frozen" "--message-format=json", kill_on_drop: false }`
[INFO] [stdout] 2aa1fe0d79475a3779eb03c843a566a25a63e7df22b3acfa606ba582f7727099
[INFO] running `Command { std: "docker" "start" "-a" "2aa1fe0d79475a3779eb03c843a566a25a63e7df22b3acfa606ba582f7727099", kill_on_drop: false }`
[INFO] [stderr]    Compiling proc-macro2 v1.0.75
[INFO] [stderr]    Compiling unicode-ident v1.0.12
[INFO] [stderr]    Compiling libc v0.2.151
[INFO] [stderr]    Compiling pin-project-lite v0.2.13
[INFO] [stderr]    Compiling pkg-config v0.3.28
[INFO] [stderr]    Compiling vcpkg v0.2.15
[INFO] [stderr]    Compiling bytes v1.5.0
[INFO] [stderr]    Compiling itoa v1.0.10
[INFO] [stderr]    Compiling slab v0.4.9
[INFO] [stderr]    Compiling thiserror v1.0.56
[INFO] [stderr]    Compiling futures-core v0.3.30
[INFO] [stderr]    Compiling tracing-core v0.1.32
[INFO] [stderr]    Compiling openssl v0.10.62
[INFO] [stderr]    Compiling foreign-types-shared v0.1.1
[INFO] [stderr]    Compiling serde v1.0.194
[INFO] [stderr]    Compiling http v0.2.11
[INFO] [stderr]    Compiling tracing v0.1.40
[INFO] [stderr]    Compiling foreign-types v0.3.2
[INFO] [stderr]    Compiling quote v1.0.35
[INFO] [stderr]    Compiling futures-task v0.3.30
[INFO] [stderr]    Compiling memchr v2.7.1
[INFO] [stderr]    Compiling syn v2.0.48
[INFO] [stderr]    Compiling native-tls v0.2.11
[INFO] [stderr]    Compiling ucd-trie v0.1.6
[INFO] [stderr]    Compiling equivalent v1.0.1
[INFO] [stderr]    Compiling futures-sink v0.3.30
[INFO] [stderr]    Compiling hashbrown v0.14.3
[INFO] [stderr]    Compiling bitflags v2.4.1
[INFO] [stderr]    Compiling openssl-probe v0.1.5
[INFO] [stderr]    Compiling try-lock v0.2.5
[INFO] [stderr]    Compiling log v0.4.20
[INFO] [stderr]    Compiling ryu v1.0.16
[INFO] [stderr]    Compiling percent-encoding v2.3.1
[INFO] [stderr]    Compiling serde_json v1.0.111
[INFO] [stderr]    Compiling form_urlencoded v1.2.1
[INFO] [stderr]    Compiling cc v1.0.83
[INFO] [stderr]    Compiling mio v0.8.10
[INFO] [stderr]    Compiling num_cpus v1.16.0
[INFO] [stderr]    Compiling socket2 v0.5.5
[INFO] [stderr]    Compiling want v0.3.1
[INFO] [stderr]    Compiling indexmap v2.1.0
[INFO] [stderr]    Compiling http-body v0.4.6
[INFO] [stderr]    Compiling futures-channel v0.3.30
[INFO] [stderr]    Compiling unicode-bidi v0.3.14
[INFO] [stderr]    Compiling syn v1.0.109
[INFO] [stderr]    Compiling httpdate v1.0.3
[INFO] [stderr]    Compiling idna v0.5.0
[INFO] [stderr]    Compiling async-trait v0.1.77
[INFO] [stderr]    Compiling encoding_rs v0.8.33
[INFO] [stderr]    Compiling ipnet v2.9.0
[INFO] [stderr]    Compiling openssl-sys v0.9.98
[INFO] [stderr]    Compiling base64 v0.21.5
[INFO] [stderr]    Compiling url v2.5.0
[INFO] [stderr]    Compiling tokio-macros v2.2.0
[INFO] [stderr]    Compiling thiserror-impl v1.0.56
[INFO] [stderr]    Compiling openssl-macros v0.1.1
[INFO] [stderr]    Compiling futures-macro v0.3.30
[INFO] [stderr]    Compiling serde_derive v1.0.194
[INFO] [stderr]    Compiling s2rs-derive v0.1.2
[INFO] [stderr]    Compiling tokio v1.35.1
[INFO] [stderr]    Compiling futures-util v0.3.30
[INFO] [stderr]    Compiling derivative v2.2.0
[INFO] [stderr]    Compiling pest v2.7.6
[INFO] [stderr]    Compiling pest_meta v2.7.6
[INFO] [stderr]    Compiling pest_generator v2.7.6
[INFO] [stderr]    Compiling tokio-util v0.7.10
[INFO] [stderr]    Compiling tokio-native-tls v0.3.1
[INFO] [stderr]    Compiling pest_derive v2.7.6
[INFO] [stderr]    Compiling h2 v0.3.22
[INFO] [stderr]    Compiling serde_urlencoded v0.7.1
[INFO] [stderr]    Compiling hyper v0.14.28
[INFO] [stderr]    Compiling html_parser v0.6.3
[INFO] [stderr]    Compiling hyper-tls v0.5.0
[INFO] [stderr]    Compiling reqwest v0.11.23
[INFO] [stderr]    Compiling s2rs v0.7.15
[INFO] [stderr]    Compiling starcrawl v0.1.0 (/opt/rustwide/workdir)
[INFO] [stdout] warning: unused import: `capture`
[INFO] [stdout]  --> src/location/project.rs:3:23
[INFO] [stdout]   |
[INFO] [stdout] 3 | use crate::{location, capture};
[INFO] [stdout]   |                       ^^^^^^^
[INFO] [stdout]   |
[INFO] [stdout]   = note: `#[warn(unused_imports)]` on by default
[INFO] [stdout] 
[INFO] [stdout] 
[INFO] [stdout] warning: unused import: `NextDirection`
[INFO] [stdout]  --> src/location/project.rs:4:55
[INFO] [stdout]   |
[INFO] [stdout] 4 | use super::{Location, LocationSession, CrawlLocation, NextDirection};
[INFO] [stdout]   |                                                       ^^^^^^^^^^^^^
[INFO] [stdout] 
[INFO] [stdout] 
[INFO] [stdout] warning: unused imports: `Add`, `Index`
[INFO] [stdout]  --> src/active_text.rs:1:16
[INFO] [stdout]   |
[INFO] [stdout] 1 | use std::ops::{Add, Index};
[INFO] [stdout]   |                ^^^  ^^^^^
[INFO] [stdout] 
[INFO] [stdout] 
[INFO] [stdout] warning: unused import: `self`
[INFO] [stdout]  --> src/active_text.rs:3:91
[INFO] [stdout]   |
[INFO] [stdout] 3 | use crate::{capture::{Capture, populate_user, populate_studio}, location::{CrawlLocation, self, populate_project}};
[INFO] [stdout]   |                                                                                           ^^^^
[INFO] [stdout] 
[INFO] [stdout] 
[INFO] [stdout] warning: unused import: `project::*`
[INFO] [stdout]  --> src/capture/mod.rs:2:9
[INFO] [stdout]   |
[INFO] [stdout] 2 | pub use project::*;
[INFO] [stdout]   |         ^^^^^^^^^^
[INFO] [stdout] 
[INFO] [stdout] 
[INFO] [stdout] warning: unused import: `comment::*`
[INFO] [stdout]  --> src/capture/mod.rs:5:9
[INFO] [stdout]   |
[INFO] [stdout] 5 | pub use comment::*;
[INFO] [stdout]   |         ^^^^^^^^^^
[INFO] [stdout] 
[INFO] [stdout] 
[INFO] [stdout] warning: field `api` is never read
[INFO] [stdout]  --> src/crawler.rs:5:5
[INFO] [stdout]   |
[INFO] [stdout] 4 | pub struct Crawler {
[INFO] [stdout]   |            ------- field in this struct
[INFO] [stdout] 5 |     api: Arc<s2rs::Api>,
[INFO] [stdout]   |     ^^^
[INFO] [stdout]   |
[INFO] [stdout]   = note: `#[warn(dead_code)]` on by default
[INFO] [stdout] 
[INFO] [stdout] 
[INFO] [stdout] warning: 7 warnings emitted
[INFO] [stdout] 
[INFO] [stdout] 
[INFO] [stderr]     Finished dev [unoptimized + debuginfo] target(s) in 51.55s
[INFO] running `Command { std: "docker" "inspect" "2aa1fe0d79475a3779eb03c843a566a25a63e7df22b3acfa606ba582f7727099", kill_on_drop: false }`
[INFO] running `Command { std: "docker" "rm" "-f" "2aa1fe0d79475a3779eb03c843a566a25a63e7df22b3acfa606ba582f7727099", kill_on_drop: false }`
[INFO] [stdout] 2aa1fe0d79475a3779eb03c843a566a25a63e7df22b3acfa606ba582f7727099
[INFO] running `Command { std: "docker" "create" "-v" "/var/lib/crater-agent-workspace/builds/worker-2-tc1/target:/opt/rustwide/target:rw,Z" "-v" "/var/lib/crater-agent-workspace/builds/worker-2-tc1/source:/opt/rustwide/workdir:ro,Z" "-v" "/var/lib/crater-agent-workspace/cargo-home:/opt/rustwide/cargo-home:ro,Z" "-v" "/var/lib/crater-agent-workspace/rustup-home:/opt/rustwide/rustup-home:ro,Z" "-e" "SOURCE_DIR=/opt/rustwide/workdir" "-e" "CARGO_TARGET_DIR=/opt/rustwide/target" "-e" "CARGO_INCREMENTAL=0" "-e" "RUST_BACKTRACE=full" "-e" "RUSTFLAGS=--cap-lints=warn" "-e" "RUSTDOCFLAGS=--cap-lints=warn" "-e" "CARGO_HOME=/opt/rustwide/cargo-home" "-e" "RUSTUP_HOME=/opt/rustwide/rustup-home" "-w" "/opt/rustwide/workdir" "-m" "1610612736" "--user" "0:0" "--network" "none" "ghcr.io/rust-lang/crates-build-env/linux@sha256:2788e3201cd34a07e3172128adcd8b3090168a8e3bcc40d7c032b9dda1df7d1c" "/opt/rustwide/cargo-home/bin/cargo" "+1.75.0" "test" "--frozen" "--no-run" "--message-format=json", kill_on_drop: false }`
[INFO] [stdout] f762b5c16d58a5d803bc29d1b4c2ca5becb45f550bf46f2854bab1ee64e07d48
[INFO] running `Command { std: "docker" "start" "-a" "f762b5c16d58a5d803bc29d1b4c2ca5becb45f550bf46f2854bab1ee64e07d48", kill_on_drop: false }`
[INFO] [stdout] warning: unused import: `capture`
[INFO] [stdout]  --> src/location/project.rs:3:23
[INFO] [stdout]   |
[INFO] [stdout] 3 | use crate::{location, capture};
[INFO] [stdout]   |                       ^^^^^^^
[INFO] [stdout]   |
[INFO] [stdout]   = note: `#[warn(unused_imports)]` on by default
[INFO] [stdout] 
[INFO] [stdout] 
[INFO] [stdout] warning: unused import: `NextDirection`
[INFO] [stdout]  --> src/location/project.rs:4:55
[INFO] [stdout]   |
[INFO] [stdout] 4 | use super::{Location, LocationSession, CrawlLocation, NextDirection};
[INFO] [stdout]   |                                                       ^^^^^^^^^^^^^
[INFO] [stdout] 
[INFO] [stdout] 
[INFO] [stdout] warning: unused imports: `Add`, `Index`
[INFO] [stdout]  --> src/active_text.rs:1:16
[INFO] [stdout]   |
[INFO] [stdout] 1 | use std::ops::{Add, Index};
[INFO] [stdout]   |                ^^^  ^^^^^
[INFO] [stdout] 
[INFO] [stdout] 
[INFO] [stdout] warning: unused import: `self`
[INFO] [stdout]  --> src/active_text.rs:3:91
[INFO] [stdout]   |
[INFO] [stdout] 3 | use crate::{capture::{Capture, populate_user, populate_studio}, location::{CrawlLocation, self, populate_project}};
[INFO] [stdout]   |                                                                                           ^^^^
[INFO] [stdout] 
[INFO] [stdout] 
[INFO] [stdout] warning: unused import: `project::*`
[INFO] [stdout]  --> src/capture/mod.rs:2:9
[INFO] [stdout]   |
[INFO] [stdout] 2 | pub use project::*;
[INFO] [stdout]   |         ^^^^^^^^^^
[INFO] [stdout] 
[INFO] [stdout] 
[INFO] [stdout] warning: unused import: `comment::*`
[INFO] [stdout]  --> src/capture/mod.rs:5:9
[INFO] [stdout]   |
[INFO] [stdout] 5 | pub use comment::*;
[INFO] [stdout]   |         ^^^^^^^^^^
[INFO] [stdout] 
[INFO] [stdout] 
[INFO] [stdout] warning: field `api` is never read
[INFO] [stdout]  --> src/crawler.rs:5:5
[INFO] [stdout]   |
[INFO] [stdout] 4 | pub struct Crawler {
[INFO] [stdout]   |            ------- field in this struct
[INFO] [stdout] 5 |     api: Arc<s2rs::Api>,
[INFO] [stdout]   |     ^^^
[INFO] [stdout]   |
[INFO] [stdout]   = note: `#[warn(dead_code)]` on by default
[INFO] [stdout] 
[INFO] [stdout] 
[INFO] [stdout] warning: 7 warnings emitted
[INFO] [stdout] 
[INFO] [stdout] 
[INFO] [stderr]    Compiling starcrawl v0.1.0 (/opt/rustwide/workdir)
[INFO] [stdout] warning: unused import: `capture`
[INFO] [stdout]  --> src/location/project.rs:3:23
[INFO] [stdout]   |
[INFO] [stdout] 3 | use crate::{location, capture};
[INFO] [stdout]   |                       ^^^^^^^
[INFO] [stdout]   |
[INFO] [stdout]   = note: `#[warn(unused_imports)]` on by default
[INFO] [stdout] 
[INFO] [stdout] 
[INFO] [stdout] warning: unused import: `NextDirection`
[INFO] [stdout]  --> src/location/project.rs:4:55
[INFO] [stdout]   |
[INFO] [stdout] 4 | use super::{Location, LocationSession, CrawlLocation, NextDirection};
[INFO] [stdout]   |                                                       ^^^^^^^^^^^^^
[INFO] [stdout] 
[INFO] [stdout] 
[INFO] [stdout] warning: unused imports: `Add`, `Index`
[INFO] [stdout]  --> src/active_text.rs:1:16
[INFO] [stdout]   |
[INFO] [stdout] 1 | use std::ops::{Add, Index};
[INFO] [stdout]   |                ^^^  ^^^^^
[INFO] [stdout] 
[INFO] [stdout] 
[INFO] [stdout] warning: unused import: `self`
[INFO] [stdout]  --> src/active_text.rs:3:91
[INFO] [stdout]   |
[INFO] [stdout] 3 | use crate::{capture::{Capture, populate_user, populate_studio}, location::{CrawlLocation, self, populate_project}};
[INFO] [stdout]   |                                                                                           ^^^^
[INFO] [stdout] 
[INFO] [stdout] 
[INFO] [stdout] warning: unused import: `project::*`
[INFO] [stdout]  --> src/capture/mod.rs:2:9
[INFO] [stdout]   |
[INFO] [stdout] 2 | pub use project::*;
[INFO] [stdout]   |         ^^^^^^^^^^
[INFO] [stdout] 
[INFO] [stdout] 
[INFO] [stdout] warning: unused import: `comment::*`
[INFO] [stdout]  --> src/capture/mod.rs:5:9
[INFO] [stdout]   |
[INFO] [stdout] 5 | pub use comment::*;
[INFO] [stdout]   |         ^^^^^^^^^^
[INFO] [stdout] 
[INFO] [stdout] 
[INFO] [stdout] warning: unused imports: `UserProjects`, `User`
[INFO] [stdout]   --> src/lib.rs:15:46
[INFO] [stdout]    |
[INFO] [stdout] 15 |     use crate::{crawler::Crawler, location::{User, UserProjects, Project}};
[INFO] [stdout]    |                                              ^^^^  ^^^^^^^^^^^^
[INFO] [stdout] 
[INFO] [stdout] 
[INFO] [stdout] warning: unreachable expression
[INFO] [stdout]   --> src/lib.rs:35:9
[INFO] [stdout]    |
[INFO] [stdout] 27 | /         loop {
[INFO] [stdout] 28 | |             tokio::time::sleep(tokio::time::Duration::from_secs(1)).await;
[INFO] [stdout] 29 | |             let output = crawler.next().unwrap().await;
[INFO] [stdout] 30 | |             dbg![
[INFO] [stdout] 31 | |                 output
[INFO] [stdout] 32 | |             ];
[INFO] [stdout] 33 | |         }
[INFO] [stdout]    | |_________- any code following this expression is unreachable
[INFO] [stdout] 34 |
[INFO] [stdout] 35 |           Ok(())
[INFO] [stdout]    |           ^^^^^^ unreachable expression
[INFO] [stdout]    |
[INFO] [stdout]    = note: `#[warn(unreachable_code)]` on by default
[INFO] [stdout] 
[INFO] [stdout] 
[INFO] [stdout] warning: field `api` is never read
[INFO] [stdout]  --> src/crawler.rs:5:5
[INFO] [stdout]   |
[INFO] [stdout] 4 | pub struct Crawler {
[INFO] [stdout]   |            ------- field in this struct
[INFO] [stdout] 5 |     api: Arc<s2rs::Api>,
[INFO] [stdout]   |     ^^^
[INFO] [stdout]   |
[INFO] [stdout]   = note: `#[warn(dead_code)]` on by default
[INFO] [stdout] 
[INFO] [stdout] 
[INFO] [stdout] warning: 9 warnings emitted
[INFO] [stdout] 
[INFO] [stdout] 
[INFO] [stderr]     Finished test [unoptimized + debuginfo] target(s) in 5.66s
[INFO] running `Command { std: "docker" "inspect" "f762b5c16d58a5d803bc29d1b4c2ca5becb45f550bf46f2854bab1ee64e07d48", kill_on_drop: false }`
[INFO] running `Command { std: "docker" "rm" "-f" "f762b5c16d58a5d803bc29d1b4c2ca5becb45f550bf46f2854bab1ee64e07d48", kill_on_drop: false }`
[INFO] [stdout] f762b5c16d58a5d803bc29d1b4c2ca5becb45f550bf46f2854bab1ee64e07d48
[INFO] running `Command { std: "docker" "create" "-v" "/var/lib/crater-agent-workspace/builds/worker-2-tc1/target:/opt/rustwide/target:rw,Z" "-v" "/var/lib/crater-agent-workspace/builds/worker-2-tc1/source:/opt/rustwide/workdir:ro,Z" "-v" "/var/lib/crater-agent-workspace/cargo-home:/opt/rustwide/cargo-home:ro,Z" "-v" "/var/lib/crater-agent-workspace/rustup-home:/opt/rustwide/rustup-home:ro,Z" "-e" "SOURCE_DIR=/opt/rustwide/workdir" "-e" "CARGO_TARGET_DIR=/opt/rustwide/target" "-e" "CARGO_INCREMENTAL=0" "-e" "RUST_BACKTRACE=full" "-e" "RUSTFLAGS=--cap-lints=warn" "-e" "RUSTDOCFLAGS=--cap-lints=warn" "-e" "CARGO_HOME=/opt/rustwide/cargo-home" "-e" "RUSTUP_HOME=/opt/rustwide/rustup-home" "-w" "/opt/rustwide/workdir" "-m" "1610612736" "--user" "0:0" "--network" "none" "ghcr.io/rust-lang/crates-build-env/linux@sha256:2788e3201cd34a07e3172128adcd8b3090168a8e3bcc40d7c032b9dda1df7d1c" "/opt/rustwide/cargo-home/bin/cargo" "+1.75.0" "test" "--frozen", kill_on_drop: false }`
[INFO] [stdout] 5b8afc0f939a0733332cbaa30e277ef20fc9a3e9e2b58804d5150222953a98c6
[INFO] running `Command { std: "docker" "start" "-a" "5b8afc0f939a0733332cbaa30e277ef20fc9a3e9e2b58804d5150222953a98c6", kill_on_drop: false }`
[INFO] [stderr] warning: unused import: `capture`
[INFO] [stderr]  --> src/location/project.rs:3:23
[INFO] [stderr]   |
[INFO] [stderr] 3 | use crate::{location, capture};
[INFO] [stderr]   |                       ^^^^^^^
[INFO] [stderr]   |
[INFO] [stderr]   = note: `#[warn(unused_imports)]` on by default
[INFO] [stderr] 
[INFO] [stderr] warning: unused import: `NextDirection`
[INFO] [stderr]  --> src/location/project.rs:4:55
[INFO] [stderr]   |
[INFO] [stderr] 4 | use super::{Location, LocationSession, CrawlLocation, NextDirection};
[INFO] [stderr]   |                                                       ^^^^^^^^^^^^^
[INFO] [stderr] 
[INFO] [stderr] warning: unused imports: `Add`, `Index`
[INFO] [stderr]  --> src/active_text.rs:1:16
[INFO] [stderr]   |
[INFO] [stderr] 1 | use std::ops::{Add, Index};
[INFO] [stderr]   |                ^^^  ^^^^^
[INFO] [stderr] 
[INFO] [stderr] warning: unused import: `self`
[INFO] [stderr]  --> src/active_text.rs:3:91
[INFO] [stderr]   |
[INFO] [stderr] 3 | use crate::{capture::{Capture, populate_user, populate_studio}, location::{CrawlLocation, self, populate_project}};
[INFO] [stderr]   |                                                                                           ^^^^
[INFO] [stderr] 
[INFO] [stderr] warning: unused import: `project::*`
[INFO] [stderr]  --> src/capture/mod.rs:2:9
[INFO] [stderr]   |
[INFO] [stderr] 2 | pub use project::*;
[INFO] [stderr]   |         ^^^^^^^^^^
[INFO] [stderr] 
[INFO] [stderr] warning: unused import: `comment::*`
[INFO] [stderr]  --> src/capture/mod.rs:5:9
[INFO] [stderr]   |
[INFO] [stderr] 5 | pub use comment::*;
[INFO] [stderr]   |         ^^^^^^^^^^
[INFO] [stderr] 
[INFO] [stderr] warning: field `api` is never read
[INFO] [stderr]  --> src/crawler.rs:5:5
[INFO] [stderr]   |
[INFO] [stderr] 4 | pub struct Crawler {
[INFO] [stderr]   |            ------- field in this struct
[INFO] [stderr] 5 |     api: Arc<s2rs::Api>,
[INFO] [stderr]   |     ^^^
[INFO] [stderr]   |
[INFO] [stderr]   = note: `#[warn(dead_code)]` on by default
[INFO] [stderr] 
[INFO] [stderr] warning: `starcrawl` (lib) generated 7 warnings (run `cargo fix --lib -p starcrawl` to apply 6 suggestions)
[INFO] [stderr] warning: unused imports: `UserProjects`, `User`
[INFO] [stderr]   --> src/lib.rs:15:46
[INFO] [stderr]    |
[INFO] [stderr] 15 |     use crate::{crawler::Crawler, location::{User, UserProjects, Project}};
[INFO] [stderr]    |                                              ^^^^  ^^^^^^^^^^^^
[INFO] [stderr] 
[INFO] [stderr] warning: unreachable expression
[INFO] [stderr]   --> src/lib.rs:35:9
[INFO] [stderr]    |
[INFO] [stderr] 27 | /         loop {
[INFO] [stderr] 28 | |             tokio::time::sleep(tokio::time::Duration::from_secs(1)).await;
[INFO] [stderr] 29 | |             let output = crawler.next().unwrap().await;
[INFO] [stderr] 30 | |             dbg![
[INFO] [stderr] 31 | |                 output
[INFO] [stderr] 32 | |             ];
[INFO] [stderr] 33 | |         }
[INFO] [stderr]    | |_________- any code following this expression is unreachable
[INFO] [stderr] 34 |
[INFO] [stderr] 35 |           Ok(())
[INFO] [stderr]    |           ^^^^^^ unreachable expression
[INFO] [stderr]    |
[INFO] [stderr]    = note: `#[warn(unreachable_code)]` on by default
[INFO] [stderr] 
[INFO] [stderr] warning: `starcrawl` (lib test) generated 9 warnings (7 duplicates) (run `cargo fix --lib -p starcrawl --tests` to apply 1 suggestion)
[INFO] [stderr]     Finished test [unoptimized + debuginfo] target(s) in 0.13s
[INFO] [stderr]      Running unittests src/lib.rs (/opt/rustwide/target/debug/deps/starcrawl-8fc1be3dd7a1f2e0)
[INFO] [stdout] 
[INFO] [stdout] running 1 test
[INFO] [stdout] test tests::main ... FAILED
[INFO] [stdout] 
[INFO] [stdout] failures:
[INFO] [stdout] 
[INFO] [stdout] ---- tests::main stdout ----
[INFO] [stdout] "Project(Project(659001424))"
[INFO] [stdout] [src/lib.rs:30] output = Project(
[INFO] [stdout]     Output {
[INFO] [stdout]         location: Project(
[INFO] [stdout]             659001424,
[INFO] [stdout]         ),
[INFO] [stdout]         capture: Err(
[INFO] [stdout]             Network(
[INFO] [stdout]                 reqwest::Error {
[INFO] [stdout]                     kind: Request,
[INFO] [stdout]                     url: Url {
[INFO] [stdout]                         scheme: "https",
[INFO] [stdout]                         cannot_be_a_base: false,
[INFO] [stdout]                         username: "",
[INFO] [stdout]                         password: None,
[INFO] [stdout]                         host: Some(
[INFO] [stdout]                             Domain(
[INFO] [stdout]                                 "api.scratch.mit.edu",
[INFO] [stdout]                             ),
[INFO] [stdout]                         ),
[INFO] [stdout]                         port: None,
[INFO] [stdout]                         path: "/projects/659001424/",
[INFO] [stdout]                         query: None,
[INFO] [stdout]                         fragment: None,
[INFO] [stdout]                     },
[INFO] [stdout]                     source: hyper::Error(
[INFO] [stdout]                         Connect,
[INFO] [stdout]                         ConnectError(
[INFO] [stdout]                             "dns error",
[INFO] [stdout]                             Custom {
[INFO] [stdout]                                 kind: Uncategorized,
[INFO] [stdout]                                 error: "failed to lookup address information: Temporary failure in name resolution",
[INFO] [stdout]                             },
[INFO] [stdout]                         ),
[INFO] [stdout]                     ),
[INFO] [stdout]                 },
[INFO] [stdout]             ),
[INFO] [stdout]         ),
[INFO] [stdout]     },
[INFO] [stdout] )
[INFO] [stdout] thread 'tests::main' panicked at src/lib.rs:29:41:
[INFO] [stdout] called `Option::unwrap()` on a `None` value
[INFO] [stdout] stack backtrace:
[INFO] [stdout]    0:     0x55bb36b7e2dc - std::backtrace_rs::backtrace::libunwind::trace::ha637c64ce894333a
[INFO] [stdout]                                at /rustc/82e1608dfa6e0b5569232559e3d385fea5a93112/library/std/src/../../backtrace/src/backtrace/libunwind.rs:104:5
[INFO] [stdout]    1:     0x55bb36b7e2dc - std::backtrace_rs::backtrace::trace_unsynchronized::h47f62dea28e0c88d
[INFO] [stdout]                                at /rustc/82e1608dfa6e0b5569232559e3d385fea5a93112/library/std/src/../../backtrace/src/backtrace/mod.rs:66:5
[INFO] [stdout]    2:     0x55bb36b7e2dc - std::sys_common::backtrace::_print_fmt::h9eef0abe20ede486
[INFO] [stdout]                                at /rustc/82e1608dfa6e0b5569232559e3d385fea5a93112/library/std/src/sys_common/backtrace.rs:67:5
[INFO] [stdout]    3:     0x55bb36b7e2dc - <std::sys_common::backtrace::_print::DisplayBacktrace as core::fmt::Display>::fmt::hed7f999df88cc644
[INFO] [stdout]                                at /rustc/82e1608dfa6e0b5569232559e3d385fea5a93112/library/std/src/sys_common/backtrace.rs:44:22
[INFO] [stdout]    4:     0x55bb36baba50 - core::fmt::rt::Argument::fmt::h1539a9308b8d058d
[INFO] [stdout]                                at /rustc/82e1608dfa6e0b5569232559e3d385fea5a93112/library/core/src/fmt/rt.rs:142:9
[INFO] [stdout]    5:     0x55bb36baba50 - core::fmt::write::h3a39390d8560d9c9
[INFO] [stdout]                                at /rustc/82e1608dfa6e0b5569232559e3d385fea5a93112/library/core/src/fmt/mod.rs:1120:17
[INFO] [stdout]    6:     0x55bb36b7b26f - std::io::Write::write_fmt::h040b369f3a0f9cbc
[INFO] [stdout]                                at /rustc/82e1608dfa6e0b5569232559e3d385fea5a93112/library/std/src/io/mod.rs:1762:15
[INFO] [stdout]    7:     0x55bb36b7e0c4 - std::sys_common::backtrace::_print::h894006fb5c6f3d45
[INFO] [stdout]                                at /rustc/82e1608dfa6e0b5569232559e3d385fea5a93112/library/std/src/sys_common/backtrace.rs:47:5
[INFO] [stdout]    8:     0x55bb36b7e0c4 - std::sys_common::backtrace::print::h23a2d212c6fff936
[INFO] [stdout]                                at /rustc/82e1608dfa6e0b5569232559e3d385fea5a93112/library/std/src/sys_common/backtrace.rs:34:9
[INFO] [stdout]    9:     0x55bb36b7fd87 - std::panicking::default_hook::{{closure}}::h8a1d2ee00185001a
[INFO] [stdout]   10:     0x55bb36b7fa73 - std::panicking::default_hook::h6038f2eba384e475
[INFO] [stdout]                                at /rustc/82e1608dfa6e0b5569232559e3d385fea5a93112/library/std/src/panicking.rs:289:9
[INFO] [stdout]   11:     0x55bb36690927 - <alloc::boxed::Box<F,A> as core::ops::function::Fn<Args>>::call::h0ad024c9bdc6d768
[INFO] [stdout]                                at /rustc/82e1608dfa6e0b5569232559e3d385fea5a93112/library/alloc/src/boxed.rs:2021:9
[INFO] [stdout]   12:     0x55bb36690927 - test::test_main::{{closure}}::h7500b54257359db6
[INFO] [stdout]                                at /rustc/82e1608dfa6e0b5569232559e3d385fea5a93112/library/test/src/lib.rs:138:21
[INFO] [stdout]   13:     0x55bb36b80398 - <alloc::boxed::Box<F,A> as core::ops::function::Fn<Args>>::call::h1f8f335eaa9cfaee
[INFO] [stdout]                                at /rustc/82e1608dfa6e0b5569232559e3d385fea5a93112/library/alloc/src/boxed.rs:2021:9
[INFO] [stdout]   14:     0x55bb36b80398 - std::panicking::rust_panic_with_hook::h2b5517d590cab22e
[INFO] [stdout]                                at /rustc/82e1608dfa6e0b5569232559e3d385fea5a93112/library/std/src/panicking.rs:783:13
[INFO] [stdout]   15:     0x55bb36b800b9 - std::panicking::begin_panic_handler::{{closure}}::h233112c06e0ef43e
[INFO] [stdout]                                at /rustc/82e1608dfa6e0b5569232559e3d385fea5a93112/library/std/src/panicking.rs:649:13
[INFO] [stdout]   16:     0x55bb36b7e7a6 - std::sys_common::backtrace::__rust_end_short_backtrace::h6e893f24d7ebbff8
[INFO] [stdout]                                at /rustc/82e1608dfa6e0b5569232559e3d385fea5a93112/library/std/src/sys_common/backtrace.rs:170:18
[INFO] [stdout]   17:     0x55bb36b7fe52 - rust_begin_unwind
[INFO] [stdout]                                at /rustc/82e1608dfa6e0b5569232559e3d385fea5a93112/library/std/src/panicking.rs:645:5
[INFO] [stdout]   18:     0x55bb365bb605 - core::panicking::panic_fmt::hbf0e066aabfa482c
[INFO] [stdout]                                at /rustc/82e1608dfa6e0b5569232559e3d385fea5a93112/library/core/src/panicking.rs:72:14
[INFO] [stdout]   19:     0x55bb365bb6a3 - core::panicking::panic::h195fc2a96298d4c3
[INFO] [stdout]                                at /rustc/82e1608dfa6e0b5569232559e3d385fea5a93112/library/core/src/panicking.rs:127:5
[INFO] [stdout]   20:     0x55bb36643f4a - core::option::Option<T>::unwrap::ha5a001b2f7161193
[INFO] [stdout]                                at /rustc/82e1608dfa6e0b5569232559e3d385fea5a93112/library/core/src/option.rs:931:21
[INFO] [stdout]   21:     0x55bb3664d21c - starcrawl::tests::main::{{closure}}::he072ea3a3689d051
[INFO] [stdout]                                at /opt/rustwide/workdir/src/lib.rs:29:26
[INFO] [stdout]   22:     0x55bb3663ca88 - <core::pin::Pin<P> as core::future::future::Future>::poll::hb7d0e8b8d478f50c
[INFO] [stdout]                                at /rustc/82e1608dfa6e0b5569232559e3d385fea5a93112/library/core/src/future/future.rs:125:9
[INFO] [stdout]   23:     0x55bb3663c87b - <core::pin::Pin<P> as core::future::future::Future>::poll::h24b41aaeda05cf50
[INFO] [stdout]                                at /rustc/82e1608dfa6e0b5569232559e3d385fea5a93112/library/core/src/future/future.rs:125:9
[INFO] [stdout]   24:     0x55bb3661b284 - tokio::runtime::scheduler::current_thread::CoreGuard::block_on::{{closure}}::{{closure}}::{{closure}}::h93d0570eb805a0b2
[INFO] [stdout]                                at /opt/rustwide/cargo-home/registry/src/index.crates.io-6f17d22bba15001f/tokio-1.35.1/src/runtime/scheduler/current_thread/mod.rs:665:57
[INFO] [stdout]   25:     0x55bb3661b1aa - tokio::runtime::coop::with_budget::h646058390aae1298
[INFO] [stdout]                                at /opt/rustwide/cargo-home/registry/src/index.crates.io-6f17d22bba15001f/tokio-1.35.1/src/runtime/coop.rs:107:5
[INFO] [stdout]   26:     0x55bb3661b1aa - tokio::runtime::coop::budget::he2bf64b5f848b06c
[INFO] [stdout]                                at /opt/rustwide/cargo-home/registry/src/index.crates.io-6f17d22bba15001f/tokio-1.35.1/src/runtime/coop.rs:73:5
[INFO] [stdout]   27:     0x55bb3661b1aa - tokio::runtime::scheduler::current_thread::CoreGuard::block_on::{{closure}}::{{closure}}::h13f4a29b034266f8
[INFO] [stdout]                                at /opt/rustwide/cargo-home/registry/src/index.crates.io-6f17d22bba15001f/tokio-1.35.1/src/runtime/scheduler/current_thread/mod.rs:665:25
[INFO] [stdout]   28:     0x55bb36619b4c - tokio::runtime::scheduler::current_thread::Context::enter::h1a677ceaa5fba20f
[INFO] [stdout]                                at /opt/rustwide/cargo-home/registry/src/index.crates.io-6f17d22bba15001f/tokio-1.35.1/src/runtime/scheduler/current_thread/mod.rs:410:19
[INFO] [stdout]   29:     0x55bb3661a9ab - tokio::runtime::scheduler::current_thread::CoreGuard::block_on::{{closure}}::h78e41885eb3ff9c2
[INFO] [stdout]                                at /opt/rustwide/cargo-home/registry/src/index.crates.io-6f17d22bba15001f/tokio-1.35.1/src/runtime/scheduler/current_thread/mod.rs:664:36
[INFO] [stdout]   30:     0x55bb3661a6bb - tokio::runtime::scheduler::current_thread::CoreGuard::enter::{{closure}}::h135fb74f9d7d55e9
[INFO] [stdout]                                at /opt/rustwide/cargo-home/registry/src/index.crates.io-6f17d22bba15001f/tokio-1.35.1/src/runtime/scheduler/current_thread/mod.rs:743:68
[INFO] [stdout]   31:     0x55bb3661ef8b - tokio::runtime::context::scoped::Scoped<T>::set::h2bffdfc9ce0f4292
[INFO] [stdout]                                at /opt/rustwide/cargo-home/registry/src/index.crates.io-6f17d22bba15001f/tokio-1.35.1/src/runtime/context/scoped.rs:40:9
[INFO] [stdout]   32:     0x55bb36616199 - tokio::runtime::context::set_scheduler::{{closure}}::h5392bbe6bf53b9af
[INFO] [stdout]                                at /opt/rustwide/cargo-home/registry/src/index.crates.io-6f17d22bba15001f/tokio-1.35.1/src/runtime/context.rs:176:26
[INFO] [stdout]   33:     0x55bb36606196 - std::thread::local::LocalKey<T>::try_with::h33f6646e664dfdda
[INFO] [stdout]                                at /rustc/82e1608dfa6e0b5569232559e3d385fea5a93112/library/std/src/thread/local.rs:270:16
[INFO] [stdout]   34:     0x55bb36605e8a - std::thread::local::LocalKey<T>::with::haf576a7d0e4c679c
[INFO] [stdout]                                at /rustc/82e1608dfa6e0b5569232559e3d385fea5a93112/library/std/src/thread/local.rs:246:9
[INFO] [stdout]   35:     0x55bb3661614d - tokio::runtime::context::set_scheduler::ha74af21ee3b92d85
[INFO] [stdout]                                at /opt/rustwide/cargo-home/registry/src/index.crates.io-6f17d22bba15001f/tokio-1.35.1/src/runtime/context.rs:176:9
[INFO] [stdout]   36:     0x55bb3661a450 - tokio::runtime::scheduler::current_thread::CoreGuard::enter::h5a33eeb001deac12
[INFO] [stdout]                                at /opt/rustwide/cargo-home/registry/src/index.crates.io-6f17d22bba15001f/tokio-1.35.1/src/runtime/scheduler/current_thread/mod.rs:743:27
[INFO] [stdout]   37:     0x55bb3661a6dd - tokio::runtime::scheduler::current_thread::CoreGuard::block_on::h39d4707332f3ffa7
[INFO] [stdout]                                at /opt/rustwide/cargo-home/registry/src/index.crates.io-6f17d22bba15001f/tokio-1.35.1/src/runtime/scheduler/current_thread/mod.rs:652:19
[INFO] [stdout]   38:     0x55bb366195f0 - tokio::runtime::scheduler::current_thread::CurrentThread::block_on::{{closure}}::h52339df54cc3c13f
[INFO] [stdout]                                at /opt/rustwide/cargo-home/registry/src/index.crates.io-6f17d22bba15001f/tokio-1.35.1/src/runtime/scheduler/current_thread/mod.rs:175:28
[INFO] [stdout]   39:     0x55bb3665741a - tokio::runtime::context::runtime::enter_runtime::ha7a8b61afc8f88c5
[INFO] [stdout]                                at /opt/rustwide/cargo-home/registry/src/index.crates.io-6f17d22bba15001f/tokio-1.35.1/src/runtime/context/runtime.rs:65:16
[INFO] [stdout]   40:     0x55bb366194f0 - tokio::runtime::scheduler::current_thread::CurrentThread::block_on::h9cb0eaf8d4b6be4b
[INFO] [stdout]                                at /opt/rustwide/cargo-home/registry/src/index.crates.io-6f17d22bba15001f/tokio-1.35.1/src/runtime/scheduler/current_thread/mod.rs:167:9
[INFO] [stdout]   41:     0x55bb3665ca73 - tokio::runtime::runtime::Runtime::block_on::h8e7cc77a43f8de75
[INFO] [stdout]                                at /opt/rustwide/cargo-home/registry/src/index.crates.io-6f17d22bba15001f/tokio-1.35.1/src/runtime/runtime.rs:348:47
[INFO] [stdout]   42:     0x55bb3664cada - starcrawl::tests::main::h97f106377b2ce58e
[INFO] [stdout]                                at /opt/rustwide/workdir/src/lib.rs:27:9
[INFO] [stdout]   43:     0x55bb3664c967 - starcrawl::tests::main::{{closure}}::hacd9f4f8aa0b0a86
[INFO] [stdout]                                at /opt/rustwide/workdir/src/lib.rs:18:24
[INFO] [stdout]   44:     0x55bb365f8676 - core::ops::function::FnOnce::call_once::h9ab9331c677a328b
[INFO] [stdout]                                at /rustc/82e1608dfa6e0b5569232559e3d385fea5a93112/library/core/src/ops/function.rs:250:5
[INFO] [stdout]   45:     0x55bb36695f7f - core::ops::function::FnOnce::call_once::h2b5d431d5046312d
[INFO] [stdout]                                at /rustc/82e1608dfa6e0b5569232559e3d385fea5a93112/library/core/src/ops/function.rs:250:5
[INFO] [stdout]   46:     0x55bb36695f7f - test::__rust_begin_short_backtrace::h7714669af176e207
[INFO] [stdout]                                at /rustc/82e1608dfa6e0b5569232559e3d385fea5a93112/library/test/src/lib.rs:628:18
[INFO] [stdout]   47:     0x55bb36694f95 - test::run_test_in_process::{{closure}}::h85218797dcbcec12
[INFO] [stdout]                                at /rustc/82e1608dfa6e0b5569232559e3d385fea5a93112/library/test/src/lib.rs:651:60
[INFO] [stdout]   48:     0x55bb36694f95 - <core::panic::unwind_safe::AssertUnwindSafe<F> as core::ops::function::FnOnce<()>>::call_once::h76c106ea31c14d7b
[INFO] [stdout]                                at /rustc/82e1608dfa6e0b5569232559e3d385fea5a93112/library/core/src/panic/unwind_safe.rs:272:9
[INFO] [stdout]   49:     0x55bb36694f95 - std::panicking::try::do_call::h3bd5d0f6620ee946
[INFO] [stdout]                                at /rustc/82e1608dfa6e0b5569232559e3d385fea5a93112/library/std/src/panicking.rs:552:40
[INFO] [stdout]   50:     0x55bb36694f95 - std::panicking::try::h232e535e4744fe31
[INFO] [stdout]                                at /rustc/82e1608dfa6e0b5569232559e3d385fea5a93112/library/std/src/panicking.rs:516:19
[INFO] [stdout]   51:     0x55bb36694f95 - std::panic::catch_unwind::h3ce3bd6ca8dbac68
[INFO] [stdout]                                at /rustc/82e1608dfa6e0b5569232559e3d385fea5a93112/library/std/src/panic.rs:142:14
[INFO] [stdout]   52:     0x55bb36694f95 - test::run_test_in_process::hc97b257c9621286a
[INFO] [stdout]                                at /rustc/82e1608dfa6e0b5569232559e3d385fea5a93112/library/test/src/lib.rs:651:27
[INFO] [stdout]   53:     0x55bb36694f95 - test::run_test::{{closure}}::h2aa798823a438d38
[INFO] [stdout]                                at /rustc/82e1608dfa6e0b5569232559e3d385fea5a93112/library/test/src/lib.rs:574:43
[INFO] [stdout]   54:     0x55bb3665d256 - test::run_test::{{closure}}::h87d231c78fb59832
[INFO] [stdout]                                at /rustc/82e1608dfa6e0b5569232559e3d385fea5a93112/library/test/src/lib.rs:602:41
[INFO] [stdout]   55:     0x55bb3665d256 - std::sys_common::backtrace::__rust_begin_short_backtrace::he6df152596625789
[INFO] [stdout]                                at /rustc/82e1608dfa6e0b5569232559e3d385fea5a93112/library/std/src/sys_common/backtrace.rs:154:18
[INFO] [stdout]   56:     0x55bb36662307 - std::thread::Builder::spawn_unchecked_::{{closure}}::{{closure}}::ha94be15d1e0acf36
[INFO] [stdout]                                at /rustc/82e1608dfa6e0b5569232559e3d385fea5a93112/library/std/src/thread/mod.rs:529:17
[INFO] [stdout]   57:     0x55bb36662307 - <core::panic::unwind_safe::AssertUnwindSafe<F> as core::ops::function::FnOnce<()>>::call_once::h9dc6bd6372f16606
[INFO] [stdout]                                at /rustc/82e1608dfa6e0b5569232559e3d385fea5a93112/library/core/src/panic/unwind_safe.rs:272:9
[INFO] [stdout]   58:     0x55bb36662307 - std::panicking::try::do_call::h9057517f80303cd4
[INFO] [stdout]                                at /rustc/82e1608dfa6e0b5569232559e3d385fea5a93112/library/std/src/panicking.rs:552:40
[INFO] [stdout]   59:     0x55bb36662307 - std::panicking::try::he3a30b11ee45340c
[INFO] [stdout]                                at /rustc/82e1608dfa6e0b5569232559e3d385fea5a93112/library/std/src/panicking.rs:516:19
[INFO] [stdout]   60:     0x55bb36662307 - std::panic::catch_unwind::h410458cfd3528b8b
[INFO] [stdout]                                at /rustc/82e1608dfa6e0b5569232559e3d385fea5a93112/library/std/src/panic.rs:142:14
[INFO] [stdout]   61:     0x55bb36662307 - std::thread::Builder::spawn_unchecked_::{{closure}}::h72ac3bdb567b737b
[INFO] [stdout]                                at /rustc/82e1608dfa6e0b5569232559e3d385fea5a93112/library/std/src/thread/mod.rs:528:30
[INFO] [stdout]   62:     0x55bb36662307 - core::ops::function::FnOnce::call_once{{vtable.shim}}::h38f34da3654a8344
[INFO] [stdout]                                at /rustc/82e1608dfa6e0b5569232559e3d385fea5a93112/library/core/src/ops/function.rs:250:5
[INFO] [stdout]   63:     0x55bb36b850b5 - <alloc::boxed::Box<F,A> as core::ops::function::FnOnce<Args>>::call_once::hc7eafaff61e32df9
[INFO] [stdout]                                at /rustc/82e1608dfa6e0b5569232559e3d385fea5a93112/library/alloc/src/boxed.rs:2007:9
[INFO] [stdout]   64:     0x55bb36b850b5 - <alloc::boxed::Box<F,A> as core::ops::function::FnOnce<Args>>::call_once::h6ba4a5de48dd2304
[INFO] [stdout]                                at /rustc/82e1608dfa6e0b5569232559e3d385fea5a93112/library/alloc/src/boxed.rs:2007:9
[INFO] [stdout]   65:     0x55bb36b850b5 - std::sys::unix::thread::Thread::new::thread_start::he469335aef763e45
[INFO] [stdout]                                at /rustc/82e1608dfa6e0b5569232559e3d385fea5a93112/library/std/src/sys/unix/thread.rs:108:17
[INFO] [stdout]   66:     0x7f5cff7d0ac3 - <unknown>
[INFO] [stdout]   67:     0x7f5cff861bf4 - __clone
[INFO] [stdout]   68:                0x0 - <unknown>
[INFO] [stdout] 
[INFO] [stdout] 
[INFO] [stdout] failures:
[INFO] [stdout]     tests::main
[INFO] [stdout] 
[INFO] [stdout] test result: FAILED. 0 passed; 1 failed; 0 ignored; 0 measured; 0 filtered out; finished in 2.15s
[INFO] [stdout] 
[INFO] [stderr] error: test failed, to rerun pass `--lib`
[INFO] running `Command { std: "docker" "inspect" "5b8afc0f939a0733332cbaa30e277ef20fc9a3e9e2b58804d5150222953a98c6", kill_on_drop: false }`
[INFO] running `Command { std: "docker" "rm" "-f" "5b8afc0f939a0733332cbaa30e277ef20fc9a3e9e2b58804d5150222953a98c6", kill_on_drop: false }`
[INFO] [stdout] 5b8afc0f939a0733332cbaa30e277ef20fc9a3e9e2b58804d5150222953a98c6
