[INFO] fetching crate standardform 0.2.0...
[INFO] testing standardform-0.2.0 against 1.75.0 for beta-1.76-1
[INFO] extracting crate standardform 0.2.0 into /workspace/builds/worker-4-tc1/source
[INFO] validating manifest of crates.io crate standardform 0.2.0 on toolchain 1.75.0
[INFO] running `Command { std: CARGO_HOME="/workspace/cargo-home" RUSTUP_HOME="/workspace/rustup-home" "/workspace/cargo-home/bin/cargo" "+1.75.0" "metadata" "--manifest-path" "Cargo.toml" "--no-deps", kill_on_drop: false }`
[INFO] started tweaking crates.io crate standardform 0.2.0
[INFO] finished tweaking crates.io crate standardform 0.2.0
[INFO] tweaked toml for crates.io crate standardform 0.2.0 written to /workspace/builds/worker-4-tc1/source/Cargo.toml
[INFO] running `Command { std: CARGO_HOME="/workspace/cargo-home" RUSTUP_HOME="/workspace/rustup-home" "/workspace/cargo-home/bin/cargo" "+1.75.0" "generate-lockfile" "--manifest-path" "Cargo.toml", kill_on_drop: false }`
[INFO] [stderr]     Updating crates.io index
[INFO] running `Command { std: CARGO_HOME="/workspace/cargo-home" RUSTUP_HOME="/workspace/rustup-home" "/workspace/cargo-home/bin/cargo" "+1.75.0" "fetch" "--manifest-path" "Cargo.toml", kill_on_drop: false }`
[INFO] running `Command { std: "docker" "create" "-v" "/var/lib/crater-agent-workspace/builds/worker-4-tc1/target:/opt/rustwide/target:rw,Z" "-v" "/var/lib/crater-agent-workspace/builds/worker-4-tc1/source:/opt/rustwide/workdir:ro,Z" "-v" "/var/lib/crater-agent-workspace/cargo-home:/opt/rustwide/cargo-home:ro,Z" "-v" "/var/lib/crater-agent-workspace/rustup-home:/opt/rustwide/rustup-home:ro,Z" "-e" "SOURCE_DIR=/opt/rustwide/workdir" "-e" "CARGO_TARGET_DIR=/opt/rustwide/target" "-e" "CARGO_HOME=/opt/rustwide/cargo-home" "-e" "RUSTUP_HOME=/opt/rustwide/rustup-home" "-w" "/opt/rustwide/workdir" "-m" "1610612736" "--user" "0:0" "--network" "none" "ghcr.io/rust-lang/crates-build-env/linux@sha256:2788e3201cd34a07e3172128adcd8b3090168a8e3bcc40d7c032b9dda1df7d1c" "/opt/rustwide/cargo-home/bin/cargo" "+1.75.0" "metadata" "--no-deps" "--format-version=1", kill_on_drop: false }`
[INFO] [stdout] ffdaa5cf24bcbc6c4e25d20956c93f4eff210b3dedf666bf6b5608af8a714c42
[INFO] running `Command { std: "docker" "start" "-a" "ffdaa5cf24bcbc6c4e25d20956c93f4eff210b3dedf666bf6b5608af8a714c42", kill_on_drop: false }`
[INFO] running `Command { std: "docker" "inspect" "ffdaa5cf24bcbc6c4e25d20956c93f4eff210b3dedf666bf6b5608af8a714c42", kill_on_drop: false }`
[INFO] running `Command { std: "docker" "rm" "-f" "ffdaa5cf24bcbc6c4e25d20956c93f4eff210b3dedf666bf6b5608af8a714c42", kill_on_drop: false }`
[INFO] [stdout] ffdaa5cf24bcbc6c4e25d20956c93f4eff210b3dedf666bf6b5608af8a714c42
[INFO] running `Command { std: "docker" "create" "-v" "/var/lib/crater-agent-workspace/builds/worker-4-tc1/target:/opt/rustwide/target:rw,Z" "-v" "/var/lib/crater-agent-workspace/builds/worker-4-tc1/source:/opt/rustwide/workdir:ro,Z" "-v" "/var/lib/crater-agent-workspace/cargo-home:/opt/rustwide/cargo-home:ro,Z" "-v" "/var/lib/crater-agent-workspace/rustup-home:/opt/rustwide/rustup-home:ro,Z" "-e" "SOURCE_DIR=/opt/rustwide/workdir" "-e" "CARGO_TARGET_DIR=/opt/rustwide/target" "-e" "CARGO_INCREMENTAL=0" "-e" "RUST_BACKTRACE=full" "-e" "RUSTFLAGS=--cap-lints=warn" "-e" "RUSTDOCFLAGS=--cap-lints=warn" "-e" "CARGO_HOME=/opt/rustwide/cargo-home" "-e" "RUSTUP_HOME=/opt/rustwide/rustup-home" "-w" "/opt/rustwide/workdir" "-m" "1610612736" "--user" "0:0" "--network" "none" "ghcr.io/rust-lang/crates-build-env/linux@sha256:2788e3201cd34a07e3172128adcd8b3090168a8e3bcc40d7c032b9dda1df7d1c" "/opt/rustwide/cargo-home/bin/cargo" "+1.75.0" "build" "--frozen" "--message-format=json", kill_on_drop: false }`
[INFO] [stdout] 22182f44468271d1d798c12aec056a4566ef4e432c24c78367c00d4d9320d874
[INFO] running `Command { std: "docker" "start" "-a" "22182f44468271d1d798c12aec056a4566ef4e432c24c78367c00d4d9320d874", kill_on_drop: false }`
[INFO] [stderr]    Compiling wasm-bindgen-shared v0.2.89
[INFO] [stderr]    Compiling once_cell v1.19.0
[INFO] [stderr]    Compiling bumpalo v3.14.0
[INFO] [stderr]    Compiling log v0.4.20
[INFO] [stderr]    Compiling void v1.0.2
[INFO] [stderr]    Compiling wasm-bindgen v0.2.89
[INFO] [stderr]    Compiling minimal-lexical v0.2.1
[INFO] [stderr]    Compiling memchr v2.7.1
[INFO] [stderr]    Compiling num-traits v0.2.17
[INFO] [stderr]    Compiling syn v2.0.48
[INFO] [stderr]    Compiling unreachable v1.0.0
[INFO] [stderr]    Compiling nom v7.1.3
[INFO] [stderr]    Compiling num-traits v0.1.43
[INFO] [stderr]    Compiling ordered-float v0.5.2
[INFO] [stderr]    Compiling wasm-bindgen-backend v0.2.89
[INFO] [stderr]    Compiling thiserror-impl v1.0.56
[INFO] [stderr]    Compiling wasm-bindgen-macro-support v0.2.89
[INFO] [stderr]    Compiling wasm-bindgen-macro v0.2.89
[INFO] [stderr]    Compiling thiserror v1.0.56
[INFO] [stderr]    Compiling standardform v0.2.0 (/opt/rustwide/workdir)
[INFO] [stdout] warning: unused import: `hash::*`
[INFO] [stdout]   --> src/lib.rs:42:9
[INFO] [stdout]    |
[INFO] [stdout] 42 | pub use hash::*;
[INFO] [stdout]    |         ^^^^^^^
[INFO] [stdout]    |
[INFO] [stdout] note: the lint level is defined here
[INFO] [stdout]   --> src/lib.rs:6:9
[INFO] [stdout]    |
[INFO] [stdout] 6  |         unused_imports,
[INFO] [stdout]    |         ^^^^^^^^^^^^^^
[INFO] [stdout] 
[INFO] [stdout] 
[INFO] [stdout] warning: 1 warning emitted
[INFO] [stdout] 
[INFO] [stdout] 
[INFO] [stderr]     Finished dev [unoptimized + debuginfo] target(s) in 4.79s
[INFO] running `Command { std: "docker" "inspect" "22182f44468271d1d798c12aec056a4566ef4e432c24c78367c00d4d9320d874", kill_on_drop: false }`
[INFO] running `Command { std: "docker" "rm" "-f" "22182f44468271d1d798c12aec056a4566ef4e432c24c78367c00d4d9320d874", kill_on_drop: false }`
[INFO] [stdout] 22182f44468271d1d798c12aec056a4566ef4e432c24c78367c00d4d9320d874
[INFO] running `Command { std: "docker" "create" "-v" "/var/lib/crater-agent-workspace/builds/worker-4-tc1/target:/opt/rustwide/target:rw,Z" "-v" "/var/lib/crater-agent-workspace/builds/worker-4-tc1/source:/opt/rustwide/workdir:ro,Z" "-v" "/var/lib/crater-agent-workspace/cargo-home:/opt/rustwide/cargo-home:ro,Z" "-v" "/var/lib/crater-agent-workspace/rustup-home:/opt/rustwide/rustup-home:ro,Z" "-e" "SOURCE_DIR=/opt/rustwide/workdir" "-e" "CARGO_TARGET_DIR=/opt/rustwide/target" "-e" "CARGO_INCREMENTAL=0" "-e" "RUST_BACKTRACE=full" "-e" "RUSTFLAGS=--cap-lints=warn" "-e" "RUSTDOCFLAGS=--cap-lints=warn" "-e" "CARGO_HOME=/opt/rustwide/cargo-home" "-e" "RUSTUP_HOME=/opt/rustwide/rustup-home" "-w" "/opt/rustwide/workdir" "-m" "1610612736" "--user" "0:0" "--network" "none" "ghcr.io/rust-lang/crates-build-env/linux@sha256:2788e3201cd34a07e3172128adcd8b3090168a8e3bcc40d7c032b9dda1df7d1c" "/opt/rustwide/cargo-home/bin/cargo" "+1.75.0" "test" "--frozen" "--no-run" "--message-format=json", kill_on_drop: false }`
[INFO] [stdout] 11874623f8ef82be8f0d384b4bddec266569e953aaf485732863338caf508bcd
[INFO] running `Command { std: "docker" "start" "-a" "11874623f8ef82be8f0d384b4bddec266569e953aaf485732863338caf508bcd", kill_on_drop: false }`
[INFO] [stderr]    Compiling standardform v0.2.0 (/opt/rustwide/workdir)
[INFO] [stdout] warning: unused import: `hash::*`
[INFO] [stdout]   --> src/lib.rs:42:9
[INFO] [stdout]    |
[INFO] [stdout] 42 | pub use hash::*;
[INFO] [stdout]    |         ^^^^^^^
[INFO] [stdout]    |
[INFO] [stdout] note: the lint level is defined here
[INFO] [stdout]   --> src/lib.rs:6:9
[INFO] [stdout]    |
[INFO] [stdout] 6  |         unused_imports,
[INFO] [stdout]    |         ^^^^^^^^^^^^^^
[INFO] [stdout] 
[INFO] [stdout] 
[INFO] [stdout] warning: 1 warning emitted
[INFO] [stdout] 
[INFO] [stdout] 
[INFO] [stdout] warning: unused import: `hash::*`
[INFO] [stdout]   --> src/lib.rs:42:9
[INFO] [stdout]    |
[INFO] [stdout] 42 | pub use hash::*;
[INFO] [stdout]    |         ^^^^^^^
[INFO] [stdout]    |
[INFO] [stdout] note: the lint level is defined here
[INFO] [stdout]   --> src/lib.rs:6:9
[INFO] [stdout]    |
[INFO] [stdout] 6  |         unused_imports,
[INFO] [stdout]    |         ^^^^^^^^^^^^^^
[INFO] [stdout] 
[INFO] [stdout] 
[INFO] [stdout] warning: 1 warning emitted
[INFO] [stdout] 
[INFO] [stdout] 
[INFO] [stderr]     Finished test [unoptimized + debuginfo] target(s) in 0.73s
[INFO] running `Command { std: "docker" "inspect" "11874623f8ef82be8f0d384b4bddec266569e953aaf485732863338caf508bcd", kill_on_drop: false }`
[INFO] running `Command { std: "docker" "rm" "-f" "11874623f8ef82be8f0d384b4bddec266569e953aaf485732863338caf508bcd", kill_on_drop: false }`
[INFO] [stdout] 11874623f8ef82be8f0d384b4bddec266569e953aaf485732863338caf508bcd
[INFO] running `Command { std: "docker" "create" "-v" "/var/lib/crater-agent-workspace/builds/worker-4-tc1/target:/opt/rustwide/target:rw,Z" "-v" "/var/lib/crater-agent-workspace/builds/worker-4-tc1/source:/opt/rustwide/workdir:ro,Z" "-v" "/var/lib/crater-agent-workspace/cargo-home:/opt/rustwide/cargo-home:ro,Z" "-v" "/var/lib/crater-agent-workspace/rustup-home:/opt/rustwide/rustup-home:ro,Z" "-e" "SOURCE_DIR=/opt/rustwide/workdir" "-e" "CARGO_TARGET_DIR=/opt/rustwide/target" "-e" "CARGO_INCREMENTAL=0" "-e" "RUST_BACKTRACE=full" "-e" "RUSTFLAGS=--cap-lints=warn" "-e" "RUSTDOCFLAGS=--cap-lints=warn" "-e" "CARGO_HOME=/opt/rustwide/cargo-home" "-e" "RUSTUP_HOME=/opt/rustwide/rustup-home" "-w" "/opt/rustwide/workdir" "-m" "1610612736" "--user" "0:0" "--network" "none" "ghcr.io/rust-lang/crates-build-env/linux@sha256:2788e3201cd34a07e3172128adcd8b3090168a8e3bcc40d7c032b9dda1df7d1c" "/opt/rustwide/cargo-home/bin/cargo" "+1.75.0" "test" "--frozen", kill_on_drop: false }`
[INFO] [stdout] 5611ef9e9931277cd186858148a40596030e05a383e5f5073acd3eafc0c4b414
[INFO] running `Command { std: "docker" "start" "-a" "5611ef9e9931277cd186858148a40596030e05a383e5f5073acd3eafc0c4b414", kill_on_drop: false }`
[INFO] [stderr] warning: unused import: `hash::*`
[INFO] [stderr]   --> src/lib.rs:42:9
[INFO] [stderr]    |
[INFO] [stderr] 42 | pub use hash::*;
[INFO] [stderr]    |         ^^^^^^^
[INFO] [stderr]    |
[INFO] [stderr] note: the lint level is defined here
[INFO] [stderr]   --> src/lib.rs:6:9
[INFO] [stderr]    |
[INFO] [stderr] 6  |         unused_imports,
[INFO] [stderr]    |         ^^^^^^^^^^^^^^
[INFO] [stderr] 
[INFO] [stderr] warning: `standardform` (lib) generated 1 warning (run `cargo fix --lib -p standardform` to apply 1 suggestion)
[INFO] [stderr] warning: `standardform` (lib test) generated 1 warning (1 duplicate)
[INFO] [stderr]     Finished test [unoptimized + debuginfo] target(s) in 0.01s
[INFO] [stderr]      Running unittests src/lib.rs (/opt/rustwide/target/debug/deps/standardform-ce4801843220e294)
[INFO] [stdout] 
[INFO] [stdout] running 26 tests
[INFO] [stdout] test nom::parse_standardform_tests::test_parse_standard_form_invalid_input ... ok
[INFO] [stdout] test nom::parse_standardform_tests::test_parse_standard_form_negative_exponent ... ok
[INFO] [stdout] test nom::parse_standardform_tests::test_parse_standard_form_no_exponent ... ok
[INFO] [stdout] test nom::parse_standardform_tests::test_parse_standard_form_positive_exponent ... ok
[INFO] [stdout] test nom::parse_standardform_tests::test_parse_standard_form_star_exponent ... ok
[INFO] [stdout] test sf::tests::add_assign ... ok
[INFO] [stdout] test sf::tests::add_assign_u8 ... ok
[INFO] [stdout] test sf::tests::addition ... ok
[INFO] [stdout] test sf::tests::addition_u8 ... ok
[INFO] [stdout] test sf::tests::assignment_issue ... ok
[INFO] [stdout] test sf::tests::division ... ok
[INFO] [stdout] test sf::tests::division_u8 ... ok
[INFO] [stdout] test sf::tests::from_u8_standardform ... ok
[INFO] [stdout] test sf::tests::multiplication ... ok
[INFO] [stdout] test sf::tests::multiplication_u8 ... ok
[INFO] [stdout] test sf::tests::test_normalize_with_invalid_range ... ok
[INFO] [stdout] test sf::tests::test_normalize_with_large_negative_mantissa ... ok
[INFO] [stdout] test sf::tests::test_normalize_with_small_mantissa ... ok
[INFO] [stdout] test sf::tests::test_normalize_with_valid_range ... ok
[INFO] [stdout] test sf::tests::test_partial_cmp_different_exponents ... ok
[INFO] [stdout] test sf::tests::test_partial_cmp_equal ... ok
[INFO] [stdout] test sf::tests::test_partial_cmp_greater ... ok
[INFO] [stdout] test sf::tests::test_partial_cmp_less ... ok
[INFO] [stdout] test sf::tests::test_partial_cmp_mixed_sign ... ok
[INFO] [stdout] test sf::tests::test_partial_cmp_zero ... ok
[INFO] [stdout] test sf::tests::test_subtraction ... ok
[INFO] [stdout] 
[INFO] [stdout] test result: ok. 26 passed; 0 failed; 0 ignored; 0 measured; 0 filtered out; finished in 0.00s
[INFO] [stdout] 
[INFO] [stderr]    Doc-tests standardform
[INFO] [stdout] 
[INFO] [stdout] running 2 tests
[INFO] [stdout] test src/lib.rs - (line 38) ... FAILED
[INFO] [stdout] test src/lib.rs - (line 48) ... ok
[INFO] [stdout] 
[INFO] [stdout] failures:
[INFO] [stdout] 
[INFO] [stdout] ---- src/lib.rs - (line 38) stdout ----
[INFO] [stdout] error: unknown start of token: `
[INFO] [stdout]  --> src/lib.rs:40:31
[INFO] [stdout]   |
[INFO] [stdout] 5 | To enable intergation it with `nom` , enable `nom` feature:
[INFO] [stdout]   |                               ^
[INFO] [stdout]   |
[INFO] [stdout] help: Unicode character '`' (Grave Accent) looks like ''' (Single Quote), but it is not
[INFO] [stdout]   |
[INFO] [stdout] 5 | To enable intergation it with 'nom` , enable `nom` feature:
[INFO] [stdout]   |                               ~
[INFO] [stdout] 
[INFO] [stdout] error: unknown start of token: `
[INFO] [stdout]  --> src/lib.rs:40:35
[INFO] [stdout]   |
[INFO] [stdout] 5 | To enable intergation it with `nom` , enable `nom` feature:
[INFO] [stdout]   |                                   ^
[INFO] [stdout]   |
[INFO] [stdout] help: Unicode character '`' (Grave Accent) looks like ''' (Single Quote), but it is not
[INFO] [stdout]   |
[INFO] [stdout] 5 | To enable intergation it with `nom' , enable `nom` feature:
[INFO] [stdout]   |                                   ~
[INFO] [stdout] 
[INFO] [stdout] error: unknown start of token: `
[INFO] [stdout]  --> src/lib.rs:40:46
[INFO] [stdout]   |
[INFO] [stdout] 5 | To enable intergation it with `nom` , enable `nom` feature:
[INFO] [stdout]   |                                              ^
[INFO] [stdout]   |
[INFO] [stdout] help: Unicode character '`' (Grave Accent) looks like ''' (Single Quote), but it is not
[INFO] [stdout]   |
[INFO] [stdout] 5 | To enable intergation it with `nom` , enable 'nom` feature:
[INFO] [stdout]   |                                              ~
[INFO] [stdout] 
[INFO] [stdout] error: unknown start of token: `
[INFO] [stdout]  --> src/lib.rs:40:50
[INFO] [stdout]   |
[INFO] [stdout] 5 | To enable intergation it with `nom` , enable `nom` feature:
[INFO] [stdout]   |                                                  ^
[INFO] [stdout]   |
[INFO] [stdout] help: Unicode character '`' (Grave Accent) looks like ''' (Single Quote), but it is not
[INFO] [stdout]   |
[INFO] [stdout] 5 | To enable intergation it with `nom` , enable `nom' feature:
[INFO] [stdout]   |                                                  ~
[INFO] [stdout] 
[INFO] [stdout] error: unknown start of token: `
[INFO] [stdout]  --> src/lib.rs:42:1
[INFO] [stdout]   |
[INFO] [stdout] 7 | ```toml
[INFO] [stdout]   | ^^^
[INFO] [stdout]   |
[INFO] [stdout]   = note: character appears 2 more times
[INFO] [stdout] help: Unicode character '`' (Grave Accent) looks like ''' (Single Quote), but it is not
[INFO] [stdout]   |
[INFO] [stdout] 7 | '''toml
[INFO] [stdout]   | ~~~
[INFO] [stdout] 
[INFO] [stdout] error: expected one of `!`, `.`, `::`, `;`, `?`, `{`, `}`, or an operator, found `enable`
[INFO] [stdout]  --> src/lib.rs:40:4
[INFO] [stdout]   |
[INFO] [stdout] 5 | To enable intergation it with `nom` , enable `nom` feature:
[INFO] [stdout]   |    ^^^^^^ expected one of 8 possible tokens
[INFO] [stdout] 
[INFO] [stdout] error: aborting due to 6 previous errors
[INFO] [stdout] 
[INFO] [stdout] Couldn't compile the test.
[INFO] [stdout] 
[INFO] [stdout] failures:
[INFO] [stdout]     src/lib.rs - (line 38)
[INFO] [stdout] 
[INFO] [stdout] test result: FAILED. 1 passed; 1 failed; 0 ignored; 0 measured; 0 filtered out; finished in 0.23s
[INFO] [stdout] 
[INFO] [stderr] error: doctest failed, to rerun pass `--doc`
[INFO] running `Command { std: "docker" "inspect" "5611ef9e9931277cd186858148a40596030e05a383e5f5073acd3eafc0c4b414", kill_on_drop: false }`
[INFO] running `Command { std: "docker" "rm" "-f" "5611ef9e9931277cd186858148a40596030e05a383e5f5073acd3eafc0c4b414", kill_on_drop: false }`
[INFO] [stdout] 5611ef9e9931277cd186858148a40596030e05a383e5f5073acd3eafc0c4b414
[INFO] testing standardform-0.2.0 against beta-2023-12-22 for beta-1.76-1
[INFO] extracting crate standardform 0.2.0 into /workspace/builds/worker-4-tc2/source
[INFO] validating manifest of crates.io crate standardform 0.2.0 on toolchain beta-2023-12-22
[INFO] running `Command { std: CARGO_HOME="/workspace/cargo-home" RUSTUP_HOME="/workspace/rustup-home" "/workspace/cargo-home/bin/cargo" "+beta-2023-12-22" "metadata" "--manifest-path" "Cargo.toml" "--no-deps", kill_on_drop: false }`
[INFO] started tweaking crates.io crate standardform 0.2.0
[INFO] finished tweaking crates.io crate standardform 0.2.0
[INFO] tweaked toml for crates.io crate standardform 0.2.0 written to /workspace/builds/worker-4-tc2/source/Cargo.toml
[INFO] running `Command { std: CARGO_HOME="/workspace/cargo-home" RUSTUP_HOME="/workspace/rustup-home" "/workspace/cargo-home/bin/cargo" "+beta-2023-12-22" "generate-lockfile" "--manifest-path" "Cargo.toml", kill_on_drop: false }`
[INFO] [stderr]     Updating crates.io index
[INFO] running `Command { std: CARGO_HOME="/workspace/cargo-home" RUSTUP_HOME="/workspace/rustup-home" "/workspace/cargo-home/bin/cargo" "+beta-2023-12-22" "fetch" "--manifest-path" "Cargo.toml", kill_on_drop: false }`
[INFO] running `Command { std: "docker" "create" "-v" "/var/lib/crater-agent-workspace/builds/worker-4-tc2/target:/opt/rustwide/target:rw,Z" "-v" "/var/lib/crater-agent-workspace/builds/worker-4-tc2/source:/opt/rustwide/workdir:ro,Z" "-v" "/var/lib/crater-agent-workspace/cargo-home:/opt/rustwide/cargo-home:ro,Z" "-v" "/var/lib/crater-agent-workspace/rustup-home:/opt/rustwide/rustup-home:ro,Z" "-e" "SOURCE_DIR=/opt/rustwide/workdir" "-e" "CARGO_TARGET_DIR=/opt/rustwide/target" "-e" "CARGO_HOME=/opt/rustwide/cargo-home" "-e" "RUSTUP_HOME=/opt/rustwide/rustup-home" "-w" "/opt/rustwide/workdir" "-m" "1610612736" "--user" "0:0" "--network" "none" "ghcr.io/rust-lang/crates-build-env/linux@sha256:2788e3201cd34a07e3172128adcd8b3090168a8e3bcc40d7c032b9dda1df7d1c" "/opt/rustwide/cargo-home/bin/cargo" "+beta-2023-12-22" "metadata" "--no-deps" "--format-version=1", kill_on_drop: false }`
[INFO] [stdout] 0e047b2b58c5dbd5d16b98a21b8295ddc7b485c5edd682b96fd485fa3c7236bd
[INFO] running `Command { std: "docker" "start" "-a" "0e047b2b58c5dbd5d16b98a21b8295ddc7b485c5edd682b96fd485fa3c7236bd", kill_on_drop: false }`
[INFO] running `Command { std: "docker" "inspect" "0e047b2b58c5dbd5d16b98a21b8295ddc7b485c5edd682b96fd485fa3c7236bd", kill_on_drop: false }`
[INFO] running `Command { std: "docker" "rm" "-f" "0e047b2b58c5dbd5d16b98a21b8295ddc7b485c5edd682b96fd485fa3c7236bd", kill_on_drop: false }`
[INFO] [stdout] 0e047b2b58c5dbd5d16b98a21b8295ddc7b485c5edd682b96fd485fa3c7236bd
[INFO] running `Command { std: "docker" "create" "-v" "/var/lib/crater-agent-workspace/builds/worker-4-tc2/target:/opt/rustwide/target:rw,Z" "-v" "/var/lib/crater-agent-workspace/builds/worker-4-tc2/source:/opt/rustwide/workdir:ro,Z" "-v" "/var/lib/crater-agent-workspace/cargo-home:/opt/rustwide/cargo-home:ro,Z" "-v" "/var/lib/crater-agent-workspace/rustup-home:/opt/rustwide/rustup-home:ro,Z" "-e" "SOURCE_DIR=/opt/rustwide/workdir" "-e" "CARGO_TARGET_DIR=/opt/rustwide/target" "-e" "CARGO_INCREMENTAL=0" "-e" "RUST_BACKTRACE=full" "-e" "RUSTFLAGS=--cap-lints=warn" "-e" "RUSTDOCFLAGS=--cap-lints=warn" "-e" "CARGO_HOME=/opt/rustwide/cargo-home" "-e" "RUSTUP_HOME=/opt/rustwide/rustup-home" "-w" "/opt/rustwide/workdir" "-m" "1610612736" "--user" "0:0" "--network" "none" "ghcr.io/rust-lang/crates-build-env/linux@sha256:2788e3201cd34a07e3172128adcd8b3090168a8e3bcc40d7c032b9dda1df7d1c" "/opt/rustwide/cargo-home/bin/cargo" "+beta-2023-12-22" "build" "--frozen" "--message-format=json", kill_on_drop: false }`
[INFO] [stdout] a62d126fba25b2126960a6ec7a7739521a77936526ff4ff75868665d32ff6038
[INFO] running `Command { std: "docker" "start" "-a" "a62d126fba25b2126960a6ec7a7739521a77936526ff4ff75868665d32ff6038", kill_on_drop: false }`
[INFO] [stderr]    Compiling wasm-bindgen-shared v0.2.89
[INFO] [stderr]    Compiling once_cell v1.19.0
[INFO] [stderr]    Compiling num-traits v0.2.17
[INFO] [stderr]    Compiling bumpalo v3.14.0
[INFO] [stderr]    Compiling log v0.4.20
[INFO] [stderr]    Compiling void v1.0.2
[INFO] [stderr]    Compiling wasm-bindgen v0.2.89
[INFO] [stderr]    Compiling minimal-lexical v0.2.1
[INFO] [stderr]    Compiling memchr v2.7.1
[INFO] [stderr]    Compiling syn v2.0.48
[INFO] [stderr]    Compiling unreachable v1.0.0
[INFO] [stderr]    Compiling nom v7.1.3
[INFO] [stderr]    Compiling num-traits v0.1.43
[INFO] [stderr]    Compiling ordered-float v0.5.2
[INFO] [stderr]    Compiling wasm-bindgen-backend v0.2.89
[INFO] [stderr]    Compiling thiserror-impl v1.0.56
[INFO] [stderr]    Compiling wasm-bindgen-macro-support v0.2.89
[INFO] [stderr]    Compiling wasm-bindgen-macro v0.2.89
[INFO] [stderr]    Compiling thiserror v1.0.56
[INFO] [stderr]    Compiling standardform v0.2.0 (/opt/rustwide/workdir)
[INFO] [stdout] warning: unused import: `hash::*`
[INFO] [stdout]   --> src/lib.rs:42:9
[INFO] [stdout]    |
[INFO] [stdout] 42 | pub use hash::*;
[INFO] [stdout]    |         ^^^^^^^
[INFO] [stdout]    |
[INFO] [stdout] note: the lint level is defined here
[INFO] [stdout]   --> src/lib.rs:6:9
[INFO] [stdout]    |
[INFO] [stdout] 6  |         unused_imports,
[INFO] [stdout]    |         ^^^^^^^^^^^^^^
[INFO] [stdout] 
[INFO] [stdout] 
[INFO] [stdout] warning: 1 warning emitted
[INFO] [stdout] 
[INFO] [stdout] 
[INFO] [stderr]     Finished dev [unoptimized + debuginfo] target(s) in 4.31s
[INFO] running `Command { std: "docker" "inspect" "a62d126fba25b2126960a6ec7a7739521a77936526ff4ff75868665d32ff6038", kill_on_drop: false }`
[INFO] running `Command { std: "docker" "rm" "-f" "a62d126fba25b2126960a6ec7a7739521a77936526ff4ff75868665d32ff6038", kill_on_drop: false }`
[INFO] [stdout] a62d126fba25b2126960a6ec7a7739521a77936526ff4ff75868665d32ff6038
[INFO] running `Command { std: "docker" "create" "-v" "/var/lib/crater-agent-workspace/builds/worker-4-tc2/target:/opt/rustwide/target:rw,Z" "-v" "/var/lib/crater-agent-workspace/builds/worker-4-tc2/source:/opt/rustwide/workdir:ro,Z" "-v" "/var/lib/crater-agent-workspace/cargo-home:/opt/rustwide/cargo-home:ro,Z" "-v" "/var/lib/crater-agent-workspace/rustup-home:/opt/rustwide/rustup-home:ro,Z" "-e" "SOURCE_DIR=/opt/rustwide/workdir" "-e" "CARGO_TARGET_DIR=/opt/rustwide/target" "-e" "CARGO_INCREMENTAL=0" "-e" "RUST_BACKTRACE=full" "-e" "RUSTFLAGS=--cap-lints=warn" "-e" "RUSTDOCFLAGS=--cap-lints=warn" "-e" "CARGO_HOME=/opt/rustwide/cargo-home" "-e" "RUSTUP_HOME=/opt/rustwide/rustup-home" "-w" "/opt/rustwide/workdir" "-m" "1610612736" "--user" "0:0" "--network" "none" "ghcr.io/rust-lang/crates-build-env/linux@sha256:2788e3201cd34a07e3172128adcd8b3090168a8e3bcc40d7c032b9dda1df7d1c" "/opt/rustwide/cargo-home/bin/cargo" "+beta-2023-12-22" "test" "--frozen" "--no-run" "--message-format=json", kill_on_drop: false }`
[INFO] [stdout] 1f1ad338e62c6a700d62e0a010219117fb6abe6f23d3985076719e301cae56ed
[INFO] running `Command { std: "docker" "start" "-a" "1f1ad338e62c6a700d62e0a010219117fb6abe6f23d3985076719e301cae56ed", kill_on_drop: false }`
[INFO] [stderr]    Compiling standardform v0.2.0 (/opt/rustwide/workdir)
[INFO] [stdout] warning: unused import: `hash::*`
[INFO] [stdout]   --> src/lib.rs:42:9
[INFO] [stdout]    |
[INFO] [stdout] 42 | pub use hash::*;
[INFO] [stdout]    |         ^^^^^^^
[INFO] [stdout]    |
[INFO] [stdout] note: the lint level is defined here
[INFO] [stdout]   --> src/lib.rs:6:9
[INFO] [stdout]    |
[INFO] [stdout] 6  |         unused_imports,
[INFO] [stdout]    |         ^^^^^^^^^^^^^^
[INFO] [stdout] 
[INFO] [stdout] 
[INFO] [stdout] warning: 1 warning emitted
[INFO] [stdout] 
[INFO] [stdout] 
[INFO] [stdout] warning: unused import: `hash::*`
[INFO] [stdout]   --> src/lib.rs:42:9
[INFO] [stdout]    |
[INFO] [stdout] 42 | pub use hash::*;
[INFO] [stdout]    |         ^^^^^^^
[INFO] [stdout]    |
[INFO] [stdout] note: the lint level is defined here
[INFO] [stdout]   --> src/lib.rs:6:9
[INFO] [stdout]    |
[INFO] [stdout] 6  |         unused_imports,
[INFO] [stdout]    |         ^^^^^^^^^^^^^^
[INFO] [stdout] 
[INFO] [stdout] 
[INFO] [stdout] warning: 1 warning emitted
[INFO] [stdout] 
[INFO] [stdout] 
[INFO] [stderr]     Finished test [unoptimized + debuginfo] target(s) in 0.42s
[INFO] running `Command { std: "docker" "inspect" "1f1ad338e62c6a700d62e0a010219117fb6abe6f23d3985076719e301cae56ed", kill_on_drop: false }`
[INFO] running `Command { std: "docker" "rm" "-f" "1f1ad338e62c6a700d62e0a010219117fb6abe6f23d3985076719e301cae56ed", kill_on_drop: false }`
[INFO] [stdout] 1f1ad338e62c6a700d62e0a010219117fb6abe6f23d3985076719e301cae56ed
[INFO] running `Command { std: "docker" "create" "-v" "/var/lib/crater-agent-workspace/builds/worker-4-tc2/target:/opt/rustwide/target:rw,Z" "-v" "/var/lib/crater-agent-workspace/builds/worker-4-tc2/source:/opt/rustwide/workdir:ro,Z" "-v" "/var/lib/crater-agent-workspace/cargo-home:/opt/rustwide/cargo-home:ro,Z" "-v" "/var/lib/crater-agent-workspace/rustup-home:/opt/rustwide/rustup-home:ro,Z" "-e" "SOURCE_DIR=/opt/rustwide/workdir" "-e" "CARGO_TARGET_DIR=/opt/rustwide/target" "-e" "CARGO_INCREMENTAL=0" "-e" "RUST_BACKTRACE=full" "-e" "RUSTFLAGS=--cap-lints=warn" "-e" "RUSTDOCFLAGS=--cap-lints=warn" "-e" "CARGO_HOME=/opt/rustwide/cargo-home" "-e" "RUSTUP_HOME=/opt/rustwide/rustup-home" "-w" "/opt/rustwide/workdir" "-m" "1610612736" "--user" "0:0" "--network" "none" "ghcr.io/rust-lang/crates-build-env/linux@sha256:2788e3201cd34a07e3172128adcd8b3090168a8e3bcc40d7c032b9dda1df7d1c" "/opt/rustwide/cargo-home/bin/cargo" "+beta-2023-12-22" "test" "--frozen", kill_on_drop: false }`
[INFO] [stdout] fe36cdb18cb06a312b5c79aeb4b719bf417ce9c49da15aae21f94490b9b57015
[INFO] running `Command { std: "docker" "start" "-a" "fe36cdb18cb06a312b5c79aeb4b719bf417ce9c49da15aae21f94490b9b57015", kill_on_drop: false }`
[INFO] [stderr] warning: unused import: `hash::*`
[INFO] [stderr]   --> src/lib.rs:42:9
[INFO] [stderr]    |
[INFO] [stderr] 42 | pub use hash::*;
[INFO] [stderr]    |         ^^^^^^^
[INFO] [stderr]    |
[INFO] [stderr] note: the lint level is defined here
[INFO] [stderr]   --> src/lib.rs:6:9
[INFO] [stderr]    |
[INFO] [stderr] 6  |         unused_imports,
[INFO] [stderr]    |         ^^^^^^^^^^^^^^
[INFO] [stderr] 
[INFO] [stderr] warning: `standardform` (lib) generated 1 warning (run `cargo fix --lib -p standardform` to apply 1 suggestion)
[INFO] [stderr] warning: `standardform` (lib test) generated 1 warning (1 duplicate)
[INFO] [stderr]     Finished test [unoptimized + debuginfo] target(s) in 0.01s
[INFO] [stderr]      Running unittests src/lib.rs (/opt/rustwide/target/debug/deps/standardform-f3758e2c35e19340)
[INFO] [stdout] 
[INFO] [stdout] running 26 tests
[INFO] [stdout] test nom::parse_standardform_tests::test_parse_standard_form_negative_exponent ... ok
[INFO] [stdout] test nom::parse_standardform_tests::test_parse_standard_form_positive_exponent ... ok
[INFO] [stdout] test nom::parse_standardform_tests::test_parse_standard_form_invalid_input ... ok
[INFO] [stdout] test nom::parse_standardform_tests::test_parse_standard_form_no_exponent ... ok
[INFO] [stdout] test nom::parse_standardform_tests::test_parse_standard_form_star_exponent ... ok
[INFO] [stdout] test sf::tests::add_assign ... ok
[INFO] [stdout] test sf::tests::addition ... ok
[INFO] [stdout] test sf::tests::add_assign_u8 ... ok
[INFO] [stdout] test sf::tests::addition_u8 ... ok
[INFO] [stdout] test sf::tests::assignment_issue ... ok
[INFO] [stdout] test sf::tests::division ... ok
[INFO] [stdout] test sf::tests::division_u8 ... ok
[INFO] [stdout] test sf::tests::from_u8_standardform ... ok
[INFO] [stdout] test sf::tests::multiplication ... ok
[INFO] [stdout] test sf::tests::multiplication_u8 ... ok
[INFO] [stdout] test sf::tests::test_normalize_with_invalid_range ... ok
[INFO] [stdout] test sf::tests::test_normalize_with_large_negative_mantissa ... ok
[INFO] [stdout] test sf::tests::test_normalize_with_small_mantissa ... ok
[INFO] [stdout] test sf::tests::test_normalize_with_valid_range ... ok
[INFO] [stdout] test sf::tests::test_partial_cmp_different_exponents ... ok
[INFO] [stdout] test sf::tests::test_partial_cmp_equal ... ok
[INFO] [stdout] test sf::tests::test_partial_cmp_less ... ok
[INFO] [stdout] test sf::tests::test_partial_cmp_greater ... ok
[INFO] [stdout] test sf::tests::test_partial_cmp_zero ... ok
[INFO] [stdout] test sf::tests::test_partial_cmp_mixed_sign ... ok
[INFO] [stdout] test sf::tests::test_subtraction ... ok
[INFO] [stdout] 
[INFO] [stdout] test result: ok. 26 passed; 0 failed; 0 ignored; 0 measured; 0 filtered out; finished in 0.00s
[INFO] [stdout] 
[INFO] [stderr]    Doc-tests standardform
[INFO] [stdout] 
[INFO] [stdout] running 2 tests
[INFO] [stdout] test src/lib.rs - (line 38) ... FAILED
[INFO] [stdout] test src/lib.rs - (line 48) ... ok
[INFO] [stdout] 
[INFO] [stdout] failures:
[INFO] [stdout] 
[INFO] [stdout] ---- src/lib.rs - (line 38) stdout ----
[INFO] [stdout] error: unknown start of token: `
[INFO] [stdout]  --> src/lib.rs:40:31
[INFO] [stdout]   |
[INFO] [stdout] 5 | To enable intergation it with `nom` , enable `nom` feature:
[INFO] [stdout]   |                               ^
[INFO] [stdout]   |
[INFO] [stdout] help: Unicode character '`' (Grave Accent) looks like ''' (Single Quote), but it is not
[INFO] [stdout]   |
[INFO] [stdout] 5 | To enable intergation it with 'nom` , enable `nom` feature:
[INFO] [stdout]   |                               ~
[INFO] [stdout] 
[INFO] [stdout] error: unknown start of token: `
[INFO] [stdout]  --> src/lib.rs:40:35
[INFO] [stdout]   |
[INFO] [stdout] 5 | To enable intergation it with `nom` , enable `nom` feature:
[INFO] [stdout]   |                                   ^
[INFO] [stdout]   |
[INFO] [stdout] help: Unicode character '`' (Grave Accent) looks like ''' (Single Quote), but it is not
[INFO] [stdout]   |
[INFO] [stdout] 5 | To enable intergation it with `nom' , enable `nom` feature:
[INFO] [stdout]   |                                   ~
[INFO] [stdout] 
[INFO] [stdout] error: unknown start of token: `
[INFO] [stdout]  --> src/lib.rs:40:46
[INFO] [stdout]   |
[INFO] [stdout] 5 | To enable intergation it with `nom` , enable `nom` feature:
[INFO] [stdout]   |                                              ^
[INFO] [stdout]   |
[INFO] [stdout] help: Unicode character '`' (Grave Accent) looks like ''' (Single Quote), but it is not
[INFO] [stdout]   |
[INFO] [stdout] 5 | To enable intergation it with `nom` , enable 'nom` feature:
[INFO] [stdout]   |                                              ~
[INFO] [stdout] 
[INFO] [stdout] error: unknown start of token: `
[INFO] [stdout]  --> src/lib.rs:40:50
[INFO] [stdout]   |
[INFO] [stdout] 5 | To enable intergation it with `nom` , enable `nom` feature:
[INFO] [stdout]   |                                                  ^
[INFO] [stdout]   |
[INFO] [stdout] help: Unicode character '`' (Grave Accent) looks like ''' (Single Quote), but it is not
[INFO] [stdout]   |
[INFO] [stdout] 5 | To enable intergation it with `nom` , enable `nom' feature:
[INFO] [stdout]   |                                                  ~
[INFO] [stdout] 
[INFO] [stdout] error: unknown start of token: `
[INFO] [stdout]  --> src/lib.rs:42:1
[INFO] [stdout]   |
[INFO] [stdout] 7 | ```toml
[INFO] [stdout]   | ^^^
[INFO] [stdout]   |
[INFO] [stdout]   = note: character appears 2 more times
[INFO] [stdout] help: Unicode character '`' (Grave Accent) looks like ''' (Single Quote), but it is not
[INFO] [stdout]   |
[INFO] [stdout] 7 | '''toml
[INFO] [stdout]   | ~~~
[INFO] [stdout] 
[INFO] [stdout] error: expected one of `!`, `.`, `::`, `;`, `?`, `{`, `}`, or an operator, found `enable`
[INFO] [stdout]  --> src/lib.rs:40:4
[INFO] [stdout]   |
[INFO] [stdout] 5 | To enable intergation it with `nom` , enable `nom` feature:
[INFO] [stdout]   |    ^^^^^^ expected one of 8 possible tokens
[INFO] [stdout] 
[INFO] [stdout] error: aborting due to 6 previous errors
[INFO] [stdout] 
[INFO] [stdout] Couldn't compile the test.
[INFO] [stdout] 
[INFO] [stdout] failures:
[INFO] [stdout]     src/lib.rs - (line 38)
[INFO] [stdout] 
[INFO] [stdout] test result: FAILED. 1 passed; 1 failed; 0 ignored; 0 measured; 0 filtered out; finished in 0.18s
[INFO] [stdout] 
[INFO] [stderr] error: doctest failed, to rerun pass `--doc`
[INFO] running `Command { std: "docker" "inspect" "fe36cdb18cb06a312b5c79aeb4b719bf417ce9c49da15aae21f94490b9b57015", kill_on_drop: false }`
[INFO] running `Command { std: "docker" "rm" "-f" "fe36cdb18cb06a312b5c79aeb4b719bf417ce9c49da15aae21f94490b9b57015", kill_on_drop: false }`
[INFO] [stdout] fe36cdb18cb06a312b5c79aeb4b719bf417ce9c49da15aae21f94490b9b57015
