[INFO] fetching crate stack_test_epic_wallet_impls 3.0.5...
[INFO] testing stack_test_epic_wallet_impls-3.0.5 against 1.75.0 for beta-1.76-1
[INFO] extracting crate stack_test_epic_wallet_impls 3.0.5 into /workspace/builds/worker-0-tc1/source
[INFO] validating manifest of crates.io crate stack_test_epic_wallet_impls 3.0.5 on toolchain 1.75.0
[INFO] running `Command { std: CARGO_HOME="/workspace/cargo-home" RUSTUP_HOME="/workspace/rustup-home" "/workspace/cargo-home/bin/cargo" "+1.75.0" "metadata" "--manifest-path" "Cargo.toml" "--no-deps", kill_on_drop: false }`
[INFO] started tweaking crates.io crate stack_test_epic_wallet_impls 3.0.5
[INFO] finished tweaking crates.io crate stack_test_epic_wallet_impls 3.0.5
[INFO] tweaked toml for crates.io crate stack_test_epic_wallet_impls 3.0.5 written to /workspace/builds/worker-0-tc1/source/Cargo.toml
[INFO] running `Command { std: CARGO_HOME="/workspace/cargo-home" RUSTUP_HOME="/workspace/rustup-home" "/workspace/cargo-home/bin/cargo" "+1.75.0" "generate-lockfile" "--manifest-path" "Cargo.toml", kill_on_drop: false }`
[INFO] [stderr]     Updating crates.io index
[INFO] running `Command { std: CARGO_HOME="/workspace/cargo-home" RUSTUP_HOME="/workspace/rustup-home" "/workspace/cargo-home/bin/cargo" "+1.75.0" "fetch" "--manifest-path" "Cargo.toml", kill_on_drop: false }`
[INFO] [stderr]  Downloading crates ...
[INFO] [stderr]   Downloaded fixed-hash v0.3.2
[INFO] [stderr]   Downloaded keccak-hash v0.2.0
[INFO] [stderr]   Downloaded stack_test_epic_keychain v3.0.3
[INFO] [stderr]   Downloaded parity-codec v3.5.4
[INFO] [stderr]   Downloaded stack_test_epic_wallet_util v3.0.2
[INFO] [stderr]   Downloaded hyper-timeout v0.2.0
[INFO] [stderr]   Downloaded tokio-retry v0.1.1
[INFO] [stderr]   Downloaded stack_test_epic_wallet_config v3.0.2
[INFO] [stderr]   Downloaded impl-codec v0.2.0
[INFO] [stderr]   Downloaded tokio-io-timeout v0.3.1
[INFO] [stderr]   Downloaded stack_test_epic_util v3.0.3
[INFO] [stderr]   Downloaded tokio-service v0.1.0
[INFO] [stderr]   Downloaded uint v0.7.1
[INFO] [stderr]   Downloaded bigint v4.4.3
[INFO] [stderr]   Downloaded ct-logs v0.4.0
[INFO] [stderr]   Downloaded hyper-rustls v0.14.0
[INFO] [stderr]   Downloaded sct v0.4.0
[INFO] [stderr]   Downloaded ed25519-dalek v1.0.0-pre.1
[INFO] [stderr]   Downloaded strum_macros v0.15.0
[INFO] [stderr]   Downloaded stack_test_epic_pool v3.0.3
[INFO] [stderr]   Downloaded tokio-rustls v0.7.2
[INFO] [stderr]   Downloaded stack_test_epic_api v3.0.3
[INFO] [stderr]   Downloaded sysinfo v0.9.6
[INFO] [stderr]   Downloaded curve25519-dalek v1.2.6
[INFO] [stderr]   Downloaded bindgen v0.37.4
[INFO] [stderr]   Downloaded webpki-roots v0.15.0
[INFO] [stderr]   Downloaded ring v0.13.5
[INFO] [stderr]   Downloaded rustls v0.13.1
[INFO] [stderr]   Downloaded stack_test_epic_store v3.0.3
[INFO] [stderr]   Downloaded log4rs v0.8.3
[INFO] [stderr]   Downloaded stack_test_epic_chain v3.0.3
[INFO] [stderr]   Downloaded croaring-sys v0.3.9
[INFO] [stderr]   Downloaded croaring v0.3.9
[INFO] [stderr]   Downloaded hyper v0.12.19
[INFO] [stderr]   Downloaded stack_test_epic_p2p v3.0.3
[INFO] [stderr]   Downloaded webpki v0.18.1
[INFO] [stderr]   Downloaded stack_test_epic_core v3.0.3
[INFO] [stderr]   Downloaded stack_test_epic_wallet_libwallet v3.0.2
[INFO] [stderr]   Downloaded tokio v0.1.11
[INFO] [stderr]   Downloaded want v0.0.6
[INFO] [stderr]   Downloaded primitive-types v0.3.0
[INFO] running `Command { std: "docker" "create" "-v" "/var/lib/crater-agent-workspace/builds/worker-0-tc1/target:/opt/rustwide/target:rw,Z" "-v" "/var/lib/crater-agent-workspace/builds/worker-0-tc1/source:/opt/rustwide/workdir:ro,Z" "-v" "/var/lib/crater-agent-workspace/cargo-home:/opt/rustwide/cargo-home:ro,Z" "-v" "/var/lib/crater-agent-workspace/rustup-home:/opt/rustwide/rustup-home:ro,Z" "-e" "SOURCE_DIR=/opt/rustwide/workdir" "-e" "CARGO_TARGET_DIR=/opt/rustwide/target" "-e" "CARGO_HOME=/opt/rustwide/cargo-home" "-e" "RUSTUP_HOME=/opt/rustwide/rustup-home" "-w" "/opt/rustwide/workdir" "-m" "1610612736" "--user" "0:0" "--network" "none" "ghcr.io/rust-lang/crates-build-env/linux@sha256:2788e3201cd34a07e3172128adcd8b3090168a8e3bcc40d7c032b9dda1df7d1c" "/opt/rustwide/cargo-home/bin/cargo" "+1.75.0" "metadata" "--no-deps" "--format-version=1", kill_on_drop: false }`
[INFO] [stdout] 8992e12588a66f61831e249799a471e2cc0dc48ee65d1c5b03f594e5bce0410f
[INFO] running `Command { std: "docker" "start" "-a" "8992e12588a66f61831e249799a471e2cc0dc48ee65d1c5b03f594e5bce0410f", kill_on_drop: false }`
[INFO] running `Command { std: "docker" "inspect" "8992e12588a66f61831e249799a471e2cc0dc48ee65d1c5b03f594e5bce0410f", kill_on_drop: false }`
[INFO] running `Command { std: "docker" "rm" "-f" "8992e12588a66f61831e249799a471e2cc0dc48ee65d1c5b03f594e5bce0410f", kill_on_drop: false }`
[INFO] [stdout] 8992e12588a66f61831e249799a471e2cc0dc48ee65d1c5b03f594e5bce0410f
[INFO] running `Command { std: "docker" "create" "-v" "/var/lib/crater-agent-workspace/builds/worker-0-tc1/target:/opt/rustwide/target:rw,Z" "-v" "/var/lib/crater-agent-workspace/builds/worker-0-tc1/source:/opt/rustwide/workdir:ro,Z" "-v" "/var/lib/crater-agent-workspace/cargo-home:/opt/rustwide/cargo-home:ro,Z" "-v" "/var/lib/crater-agent-workspace/rustup-home:/opt/rustwide/rustup-home:ro,Z" "-e" "SOURCE_DIR=/opt/rustwide/workdir" "-e" "CARGO_TARGET_DIR=/opt/rustwide/target" "-e" "CARGO_INCREMENTAL=0" "-e" "RUST_BACKTRACE=full" "-e" "RUSTFLAGS=--cap-lints=warn" "-e" "RUSTDOCFLAGS=--cap-lints=warn" "-e" "CARGO_HOME=/opt/rustwide/cargo-home" "-e" "RUSTUP_HOME=/opt/rustwide/rustup-home" "-w" "/opt/rustwide/workdir" "-m" "1610612736" "--user" "0:0" "--network" "none" "ghcr.io/rust-lang/crates-build-env/linux@sha256:2788e3201cd34a07e3172128adcd8b3090168a8e3bcc40d7c032b9dda1df7d1c" "/opt/rustwide/cargo-home/bin/cargo" "+1.75.0" "build" "--frozen" "--message-format=json", kill_on_drop: false }`
[INFO] [stdout] 58e0be25e46d51dddafedd47e10b17a333fce37ff76758273369a5fcf2708a9b
[INFO] running `Command { std: "docker" "start" "-a" "58e0be25e46d51dddafedd47e10b17a333fce37ff76758273369a5fcf2708a9b", kill_on_drop: false }`
[INFO] [stderr]    Compiling libc v0.2.151
[INFO] [stderr]    Compiling autocfg v1.1.0
[INFO] [stderr]    Compiling proc-macro2 v1.0.75
[INFO] [stderr]    Compiling unicode-ident v1.0.12
[INFO] [stderr]    Compiling serde v1.0.194
[INFO] [stderr]    Compiling byteorder v1.5.0
[INFO] [stderr]    Compiling cfg-if v0.1.10
[INFO] [stderr]    Compiling lazy_static v1.4.0
[INFO] [stderr]    Compiling maybe-uninit v2.0.0
[INFO] [stderr]    Compiling semver-parser v0.7.0
[INFO] [stderr]    Compiling rand_core v0.4.2
[INFO] [stderr]    Compiling futures v0.1.31
[INFO] [stderr]    Compiling typenum v1.17.0
[INFO] [stderr]    Compiling cfg-if v1.0.0
[INFO] [stderr]    Compiling fnv v1.0.7
[INFO] [stderr]    Compiling memchr v2.7.1
[INFO] [stderr]    Compiling unicode-xid v0.1.0
[INFO] [stderr]    Compiling scopeguard v1.2.0
[INFO] [stderr]    Compiling autocfg v0.1.8
[INFO] [stderr]    Compiling version_check v0.9.4
[INFO] [stderr]    Compiling quick-error v1.2.3
[INFO] [stderr]    Compiling nodrop v0.1.14
[INFO] [stderr]    Compiling hashbrown v0.12.3
[INFO] [stderr]    Compiling semver v0.9.0
[INFO] [stderr]    Compiling rand_core v0.3.1
[INFO] [stderr]    Compiling humantime v1.3.0
[INFO] [stderr]    Compiling glob v0.2.11
[INFO] [stderr]    Compiling subtle v2.4.1
[INFO] [stderr]    Compiling ryu v1.0.16
[INFO] [stderr]    Compiling num-traits v0.2.17
[INFO] [stderr]    Compiling rustc_version v0.2.3
[INFO] [stderr]    Compiling crossbeam-utils v0.7.2
[INFO] [stderr]    Compiling slab v0.4.9
[INFO] [stderr]    Compiling generic-array v0.14.7
[INFO] [stderr]    Compiling smallvec v0.6.14
[INFO] [stderr]    Compiling indexmap v1.9.3
[INFO] [stderr]    Compiling num-integer v0.1.45
[INFO] [stderr]    Compiling rand_pcg v0.1.2
[INFO] [stderr]    Compiling memoffset v0.5.6
[INFO] [stderr]    Compiling parking_lot_core v0.6.3
[INFO] [stderr]    Compiling parking_lot v0.9.0
[INFO] [stderr]    Compiling clang-sys v0.23.0
[INFO] [stderr]    Compiling rand_chacha v0.1.1
[INFO] [stderr]    Compiling quote v1.0.35
[INFO] [stderr]    Compiling aho-corasick v1.1.2
[INFO] [stderr]    Compiling adler v1.0.2
[INFO] [stderr]    Compiling serde_json v1.0.111
[INFO] [stderr]    Compiling regex-syntax v0.8.2
[INFO] [stderr]    Compiling arrayvec v0.4.12
[INFO] [stderr]    Compiling miniz_oxide v0.7.1
[INFO] [stderr]    Compiling syn v2.0.48
[INFO] [stderr]    Compiling crossbeam-epoch v0.8.2
[INFO] [stderr]    Compiling rand v0.6.5
[INFO] [stderr]    Compiling lock_api v0.3.4
[INFO] [stderr]    Compiling itoa v1.0.10
[INFO] [stderr]    Compiling tokio-executor v0.1.10
[INFO] [stderr]    Compiling generic-array v0.12.4
[INFO] [stderr]    Compiling crc32fast v1.3.2
[INFO] [stderr]    Compiling unicode-width v0.1.11
[INFO] [stderr]    Compiling rustc-serialize v0.3.25
[INFO] [stderr]    Compiling textwrap v0.11.0
[INFO] [stderr]    Compiling digest v0.8.1
[INFO] [stderr]    Compiling tokio-sync v0.1.8
[INFO] [stderr]    Compiling rand_xorshift v0.1.1
[INFO] [stderr]    Compiling rand_isaac v0.1.1
[INFO] [stderr]    Compiling rand_hc v0.1.0
[INFO] [stderr]    Compiling rand_jitter v0.1.4
[INFO] [stderr]    Compiling proc-macro2 v0.3.5
[INFO] [stderr]    Compiling safemem v0.3.3
[INFO] [stderr]    Compiling linked-hash-map v0.5.6
[INFO] [stderr]    Compiling vec_map v0.8.2
[INFO] [stderr]    Compiling termcolor v1.4.0
[INFO] [stderr]    Compiling crunchy v0.2.2
[INFO] [stderr]    Compiling cc v1.0.83
[INFO] [stderr]    Compiling iovec v0.1.4
[INFO] [stderr]    Compiling net2 v0.2.39
[INFO] [stderr]    Compiling num_cpus v1.16.0
[INFO] [stderr]    Compiling rand v0.5.6
[INFO] [stderr]    Compiling bytes v0.4.12
[INFO] [stderr]    Compiling memchr v1.0.2
[INFO] [stderr]    Compiling atty v0.2.14
[INFO] [stderr]    Compiling rand v0.4.6
[INFO] [stderr]    Compiling rand_os v0.1.3
[INFO] [stderr]    Compiling nom v3.2.1
[INFO] [stderr]    Compiling ansi_term v0.12.1
[INFO] [stderr]    Compiling bitflags v1.3.2
[INFO] [stderr]    Compiling gimli v0.28.1
[INFO] [stderr]    Compiling syn v1.0.109
[INFO] [stderr]    Compiling bindgen v0.37.4
[INFO] [stderr]    Compiling strsim v0.8.0
[INFO] [stderr]    Compiling clap v2.34.0
[INFO] [stderr]    Compiling quote v0.5.2
[INFO] [stderr]    Compiling regex-automata v0.4.3
[INFO] [stderr]    Compiling which v1.0.5
[INFO] [stderr]    Compiling cexpr v0.2.3
[INFO] [stderr]    Compiling base64 v0.9.3
[INFO] [stderr]    Compiling digest v0.9.0
[INFO] [stderr]    Compiling object v0.32.2
[INFO] [stderr]    Compiling parking_lot_core v0.3.1
[INFO] [stderr]    Compiling stable_deref_trait v1.2.0
[INFO] [stderr]    Compiling byte-tools v0.3.1
[INFO] [stderr]    Compiling peeking_take_while v0.1.2
[INFO] [stderr]    Compiling rustc-demangle v0.1.23
[INFO] [stderr]    Compiling thiserror v1.0.56
[INFO] [stderr]    Compiling traitobject v0.1.0
[INFO] [stderr]    Compiling iana-time-zone v0.1.59
[INFO] [stderr]    Compiling block-padding v0.1.5
[INFO] [stderr]    Compiling libloading v0.5.2
[INFO] [stderr]    Compiling backtrace v0.3.69
[INFO] [stderr]    Compiling unsafe-any v0.4.2
[INFO] [stderr]    Compiling ring v0.13.5
[INFO] [stderr]    Compiling grin_secp256k1zkp v0.7.12
[INFO] [stderr]    Compiling owning_ref v0.4.1
[INFO] [stderr]    Compiling crossbeam-deque v0.7.4
[INFO] [stderr]    Compiling ordered-float v1.1.1
[INFO] [stderr]    Compiling yaml-rust v0.4.5
[INFO] [stderr]    Compiling block-buffer v0.9.0
[INFO] [stderr]    Compiling crossbeam-queue v0.2.3
[INFO] [stderr]    Compiling num-iter v0.1.43
[INFO] [stderr]    Compiling num-bigint v0.2.6
[INFO] [stderr]    Compiling rustc-hex v2.1.0
[INFO] [stderr]    Compiling scopeguard v0.3.3
[INFO] [stderr]    Compiling opaque-debug v0.3.0
[INFO] [stderr]    Compiling unicode-xid v0.2.4
[INFO] [stderr]    Compiling failure_derive v0.1.8
[INFO] [stderr]    Compiling odds v0.2.26
[INFO] [stderr]    Compiling lock_api v0.1.5
[INFO] [stderr]    Compiling arrayvec v0.3.25
[INFO] [stderr]    Compiling typemap v0.3.3
[INFO] [stderr]    Compiling block-buffer v0.7.3
[INFO] [stderr]    Compiling flate2 v1.0.28
[INFO] [stderr]    Compiling thread-id v3.3.0
[INFO] [stderr]    Compiling crypto-mac v0.11.1
[INFO] [stderr]    Compiling tokio-timer v0.2.13
[INFO] [stderr]    Compiling num-rational v0.2.4
[INFO] [stderr]    Compiling num-complex v0.2.4
[INFO] [stderr]    Compiling regex v1.10.2
[INFO] [stderr]    Compiling gcc v0.3.55
[INFO] [stderr]    Compiling addr2line v0.21.0
[INFO] [stderr]    Compiling same-file v1.0.6
[INFO] [stderr]    Compiling antidote v1.0.0
[INFO] [stderr]    Compiling arc-swap v0.3.11
[INFO] [stderr]    Compiling untrusted v0.6.2
[INFO] [stderr]    Compiling rand_core v0.6.4
[INFO] [stderr]    Compiling crunchy v0.1.6
[INFO] [stderr]    Compiling base64ct v1.6.0
[INFO] [stderr]    Compiling log-mdc v0.1.0
[INFO] [stderr]    Compiling static_assertions v0.2.5
[INFO] [stderr]    Compiling cpufeatures v0.2.12
[INFO] [stderr]    Compiling opaque-debug v0.2.3
[INFO] [stderr]    Compiling sha2 v0.9.9
[INFO] [stderr]    Compiling password-hash v0.2.3
[INFO] [stderr]    Compiling fixed-hash v0.3.2
[INFO] [stderr]    Compiling walkdir v2.4.0
[INFO] [stderr]    Compiling parking_lot v0.6.4
[INFO] [stderr]    Compiling liblmdb-sys v0.2.2
[INFO] [stderr]    Compiling hmac v0.11.0
[INFO] [stderr]    Compiling uint v0.7.1
[INFO] [stderr]    Compiling tokio-current-thread v0.1.7
[INFO] [stderr]    Compiling fake-simd v0.1.2
[INFO] [stderr]    Compiling rustix v0.38.28
[INFO] [stderr]    Compiling synstructure v0.12.6
[INFO] [stderr]    Compiling constant_time_eq v0.1.5
[INFO] [stderr]    Compiling proc-macro2 v0.4.30
[INFO] [stderr]    Compiling blake2-rfc v0.2.18
[INFO] [stderr]    Compiling pbkdf2 v0.8.0
[INFO] [stderr]    Compiling sha2 v0.8.2
[INFO] [stderr]    Compiling ripemd160 v0.9.1
[INFO] [stderr]    Compiling tiny-keccak v1.5.0
[INFO] [stderr]    Compiling num-traits v0.1.43
[INFO] [stderr]    Compiling bitflags v2.4.1
[INFO] [stderr]    Compiling linux-raw-sys v0.4.12
[INFO] [stderr]    Compiling enum_primitive v0.1.1
[INFO] [stderr]    Compiling bigint v4.4.3
[INFO] [stderr]    Compiling lru-cache v0.1.2
[INFO] [stderr]    Compiling md5 v0.6.1
[INFO] [stderr]    Compiling httparse v1.8.0
[INFO] [stderr]    Compiling siphasher v0.2.3
[INFO] [stderr]    Compiling serde_derive v1.0.194
[INFO] [stderr]    Compiling thiserror-impl v1.0.56
[INFO] [stderr]    Compiling zeroize_derive v1.4.2
[INFO] [stderr]    Compiling num v0.2.1
[INFO] [stderr]    Compiling itoa v0.4.8
[INFO] [stderr]    Compiling bitflags v0.9.1
[INFO] [stderr]    Compiling fastrand v2.0.1
[INFO] [stderr]    Compiling supercow v0.1.0
[INFO] [stderr]    Compiling syn v0.15.44
[INFO] [stderr]    Compiling http v0.1.21
[INFO] [stderr]    Compiling quote v0.6.13
[INFO] [stderr]    Compiling string v0.2.1
[INFO] [stderr]    Compiling memmap v0.7.0
[INFO] [stderr]    Compiling webpki v0.18.1
[INFO] [stderr]    Compiling sct v0.4.0
[INFO] [stderr]    Compiling unicode-segmentation v1.10.1
[INFO] [stderr]    Compiling try-lock v0.2.5
[INFO] [stderr]    Compiling tinyvec_macros v0.1.1
[INFO] [stderr]    Compiling tinyvec v1.6.0
[INFO] [stderr]    Compiling clear_on_drop v0.2.5
[INFO] [stderr]    Compiling heck v0.3.3
[INFO] [stderr]    Compiling num-bigint v0.1.44
[INFO] [stderr]    Compiling failure v0.1.8
[INFO] [stderr]    Compiling futures-cpupool v0.1.8
[INFO] [stderr]    Compiling time v0.1.45
[INFO] [stderr]    Compiling scoped-tls v0.1.2
[INFO] [stderr]    Compiling crossbeam-utils v0.8.18
[INFO] [stderr]    Compiling unicode-normalization v0.1.22
[INFO] [stderr]    Compiling num-complex v0.1.43
[INFO] [stderr]    Compiling zeroize v1.7.0
[INFO] [stderr]    Compiling tokio-service v0.1.0
[INFO] [stderr]    Compiling matches v0.1.10
[INFO] [stderr]    Compiling bit-vec v0.6.3
[INFO] [stderr]    Compiling lmdb-zero v0.4.4
[INFO] [stderr]    Compiling unicode-bidi v0.3.14
[INFO] [stderr]    Compiling zip v0.5.13
[INFO] [stderr]    Compiling webpki-roots v0.15.0
[INFO] [stderr]    Compiling ct-logs v0.4.0
[INFO] [stderr]    Compiling percent-encoding v1.0.1
[INFO] [stderr]    Compiling rayon-core v1.12.0
[INFO] [stderr]    Compiling curve25519-dalek v1.2.6
[INFO] [stderr]    Compiling dirs v1.0.5
[INFO] [stderr]    Compiling doc-comment v0.3.3
[INFO] [stderr]    Compiling sysinfo v0.9.6
[INFO] [stderr]    Compiling either v1.9.0
[INFO] [stderr]    Compiling idna v0.1.5
[INFO] [stderr]    Compiling crossbeam-epoch v0.9.17
[INFO] [stderr]    Compiling num-rational v0.1.42
[INFO] [stderr]    Compiling keccak v0.1.4
[INFO] [stderr]    Compiling tempfile v3.9.0
[INFO] [stderr]    Compiling num v0.1.42
[INFO] [stderr]    Compiling crossbeam-deque v0.8.4
[INFO] [stderr]    Compiling sha3 v0.8.2
[INFO] [stderr]    Compiling rand v0.3.23
[INFO] [stderr]    Compiling data-encoding v2.5.0
[INFO] [stderr]    Compiling strum v0.15.0
[INFO] [stderr]    Compiling url v1.7.2
[INFO] [stderr]    Compiling rayon v1.8.0
[INFO] [stderr]    Compiling ed25519-dalek v1.0.0-pre.1
[INFO] [stderr]    Compiling easy-jsonrpc-proc-macro-mw v0.5.1
[INFO] [stderr]    Compiling strum_macros v0.15.0
[INFO] [stderr]    Compiling log v0.4.20
[INFO] [stderr]    Compiling chrono v0.4.31
[INFO] [stderr]    Compiling parity-codec v3.5.4
[INFO] [stderr]    Compiling serde-value v0.5.3
[INFO] [stderr]    Compiling serde_yaml v0.8.26
[INFO] [stderr]    Compiling uuid v0.6.5
[INFO] [stderr]    Compiling toml v0.4.10
[INFO] [stderr]    Compiling uuid v0.7.4
[INFO] [stderr]    Compiling tokio-io v0.1.13
[INFO] [stderr]    Compiling mio v0.6.23
[INFO] [stderr]    Compiling env_logger v0.5.13
[INFO] [stderr]    Compiling tokio-threadpool v0.1.18
[INFO] [stderr]    Compiling want v0.0.6
[INFO] [stderr]    Compiling rustls v0.13.1
[INFO] [stderr]    Compiling impl-codec v0.2.0
[INFO] [stderr]    Compiling primitive-types v0.3.0
[INFO] [stderr]    Compiling jsonrpc-core v10.1.0
[INFO] [stderr]    Compiling tokio-codec v0.1.2
[INFO] [stderr]    Compiling tokio-fs v0.1.7
[INFO] [stderr]    Compiling tokio-reactor v0.1.12
[INFO] [stderr]    Compiling mio-uds v0.6.8
[INFO] [stderr]    Compiling h2 v0.1.26
[INFO] [stderr]    Compiling tokio-io-timeout v0.3.1
[INFO] [stderr]    Compiling log4rs v0.8.3
[INFO] [stderr]    Compiling timer v0.2.0
[INFO] [stderr]    Compiling tokio-udp v0.1.6
[INFO] [stderr]    Compiling tokio-uds v0.2.7
[INFO] [stderr]    Compiling tokio-tcp v0.1.4
[INFO] [stderr]    Compiling easy-jsonrpc-mw v0.5.4
[INFO] [stderr]    Compiling tokio v0.1.11
[INFO] [stderr]    Compiling keccak-hash v0.2.0
[INFO] [stderr]    Compiling tokio-core v0.1.18
[INFO] [stderr]    Compiling stack_test_epic_util v3.0.3
[INFO] [stderr]    Compiling tokio-rustls v0.7.2
[INFO] [stderr]    Compiling tokio-retry v0.1.1
[INFO] [stderr]    Compiling stack_test_epic_keychain v3.0.3
[INFO] [stderr]    Compiling hyper v0.12.19
[INFO] [stderr]    Compiling hyper-rustls v0.14.0
[INFO] [stderr]    Compiling hyper-timeout v0.2.0
[INFO] [stderr]    Compiling croaring-sys v0.3.9
[INFO] [stderr]    Compiling croaring v0.3.9
[INFO] [stderr]    Compiling stack_test_epic_core v3.0.3
[INFO] [stderr]    Compiling stack_test_epic_store v3.0.3
[INFO] [stderr]    Compiling stack_test_epic_chain v3.0.3
[INFO] [stderr]    Compiling stack_test_epic_pool v3.0.3
[INFO] [stderr]    Compiling stack_test_epic_p2p v3.0.3
[INFO] [stderr]    Compiling stack_test_epic_api v3.0.3
[INFO] [stderr]    Compiling stack_test_epic_wallet_util v3.0.2
[INFO] [stderr]    Compiling stack_test_epic_wallet_config v3.0.2
[INFO] [stderr]    Compiling stack_test_epic_wallet_libwallet v3.0.2
[INFO] [stderr]    Compiling stack_test_epic_wallet_impls v3.0.5 (/opt/rustwide/workdir)
[INFO] [stdout] warning: unused import: `SchemeNotHttp`
[INFO] [stdout]   --> src/adapters/mod.rs:20:39
[INFO] [stdout]    |
[INFO] [stdout] 20 | pub use self::http::{HttpSlateSender, SchemeNotHttp};
[INFO] [stdout]    |                                       ^^^^^^^^^^^^^
[INFO] [stdout]    |
[INFO] [stdout]    = note: `#[warn(unused_imports)]` on by default
[INFO] [stdout] 
[INFO] [stdout] 
[INFO] [stdout] warning: unused import: `HeaderVersion`
[INFO] [stdout]   --> src/test_framework/mod.rs:21:2
[INFO] [stdout]    |
[INFO] [stdout] 21 |     HeaderVersion, Output, OutputFeatures, OutputIdentifier, Transaction, TxKernel,
[INFO] [stdout]    |     ^^^^^^^^^^^^^
[INFO] [stdout]    |
[INFO] [stdout] help: consider adding a `#[cfg(test)]` to the containing module
[INFO] [stdout]   --> src/lib.rs:41:1
[INFO] [stdout]    |
[INFO] [stdout] 41 | pub mod test_framework;
[INFO] [stdout]    | ^^^^^^^^^^^^^^^^^^^^^^^
[INFO] [stdout] 
[INFO] [stdout] 
[INFO] [stdout] warning: unused import: `RwLock`
[INFO] [stdout]   --> src/test_framework/testclient.rs:37:26
[INFO] [stdout]    |
[INFO] [stdout] 37 | use crate::util::{Mutex, RwLock};
[INFO] [stdout]    |                          ^^^^^^
[INFO] [stdout]    |
[INFO] [stdout] help: consider adding a `#[cfg(test)]` to the containing module
[INFO] [stdout]   --> src/test_framework/mod.rs:37:1
[INFO] [stdout]    |
[INFO] [stdout] 37 | mod testclient;
[INFO] [stdout]    | ^^^^^^^^^^^^^^^
[INFO] [stdout] 
[INFO] [stdout] 
[INFO] [stdout] warning: 3 warnings emitted
[INFO] [stdout] 
[INFO] [stdout] 
[INFO] [stderr]     Finished dev [unoptimized + debuginfo] target(s) in 1m 17s
[INFO] [stderr] warning: the following packages contain code that will be rejected by a future version of Rust: bigint v4.4.3, grin_secp256k1zkp v0.7.12, nom v3.2.1, stack_test_epic_api v3.0.3, stack_test_epic_core v3.0.3, traitobject v0.1.0
[INFO] [stderr] note: to see what the problems were, use the option `--future-incompat-report`, or run `cargo report future-incompatibilities --id 1`
[INFO] running `Command { std: "docker" "inspect" "58e0be25e46d51dddafedd47e10b17a333fce37ff76758273369a5fcf2708a9b", kill_on_drop: false }`
[INFO] running `Command { std: "docker" "rm" "-f" "58e0be25e46d51dddafedd47e10b17a333fce37ff76758273369a5fcf2708a9b", kill_on_drop: false }`
[INFO] [stdout] 58e0be25e46d51dddafedd47e10b17a333fce37ff76758273369a5fcf2708a9b
[INFO] running `Command { std: "docker" "create" "-v" "/var/lib/crater-agent-workspace/builds/worker-0-tc1/target:/opt/rustwide/target:rw,Z" "-v" "/var/lib/crater-agent-workspace/builds/worker-0-tc1/source:/opt/rustwide/workdir:ro,Z" "-v" "/var/lib/crater-agent-workspace/cargo-home:/opt/rustwide/cargo-home:ro,Z" "-v" "/var/lib/crater-agent-workspace/rustup-home:/opt/rustwide/rustup-home:ro,Z" "-e" "SOURCE_DIR=/opt/rustwide/workdir" "-e" "CARGO_TARGET_DIR=/opt/rustwide/target" "-e" "CARGO_INCREMENTAL=0" "-e" "RUST_BACKTRACE=full" "-e" "RUSTFLAGS=--cap-lints=warn" "-e" "RUSTDOCFLAGS=--cap-lints=warn" "-e" "CARGO_HOME=/opt/rustwide/cargo-home" "-e" "RUSTUP_HOME=/opt/rustwide/rustup-home" "-w" "/opt/rustwide/workdir" "-m" "1610612736" "--user" "0:0" "--network" "none" "ghcr.io/rust-lang/crates-build-env/linux@sha256:2788e3201cd34a07e3172128adcd8b3090168a8e3bcc40d7c032b9dda1df7d1c" "/opt/rustwide/cargo-home/bin/cargo" "+1.75.0" "test" "--frozen" "--no-run" "--message-format=json", kill_on_drop: false }`
[INFO] [stdout] d8d81f459e601b2d75bf328e0099bef62040f9958d5aad1c5615a5f2f0f7b894
[INFO] running `Command { std: "docker" "start" "-a" "d8d81f459e601b2d75bf328e0099bef62040f9958d5aad1c5615a5f2f0f7b894", kill_on_drop: false }`
[INFO] [stdout] warning: unused import: `SchemeNotHttp`
[INFO] [stdout]   --> src/adapters/mod.rs:20:39
[INFO] [stdout]    |
[INFO] [stdout] 20 | pub use self::http::{HttpSlateSender, SchemeNotHttp};
[INFO] [stdout]    |                                       ^^^^^^^^^^^^^
[INFO] [stdout]    |
[INFO] [stdout]    = note: `#[warn(unused_imports)]` on by default
[INFO] [stdout] 
[INFO] [stdout] 
[INFO] [stdout] warning: unused import: `HeaderVersion`
[INFO] [stdout]   --> src/test_framework/mod.rs:21:2
[INFO] [stdout]    |
[INFO] [stdout] 21 |     HeaderVersion, Output, OutputFeatures, OutputIdentifier, Transaction, TxKernel,
[INFO] [stdout]    |     ^^^^^^^^^^^^^
[INFO] [stdout]    |
[INFO] [stdout] help: consider adding a `#[cfg(test)]` to the containing module
[INFO] [stdout]   --> src/lib.rs:41:1
[INFO] [stdout]    |
[INFO] [stdout] 41 | pub mod test_framework;
[INFO] [stdout]    | ^^^^^^^^^^^^^^^^^^^^^^^
[INFO] [stdout] 
[INFO] [stdout] 
[INFO] [stdout] warning: unused import: `RwLock`
[INFO] [stdout]   --> src/test_framework/testclient.rs:37:26
[INFO] [stdout]    |
[INFO] [stdout] 37 | use crate::util::{Mutex, RwLock};
[INFO] [stdout]    |                          ^^^^^^
[INFO] [stdout]    |
[INFO] [stdout] help: consider adding a `#[cfg(test)]` to the containing module
[INFO] [stdout]   --> src/test_framework/mod.rs:37:1
[INFO] [stdout]    |
[INFO] [stdout] 37 | mod testclient;
[INFO] [stdout]    | ^^^^^^^^^^^^^^^
[INFO] [stdout] 
[INFO] [stdout] 
[INFO] [stderr]    Compiling stack_test_epic_wallet_impls v3.0.5 (/opt/rustwide/workdir)
[INFO] [stdout] warning: 3 warnings emitted
[INFO] [stdout] 
[INFO] [stdout] 
[INFO] [stdout] warning: unused import: `SchemeNotHttp`
[INFO] [stdout]   --> src/adapters/mod.rs:20:39
[INFO] [stdout]    |
[INFO] [stdout] 20 | pub use self::http::{HttpSlateSender, SchemeNotHttp};
[INFO] [stdout]    |                                       ^^^^^^^^^^^^^
[INFO] [stdout]    |
[INFO] [stdout]    = note: `#[warn(unused_imports)]` on by default
[INFO] [stdout] 
[INFO] [stdout] 
[INFO] [stdout] warning: unused import: `HeaderVersion`
[INFO] [stdout]   --> src/test_framework/mod.rs:21:2
[INFO] [stdout]    |
[INFO] [stdout] 21 |     HeaderVersion, Output, OutputFeatures, OutputIdentifier, Transaction, TxKernel,
[INFO] [stdout]    |     ^^^^^^^^^^^^^
[INFO] [stdout] 
[INFO] [stdout] 
[INFO] [stdout] warning: unused import: `RwLock`
[INFO] [stdout]   --> src/test_framework/testclient.rs:37:26
[INFO] [stdout]    |
[INFO] [stdout] 37 | use crate::util::{Mutex, RwLock};
[INFO] [stdout]    |                          ^^^^^^
[INFO] [stdout] 
[INFO] [stdout] 
[INFO] [stdout] warning: 3 warnings emitted
[INFO] [stdout] 
[INFO] [stdout] 
[INFO] [stderr]     Finished test [unoptimized + debuginfo] target(s) in 8.92s
[INFO] [stderr] warning: the following packages contain code that will be rejected by a future version of Rust: bigint v4.4.3, grin_secp256k1zkp v0.7.12, nom v3.2.1, stack_test_epic_api v3.0.3, stack_test_epic_core v3.0.3, traitobject v0.1.0
[INFO] [stderr] note: to see what the problems were, use the option `--future-incompat-report`, or run `cargo report future-incompatibilities --id 1`
[INFO] running `Command { std: "docker" "inspect" "d8d81f459e601b2d75bf328e0099bef62040f9958d5aad1c5615a5f2f0f7b894", kill_on_drop: false }`
[INFO] running `Command { std: "docker" "rm" "-f" "d8d81f459e601b2d75bf328e0099bef62040f9958d5aad1c5615a5f2f0f7b894", kill_on_drop: false }`
[INFO] [stdout] d8d81f459e601b2d75bf328e0099bef62040f9958d5aad1c5615a5f2f0f7b894
[INFO] running `Command { std: "docker" "create" "-v" "/var/lib/crater-agent-workspace/builds/worker-0-tc1/target:/opt/rustwide/target:rw,Z" "-v" "/var/lib/crater-agent-workspace/builds/worker-0-tc1/source:/opt/rustwide/workdir:ro,Z" "-v" "/var/lib/crater-agent-workspace/cargo-home:/opt/rustwide/cargo-home:ro,Z" "-v" "/var/lib/crater-agent-workspace/rustup-home:/opt/rustwide/rustup-home:ro,Z" "-e" "SOURCE_DIR=/opt/rustwide/workdir" "-e" "CARGO_TARGET_DIR=/opt/rustwide/target" "-e" "CARGO_INCREMENTAL=0" "-e" "RUST_BACKTRACE=full" "-e" "RUSTFLAGS=--cap-lints=warn" "-e" "RUSTDOCFLAGS=--cap-lints=warn" "-e" "CARGO_HOME=/opt/rustwide/cargo-home" "-e" "RUSTUP_HOME=/opt/rustwide/rustup-home" "-w" "/opt/rustwide/workdir" "-m" "1610612736" "--user" "0:0" "--network" "none" "ghcr.io/rust-lang/crates-build-env/linux@sha256:2788e3201cd34a07e3172128adcd8b3090168a8e3bcc40d7c032b9dda1df7d1c" "/opt/rustwide/cargo-home/bin/cargo" "+1.75.0" "test" "--frozen", kill_on_drop: false }`
[INFO] [stdout] 6ff6edff811c24c58329e7d3351f780dca8b006954b28265de5592b8695317da
[INFO] running `Command { std: "docker" "start" "-a" "6ff6edff811c24c58329e7d3351f780dca8b006954b28265de5592b8695317da", kill_on_drop: false }`
[INFO] [stderr] warning: unused import: `SchemeNotHttp`
[INFO] [stderr]   --> src/adapters/mod.rs:20:39
[INFO] [stderr]    |
[INFO] [stderr] 20 | pub use self::http::{HttpSlateSender, SchemeNotHttp};
[INFO] [stderr]    |                                       ^^^^^^^^^^^^^
[INFO] [stderr]    |
[INFO] [stderr]    = note: `#[warn(unused_imports)]` on by default
[INFO] [stderr] 
[INFO] [stderr] warning: unused import: `HeaderVersion`
[INFO] [stderr]   --> src/test_framework/mod.rs:21:2
[INFO] [stderr]    |
[INFO] [stderr] 21 |     HeaderVersion, Output, OutputFeatures, OutputIdentifier, Transaction, TxKernel,
[INFO] [stderr]    |     ^^^^^^^^^^^^^
[INFO] [stderr]    |
[INFO] [stderr] help: consider adding a `#[cfg(test)]` to the containing module
[INFO] [stderr]   --> src/lib.rs:41:1
[INFO] [stderr]    |
[INFO] [stderr] 41 | pub mod test_framework;
[INFO] [stderr]    | ^^^^^^^^^^^^^^^^^^^^^^^
[INFO] [stderr] 
[INFO] [stderr] warning: unused import: `RwLock`
[INFO] [stderr]   --> src/test_framework/testclient.rs:37:26
[INFO] [stderr]    |
[INFO] [stderr] 37 | use crate::util::{Mutex, RwLock};
[INFO] [stderr]    |                          ^^^^^^
[INFO] [stderr]    |
[INFO] [stderr] help: consider adding a `#[cfg(test)]` to the containing module
[INFO] [stderr]   --> src/test_framework/mod.rs:37:1
[INFO] [stderr]    |
[INFO] [stderr] 37 | mod testclient;
[INFO] [stderr]    | ^^^^^^^^^^^^^^^
[INFO] [stderr] 
[INFO] [stderr] warning: unused import: `HeaderVersion`
[INFO] [stderr]   --> src/test_framework/mod.rs:21:2
[INFO] [stderr]    |
[INFO] [stderr] 21 |     HeaderVersion, Output, OutputFeatures, OutputIdentifier, Transaction, TxKernel,
[INFO] [stderr]    |     ^^^^^^^^^^^^^
[INFO] [stderr] 
[INFO] [stderr] warning: unused import: `RwLock`
[INFO] [stderr]   --> src/test_framework/testclient.rs:37:26
[INFO] [stderr]    |
[INFO] [stderr] 37 | use crate::util::{Mutex, RwLock};
[INFO] [stderr]    |                          ^^^^^^
[INFO] [stderr] 
[INFO] [stderr] warning: `stack_test_epic_wallet_impls` (lib) generated 3 warnings (run `cargo fix --lib -p stack_test_epic_wallet_impls` to apply 3 suggestions)
[INFO] [stderr] warning: `stack_test_epic_wallet_impls` (lib test) generated 3 warnings (1 duplicate) (run `cargo fix --lib -p stack_test_epic_wallet_impls --tests` to apply 2 suggestions)
[INFO] [stderr]     Finished test [unoptimized + debuginfo] target(s) in 0.33s
[INFO] [stderr] warning: the following packages contain code that will be rejected by a future version of Rust: bigint v4.4.3, grin_secp256k1zkp v0.7.12, nom v3.2.1, stack_test_epic_api v3.0.3, stack_test_epic_core v3.0.3, traitobject v0.1.0
[INFO] [stderr] note: to see what the problems were, use the option `--future-incompat-report`, or run `cargo report future-incompatibilities --id 1`
[INFO] [stderr]      Running unittests src/lib.rs (/opt/rustwide/target/debug/deps/stack_test_epic_wallet_impls-98a35c24cd96b939)
[INFO] [stdout] 
[INFO] [stdout] running 7 tests
[INFO] [stdout] test lifecycle::seed::tests::wallet_seed_encrypt ... ok
[INFO] [stdout] test tor::config::tests::test_complete_tor_address ... ok
[INFO] [stdout] test tor::config::tests::test_is_tor_address ... ok
[INFO] [stdout] test tor::config::tests::test_service_config ... FAILED
[INFO] [stdout] test tor::config::tests::gen_ed25519_pub_key ... ok
[INFO] [stdout] test tor::config::tests::gen_onion_address ... ok
[INFO] [stdout] test tor::config::tests::test_output_tor_config ... FAILED
[INFO] [stdout] 
[INFO] [stdout] failures:
[INFO] [stdout] 
[INFO] [stdout] ---- tor::config::tests::test_service_config stdout ----
[INFO] [stdout] Error: Error { inner: Os { code: 30, kind: ReadOnlyFilesystem, message: "Read-only file system" }
[INFO] [stdout] 
[INFO] [stdout]    0: failure::backtrace::internal::InternalBacktrace::new
[INFO] [stdout]              at /opt/rustwide/cargo-home/registry/src/index.crates.io-6f17d22bba15001f/failure-0.1.8/src/backtrace/internal.rs:46:44
[INFO] [stdout]    1: failure::backtrace::Backtrace::new
[INFO] [stdout]              at /opt/rustwide/cargo-home/registry/src/index.crates.io-6f17d22bba15001f/failure-0.1.8/src/backtrace/mod.rs:121:35
[INFO] [stdout]    2: <failure::error::error_impl::ErrorImpl as core::convert::From<F>>::from
[INFO] [stdout]              at /opt/rustwide/cargo-home/registry/src/index.crates.io-6f17d22bba15001f/failure-0.1.8/src/error/error_impl.rs:19:17
[INFO] [stdout]    3: <failure::error::Error as core::convert::From<F>>::from
[INFO] [stdout]              at /opt/rustwide/cargo-home/registry/src/index.crates.io-6f17d22bba15001f/failure-0.1.8/src/error/mod.rs:36:18
[INFO] [stdout]    4: <T as core::convert::Into<U>>::into
[INFO] [stdout]              at /rustc/82e1608dfa6e0b5569232559e3d385fea5a93112/library/core/src/convert/mod.rs:757:9
[INFO] [stdout]    5: failure::context::Context<D>::with_err
[INFO] [stdout]              at /opt/rustwide/cargo-home/registry/src/index.crates.io-6f17d22bba15001f/failure-0.1.8/src/context.rs:105:40
[INFO] [stdout]    6: failure::Fail::context
[INFO] [stdout]              at /opt/rustwide/cargo-home/registry/src/index.crates.io-6f17d22bba15001f/failure-0.1.8/src/lib.rs:160:9
[INFO] [stdout]    7: <core::result::Result<T,E> as failure::result_ext::ResultExt<T,E>>::context::{{closure}}
[INFO] [stdout]              at /opt/rustwide/cargo-home/registry/src/index.crates.io-6f17d22bba15001f/failure-0.1.8/src/result_ext.rs:164:32
[INFO] [stdout]    8: core::result::Result<T,E>::map_err
[INFO] [stdout]              at /rustc/82e1608dfa6e0b5569232559e3d385fea5a93112/library/core/src/result.rs:829:27
[INFO] [stdout]    9: <core::result::Result<T,E> as failure::result_ext::ResultExt<T,E>>::context
[INFO] [stdout]              at /opt/rustwide/cargo-home/registry/src/index.crates.io-6f17d22bba15001f/failure-0.1.8/src/result_ext.rs:164:9
[INFO] [stdout]   10: stack_test_epic_wallet_impls::tor::config::output_onion_service_config
[INFO] [stdout]              at src/tor/config.rs:160:2
[INFO] [stdout]   11: stack_test_epic_wallet_impls::tor::config::tests::test_service_config
[INFO] [stdout]              at src/tor/config.rs:323:3
[INFO] [stdout]   12: stack_test_epic_wallet_impls::tor::config::tests::test_service_config::{{closure}}
[INFO] [stdout]              at src/tor/config.rs:316:30
[INFO] [stdout]   13: core::ops::function::FnOnce::call_once
[INFO] [stdout]              at /rustc/82e1608dfa6e0b5569232559e3d385fea5a93112/library/core/src/ops/function.rs:250:5
[INFO] [stdout]   14: core::ops::function::FnOnce::call_once
[INFO] [stdout]              at /rustc/82e1608dfa6e0b5569232559e3d385fea5a93112/library/core/src/ops/function.rs:250:5
[INFO] [stdout]       test::__rust_begin_short_backtrace
[INFO] [stdout]              at /rustc/82e1608dfa6e0b5569232559e3d385fea5a93112/library/test/src/lib.rs:628:18
[INFO] [stdout]   15: test::run_test_in_process::{{closure}}
[INFO] [stdout]              at /rustc/82e1608dfa6e0b5569232559e3d385fea5a93112/library/test/src/lib.rs:651:60
[INFO] [stdout]       <core::panic::unwind_safe::AssertUnwindSafe<F> as core::ops::function::FnOnce<()>>::call_once
[INFO] [stdout]              at /rustc/82e1608dfa6e0b5569232559e3d385fea5a93112/library/core/src/panic/unwind_safe.rs:272:9
[INFO] [stdout]       std::panicking::try::do_call
[INFO] [stdout]              at /rustc/82e1608dfa6e0b5569232559e3d385fea5a93112/library/std/src/panicking.rs:552:40
[INFO] [stdout]       std::panicking::try
[INFO] [stdout]              at /rustc/82e1608dfa6e0b5569232559e3d385fea5a93112/library/std/src/panicking.rs:516:19
[INFO] [stdout]       std::panic::catch_unwind
[INFO] [stdout]              at /rustc/82e1608dfa6e0b5569232559e3d385fea5a93112/library/std/src/panic.rs:142:14
[INFO] [stdout]       test::run_test_in_process
[INFO] [stdout]              at /rustc/82e1608dfa6e0b5569232559e3d385fea5a93112/library/test/src/lib.rs:651:27
[INFO] [stdout]       test::run_test::{{closure}}
[INFO] [stdout]              at /rustc/82e1608dfa6e0b5569232559e3d385fea5a93112/library/test/src/lib.rs:574:43
[INFO] [stdout]   16: test::run_test::{{closure}}
[INFO] [stdout]              at /rustc/82e1608dfa6e0b5569232559e3d385fea5a93112/library/test/src/lib.rs:602:41
[INFO] [stdout]       std::sys_common::backtrace::__rust_begin_short_backtrace
[INFO] [stdout]              at /rustc/82e1608dfa6e0b5569232559e3d385fea5a93112/library/std/src/sys_common/backtrace.rs:154:18
[INFO] [stdout]   17: std::thread::Builder::spawn_unchecked_::{{closure}}::{{closure}}
[INFO] [stdout]              at /rustc/82e1608dfa6e0b5569232559e3d385fea5a93112/library/std/src/thread/mod.rs:529:17
[INFO] [stdout]       <core::panic::unwind_safe::AssertUnwindSafe<F> as core::ops::function::FnOnce<()>>::call_once
[INFO] [stdout]              at /rustc/82e1608dfa6e0b5569232559e3d385fea5a93112/library/core/src/panic/unwind_safe.rs:272:9
[INFO] [stdout]       std::panicking::try::do_call
[INFO] [stdout]              at /rustc/82e1608dfa6e0b5569232559e3d385fea5a93112/library/std/src/panicking.rs:552:40
[INFO] [stdout]       std::panicking::try
[INFO] [stdout]              at /rustc/82e1608dfa6e0b5569232559e3d385fea5a93112/library/std/src/panicking.rs:516:19
[INFO] [stdout]       std::panic::catch_unwind
[INFO] [stdout]              at /rustc/82e1608dfa6e0b5569232559e3d385fea5a93112/library/std/src/panic.rs:142:14
[INFO] [stdout]       std::thread::Builder::spawn_unchecked_::{{closure}}
[INFO] [stdout]              at /rustc/82e1608dfa6e0b5569232559e3d385fea5a93112/library/std/src/thread/mod.rs:528:30
[INFO] [stdout]       core::ops::function::FnOnce::call_once{{vtable.shim}}
[INFO] [stdout]              at /rustc/82e1608dfa6e0b5569232559e3d385fea5a93112/library/core/src/ops/function.rs:250:5
[INFO] [stdout]   18: <alloc::boxed::Box<F,A> as core::ops::function::FnOnce<Args>>::call_once
[INFO] [stdout]              at /rustc/82e1608dfa6e0b5569232559e3d385fea5a93112/library/alloc/src/boxed.rs:2007:9
[INFO] [stdout]       <alloc::boxed::Box<F,A> as core::ops::function::FnOnce<Args>>::call_once
[INFO] [stdout]              at /rustc/82e1608dfa6e0b5569232559e3d385fea5a93112/library/alloc/src/boxed.rs:2007:9
[INFO] [stdout]       std::sys::unix::thread::Thread::new::thread_start
[INFO] [stdout]              at /rustc/82e1608dfa6e0b5569232559e3d385fea5a93112/library/std/src/sys/unix/thread.rs:108:17
[INFO] [stdout]   19: <unknown>
[INFO] [stdout]   20: __clone
[INFO] [stdout] 
[INFO] [stdout] 
[INFO] [stdout] IO error }
[INFO] [stdout] 
[INFO] [stdout] ---- tor::config::tests::test_output_tor_config stdout ----
[INFO] [stdout] Error: Error { inner: Os { code: 30, kind: ReadOnlyFilesystem, message: "Read-only file system" }
[INFO] [stdout] 
[INFO] [stdout]    0: failure::backtrace::internal::InternalBacktrace::new
[INFO] [stdout]              at /opt/rustwide/cargo-home/registry/src/index.crates.io-6f17d22bba15001f/failure-0.1.8/src/backtrace/internal.rs:46:44
[INFO] [stdout]    1: failure::backtrace::Backtrace::new
[INFO] [stdout]              at /opt/rustwide/cargo-home/registry/src/index.crates.io-6f17d22bba15001f/failure-0.1.8/src/backtrace/mod.rs:121:35
[INFO] [stdout]    2: <failure::error::error_impl::ErrorImpl as core::convert::From<F>>::from
[INFO] [stdout]              at /opt/rustwide/cargo-home/registry/src/index.crates.io-6f17d22bba15001f/failure-0.1.8/src/error/error_impl.rs:19:17
[INFO] [stdout]    3: <failure::error::Error as core::convert::From<F>>::from
[INFO] [stdout]              at /opt/rustwide/cargo-home/registry/src/index.crates.io-6f17d22bba15001f/failure-0.1.8/src/error/mod.rs:36:18
[INFO] [stdout]    4: <T as core::convert::Into<U>>::into
[INFO] [stdout]              at /rustc/82e1608dfa6e0b5569232559e3d385fea5a93112/library/core/src/convert/mod.rs:757:9
[INFO] [stdout]    5: failure::context::Context<D>::with_err
[INFO] [stdout]              at /opt/rustwide/cargo-home/registry/src/index.crates.io-6f17d22bba15001f/failure-0.1.8/src/context.rs:105:40
[INFO] [stdout]    6: failure::Fail::context
[INFO] [stdout]              at /opt/rustwide/cargo-home/registry/src/index.crates.io-6f17d22bba15001f/failure-0.1.8/src/lib.rs:160:9
[INFO] [stdout]    7: <core::result::Result<T,E> as failure::result_ext::ResultExt<T,E>>::context::{{closure}}
[INFO] [stdout]              at /opt/rustwide/cargo-home/registry/src/index.crates.io-6f17d22bba15001f/failure-0.1.8/src/result_ext.rs:164:32
[INFO] [stdout]    8: core::result::Result<T,E>::map_err
[INFO] [stdout]              at /rustc/82e1608dfa6e0b5569232559e3d385fea5a93112/library/core/src/result.rs:829:27
[INFO] [stdout]    9: <core::result::Result<T,E> as failure::result_ext::ResultExt<T,E>>::context
[INFO] [stdout]              at /opt/rustwide/cargo-home/registry/src/index.crates.io-6f17d22bba15001f/failure-0.1.8/src/result_ext.rs:164:9
[INFO] [stdout]   10: stack_test_epic_wallet_impls::tor::config::output_tor_listener_config
[INFO] [stdout]              at src/tor/config.rs:208:2
[INFO] [stdout]   11: stack_test_epic_wallet_impls::tor::config::tests::test_output_tor_config
[INFO] [stdout]              at src/tor/config.rs:336:3
[INFO] [stdout]   12: stack_test_epic_wallet_impls::tor::config::tests::test_output_tor_config::{{closure}}
[INFO] [stdout]              at src/tor/config.rs:329:33
[INFO] [stdout]   13: core::ops::function::FnOnce::call_once
[INFO] [stdout]              at /rustc/82e1608dfa6e0b5569232559e3d385fea5a93112/library/core/src/ops/function.rs:250:5
[INFO] [stdout]   14: core::ops::function::FnOnce::call_once
[INFO] [stdout]              at /rustc/82e1608dfa6e0b5569232559e3d385fea5a93112/library/core/src/ops/function.rs:250:5
[INFO] [stdout]       test::__rust_begin_short_backtrace
[INFO] [stdout]              at /rustc/82e1608dfa6e0b5569232559e3d385fea5a93112/library/test/src/lib.rs:628:18
[INFO] [stdout]   15: test::run_test_in_process::{{closure}}
[INFO] [stdout]              at /rustc/82e1608dfa6e0b5569232559e3d385fea5a93112/library/test/src/lib.rs:651:60
[INFO] [stdout]       <core::panic::unwind_safe::AssertUnwindSafe<F> as core::ops::function::FnOnce<()>>::call_once
[INFO] [stdout]              at /rustc/82e1608dfa6e0b5569232559e3d385fea5a93112/library/core/src/panic/unwind_safe.rs:272:9
[INFO] [stdout]       std::panicking::try::do_call
[INFO] [stdout]              at /rustc/82e1608dfa6e0b5569232559e3d385fea5a93112/library/std/src/panicking.rs:552:40
[INFO] [stdout]       std::panicking::try
[INFO] [stdout]              at /rustc/82e1608dfa6e0b5569232559e3d385fea5a93112/library/std/src/panicking.rs:516:19
[INFO] [stdout]       std::panic::catch_unwind
[INFO] [stdout]              at /rustc/82e1608dfa6e0b5569232559e3d385fea5a93112/library/std/src/panic.rs:142:14
[INFO] [stdout]       test::run_test_in_process
[INFO] [stdout]              at /rustc/82e1608dfa6e0b5569232559e3d385fea5a93112/library/test/src/lib.rs:651:27
[INFO] [stdout]       test::run_test::{{closure}}
[INFO] [stdout]              at /rustc/82e1608dfa6e0b5569232559e3d385fea5a93112/library/test/src/lib.rs:574:43
[INFO] [stdout]   16: test::run_test::{{closure}}
[INFO] [stdout]              at /rustc/82e1608dfa6e0b5569232559e3d385fea5a93112/library/test/src/lib.rs:602:41
[INFO] [stdout]       std::sys_common::backtrace::__rust_begin_short_backtrace
[INFO] [stdout]              at /rustc/82e1608dfa6e0b5569232559e3d385fea5a93112/library/std/src/sys_common/backtrace.rs:154:18
[INFO] [stdout]   17: std::thread::Builder::spawn_unchecked_::{{closure}}::{{closure}}
[INFO] [stdout]              at /rustc/82e1608dfa6e0b5569232559e3d385fea5a93112/library/std/src/thread/mod.rs:529:17
[INFO] [stdout]       <core::panic::unwind_safe::AssertUnwindSafe<F> as core::ops::function::FnOnce<()>>::call_once
[INFO] [stdout]              at /rustc/82e1608dfa6e0b5569232559e3d385fea5a93112/library/core/src/panic/unwind_safe.rs:272:9
[INFO] [stdout]       std::panicking::try::do_call
[INFO] [stdout]              at /rustc/82e1608dfa6e0b5569232559e3d385fea5a93112/library/std/src/panicking.rs:552:40
[INFO] [stdout]       std::panicking::try
[INFO] [stdout]              at /rustc/82e1608dfa6e0b5569232559e3d385fea5a93112/library/std/src/panicking.rs:516:19
[INFO] [stdout]       std::panic::catch_unwind
[INFO] [stdout]              at /rustc/82e1608dfa6e0b5569232559e3d385fea5a93112/library/std/src/panic.rs:142:14
[INFO] [stdout]       std::thread::Builder::spawn_unchecked_::{{closure}}
[INFO] [stdout]              at /rustc/82e1608dfa6e0b5569232559e3d385fea5a93112/library/std/src/thread/mod.rs:528:30
[INFO] [stdout]       core::ops::function::FnOnce::call_once{{vtable.shim}}
[INFO] [stdout]              at /rustc/82e1608dfa6e0b5569232559e3d385fea5a93112/library/core/src/ops/function.rs:250:5
[INFO] [stdout]   18: <alloc::boxed::Box<F,A> as core::ops::function::FnOnce<Args>>::call_once
[INFO] [stdout]              at /rustc/82e1608dfa6e0b5569232559e3d385fea5a93112/library/alloc/src/boxed.rs:2007:9
[INFO] [stdout]       <alloc::boxed::Box<F,A> as core::ops::function::FnOnce<Args>>::call_once
[INFO] [stdout]              at /rustc/82e1608dfa6e0b5569232559e3d385fea5a93112/library/alloc/src/boxed.rs:2007:9
[INFO] [stdout]       std::sys::unix::thread::Thread::new::thread_start
[INFO] [stdout]              at /rustc/82e1608dfa6e0b5569232559e3d385fea5a93112/library/std/src/sys/unix/thread.rs:108:17
[INFO] [stdout]   19: <unknown>
[INFO] [stdout]   20: __clone
[INFO] [stdout] 
[INFO] [stdout] 
[INFO] [stdout] IO error }
[INFO] [stdout] 
[INFO] [stdout] 
[INFO] [stdout] failures:
[INFO] [stdout]     tor::config::tests::test_output_tor_config
[INFO] [stdout]     tor::config::tests::test_service_config
[INFO] [stdout] 
[INFO] [stdout] test result: FAILED. 5 passed; 2 failed; 0 ignored; 0 measured; 0 filtered out; finished in 1.84s
[INFO] [stdout] 
[INFO] [stderr] error: test failed, to rerun pass `--lib`
[INFO] running `Command { std: "docker" "inspect" "6ff6edff811c24c58329e7d3351f780dca8b006954b28265de5592b8695317da", kill_on_drop: false }`
[INFO] running `Command { std: "docker" "rm" "-f" "6ff6edff811c24c58329e7d3351f780dca8b006954b28265de5592b8695317da", kill_on_drop: false }`
[INFO] [stdout] 6ff6edff811c24c58329e7d3351f780dca8b006954b28265de5592b8695317da
[INFO] testing stack_test_epic_wallet_impls-3.0.5 against beta-2023-12-22 for beta-1.76-1
[INFO] extracting crate stack_test_epic_wallet_impls 3.0.5 into /workspace/builds/worker-0-tc2/source
[INFO] validating manifest of crates.io crate stack_test_epic_wallet_impls 3.0.5 on toolchain beta-2023-12-22
[INFO] running `Command { std: CARGO_HOME="/workspace/cargo-home" RUSTUP_HOME="/workspace/rustup-home" "/workspace/cargo-home/bin/cargo" "+beta-2023-12-22" "metadata" "--manifest-path" "Cargo.toml" "--no-deps", kill_on_drop: false }`
[INFO] started tweaking crates.io crate stack_test_epic_wallet_impls 3.0.5
[INFO] finished tweaking crates.io crate stack_test_epic_wallet_impls 3.0.5
[INFO] tweaked toml for crates.io crate stack_test_epic_wallet_impls 3.0.5 written to /workspace/builds/worker-0-tc2/source/Cargo.toml
[INFO] running `Command { std: CARGO_HOME="/workspace/cargo-home" RUSTUP_HOME="/workspace/rustup-home" "/workspace/cargo-home/bin/cargo" "+beta-2023-12-22" "generate-lockfile" "--manifest-path" "Cargo.toml", kill_on_drop: false }`
[INFO] [stderr]     Updating crates.io index
[INFO] running `Command { std: CARGO_HOME="/workspace/cargo-home" RUSTUP_HOME="/workspace/rustup-home" "/workspace/cargo-home/bin/cargo" "+beta-2023-12-22" "fetch" "--manifest-path" "Cargo.toml", kill_on_drop: false }`
[INFO] running `Command { std: "docker" "create" "-v" "/var/lib/crater-agent-workspace/builds/worker-0-tc2/target:/opt/rustwide/target:rw,Z" "-v" "/var/lib/crater-agent-workspace/builds/worker-0-tc2/source:/opt/rustwide/workdir:ro,Z" "-v" "/var/lib/crater-agent-workspace/cargo-home:/opt/rustwide/cargo-home:ro,Z" "-v" "/var/lib/crater-agent-workspace/rustup-home:/opt/rustwide/rustup-home:ro,Z" "-e" "SOURCE_DIR=/opt/rustwide/workdir" "-e" "CARGO_TARGET_DIR=/opt/rustwide/target" "-e" "CARGO_HOME=/opt/rustwide/cargo-home" "-e" "RUSTUP_HOME=/opt/rustwide/rustup-home" "-w" "/opt/rustwide/workdir" "-m" "1610612736" "--user" "0:0" "--network" "none" "ghcr.io/rust-lang/crates-build-env/linux@sha256:2788e3201cd34a07e3172128adcd8b3090168a8e3bcc40d7c032b9dda1df7d1c" "/opt/rustwide/cargo-home/bin/cargo" "+beta-2023-12-22" "metadata" "--no-deps" "--format-version=1", kill_on_drop: false }`
[INFO] [stdout] 445c3550fc8e6a2067523dd737b99cd1c26d17f465fc2c0181bf1ac3fb520092
[INFO] running `Command { std: "docker" "start" "-a" "445c3550fc8e6a2067523dd737b99cd1c26d17f465fc2c0181bf1ac3fb520092", kill_on_drop: false }`
[INFO] running `Command { std: "docker" "inspect" "445c3550fc8e6a2067523dd737b99cd1c26d17f465fc2c0181bf1ac3fb520092", kill_on_drop: false }`
[INFO] running `Command { std: "docker" "rm" "-f" "445c3550fc8e6a2067523dd737b99cd1c26d17f465fc2c0181bf1ac3fb520092", kill_on_drop: false }`
[INFO] [stdout] 445c3550fc8e6a2067523dd737b99cd1c26d17f465fc2c0181bf1ac3fb520092
[INFO] running `Command { std: "docker" "create" "-v" "/var/lib/crater-agent-workspace/builds/worker-0-tc2/target:/opt/rustwide/target:rw,Z" "-v" "/var/lib/crater-agent-workspace/builds/worker-0-tc2/source:/opt/rustwide/workdir:ro,Z" "-v" "/var/lib/crater-agent-workspace/cargo-home:/opt/rustwide/cargo-home:ro,Z" "-v" "/var/lib/crater-agent-workspace/rustup-home:/opt/rustwide/rustup-home:ro,Z" "-e" "SOURCE_DIR=/opt/rustwide/workdir" "-e" "CARGO_TARGET_DIR=/opt/rustwide/target" "-e" "CARGO_INCREMENTAL=0" "-e" "RUST_BACKTRACE=full" "-e" "RUSTFLAGS=--cap-lints=warn" "-e" "RUSTDOCFLAGS=--cap-lints=warn" "-e" "CARGO_HOME=/opt/rustwide/cargo-home" "-e" "RUSTUP_HOME=/opt/rustwide/rustup-home" "-w" "/opt/rustwide/workdir" "-m" "1610612736" "--user" "0:0" "--network" "none" "ghcr.io/rust-lang/crates-build-env/linux@sha256:2788e3201cd34a07e3172128adcd8b3090168a8e3bcc40d7c032b9dda1df7d1c" "/opt/rustwide/cargo-home/bin/cargo" "+beta-2023-12-22" "build" "--frozen" "--message-format=json", kill_on_drop: false }`
[INFO] [stdout] 8c4713f09a4505fd5ff60668ce25a2014dc1d68b55a7879e3c121070478ab729
[INFO] running `Command { std: "docker" "start" "-a" "8c4713f09a4505fd5ff60668ce25a2014dc1d68b55a7879e3c121070478ab729", kill_on_drop: false }`
[INFO] [stderr]    Compiling libc v0.2.151
[INFO] [stderr]    Compiling autocfg v1.1.0
[INFO] [stderr]    Compiling proc-macro2 v1.0.75
[INFO] [stderr]    Compiling unicode-ident v1.0.12
[INFO] [stderr]    Compiling serde v1.0.194
[INFO] [stderr]    Compiling byteorder v1.5.0
[INFO] [stderr]    Compiling cfg-if v0.1.10
[INFO] [stderr]    Compiling lazy_static v1.4.0
[INFO] [stderr]    Compiling semver-parser v0.7.0
[INFO] [stderr]    Compiling maybe-uninit v2.0.0
[INFO] [stderr]    Compiling rand_core v0.4.2
[INFO] [stderr]    Compiling futures v0.1.31
[INFO] [stderr]    Compiling typenum v1.17.0
[INFO] [stderr]    Compiling cfg-if v1.0.0
[INFO] [stderr]    Compiling fnv v1.0.7
[INFO] [stderr]    Compiling memchr v2.7.1
[INFO] [stderr]    Compiling unicode-xid v0.1.0
[INFO] [stderr]    Compiling scopeguard v1.2.0
[INFO] [stderr]    Compiling version_check v0.9.4
[INFO] [stderr]    Compiling quick-error v1.2.3
[INFO] [stderr]    Compiling nodrop v0.1.14
[INFO] [stderr]    Compiling rand_core v0.3.1
[INFO] [stderr]    Compiling humantime v1.3.0
[INFO] [stderr]    Compiling semver v0.9.0
[INFO] [stderr]    Compiling glob v0.2.11
[INFO] [stderr]    Compiling hashbrown v0.12.3
[INFO] [stderr]    Compiling subtle v2.4.1
[INFO] [stderr]    Compiling autocfg v0.1.8
[INFO] [stderr]    Compiling rustc_version v0.2.3
[INFO] [stderr]    Compiling ryu v1.0.16
[INFO] [stderr]    Compiling adler v1.0.2
[INFO] [stderr]    Compiling num-traits v0.2.17
[INFO] [stderr]    Compiling crossbeam-utils v0.7.2
[INFO] [stderr]    Compiling slab v0.4.9
[INFO] [stderr]    Compiling generic-array v0.14.7
[INFO] [stderr]    Compiling indexmap v1.9.3
[INFO] [stderr]    Compiling num-integer v0.1.45
[INFO] [stderr]    Compiling clang-sys v0.23.0
[INFO] [stderr]    Compiling smallvec v0.6.14
[INFO] [stderr]    Compiling parking_lot_core v0.6.3
[INFO] [stderr]    Compiling parking_lot v0.9.0
[INFO] [stderr]    Compiling rand_chacha v0.1.1
[INFO] [stderr]    Compiling rand_pcg v0.1.2
[INFO] [stderr]    Compiling memoffset v0.5.6
[INFO] [stderr]    Compiling aho-corasick v1.1.2
[INFO] [stderr]    Compiling regex-syntax v0.8.2
[INFO] [stderr]    Compiling serde_json v1.0.111
[INFO] [stderr]    Compiling arrayvec v0.4.12
[INFO] [stderr]    Compiling quote v1.0.35
[INFO] [stderr]    Compiling miniz_oxide v0.7.1
[INFO] [stderr]    Compiling crossbeam-epoch v0.8.2
[INFO] [stderr]    Compiling rand v0.6.5
[INFO] [stderr]    Compiling syn v2.0.48
[INFO] [stderr]    Compiling lock_api v0.3.4
[INFO] [stderr]    Compiling itoa v1.0.10
[INFO] [stderr]    Compiling unicode-width v0.1.11
[INFO] [stderr]    Compiling rustc-serialize v0.3.25
[INFO] [stderr]    Compiling crc32fast v1.3.2
[INFO] [stderr]    Compiling textwrap v0.11.0
[INFO] [stderr]    Compiling generic-array v0.12.4
[INFO] [stderr]    Compiling rand_isaac v0.1.1
[INFO] [stderr]    Compiling tokio-executor v0.1.10
[INFO] [stderr]    Compiling tokio-sync v0.1.8
[INFO] [stderr]    Compiling rand_hc v0.1.0
[INFO] [stderr]    Compiling digest v0.8.1
[INFO] [stderr]    Compiling rand_xorshift v0.1.1
[INFO] [stderr]    Compiling proc-macro2 v0.3.5
[INFO] [stderr]    Compiling rand_jitter v0.1.4
[INFO] [stderr]    Compiling vec_map v0.8.2
[INFO] [stderr]    Compiling crunchy v0.2.2
[INFO] [stderr]    Compiling linked-hash-map v0.5.6
[INFO] [stderr]    Compiling termcolor v1.4.0
[INFO] [stderr]    Compiling strsim v0.8.0
[INFO] [stderr]    Compiling bindgen v0.37.4
[INFO] [stderr]    Compiling ansi_term v0.12.1
[INFO] [stderr]    Compiling bitflags v1.3.2
[INFO] [stderr]    Compiling gimli v0.28.1
[INFO] [stderr]    Compiling safemem v0.3.3
[INFO] [stderr]    Compiling syn v1.0.109
[INFO] [stderr]    Compiling quote v0.5.2
[INFO] [stderr]    Compiling cc v1.0.83
[INFO] [stderr]    Compiling iovec v0.1.4
[INFO] [stderr]    Compiling net2 v0.2.39
[INFO] [stderr]    Compiling num_cpus v1.16.0
[INFO] [stderr]    Compiling bytes v0.4.12
[INFO] [stderr]    Compiling rand v0.5.6
[INFO] [stderr]    Compiling memchr v1.0.2
[INFO] [stderr]    Compiling atty v0.2.14
[INFO] [stderr]    Compiling rand v0.4.6
[INFO] [stderr]    Compiling nom v3.2.1
[INFO] [stderr]    Compiling rand_os v0.1.3
[INFO] [stderr]    Compiling clap v2.34.0
[INFO] [stderr]    Compiling base64 v0.9.3
[INFO] [stderr]    Compiling which v1.0.5
[INFO] [stderr]    Compiling regex-automata v0.4.3
[INFO] [stderr]    Compiling digest v0.9.0
[INFO] [stderr]    Compiling parking_lot_core v0.3.1
[INFO] [stderr]    Compiling object v0.32.2
[INFO] [stderr]    Compiling iana-time-zone v0.1.59
[INFO] [stderr]    Compiling peeking_take_while v0.1.2
[INFO] [stderr]    Compiling cexpr v0.2.3
[INFO] [stderr]    Compiling thiserror v1.0.56
[INFO] [stderr]    Compiling byte-tools v0.3.1
[INFO] [stderr]    Compiling traitobject v0.1.0
[INFO] [stderr]    Compiling stable_deref_trait v1.2.0
[INFO] [stderr]    Compiling rustc-demangle v0.1.23
[INFO] [stderr]    Compiling block-padding v0.1.5
[INFO] [stderr]    Compiling unsafe-any v0.4.2
[INFO] [stderr]    Compiling owning_ref v0.4.1
[INFO] [stderr]    Compiling crossbeam-deque v0.7.4
[INFO] [stderr]    Compiling libloading v0.5.2
[INFO] [stderr]    Compiling backtrace v0.3.69
[INFO] [stderr]    Compiling grin_secp256k1zkp v0.7.12
[INFO] [stderr]    Compiling ring v0.13.5
[INFO] [stderr]    Compiling yaml-rust v0.4.5
[INFO] [stderr]    Compiling ordered-float v1.1.1
[INFO] [stderr]    Compiling block-buffer v0.9.0
[INFO] [stderr]    Compiling crossbeam-queue v0.2.3
[INFO] [stderr]    Compiling num-iter v0.1.43
[INFO] [stderr]    Compiling num-bigint v0.2.6
[INFO] [stderr]    Compiling unicode-xid v0.2.4
[INFO] [stderr]    Compiling opaque-debug v0.3.0
[INFO] [stderr]    Compiling failure_derive v0.1.8
[INFO] [stderr]    Compiling scopeguard v0.3.3
[INFO] [stderr]    Compiling addr2line v0.21.0
[INFO] [stderr]    Compiling odds v0.2.26
[INFO] [stderr]    Compiling rustc-hex v2.1.0
[INFO] [stderr]    Compiling arrayvec v0.3.25
[INFO] [stderr]    Compiling lock_api v0.1.5
[INFO] [stderr]    Compiling block-buffer v0.7.3
[INFO] [stderr]    Compiling typemap v0.3.3
[INFO] [stderr]    Compiling flate2 v1.0.28
[INFO] [stderr]    Compiling thread-id v3.3.0
[INFO] [stderr]    Compiling tokio-timer v0.2.13
[INFO] [stderr]    Compiling crypto-mac v0.11.1
[INFO] [stderr]    Compiling num-rational v0.2.4
[INFO] [stderr]    Compiling num-complex v0.2.4
[INFO] [stderr]    Compiling antidote v1.0.0
[INFO] [stderr]    Compiling log-mdc v0.1.0
[INFO] [stderr]    Compiling same-file v1.0.6
[INFO] [stderr]    Compiling rand_core v0.6.4
[INFO] [stderr]    Compiling cpufeatures v0.2.12
[INFO] [stderr]    Compiling crunchy v0.1.6
[INFO] [stderr]    Compiling static_assertions v0.2.5
[INFO] [stderr]    Compiling opaque-debug v0.2.3
[INFO] [stderr]    Compiling gcc v0.3.55
[INFO] [stderr]    Compiling base64ct v1.6.0
[INFO] [stderr]    Compiling arc-swap v0.3.11
[INFO] [stderr]    Compiling untrusted v0.6.2
[INFO] [stderr]    Compiling regex v1.10.2
[INFO] [stderr]    Compiling password-hash v0.2.3
[INFO] [stderr]    Compiling fixed-hash v0.3.2
[INFO] [stderr]    Compiling sha2 v0.9.9
[INFO] [stderr]    Compiling walkdir v2.4.0
[INFO] [stderr]    Compiling hmac v0.11.0
[INFO] [stderr]    Compiling parking_lot v0.6.4
[INFO] [stderr]    Compiling synstructure v0.12.6
[INFO] [stderr]    Compiling uint v0.7.1
[INFO] [stderr]    Compiling tokio-current-thread v0.1.7
[INFO] [stderr]    Compiling liblmdb-sys v0.2.2
[INFO] [stderr]    Compiling constant_time_eq v0.1.5
[INFO] [stderr]    Compiling proc-macro2 v0.4.30
[INFO] [stderr]    Compiling rustix v0.38.28
[INFO] [stderr]    Compiling fake-simd v0.1.2
[INFO] [stderr]    Compiling blake2-rfc v0.2.18
[INFO] [stderr]    Compiling pbkdf2 v0.8.0
[INFO] [stderr]    Compiling sha2 v0.8.2
[INFO] [stderr]    Compiling ripemd160 v0.9.1
[INFO] [stderr]    Compiling tiny-keccak v1.5.0
[INFO] [stderr]    Compiling num-traits v0.1.43
[INFO] [stderr]    Compiling bitflags v2.4.1
[INFO] [stderr]    Compiling linux-raw-sys v0.4.12
[INFO] [stderr]    Compiling enum_primitive v0.1.1
[INFO] [stderr]    Compiling bigint v4.4.3
[INFO] [stderr]    Compiling lru-cache v0.1.2
[INFO] [stderr]    Compiling itoa v0.4.8
[INFO] [stderr]    Compiling md5 v0.6.1
[INFO] [stderr]    Compiling fastrand v2.0.1
[INFO] [stderr]    Compiling supercow v0.1.0
[INFO] [stderr]    Compiling httparse v1.8.0
[INFO] [stderr]    Compiling num v0.2.1
[INFO] [stderr]    Compiling bitflags v0.9.1
[INFO] [stderr]    Compiling syn v0.15.44
[INFO] [stderr]    Compiling siphasher v0.2.3
[INFO] [stderr]    Compiling quote v0.6.13
[INFO] [stderr]    Compiling sct v0.4.0
[INFO] [stderr]    Compiling webpki v0.18.1
[INFO] [stderr]    Compiling http v0.1.21
[INFO] [stderr]    Compiling string v0.2.1
[INFO] [stderr]    Compiling memmap v0.7.0
[INFO] [stderr]    Compiling unicode-segmentation v1.10.1
[INFO] [stderr]    Compiling tinyvec_macros v0.1.1
[INFO] [stderr]    Compiling try-lock v0.2.5
[INFO] [stderr]    Compiling tinyvec v1.6.0
[INFO] [stderr]    Compiling clear_on_drop v0.2.5
[INFO] [stderr]    Compiling heck v0.3.3
[INFO] [stderr]    Compiling num-bigint v0.1.44
[INFO] [stderr]    Compiling futures-cpupool v0.1.8
[INFO] [stderr]    Compiling time v0.1.45
[INFO] [stderr]    Compiling crossbeam-utils v0.8.18
[INFO] [stderr]    Compiling scoped-tls v0.1.2
[INFO] [stderr]    Compiling num-complex v0.1.43
[INFO] [stderr]    Compiling serde_derive v1.0.194
[INFO] [stderr]    Compiling zeroize_derive v1.4.2
[INFO] [stderr]    Compiling thiserror-impl v1.0.56
[INFO] [stderr]    Compiling tokio-service v0.1.0
[INFO] [stderr]    Compiling bit-vec v0.6.3
[INFO] [stderr]    Compiling matches v0.1.10
[INFO] [stderr]    Compiling failure v0.1.8
[INFO] [stderr]    Compiling unicode-bidi v0.3.14
[INFO] [stderr]    Compiling unicode-normalization v0.1.22
[INFO] [stderr]    Compiling webpki-roots v0.15.0
[INFO] [stderr]    Compiling ct-logs v0.4.0
[INFO] [stderr]    Compiling percent-encoding v1.0.1
[INFO] [stderr]    Compiling curve25519-dalek v1.2.6
[INFO] [stderr]    Compiling rayon-core v1.12.0
[INFO] [stderr]    Compiling dirs v1.0.5
[INFO] [stderr]    Compiling doc-comment v0.3.3
[INFO] [stderr]    Compiling num-rational v0.1.42
[INFO] [stderr]    Compiling crossbeam-epoch v0.9.17
[INFO] [stderr]    Compiling idna v0.1.5
[INFO] [stderr]    Compiling keccak v0.1.4
[INFO] [stderr]    Compiling lmdb-zero v0.4.4
[INFO] [stderr]    Compiling tempfile v3.9.0
[INFO] [stderr]    Compiling num v0.1.42
[INFO] [stderr]    Compiling crossbeam-deque v0.8.4
[INFO] [stderr]    Compiling sysinfo v0.9.6
[INFO] [stderr]    Compiling either v1.9.0
[INFO] [stderr]    Compiling zeroize v1.7.0
[INFO] [stderr]    Compiling sha3 v0.8.2
[INFO] [stderr]    Compiling rand v0.3.23
[INFO] [stderr]    Compiling url v1.7.2
[INFO] [stderr]    Compiling data-encoding v2.5.0
[INFO] [stderr]    Compiling strum v0.15.0
[INFO] [stderr]    Compiling zip v0.5.13
[INFO] [stderr]    Compiling rayon v1.8.0
[INFO] [stderr]    Compiling ed25519-dalek v1.0.0-pre.1
[INFO] [stderr]    Compiling easy-jsonrpc-proc-macro-mw v0.5.1
[INFO] [stderr]    Compiling strum_macros v0.15.0
[INFO] [stderr]    Compiling log v0.4.20
[INFO] [stderr]    Compiling chrono v0.4.31
[INFO] [stderr]    Compiling serde_yaml v0.8.26
[INFO] [stderr]    Compiling parity-codec v3.5.4
[INFO] [stderr]    Compiling serde-value v0.5.3
[INFO] [stderr]    Compiling uuid v0.6.5
[INFO] [stderr]    Compiling toml v0.4.10
[INFO] [stderr]    Compiling uuid v0.7.4
[INFO] [stderr]    Compiling tokio-io v0.1.13
[INFO] [stderr]    Compiling mio v0.6.23
[INFO] [stderr]    Compiling env_logger v0.5.13
[INFO] [stderr]    Compiling tokio-threadpool v0.1.18
[INFO] [stderr]    Compiling want v0.0.6
[INFO] [stderr]    Compiling rustls v0.13.1
[INFO] [stderr]    Compiling tokio-codec v0.1.2
[INFO] [stderr]    Compiling h2 v0.1.26
[INFO] [stderr]    Compiling tokio-io-timeout v0.3.1
[INFO] [stderr]    Compiling impl-codec v0.2.0
[INFO] [stderr]    Compiling primitive-types v0.3.0
[INFO] [stderr]    Compiling tokio-reactor v0.1.12
[INFO] [stderr]    Compiling mio-uds v0.6.8
[INFO] [stderr]    Compiling tokio-fs v0.1.7
[INFO] [stderr]    Compiling tokio-udp v0.1.6
[INFO] [stderr]    Compiling tokio-uds v0.2.7
[INFO] [stderr]    Compiling tokio-tcp v0.1.4
[INFO] [stderr]    Compiling jsonrpc-core v10.1.0
[INFO] [stderr]    Compiling tokio v0.1.11
[INFO] [stderr]    Compiling keccak-hash v0.2.0
[INFO] [stderr]    Compiling log4rs v0.8.3
[INFO] [stderr]    Compiling timer v0.2.0
[INFO] [stderr]    Compiling tokio-core v0.1.18
[INFO] [stderr]    Compiling easy-jsonrpc-mw v0.5.4
[INFO] [stderr]    Compiling tokio-retry v0.1.1
[INFO] [stderr]    Compiling hyper v0.12.19
[INFO] [stderr]    Compiling tokio-rustls v0.7.2
[INFO] [stderr]    Compiling stack_test_epic_util v3.0.3
[INFO] [stderr]    Compiling stack_test_epic_keychain v3.0.3
[INFO] [stderr]    Compiling hyper-timeout v0.2.0
[INFO] [stderr]    Compiling hyper-rustls v0.14.0
[INFO] [stderr]    Compiling croaring-sys v0.3.9
[INFO] [stderr]    Compiling croaring v0.3.9
[INFO] [stderr]    Compiling stack_test_epic_core v3.0.3
[INFO] [stderr]    Compiling stack_test_epic_store v3.0.3
[INFO] [stderr]    Compiling stack_test_epic_chain v3.0.3
[INFO] [stderr]    Compiling stack_test_epic_pool v3.0.3
[INFO] [stderr]    Compiling stack_test_epic_p2p v3.0.3
[INFO] [stderr]    Compiling stack_test_epic_api v3.0.3
[INFO] [stderr]    Compiling stack_test_epic_wallet_util v3.0.2
[INFO] [stderr]    Compiling stack_test_epic_wallet_config v3.0.2
[INFO] [stderr]    Compiling stack_test_epic_wallet_libwallet v3.0.2
[INFO] [stderr]    Compiling stack_test_epic_wallet_impls v3.0.5 (/opt/rustwide/workdir)
[INFO] [stdout] warning: unused import: `SchemeNotHttp`
[INFO] [stdout]   --> src/adapters/mod.rs:20:39
[INFO] [stdout]    |
[INFO] [stdout] 20 | pub use self::http::{HttpSlateSender, SchemeNotHttp};
[INFO] [stdout]    |                                       ^^^^^^^^^^^^^
[INFO] [stdout]    |
[INFO] [stdout]    = note: `#[warn(unused_imports)]` on by default
[INFO] [stdout] 
[INFO] [stdout] 
[INFO] [stdout] warning: unused import: `HeaderVersion`
[INFO] [stdout]   --> src/test_framework/mod.rs:21:2
[INFO] [stdout]    |
[INFO] [stdout] 21 |     HeaderVersion, Output, OutputFeatures, OutputIdentifier, Transaction, TxKernel,
[INFO] [stdout]    |     ^^^^^^^^^^^^^
[INFO] [stdout]    |
[INFO] [stdout] help: consider adding a `#[cfg(test)]` to the containing module
[INFO] [stdout]   --> src/lib.rs:41:1
[INFO] [stdout]    |
[INFO] [stdout] 41 | pub mod test_framework;
[INFO] [stdout]    | ^^^^^^^^^^^^^^^^^^^^^^^
[INFO] [stdout] 
[INFO] [stdout] 
[INFO] [stdout] warning: unused import: `RwLock`
[INFO] [stdout]   --> src/test_framework/testclient.rs:37:26
[INFO] [stdout]    |
[INFO] [stdout] 37 | use crate::util::{Mutex, RwLock};
[INFO] [stdout]    |                          ^^^^^^
[INFO] [stdout]    |
[INFO] [stdout] help: consider adding a `#[cfg(test)]` to the containing module
[INFO] [stdout]   --> src/test_framework/mod.rs:37:1
[INFO] [stdout]    |
[INFO] [stdout] 37 | mod testclient;
[INFO] [stdout]    | ^^^^^^^^^^^^^^^
[INFO] [stdout] 
[INFO] [stdout] 
[INFO] [stdout] warning: 3 warnings emitted
[INFO] [stdout] 
[INFO] [stdout] 
[INFO] [stderr]     Finished dev [unoptimized + debuginfo] target(s) in 1m 23s
[INFO] [stderr] warning: the following packages contain code that will be rejected by a future version of Rust: bigint v4.4.3, grin_secp256k1zkp v0.7.12, nom v3.2.1, stack_test_epic_api v3.0.3, stack_test_epic_core v3.0.3, traitobject v0.1.0
[INFO] [stderr] note: to see what the problems were, use the option `--future-incompat-report`, or run `cargo report future-incompatibilities --id 1`
[INFO] running `Command { std: "docker" "inspect" "8c4713f09a4505fd5ff60668ce25a2014dc1d68b55a7879e3c121070478ab729", kill_on_drop: false }`
[INFO] running `Command { std: "docker" "rm" "-f" "8c4713f09a4505fd5ff60668ce25a2014dc1d68b55a7879e3c121070478ab729", kill_on_drop: false }`
[INFO] [stdout] 8c4713f09a4505fd5ff60668ce25a2014dc1d68b55a7879e3c121070478ab729
[INFO] running `Command { std: "docker" "create" "-v" "/var/lib/crater-agent-workspace/builds/worker-0-tc2/target:/opt/rustwide/target:rw,Z" "-v" "/var/lib/crater-agent-workspace/builds/worker-0-tc2/source:/opt/rustwide/workdir:ro,Z" "-v" "/var/lib/crater-agent-workspace/cargo-home:/opt/rustwide/cargo-home:ro,Z" "-v" "/var/lib/crater-agent-workspace/rustup-home:/opt/rustwide/rustup-home:ro,Z" "-e" "SOURCE_DIR=/opt/rustwide/workdir" "-e" "CARGO_TARGET_DIR=/opt/rustwide/target" "-e" "CARGO_INCREMENTAL=0" "-e" "RUST_BACKTRACE=full" "-e" "RUSTFLAGS=--cap-lints=warn" "-e" "RUSTDOCFLAGS=--cap-lints=warn" "-e" "CARGO_HOME=/opt/rustwide/cargo-home" "-e" "RUSTUP_HOME=/opt/rustwide/rustup-home" "-w" "/opt/rustwide/workdir" "-m" "1610612736" "--user" "0:0" "--network" "none" "ghcr.io/rust-lang/crates-build-env/linux@sha256:2788e3201cd34a07e3172128adcd8b3090168a8e3bcc40d7c032b9dda1df7d1c" "/opt/rustwide/cargo-home/bin/cargo" "+beta-2023-12-22" "test" "--frozen" "--no-run" "--message-format=json", kill_on_drop: false }`
[INFO] [stdout] 3d4ba7003dbf85934948a15575f90698c50b1f5d9e81f90f128d1b91514f556b
[INFO] running `Command { std: "docker" "start" "-a" "3d4ba7003dbf85934948a15575f90698c50b1f5d9e81f90f128d1b91514f556b", kill_on_drop: false }`
[INFO] [stdout] warning: unused import: `SchemeNotHttp`
[INFO] [stdout]   --> src/adapters/mod.rs:20:39
[INFO] [stdout]    |
[INFO] [stdout] 20 | pub use self::http::{HttpSlateSender, SchemeNotHttp};
[INFO] [stdout]    |                                       ^^^^^^^^^^^^^
[INFO] [stdout]    |
[INFO] [stdout]    = note: `#[warn(unused_imports)]` on by default
[INFO] [stdout] 
[INFO] [stdout] 
[INFO] [stdout] warning: unused import: `HeaderVersion`
[INFO] [stdout]   --> src/test_framework/mod.rs:21:2
[INFO] [stdout]    |
[INFO] [stdout] 21 |     HeaderVersion, Output, OutputFeatures, OutputIdentifier, Transaction, TxKernel,
[INFO] [stdout]    |     ^^^^^^^^^^^^^
[INFO] [stdout]    |
[INFO] [stdout] help: consider adding a `#[cfg(test)]` to the containing module
[INFO] [stdout]   --> src/lib.rs:41:1
[INFO] [stdout]    |
[INFO] [stdout] 41 | pub mod test_framework;
[INFO] [stdout]    | ^^^^^^^^^^^^^^^^^^^^^^^
[INFO] [stdout] 
[INFO] [stdout] 
[INFO] [stdout] warning: unused import: `RwLock`
[INFO] [stdout]   --> src/test_framework/testclient.rs:37:26
[INFO] [stdout]    |
[INFO] [stdout] 37 | use crate::util::{Mutex, RwLock};
[INFO] [stdout]    |                          ^^^^^^
[INFO] [stdout]    |
[INFO] [stdout] help: consider adding a `#[cfg(test)]` to the containing module
[INFO] [stdout]   --> src/test_framework/mod.rs:37:1
[INFO] [stdout]    |
[INFO] [stdout] 37 | mod testclient;
[INFO] [stdout]    | ^^^^^^^^^^^^^^^
[INFO] [stdout] 
[INFO] [stdout] 
[INFO] [stdout] warning: 3 warnings emitted
[INFO] [stdout] 
[INFO] [stdout] 
[INFO] [stderr]    Compiling stack_test_epic_wallet_impls v3.0.5 (/opt/rustwide/workdir)
[INFO] [stdout] warning: unused import: `SchemeNotHttp`
[INFO] [stdout]   --> src/adapters/mod.rs:20:39
[INFO] [stdout]    |
[INFO] [stdout] 20 | pub use self::http::{HttpSlateSender, SchemeNotHttp};
[INFO] [stdout]    |                                       ^^^^^^^^^^^^^
[INFO] [stdout]    |
[INFO] [stdout]    = note: `#[warn(unused_imports)]` on by default
[INFO] [stdout] 
[INFO] [stdout] 
[INFO] [stdout] warning: unused import: `HeaderVersion`
[INFO] [stdout]   --> src/test_framework/mod.rs:21:2
[INFO] [stdout]    |
[INFO] [stdout] 21 |     HeaderVersion, Output, OutputFeatures, OutputIdentifier, Transaction, TxKernel,
[INFO] [stdout]    |     ^^^^^^^^^^^^^
[INFO] [stdout] 
[INFO] [stdout] 
[INFO] [stdout] warning: unused import: `RwLock`
[INFO] [stdout]   --> src/test_framework/testclient.rs:37:26
[INFO] [stdout]    |
[INFO] [stdout] 37 | use crate::util::{Mutex, RwLock};
[INFO] [stdout]    |                          ^^^^^^
[INFO] [stdout] 
[INFO] [stdout] 
[INFO] [stdout] warning: 3 warnings emitted
[INFO] [stdout] 
[INFO] [stdout] 
[INFO] [stderr]     Finished test [unoptimized + debuginfo] target(s) in 5.34s
[INFO] [stderr] warning: the following packages contain code that will be rejected by a future version of Rust: bigint v4.4.3, grin_secp256k1zkp v0.7.12, nom v3.2.1, stack_test_epic_api v3.0.3, stack_test_epic_core v3.0.3, traitobject v0.1.0
[INFO] [stderr] note: to see what the problems were, use the option `--future-incompat-report`, or run `cargo report future-incompatibilities --id 1`
[INFO] running `Command { std: "docker" "inspect" "3d4ba7003dbf85934948a15575f90698c50b1f5d9e81f90f128d1b91514f556b", kill_on_drop: false }`
[INFO] running `Command { std: "docker" "rm" "-f" "3d4ba7003dbf85934948a15575f90698c50b1f5d9e81f90f128d1b91514f556b", kill_on_drop: false }`
[INFO] [stdout] 3d4ba7003dbf85934948a15575f90698c50b1f5d9e81f90f128d1b91514f556b
[INFO] running `Command { std: "docker" "create" "-v" "/var/lib/crater-agent-workspace/builds/worker-0-tc2/target:/opt/rustwide/target:rw,Z" "-v" "/var/lib/crater-agent-workspace/builds/worker-0-tc2/source:/opt/rustwide/workdir:ro,Z" "-v" "/var/lib/crater-agent-workspace/cargo-home:/opt/rustwide/cargo-home:ro,Z" "-v" "/var/lib/crater-agent-workspace/rustup-home:/opt/rustwide/rustup-home:ro,Z" "-e" "SOURCE_DIR=/opt/rustwide/workdir" "-e" "CARGO_TARGET_DIR=/opt/rustwide/target" "-e" "CARGO_INCREMENTAL=0" "-e" "RUST_BACKTRACE=full" "-e" "RUSTFLAGS=--cap-lints=warn" "-e" "RUSTDOCFLAGS=--cap-lints=warn" "-e" "CARGO_HOME=/opt/rustwide/cargo-home" "-e" "RUSTUP_HOME=/opt/rustwide/rustup-home" "-w" "/opt/rustwide/workdir" "-m" "1610612736" "--user" "0:0" "--network" "none" "ghcr.io/rust-lang/crates-build-env/linux@sha256:2788e3201cd34a07e3172128adcd8b3090168a8e3bcc40d7c032b9dda1df7d1c" "/opt/rustwide/cargo-home/bin/cargo" "+beta-2023-12-22" "test" "--frozen", kill_on_drop: false }`
[INFO] [stdout] 442d91192af0edd9fe9602862a86c92d1e7caab7b2646df67b4080e2427eead5
[INFO] running `Command { std: "docker" "start" "-a" "442d91192af0edd9fe9602862a86c92d1e7caab7b2646df67b4080e2427eead5", kill_on_drop: false }`
[INFO] [stderr] warning: unused import: `SchemeNotHttp`
[INFO] [stderr]   --> src/adapters/mod.rs:20:39
[INFO] [stderr]    |
[INFO] [stderr] 20 | pub use self::http::{HttpSlateSender, SchemeNotHttp};
[INFO] [stderr]    |                                       ^^^^^^^^^^^^^
[INFO] [stderr]    |
[INFO] [stderr]    = note: `#[warn(unused_imports)]` on by default
[INFO] [stderr] 
[INFO] [stderr] warning: unused import: `HeaderVersion`
[INFO] [stderr]   --> src/test_framework/mod.rs:21:2
[INFO] [stderr]    |
[INFO] [stderr] 21 |     HeaderVersion, Output, OutputFeatures, OutputIdentifier, Transaction, TxKernel,
[INFO] [stderr]    |     ^^^^^^^^^^^^^
[INFO] [stderr]    |
[INFO] [stderr] help: consider adding a `#[cfg(test)]` to the containing module
[INFO] [stderr]   --> src/lib.rs:41:1
[INFO] [stderr]    |
[INFO] [stderr] 41 | pub mod test_framework;
[INFO] [stderr]    | ^^^^^^^^^^^^^^^^^^^^^^^
[INFO] [stderr] 
[INFO] [stderr] warning: unused import: `RwLock`
[INFO] [stderr]   --> src/test_framework/testclient.rs:37:26
[INFO] [stderr]    |
[INFO] [stderr] 37 | use crate::util::{Mutex, RwLock};
[INFO] [stderr]    |                          ^^^^^^
[INFO] [stderr]    |
[INFO] [stderr] help: consider adding a `#[cfg(test)]` to the containing module
[INFO] [stderr]   --> src/test_framework/mod.rs:37:1
[INFO] [stderr]    |
[INFO] [stderr] 37 | mod testclient;
[INFO] [stderr]    | ^^^^^^^^^^^^^^^
[INFO] [stderr] 
[INFO] [stderr] warning: unused import: `HeaderVersion`
[INFO] [stderr]   --> src/test_framework/mod.rs:21:2
[INFO] [stderr]    |
[INFO] [stderr] 21 |     HeaderVersion, Output, OutputFeatures, OutputIdentifier, Transaction, TxKernel,
[INFO] [stderr]    |     ^^^^^^^^^^^^^
[INFO] [stderr] 
[INFO] [stderr] warning: unused import: `RwLock`
[INFO] [stderr]   --> src/test_framework/testclient.rs:37:26
[INFO] [stderr]    |
[INFO] [stderr] 37 | use crate::util::{Mutex, RwLock};
[INFO] [stderr]    |                          ^^^^^^
[INFO] [stderr] 
[INFO] [stderr] warning: `stack_test_epic_wallet_impls` (lib) generated 3 warnings (run `cargo fix --lib -p stack_test_epic_wallet_impls` to apply 3 suggestions)
[INFO] [stderr] warning: `stack_test_epic_wallet_impls` (lib test) generated 3 warnings (1 duplicate) (run `cargo fix --lib -p stack_test_epic_wallet_impls --tests` to apply 2 suggestions)
[INFO] [stderr]     Finished test [unoptimized + debuginfo] target(s) in 0.29s
[INFO] [stderr] warning: the following packages contain code that will be rejected by a future version of Rust: bigint v4.4.3, grin_secp256k1zkp v0.7.12, nom v3.2.1, stack_test_epic_api v3.0.3, stack_test_epic_core v3.0.3, traitobject v0.1.0
[INFO] [stderr] note: to see what the problems were, use the option `--future-incompat-report`, or run `cargo report future-incompatibilities --id 1`
[INFO] [stderr]      Running unittests src/lib.rs (/opt/rustwide/target/debug/deps/stack_test_epic_wallet_impls-e2e83ab40c6db5f4)
[INFO] [stdout] 
[INFO] [stdout] running 7 tests
[INFO] [stdout] test tor::config::tests::gen_ed25519_pub_key ... ok
[INFO] [stdout] test lifecycle::seed::tests::wallet_seed_encrypt ... ok
[INFO] [stdout] test tor::config::tests::gen_onion_address ... ok
[INFO] [stdout] test tor::config::tests::test_complete_tor_address ... ok
[INFO] [stdout] test tor::config::tests::test_service_config ... FAILED
[INFO] [stdout] test tor::config::tests::test_is_tor_address ... ok
[INFO] [stdout] test tor::config::tests::test_output_tor_config ... FAILED
[INFO] [stdout] 
[INFO] [stdout] failures:
[INFO] [stdout] 
[INFO] [stdout] ---- tor::config::tests::test_service_config stdout ----
[INFO] [stdout] Error: Error { inner: Os { code: 30, kind: ReadOnlyFilesystem, message: "Read-only file system" }
[INFO] [stdout] 
[INFO] [stdout]    0: failure::backtrace::internal::InternalBacktrace::new
[INFO] [stdout]              at /opt/rustwide/cargo-home/registry/src/index.crates.io-6f17d22bba15001f/failure-0.1.8/src/backtrace/internal.rs:46:44
[INFO] [stdout]    1: failure::backtrace::Backtrace::new
[INFO] [stdout]              at /opt/rustwide/cargo-home/registry/src/index.crates.io-6f17d22bba15001f/failure-0.1.8/src/backtrace/mod.rs:121:35
[INFO] [stdout]    2: <failure::error::error_impl::ErrorImpl as core::convert::From<F>>::from
[INFO] [stdout]              at /opt/rustwide/cargo-home/registry/src/index.crates.io-6f17d22bba15001f/failure-0.1.8/src/error/error_impl.rs:19:17
[INFO] [stdout]    3: <failure::error::Error as core::convert::From<F>>::from
[INFO] [stdout]              at /opt/rustwide/cargo-home/registry/src/index.crates.io-6f17d22bba15001f/failure-0.1.8/src/error/mod.rs:36:18
[INFO] [stdout]    4: <T as core::convert::Into<U>>::into
[INFO] [stdout]              at /rustc/0e09125c6c3c2fd70d7de961bcf0e51575235fad/library/core/src/convert/mod.rs:757:9
[INFO] [stdout]    5: failure::context::Context<D>::with_err
[INFO] [stdout]              at /opt/rustwide/cargo-home/registry/src/index.crates.io-6f17d22bba15001f/failure-0.1.8/src/context.rs:105:40
[INFO] [stdout]    6: failure::Fail::context
[INFO] [stdout]              at /opt/rustwide/cargo-home/registry/src/index.crates.io-6f17d22bba15001f/failure-0.1.8/src/lib.rs:160:9
[INFO] [stdout]    7: <core::result::Result<T,E> as failure::result_ext::ResultExt<T,E>>::context::{{closure}}
[INFO] [stdout]              at /opt/rustwide/cargo-home/registry/src/index.crates.io-6f17d22bba15001f/failure-0.1.8/src/result_ext.rs:164:32
[INFO] [stdout]    8: core::result::Result<T,E>::map_err
[INFO] [stdout]              at /rustc/0e09125c6c3c2fd70d7de961bcf0e51575235fad/library/core/src/result.rs:829:27
[INFO] [stdout]    9: <core::result::Result<T,E> as failure::result_ext::ResultExt<T,E>>::context
[INFO] [stdout]              at /opt/rustwide/cargo-home/registry/src/index.crates.io-6f17d22bba15001f/failure-0.1.8/src/result_ext.rs:164:9
[INFO] [stdout]   10: stack_test_epic_wallet_impls::tor::config::output_onion_service_config
[INFO] [stdout]              at src/tor/config.rs:160:2
[INFO] [stdout]   11: stack_test_epic_wallet_impls::tor::config::tests::test_service_config
[INFO] [stdout]              at src/tor/config.rs:323:3
[INFO] [stdout]   12: stack_test_epic_wallet_impls::tor::config::tests::test_service_config::{{closure}}
[INFO] [stdout]              at src/tor/config.rs:316:30
[INFO] [stdout]   13: core::ops::function::FnOnce::call_once
[INFO] [stdout]              at /rustc/0e09125c6c3c2fd70d7de961bcf0e51575235fad/library/core/src/ops/function.rs:250:5
[INFO] [stdout]   14: core::ops::function::FnOnce::call_once
[INFO] [stdout]              at /rustc/0e09125c6c3c2fd70d7de961bcf0e51575235fad/library/core/src/ops/function.rs:250:5
[INFO] [stdout]       test::__rust_begin_short_backtrace
[INFO] [stdout]              at /rustc/0e09125c6c3c2fd70d7de961bcf0e51575235fad/library/test/src/lib.rs:627:18
[INFO] [stdout]   15: test::run_test_in_process::{{closure}}
[INFO] [stdout]              at /rustc/0e09125c6c3c2fd70d7de961bcf0e51575235fad/library/test/src/lib.rs:650:60
[INFO] [stdout]       <core::panic::unwind_safe::AssertUnwindSafe<F> as core::ops::function::FnOnce<()>>::call_once
[INFO] [stdout]              at /rustc/0e09125c6c3c2fd70d7de961bcf0e51575235fad/library/core/src/panic/unwind_safe.rs:272:9
[INFO] [stdout]       std::panicking::try::do_call
[INFO] [stdout]              at /rustc/0e09125c6c3c2fd70d7de961bcf0e51575235fad/library/std/src/panicking.rs:552:40
[INFO] [stdout]       std::panicking::try
[INFO] [stdout]              at /rustc/0e09125c6c3c2fd70d7de961bcf0e51575235fad/library/std/src/panicking.rs:516:19
[INFO] [stdout]       std::panic::catch_unwind
[INFO] [stdout]              at /rustc/0e09125c6c3c2fd70d7de961bcf0e51575235fad/library/std/src/panic.rs:142:14
[INFO] [stdout]       test::run_test_in_process
[INFO] [stdout]              at /rustc/0e09125c6c3c2fd70d7de961bcf0e51575235fad/library/test/src/lib.rs:650:27
[INFO] [stdout]       test::run_test::{{closure}}
[INFO] [stdout]              at /rustc/0e09125c6c3c2fd70d7de961bcf0e51575235fad/library/test/src/lib.rs:573:43
[INFO] [stdout]   16: test::run_test::{{closure}}
[INFO] [stdout]              at /rustc/0e09125c6c3c2fd70d7de961bcf0e51575235fad/library/test/src/lib.rs:601:41
[INFO] [stdout]       std::sys_common::backtrace::__rust_begin_short_backtrace
[INFO] [stdout]              at /rustc/0e09125c6c3c2fd70d7de961bcf0e51575235fad/library/std/src/sys_common/backtrace.rs:155:18
[INFO] [stdout]   17: std::thread::Builder::spawn_unchecked_::{{closure}}::{{closure}}
[INFO] [stdout]              at /rustc/0e09125c6c3c2fd70d7de961bcf0e51575235fad/library/std/src/thread/mod.rs:529:17
[INFO] [stdout]       <core::panic::unwind_safe::AssertUnwindSafe<F> as core::ops::function::FnOnce<()>>::call_once
[INFO] [stdout]              at /rustc/0e09125c6c3c2fd70d7de961bcf0e51575235fad/library/core/src/panic/unwind_safe.rs:272:9
[INFO] [stdout]       std::panicking::try::do_call
[INFO] [stdout]              at /rustc/0e09125c6c3c2fd70d7de961bcf0e51575235fad/library/std/src/panicking.rs:552:40
[INFO] [stdout]       std::panicking::try
[INFO] [stdout]              at /rustc/0e09125c6c3c2fd70d7de961bcf0e51575235fad/library/std/src/panicking.rs:516:19
[INFO] [stdout]       std::panic::catch_unwind
[INFO] [stdout]              at /rustc/0e09125c6c3c2fd70d7de961bcf0e51575235fad/library/std/src/panic.rs:142:14
[INFO] [stdout]       std::thread::Builder::spawn_unchecked_::{{closure}}
[INFO] [stdout]              at /rustc/0e09125c6c3c2fd70d7de961bcf0e51575235fad/library/std/src/thread/mod.rs:528:30
[INFO] [stdout]       core::ops::function::FnOnce::call_once{{vtable.shim}}
[INFO] [stdout]              at /rustc/0e09125c6c3c2fd70d7de961bcf0e51575235fad/library/core/src/ops/function.rs:250:5
[INFO] [stdout]   18: <alloc::boxed::Box<F,A> as core::ops::function::FnOnce<Args>>::call_once
[INFO] [stdout]              at /rustc/0e09125c6c3c2fd70d7de961bcf0e51575235fad/library/alloc/src/boxed.rs:2015:9
[INFO] [stdout]       <alloc::boxed::Box<F,A> as core::ops::function::FnOnce<Args>>::call_once
[INFO] [stdout]              at /rustc/0e09125c6c3c2fd70d7de961bcf0e51575235fad/library/alloc/src/boxed.rs:2015:9
[INFO] [stdout]       std::sys::unix::thread::Thread::new::thread_start
[INFO] [stdout]              at /rustc/0e09125c6c3c2fd70d7de961bcf0e51575235fad/library/std/src/sys/unix/thread.rs:108:17
[INFO] [stdout]   19: <unknown>
[INFO] [stdout]   20: __clone
[INFO] [stdout] 
[INFO] [stdout] 
[INFO] [stdout] IO error }
[INFO] [stdout] 
[INFO] [stdout] ---- tor::config::tests::test_output_tor_config stdout ----
[INFO] [stdout] Error: Error { inner: Os { code: 30, kind: ReadOnlyFilesystem, message: "Read-only file system" }
[INFO] [stdout] 
[INFO] [stdout]    0: failure::backtrace::internal::InternalBacktrace::new
[INFO] [stdout]              at /opt/rustwide/cargo-home/registry/src/index.crates.io-6f17d22bba15001f/failure-0.1.8/src/backtrace/internal.rs:46:44
[INFO] [stdout]    1: failure::backtrace::Backtrace::new
[INFO] [stdout]              at /opt/rustwide/cargo-home/registry/src/index.crates.io-6f17d22bba15001f/failure-0.1.8/src/backtrace/mod.rs:121:35
[INFO] [stdout]    2: <failure::error::error_impl::ErrorImpl as core::convert::From<F>>::from
[INFO] [stdout]              at /opt/rustwide/cargo-home/registry/src/index.crates.io-6f17d22bba15001f/failure-0.1.8/src/error/error_impl.rs:19:17
[INFO] [stdout]    3: <failure::error::Error as core::convert::From<F>>::from
[INFO] [stdout]              at /opt/rustwide/cargo-home/registry/src/index.crates.io-6f17d22bba15001f/failure-0.1.8/src/error/mod.rs:36:18
[INFO] [stdout]    4: <T as core::convert::Into<U>>::into
[INFO] [stdout]              at /rustc/0e09125c6c3c2fd70d7de961bcf0e51575235fad/library/core/src/convert/mod.rs:757:9
[INFO] [stdout]    5: failure::context::Context<D>::with_err
[INFO] [stdout]              at /opt/rustwide/cargo-home/registry/src/index.crates.io-6f17d22bba15001f/failure-0.1.8/src/context.rs:105:40
[INFO] [stdout]    6: failure::Fail::context
[INFO] [stdout]              at /opt/rustwide/cargo-home/registry/src/index.crates.io-6f17d22bba15001f/failure-0.1.8/src/lib.rs:160:9
[INFO] [stdout]    7: <core::result::Result<T,E> as failure::result_ext::ResultExt<T,E>>::context::{{closure}}
[INFO] [stdout]              at /opt/rustwide/cargo-home/registry/src/index.crates.io-6f17d22bba15001f/failure-0.1.8/src/result_ext.rs:164:32
[INFO] [stdout]    8: core::result::Result<T,E>::map_err
[INFO] [stdout]              at /rustc/0e09125c6c3c2fd70d7de961bcf0e51575235fad/library/core/src/result.rs:829:27
[INFO] [stdout]    9: <core::result::Result<T,E> as failure::result_ext::ResultExt<T,E>>::context
[INFO] [stdout]              at /opt/rustwide/cargo-home/registry/src/index.crates.io-6f17d22bba15001f/failure-0.1.8/src/result_ext.rs:164:9
[INFO] [stdout]   10: stack_test_epic_wallet_impls::tor::config::output_tor_listener_config
[INFO] [stdout]              at src/tor/config.rs:208:2
[INFO] [stdout]   11: stack_test_epic_wallet_impls::tor::config::tests::test_output_tor_config
[INFO] [stdout]              at src/tor/config.rs:336:3
[INFO] [stdout]   12: stack_test_epic_wallet_impls::tor::config::tests::test_output_tor_config::{{closure}}
[INFO] [stdout]              at src/tor/config.rs:329:33
[INFO] [stdout]   13: core::ops::function::FnOnce::call_once
[INFO] [stdout]              at /rustc/0e09125c6c3c2fd70d7de961bcf0e51575235fad/library/core/src/ops/function.rs:250:5
[INFO] [stdout]   14: core::ops::function::FnOnce::call_once
[INFO] [stdout]              at /rustc/0e09125c6c3c2fd70d7de961bcf0e51575235fad/library/core/src/ops/function.rs:250:5
[INFO] [stdout]       test::__rust_begin_short_backtrace
[INFO] [stdout]              at /rustc/0e09125c6c3c2fd70d7de961bcf0e51575235fad/library/test/src/lib.rs:627:18
[INFO] [stdout]   15: test::run_test_in_process::{{closure}}
[INFO] [stdout]              at /rustc/0e09125c6c3c2fd70d7de961bcf0e51575235fad/library/test/src/lib.rs:650:60
[INFO] [stdout]       <core::panic::unwind_safe::AssertUnwindSafe<F> as core::ops::function::FnOnce<()>>::call_once
[INFO] [stdout]              at /rustc/0e09125c6c3c2fd70d7de961bcf0e51575235fad/library/core/src/panic/unwind_safe.rs:272:9
[INFO] [stdout]       std::panicking::try::do_call
[INFO] [stdout]              at /rustc/0e09125c6c3c2fd70d7de961bcf0e51575235fad/library/std/src/panicking.rs:552:40
[INFO] [stdout]       std::panicking::try
[INFO] [stdout]              at /rustc/0e09125c6c3c2fd70d7de961bcf0e51575235fad/library/std/src/panicking.rs:516:19
[INFO] [stdout]       std::panic::catch_unwind
[INFO] [stdout]              at /rustc/0e09125c6c3c2fd70d7de961bcf0e51575235fad/library/std/src/panic.rs:142:14
[INFO] [stdout]       test::run_test_in_process
[INFO] [stdout]              at /rustc/0e09125c6c3c2fd70d7de961bcf0e51575235fad/library/test/src/lib.rs:650:27
[INFO] [stdout]       test::run_test::{{closure}}
[INFO] [stdout]              at /rustc/0e09125c6c3c2fd70d7de961bcf0e51575235fad/library/test/src/lib.rs:573:43
[INFO] [stdout]   16: test::run_test::{{closure}}
[INFO] [stdout]              at /rustc/0e09125c6c3c2fd70d7de961bcf0e51575235fad/library/test/src/lib.rs:601:41
[INFO] [stdout]       std::sys_common::backtrace::__rust_begin_short_backtrace
[INFO] [stdout]              at /rustc/0e09125c6c3c2fd70d7de961bcf0e51575235fad/library/std/src/sys_common/backtrace.rs:155:18
[INFO] [stdout]   17: std::thread::Builder::spawn_unchecked_::{{closure}}::{{closure}}
[INFO] [stdout]              at /rustc/0e09125c6c3c2fd70d7de961bcf0e51575235fad/library/std/src/thread/mod.rs:529:17
[INFO] [stdout]       <core::panic::unwind_safe::AssertUnwindSafe<F> as core::ops::function::FnOnce<()>>::call_once
[INFO] [stdout]              at /rustc/0e09125c6c3c2fd70d7de961bcf0e51575235fad/library/core/src/panic/unwind_safe.rs:272:9
[INFO] [stdout]       std::panicking::try::do_call
[INFO] [stdout]              at /rustc/0e09125c6c3c2fd70d7de961bcf0e51575235fad/library/std/src/panicking.rs:552:40
[INFO] [stdout]       std::panicking::try
[INFO] [stdout]              at /rustc/0e09125c6c3c2fd70d7de961bcf0e51575235fad/library/std/src/panicking.rs:516:19
[INFO] [stdout]       std::panic::catch_unwind
[INFO] [stdout]              at /rustc/0e09125c6c3c2fd70d7de961bcf0e51575235fad/library/std/src/panic.rs:142:14
[INFO] [stdout]       std::thread::Builder::spawn_unchecked_::{{closure}}
[INFO] [stdout]              at /rustc/0e09125c6c3c2fd70d7de961bcf0e51575235fad/library/std/src/thread/mod.rs:528:30
[INFO] [stdout]       core::ops::function::FnOnce::call_once{{vtable.shim}}
[INFO] [stdout]              at /rustc/0e09125c6c3c2fd70d7de961bcf0e51575235fad/library/core/src/ops/function.rs:250:5
[INFO] [stdout]   18: <alloc::boxed::Box<F,A> as core::ops::function::FnOnce<Args>>::call_once
[INFO] [stdout]              at /rustc/0e09125c6c3c2fd70d7de961bcf0e51575235fad/library/alloc/src/boxed.rs:2015:9
[INFO] [stdout]       <alloc::boxed::Box<F,A> as core::ops::function::FnOnce<Args>>::call_once
[INFO] [stdout]              at /rustc/0e09125c6c3c2fd70d7de961bcf0e51575235fad/library/alloc/src/boxed.rs:2015:9
[INFO] [stdout]       std::sys::unix::thread::Thread::new::thread_start
[INFO] [stdout]              at /rustc/0e09125c6c3c2fd70d7de961bcf0e51575235fad/library/std/src/sys/unix/thread.rs:108:17
[INFO] [stdout]   19: <unknown>
[INFO] [stdout]   20: __clone
[INFO] [stdout] 
[INFO] [stdout] 
[INFO] [stdout] IO error }
[INFO] [stdout] 
[INFO] [stdout] 
[INFO] [stdout] failures:
[INFO] [stdout]     tor::config::tests::test_output_tor_config
[INFO] [stdout]     tor::config::tests::test_service_config
[INFO] [stdout] 
[INFO] [stdout] test result: FAILED. 5 passed; 2 failed; 0 ignored; 0 measured; 0 filtered out; finished in 1.60s
[INFO] [stdout] 
[INFO] [stderr] error: test failed, to rerun pass `--lib`
[INFO] running `Command { std: "docker" "inspect" "442d91192af0edd9fe9602862a86c92d1e7caab7b2646df67b4080e2427eead5", kill_on_drop: false }`
[INFO] running `Command { std: "docker" "rm" "-f" "442d91192af0edd9fe9602862a86c92d1e7caab7b2646df67b4080e2427eead5", kill_on_drop: false }`
[INFO] [stdout] 442d91192af0edd9fe9602862a86c92d1e7caab7b2646df67b4080e2427eead5
