[INFO] fetching crate ssilide 0.1.0...
[INFO] testing ssilide-0.1.0 against 1.75.0 for beta-1.76-1
[INFO] extracting crate ssilide 0.1.0 into /workspace/builds/worker-7-tc1/source
[INFO] validating manifest of crates.io crate ssilide 0.1.0 on toolchain 1.75.0
[INFO] running `Command { std: CARGO_HOME="/workspace/cargo-home" RUSTUP_HOME="/workspace/rustup-home" "/workspace/cargo-home/bin/cargo" "+1.75.0" "metadata" "--manifest-path" "Cargo.toml" "--no-deps", kill_on_drop: false }`
[INFO] started tweaking crates.io crate ssilide 0.1.0
[INFO] finished tweaking crates.io crate ssilide 0.1.0
[INFO] tweaked toml for crates.io crate ssilide 0.1.0 written to /workspace/builds/worker-7-tc1/source/Cargo.toml
[INFO] running `Command { std: CARGO_HOME="/workspace/cargo-home" RUSTUP_HOME="/workspace/rustup-home" "/workspace/cargo-home/bin/cargo" "+1.75.0" "generate-lockfile" "--manifest-path" "Cargo.toml", kill_on_drop: false }`
[INFO] [stderr]     Updating crates.io index
[INFO] running `Command { std: CARGO_HOME="/workspace/cargo-home" RUSTUP_HOME="/workspace/rustup-home" "/workspace/cargo-home/bin/cargo" "+1.75.0" "fetch" "--manifest-path" "Cargo.toml", kill_on_drop: false }`
[INFO] running `Command { std: "docker" "create" "-v" "/var/lib/crater-agent-workspace/builds/worker-7-tc1/target:/opt/rustwide/target:rw,Z" "-v" "/var/lib/crater-agent-workspace/builds/worker-7-tc1/source:/opt/rustwide/workdir:ro,Z" "-v" "/var/lib/crater-agent-workspace/cargo-home:/opt/rustwide/cargo-home:ro,Z" "-v" "/var/lib/crater-agent-workspace/rustup-home:/opt/rustwide/rustup-home:ro,Z" "-e" "SOURCE_DIR=/opt/rustwide/workdir" "-e" "CARGO_TARGET_DIR=/opt/rustwide/target" "-e" "CARGO_HOME=/opt/rustwide/cargo-home" "-e" "RUSTUP_HOME=/opt/rustwide/rustup-home" "-w" "/opt/rustwide/workdir" "-m" "1610612736" "--user" "0:0" "--network" "none" "ghcr.io/rust-lang/crates-build-env/linux@sha256:2788e3201cd34a07e3172128adcd8b3090168a8e3bcc40d7c032b9dda1df7d1c" "/opt/rustwide/cargo-home/bin/cargo" "+1.75.0" "metadata" "--no-deps" "--format-version=1", kill_on_drop: false }`
[INFO] [stdout] c4af642c34a93386368c735802c170fc05bc5fe53b6382badeea2b79bf6b5f04
[INFO] running `Command { std: "docker" "start" "-a" "c4af642c34a93386368c735802c170fc05bc5fe53b6382badeea2b79bf6b5f04", kill_on_drop: false }`
[INFO] running `Command { std: "docker" "inspect" "c4af642c34a93386368c735802c170fc05bc5fe53b6382badeea2b79bf6b5f04", kill_on_drop: false }`
[INFO] running `Command { std: "docker" "rm" "-f" "c4af642c34a93386368c735802c170fc05bc5fe53b6382badeea2b79bf6b5f04", kill_on_drop: false }`
[INFO] [stdout] c4af642c34a93386368c735802c170fc05bc5fe53b6382badeea2b79bf6b5f04
[INFO] running `Command { std: "docker" "create" "-v" "/var/lib/crater-agent-workspace/builds/worker-7-tc1/target:/opt/rustwide/target:rw,Z" "-v" "/var/lib/crater-agent-workspace/builds/worker-7-tc1/source:/opt/rustwide/workdir:ro,Z" "-v" "/var/lib/crater-agent-workspace/cargo-home:/opt/rustwide/cargo-home:ro,Z" "-v" "/var/lib/crater-agent-workspace/rustup-home:/opt/rustwide/rustup-home:ro,Z" "-e" "SOURCE_DIR=/opt/rustwide/workdir" "-e" "CARGO_TARGET_DIR=/opt/rustwide/target" "-e" "CARGO_INCREMENTAL=0" "-e" "RUST_BACKTRACE=full" "-e" "RUSTFLAGS=--cap-lints=warn" "-e" "RUSTDOCFLAGS=--cap-lints=warn" "-e" "CARGO_HOME=/opt/rustwide/cargo-home" "-e" "RUSTUP_HOME=/opt/rustwide/rustup-home" "-w" "/opt/rustwide/workdir" "-m" "1610612736" "--user" "0:0" "--network" "none" "ghcr.io/rust-lang/crates-build-env/linux@sha256:2788e3201cd34a07e3172128adcd8b3090168a8e3bcc40d7c032b9dda1df7d1c" "/opt/rustwide/cargo-home/bin/cargo" "+1.75.0" "build" "--frozen" "--message-format=json", kill_on_drop: false }`
[INFO] [stdout] 71898ca06abeb51e056b5d963253a6ccfb9fdfb621022abdaba35f6324545722
[INFO] running `Command { std: "docker" "start" "-a" "71898ca06abeb51e056b5d963253a6ccfb9fdfb621022abdaba35f6324545722", kill_on_drop: false }`
[INFO] [stderr]    Compiling ssilide v0.1.0 (/opt/rustwide/workdir)
[INFO] [stderr]     Finished dev [unoptimized + debuginfo] target(s) in 0.07s
[INFO] running `Command { std: "docker" "inspect" "71898ca06abeb51e056b5d963253a6ccfb9fdfb621022abdaba35f6324545722", kill_on_drop: false }`
[INFO] running `Command { std: "docker" "rm" "-f" "71898ca06abeb51e056b5d963253a6ccfb9fdfb621022abdaba35f6324545722", kill_on_drop: false }`
[INFO] [stdout] 71898ca06abeb51e056b5d963253a6ccfb9fdfb621022abdaba35f6324545722
[INFO] running `Command { std: "docker" "create" "-v" "/var/lib/crater-agent-workspace/builds/worker-7-tc1/target:/opt/rustwide/target:rw,Z" "-v" "/var/lib/crater-agent-workspace/builds/worker-7-tc1/source:/opt/rustwide/workdir:ro,Z" "-v" "/var/lib/crater-agent-workspace/cargo-home:/opt/rustwide/cargo-home:ro,Z" "-v" "/var/lib/crater-agent-workspace/rustup-home:/opt/rustwide/rustup-home:ro,Z" "-e" "SOURCE_DIR=/opt/rustwide/workdir" "-e" "CARGO_TARGET_DIR=/opt/rustwide/target" "-e" "CARGO_INCREMENTAL=0" "-e" "RUST_BACKTRACE=full" "-e" "RUSTFLAGS=--cap-lints=warn" "-e" "RUSTDOCFLAGS=--cap-lints=warn" "-e" "CARGO_HOME=/opt/rustwide/cargo-home" "-e" "RUSTUP_HOME=/opt/rustwide/rustup-home" "-w" "/opt/rustwide/workdir" "-m" "1610612736" "--user" "0:0" "--network" "none" "ghcr.io/rust-lang/crates-build-env/linux@sha256:2788e3201cd34a07e3172128adcd8b3090168a8e3bcc40d7c032b9dda1df7d1c" "/opt/rustwide/cargo-home/bin/cargo" "+1.75.0" "test" "--frozen" "--no-run" "--message-format=json", kill_on_drop: false }`
[INFO] [stdout] cf2373aa587e71421fa9f3307e39afcd3cbabfb887a8ef7234921c7b3a298333
[INFO] running `Command { std: "docker" "start" "-a" "cf2373aa587e71421fa9f3307e39afcd3cbabfb887a8ef7234921c7b3a298333", kill_on_drop: false }`
[INFO] [stderr]    Compiling ssilide v0.1.0 (/opt/rustwide/workdir)
[INFO] [stderr]     Finished test [unoptimized + debuginfo] target(s) in 0.19s
[INFO] running `Command { std: "docker" "inspect" "cf2373aa587e71421fa9f3307e39afcd3cbabfb887a8ef7234921c7b3a298333", kill_on_drop: false }`
[INFO] running `Command { std: "docker" "rm" "-f" "cf2373aa587e71421fa9f3307e39afcd3cbabfb887a8ef7234921c7b3a298333", kill_on_drop: false }`
[INFO] [stdout] cf2373aa587e71421fa9f3307e39afcd3cbabfb887a8ef7234921c7b3a298333
[INFO] running `Command { std: "docker" "create" "-v" "/var/lib/crater-agent-workspace/builds/worker-7-tc1/target:/opt/rustwide/target:rw,Z" "-v" "/var/lib/crater-agent-workspace/builds/worker-7-tc1/source:/opt/rustwide/workdir:ro,Z" "-v" "/var/lib/crater-agent-workspace/cargo-home:/opt/rustwide/cargo-home:ro,Z" "-v" "/var/lib/crater-agent-workspace/rustup-home:/opt/rustwide/rustup-home:ro,Z" "-e" "SOURCE_DIR=/opt/rustwide/workdir" "-e" "CARGO_TARGET_DIR=/opt/rustwide/target" "-e" "CARGO_INCREMENTAL=0" "-e" "RUST_BACKTRACE=full" "-e" "RUSTFLAGS=--cap-lints=warn" "-e" "RUSTDOCFLAGS=--cap-lints=warn" "-e" "CARGO_HOME=/opt/rustwide/cargo-home" "-e" "RUSTUP_HOME=/opt/rustwide/rustup-home" "-w" "/opt/rustwide/workdir" "-m" "1610612736" "--user" "0:0" "--network" "none" "ghcr.io/rust-lang/crates-build-env/linux@sha256:2788e3201cd34a07e3172128adcd8b3090168a8e3bcc40d7c032b9dda1df7d1c" "/opt/rustwide/cargo-home/bin/cargo" "+1.75.0" "test" "--frozen", kill_on_drop: false }`
[INFO] [stdout] d9569d70a09f40ab03063477910f18e9eda95831596744d66b6b102e796dcf50
[INFO] running `Command { std: "docker" "start" "-a" "d9569d70a09f40ab03063477910f18e9eda95831596744d66b6b102e796dcf50", kill_on_drop: false }`
[INFO] [stderr]     Finished test [unoptimized + debuginfo] target(s) in 0.02s
[INFO] [stderr]      Running unittests src/lib.rs (/opt/rustwide/target/debug/deps/ssilide-ea9f121032379336)
[INFO] [stdout] 
[INFO] [stdout] running 0 tests
[INFO] [stdout] 
[INFO] [stdout] test result: ok. 0 passed; 0 failed; 0 ignored; 0 measured; 0 filtered out; finished in 0.00s
[INFO] [stdout] 
[INFO] [stderr]    Doc-tests ssilide
[INFO] [stdout] 
[INFO] [stdout] running 1 test
[INFO] [stdout] test src/lib.rs - (line 4) ... FAILED
[INFO] [stdout] 
[INFO] [stdout] failures:
[INFO] [stdout] 
[INFO] [stdout] ---- src/lib.rs - (line 4) stdout ----
[INFO] [stdout] error[E0433]: failed to resolve: use of undeclared crate or module `num_enum`
[INFO] [stdout]  --> src/lib.rs:9:10
[INFO] [stdout]   |
[INFO] [stdout] 7 | #[derive(num_enum::IntoPrimitive, num_enum::TryFromPrimitive)]
[INFO] [stdout]   |          ^^^^^^^^ use of undeclared crate or module `num_enum`
[INFO] [stdout] 
[INFO] [stdout] error[E0433]: failed to resolve: use of undeclared crate or module `num_enum`
[INFO] [stdout]  --> src/lib.rs:9:35
[INFO] [stdout]   |
[INFO] [stdout] 7 | #[derive(num_enum::IntoPrimitive, num_enum::TryFromPrimitive)]
[INFO] [stdout]   |                                   ^^^^^^^^ use of undeclared crate or module `num_enum`
[INFO] [stdout] 
[INFO] [stdout] error[E0277]: the trait bound `u8: From<Message>` is not satisfied
[INFO] [stdout]   --> src/lib.rs:16:50
[INFO] [stdout]    |
[INFO] [stdout] 14 |     let claim = INTERFACE.claim_or_send_and_exit(Message::FocusRequested);
[INFO] [stdout]    |                           ---------------------- ^^^^^^^^^^^^^^^^^^^^^^^ the trait `From<Message>` is not implemented for `u8`
[INFO] [stdout]    |                           |
[INFO] [stdout]    |                           required by a bound introduced by this call
[INFO] [stdout]    |
[INFO] [stdout]    = help: the following other types implement trait `From<T>`:
[INFO] [stdout]              <u8 as From<bool>>
[INFO] [stdout]              <u8 as From<NonZeroU8>>
[INFO] [stdout]    = note: required for `Message` to implement `Into<u8>`
[INFO] [stdout] note: required by a bound in `Interface::claim_or_send_and_exit`
[INFO] [stdout]   --> /opt/rustwide/workdir/src/lib.rs:89:12
[INFO] [stdout]    |
[INFO] [stdout] 87 |     pub fn claim_or_send_and_exit<T>(self, message: T) -> Claim<T>
[INFO] [stdout]    |            ---------------------- required by a bound in this associated function
[INFO] [stdout] 88 |     where
[INFO] [stdout] 89 |         T: Into<u8>
[INFO] [stdout]    |            ^^^^^^^^ required by this bound in `Interface::claim_or_send_and_exit`
[INFO] [stdout] 
[INFO] [stdout] error[E0599]: the method `read_message` exists for struct `Claim<Message>`, but its trait bounds were not satisfied
[INFO] [stdout]   --> src/lib.rs:19:21
[INFO] [stdout]    |
[INFO] [stdout] 9  | enum Message {
[INFO] [stdout]    | ------------ doesn't satisfy `Message: TryFrom<u8>`
[INFO] [stdout] ...
[INFO] [stdout] 17 |         match claim.read_message() {
[INFO] [stdout]    |                     ^^^^^^^^^^^^ method cannot be called on `Claim<Message>` due to unsatisfied trait bounds
[INFO] [stdout]    |
[INFO] [stdout]    = note: the following trait bounds were not satisfied:
[INFO] [stdout]            `Message: TryFrom<u8>`
[INFO] [stdout] note: the trait `TryFrom` must be implemented
[INFO] [stdout]   --> /rustc/82e1608dfa6e0b5569232559e3d385fea5a93112/library/core/src/convert/mod.rs:678:1
[INFO] [stdout] 
[INFO] [stdout] error: aborting due to 4 previous errors
[INFO] [stdout] 
[INFO] [stdout] Some errors have detailed explanations: E0277, E0433, E0599.
[INFO] [stdout] For more information about an error, try `rustc --explain E0277`.
[INFO] [stdout] Couldn't compile the test.
[INFO] [stdout] 
[INFO] [stdout] failures:
[INFO] [stdout]     src/lib.rs - (line 4)
[INFO] [stdout] 
[INFO] [stdout] test result: FAILED. 0 passed; 1 failed; 0 ignored; 0 measured; 0 filtered out; finished in 0.03s
[INFO] [stdout] 
[INFO] [stderr] error: doctest failed, to rerun pass `--doc`
[INFO] running `Command { std: "docker" "inspect" "d9569d70a09f40ab03063477910f18e9eda95831596744d66b6b102e796dcf50", kill_on_drop: false }`
[INFO] running `Command { std: "docker" "rm" "-f" "d9569d70a09f40ab03063477910f18e9eda95831596744d66b6b102e796dcf50", kill_on_drop: false }`
[INFO] [stdout] d9569d70a09f40ab03063477910f18e9eda95831596744d66b6b102e796dcf50
