[INFO] fetching crate ssd 0.9.1...
[INFO] testing ssd-0.9.1 against 1.75.0 for beta-1.76-1
[INFO] extracting crate ssd 0.9.1 into /workspace/builds/worker-1-tc1/source
[INFO] validating manifest of crates.io crate ssd 0.9.1 on toolchain 1.75.0
[INFO] running `Command { std: CARGO_HOME="/workspace/cargo-home" RUSTUP_HOME="/workspace/rustup-home" "/workspace/cargo-home/bin/cargo" "+1.75.0" "metadata" "--manifest-path" "Cargo.toml" "--no-deps", kill_on_drop: false }`
[INFO] started tweaking crates.io crate ssd 0.9.1
[INFO] finished tweaking crates.io crate ssd 0.9.1
[INFO] tweaked toml for crates.io crate ssd 0.9.1 written to /workspace/builds/worker-1-tc1/source/Cargo.toml
[INFO] crate crates.io crate ssd 0.9.1 already has a lockfile, it will not be regenerated
[INFO] running `Command { std: CARGO_HOME="/workspace/cargo-home" RUSTUP_HOME="/workspace/rustup-home" "/workspace/cargo-home/bin/cargo" "+1.75.0" "fetch" "--manifest-path" "Cargo.toml", kill_on_drop: false }`
[INFO] [stderr]     Updating crates.io index
[INFO] [stderr]  Downloading crates ...
[INFO] [stderr]   Downloaded iana-time-zone v0.1.54
[INFO] [stderr]   Downloaded proc-quote-impl v0.3.2
[INFO] [stderr]   Downloaded rhai_codegen v1.5.0
[INFO] [stderr]   Downloaded faccess v0.2.4
[INFO] [stderr]   Downloaded tera v1.18.1
[INFO] [stderr]   Downloaded liquid-derive v0.26.1
[INFO] [stderr]   Downloaded proc-quote v0.4.0
[INFO] [stderr]   Downloaded handlebars v4.3.6
[INFO] [stderr]   Downloaded liquid v0.26.1
[INFO] [stderr]   Downloaded liquid-lib v0.26.1
[INFO] [stderr]   Downloaded liquid-core v0.26.1
[INFO] [stderr]   Downloaded rhai v1.13.0
[INFO] running `Command { std: "docker" "create" "-v" "/var/lib/crater-agent-workspace/builds/worker-1-tc1/target:/opt/rustwide/target:rw,Z" "-v" "/var/lib/crater-agent-workspace/builds/worker-1-tc1/source:/opt/rustwide/workdir:ro,Z" "-v" "/var/lib/crater-agent-workspace/cargo-home:/opt/rustwide/cargo-home:ro,Z" "-v" "/var/lib/crater-agent-workspace/rustup-home:/opt/rustwide/rustup-home:ro,Z" "-e" "SOURCE_DIR=/opt/rustwide/workdir" "-e" "CARGO_TARGET_DIR=/opt/rustwide/target" "-e" "CARGO_HOME=/opt/rustwide/cargo-home" "-e" "RUSTUP_HOME=/opt/rustwide/rustup-home" "-w" "/opt/rustwide/workdir" "-m" "1610612736" "--user" "0:0" "--network" "none" "ghcr.io/rust-lang/crates-build-env/linux@sha256:2788e3201cd34a07e3172128adcd8b3090168a8e3bcc40d7c032b9dda1df7d1c" "/opt/rustwide/cargo-home/bin/cargo" "+1.75.0" "metadata" "--no-deps" "--format-version=1", kill_on_drop: false }`
[INFO] [stdout] f97ca9c421b82367cd009b0f175fd2811421dddf6b3a786d6fb4fab1ea631715
[INFO] running `Command { std: "docker" "start" "-a" "f97ca9c421b82367cd009b0f175fd2811421dddf6b3a786d6fb4fab1ea631715", kill_on_drop: false }`
[INFO] running `Command { std: "docker" "inspect" "f97ca9c421b82367cd009b0f175fd2811421dddf6b3a786d6fb4fab1ea631715", kill_on_drop: false }`
[INFO] running `Command { std: "docker" "rm" "-f" "f97ca9c421b82367cd009b0f175fd2811421dddf6b3a786d6fb4fab1ea631715", kill_on_drop: false }`
[INFO] [stdout] f97ca9c421b82367cd009b0f175fd2811421dddf6b3a786d6fb4fab1ea631715
[INFO] running `Command { std: "docker" "create" "-v" "/var/lib/crater-agent-workspace/builds/worker-1-tc1/target:/opt/rustwide/target:rw,Z" "-v" "/var/lib/crater-agent-workspace/builds/worker-1-tc1/source:/opt/rustwide/workdir:ro,Z" "-v" "/var/lib/crater-agent-workspace/cargo-home:/opt/rustwide/cargo-home:ro,Z" "-v" "/var/lib/crater-agent-workspace/rustup-home:/opt/rustwide/rustup-home:ro,Z" "-e" "SOURCE_DIR=/opt/rustwide/workdir" "-e" "CARGO_TARGET_DIR=/opt/rustwide/target" "-e" "CARGO_INCREMENTAL=0" "-e" "RUST_BACKTRACE=full" "-e" "RUSTFLAGS=--cap-lints=warn" "-e" "RUSTDOCFLAGS=--cap-lints=warn" "-e" "CARGO_HOME=/opt/rustwide/cargo-home" "-e" "RUSTUP_HOME=/opt/rustwide/rustup-home" "-w" "/opt/rustwide/workdir" "-m" "1610612736" "--user" "0:0" "--network" "none" "ghcr.io/rust-lang/crates-build-env/linux@sha256:2788e3201cd34a07e3172128adcd8b3090168a8e3bcc40d7c032b9dda1df7d1c" "/opt/rustwide/cargo-home/bin/cargo" "+1.75.0" "build" "--frozen" "--message-format=json", kill_on_drop: false }`
[INFO] [stdout] 36d2c4db02f3d57cd8f6f9d50bac68670090325dd50e7f02f1c3d9491877342e
[INFO] running `Command { std: "docker" "start" "-a" "36d2c4db02f3d57cd8f6f9d50bac68670090325dd50e7f02f1c3d9491877342e", kill_on_drop: false }`
[INFO] [stderr]    Compiling proc-macro2 v1.0.53
[INFO] [stderr]    Compiling unicode-ident v1.0.8
[INFO] [stderr]    Compiling quote v1.0.26
[INFO] [stderr]    Compiling version_check v0.9.4
[INFO] [stderr]    Compiling libc v0.2.140
[INFO] [stderr]    Compiling autocfg v1.1.0
[INFO] [stderr]    Compiling syn v1.0.109
[INFO] [stderr]    Compiling serde_derive v1.0.158
[INFO] [stderr]    Compiling serde v1.0.158
[INFO] [stderr]    Compiling proc-macro-hack v0.5.20+deprecated
[INFO] [stderr]    Compiling once_cell v1.17.1
[INFO] [stderr]    Compiling memchr v2.5.0
[INFO] [stderr]    Compiling ppv-lite86 v0.2.17
[INFO] [stderr]    Compiling thiserror v1.0.40
[INFO] [stderr]    Compiling siphasher v0.3.10
[INFO] [stderr]    Compiling bitflags v1.3.2
[INFO] [stderr]    Compiling ucd-trie v0.1.5
[INFO] [stderr]    Compiling regex-syntax v0.6.29
[INFO] [stderr]    Compiling itoa v1.0.6
[INFO] [stderr]    Compiling log v0.4.17
[INFO] [stderr]    Compiling crunchy v0.2.2
[INFO] [stderr]    Compiling num-traits v0.2.15
[INFO] [stderr]    Compiling uncased v0.9.7
[INFO] [stderr]    Compiling io-lifetimes v1.0.9
[INFO] [stderr]    Compiling static_assertions v1.1.0
[INFO] [stderr]    Compiling tiny-keccak v2.0.2
[INFO] [stderr]    Compiling rustix v0.36.11
[INFO] [stderr]    Compiling num-integer v0.1.45
[INFO] [stderr]    Compiling linux-raw-sys v0.1.4
[INFO] [stderr]    Compiling serde_json v1.0.94
[INFO] [stderr]    Compiling aho-corasick v0.7.20
[INFO] [stderr]    Compiling phf_shared v0.10.0
[INFO] [stderr]    Compiling time-core v0.1.0
[INFO] [stderr]    Compiling time-macros v0.2.8
[INFO] [stderr]    Compiling phf v0.10.1
[INFO] [stderr]    Compiling bstr v1.4.0
[INFO] [stderr]    Compiling syn v2.0.10
[INFO] [stderr]    Compiling getrandom v0.2.8
[INFO] [stderr]    Compiling proc-macro-error-attr v1.0.4
[INFO] [stderr]    Compiling same-file v1.0.6
[INFO] [stderr]    Compiling ryu v1.0.13
[INFO] [stderr]    Compiling rand_core v0.6.4
[INFO] [stderr]    Compiling libm v0.2.6
[INFO] [stderr]    Compiling proc-quote-impl v0.3.2
[INFO] [stderr]    Compiling unic-common v0.9.0
[INFO] [stderr]    Compiling unic-char-range v0.9.0
[INFO] [stderr]    Compiling either v1.8.1
[INFO] [stderr]    Compiling rand_chacha v0.3.1
[INFO] [stderr]    Compiling regex v1.7.3
[INFO] [stderr]    Compiling unic-char-property v0.9.0
[INFO] [stderr]    Compiling unic-ucd-version v0.9.0
[INFO] [stderr]    Compiling const-random-macro v0.1.15
[INFO] [stderr]    Compiling walkdir v2.3.3
[INFO] [stderr]    Compiling itertools v0.10.5
[INFO] [stderr]    Compiling smartstring v1.0.1
[INFO] [stderr]    Compiling rand v0.8.5
[INFO] [stderr]    Compiling proc-macro-error v1.0.4
[INFO] [stderr]    Compiling ahash v0.8.3
[INFO] [stderr]    Compiling thread_local v1.1.4
[INFO] [stderr]    Compiling parse-zoneinfo v0.3.0
[INFO] [stderr]    Compiling doc-comment v0.3.3
[INFO] [stderr]    Compiling anymap2 v0.13.0
[INFO] [stderr]    Compiling percent-encoding v2.2.0
[INFO] [stderr]    Compiling heck v0.4.1
[INFO] [stderr]    Compiling os_str_bytes v6.5.0
[INFO] [stderr]    Compiling phf_generator v0.10.0
[INFO] [stderr]    Compiling iana-time-zone v0.1.54
[INFO] [stderr]    Compiling phf_codegen v0.10.0
[INFO] [stderr]    Compiling chrono v0.4.24
[INFO] [stderr]    Compiling clap_lex v0.3.3
[INFO] [stderr]    Compiling chrono-tz-build v0.0.2
[INFO] [stderr]    Compiling const-random v0.1.15
[INFO] [stderr]    Compiling dirs-sys v0.4.0
[INFO] [stderr]    Compiling time v0.3.20
[INFO] [stderr]    Compiling unic-ucd-segment v0.9.0
[INFO] [stderr]    Compiling anyhow v1.0.70
[INFO] [stderr]    Compiling termcolor v1.2.0
[INFO] [stderr]    Compiling strsim v0.10.0
[INFO] [stderr]    Compiling globset v0.4.10
[INFO] [stderr]    Compiling chrono-tz v0.6.1
[INFO] [stderr]    Compiling terminal_size v0.2.5
[INFO] [stderr]    Compiling is-terminal v0.4.5
[INFO] [stderr]    Compiling unicode-segmentation v1.10.1
[INFO] [stderr]    Compiling deunicode v0.4.3
[INFO] [stderr]    Compiling slug v0.1.4
[INFO] [stderr]    Compiling humansize v2.1.3
[INFO] [stderr]    Compiling unic-segment v0.9.0
[INFO] [stderr]    Compiling dirs v5.0.0
[INFO] [stderr]    Compiling convert_case v0.4.0
[INFO] [stderr]    Compiling ignore v0.4.20
[INFO] [stderr]    Compiling base64 v0.13.1
[INFO] [stderr]    Compiling shellexpand v3.1.0
[INFO] [stderr]    Compiling faccess v0.2.4
[INFO] [stderr]    Compiling glob v0.3.1
[INFO] [stderr]    Compiling proc-quote v0.4.0
[INFO] [stderr]    Compiling globwalk v0.8.1
[INFO] [stderr]    Compiling thiserror-impl v1.0.40
[INFO] [stderr]    Compiling clap_derive v4.1.12
[INFO] [stderr]    Compiling liquid-derive v0.26.1
[INFO] [stderr]    Compiling rhai_codegen v1.5.0
[INFO] [stderr]    Compiling getset v0.1.2
[INFO] [stderr]    Compiling derive_more v0.99.17
[INFO] [stderr]    Compiling pest v2.5.6
[INFO] [stderr]    Compiling clap v4.1.13
[INFO] [stderr]    Compiling pest_meta v2.5.6
[INFO] [stderr]    Compiling pest_generator v2.5.6
[INFO] [stderr]    Compiling pest_derive v2.5.6
[INFO] [stderr]    Compiling clap_complete v4.1.5
[INFO] [stderr]    Compiling kstring v2.0.0
[INFO] [stderr]    Compiling smallvec v1.10.0
[INFO] [stderr]    Compiling ron v0.8.0
[INFO] [stderr]    Compiling liquid-core v0.26.1
[INFO] [stderr]    Compiling handlebars v4.3.6
[INFO] [stderr]    Compiling rhai v1.13.0
[INFO] [stderr]    Compiling tera v1.18.1
[INFO] [stderr]    Compiling liquid-lib v0.26.1
[INFO] [stderr]    Compiling liquid v0.26.1
[INFO] [stderr]    Compiling ssd v0.9.1 (/opt/rustwide/workdir)
[INFO] [stderr]     Finished dev [unoptimized + debuginfo] target(s) in 35.69s
[INFO] running `Command { std: "docker" "inspect" "36d2c4db02f3d57cd8f6f9d50bac68670090325dd50e7f02f1c3d9491877342e", kill_on_drop: false }`
[INFO] running `Command { std: "docker" "rm" "-f" "36d2c4db02f3d57cd8f6f9d50bac68670090325dd50e7f02f1c3d9491877342e", kill_on_drop: false }`
[INFO] [stdout] 36d2c4db02f3d57cd8f6f9d50bac68670090325dd50e7f02f1c3d9491877342e
[INFO] running `Command { std: "docker" "create" "-v" "/var/lib/crater-agent-workspace/builds/worker-1-tc1/target:/opt/rustwide/target:rw,Z" "-v" "/var/lib/crater-agent-workspace/builds/worker-1-tc1/source:/opt/rustwide/workdir:ro,Z" "-v" "/var/lib/crater-agent-workspace/cargo-home:/opt/rustwide/cargo-home:ro,Z" "-v" "/var/lib/crater-agent-workspace/rustup-home:/opt/rustwide/rustup-home:ro,Z" "-e" "SOURCE_DIR=/opt/rustwide/workdir" "-e" "CARGO_TARGET_DIR=/opt/rustwide/target" "-e" "CARGO_INCREMENTAL=0" "-e" "RUST_BACKTRACE=full" "-e" "RUSTFLAGS=--cap-lints=warn" "-e" "RUSTDOCFLAGS=--cap-lints=warn" "-e" "CARGO_HOME=/opt/rustwide/cargo-home" "-e" "RUSTUP_HOME=/opt/rustwide/rustup-home" "-w" "/opt/rustwide/workdir" "-m" "1610612736" "--user" "0:0" "--network" "none" "ghcr.io/rust-lang/crates-build-env/linux@sha256:2788e3201cd34a07e3172128adcd8b3090168a8e3bcc40d7c032b9dda1df7d1c" "/opt/rustwide/cargo-home/bin/cargo" "+1.75.0" "test" "--frozen" "--no-run" "--message-format=json", kill_on_drop: false }`
[INFO] [stdout] db3f1f0262e9935e7ecc935ebf9f0141039f4adb00dfa219c9b784408b62ad47
[INFO] running `Command { std: "docker" "start" "-a" "db3f1f0262e9935e7ecc935ebf9f0141039f4adb00dfa219c9b784408b62ad47", kill_on_drop: false }`
[INFO] [stderr]    Compiling linked-hash-map v0.5.6
[INFO] [stderr]    Compiling ron v0.7.1
[INFO] [stderr]    Compiling console v0.15.5
[INFO] [stderr]    Compiling similar v2.2.1
[INFO] [stderr]    Compiling yaml-rust v0.4.5
[INFO] [stderr]    Compiling insta v1.29.0
[INFO] [stderr]    Compiling ssd v0.9.1 (/opt/rustwide/workdir)
[INFO] [stderr]     Finished test [unoptimized + debuginfo] target(s) in 4.68s
[INFO] running `Command { std: "docker" "inspect" "db3f1f0262e9935e7ecc935ebf9f0141039f4adb00dfa219c9b784408b62ad47", kill_on_drop: false }`
[INFO] running `Command { std: "docker" "rm" "-f" "db3f1f0262e9935e7ecc935ebf9f0141039f4adb00dfa219c9b784408b62ad47", kill_on_drop: false }`
[INFO] [stdout] db3f1f0262e9935e7ecc935ebf9f0141039f4adb00dfa219c9b784408b62ad47
[INFO] running `Command { std: "docker" "create" "-v" "/var/lib/crater-agent-workspace/builds/worker-1-tc1/target:/opt/rustwide/target:rw,Z" "-v" "/var/lib/crater-agent-workspace/builds/worker-1-tc1/source:/opt/rustwide/workdir:ro,Z" "-v" "/var/lib/crater-agent-workspace/cargo-home:/opt/rustwide/cargo-home:ro,Z" "-v" "/var/lib/crater-agent-workspace/rustup-home:/opt/rustwide/rustup-home:ro,Z" "-e" "SOURCE_DIR=/opt/rustwide/workdir" "-e" "CARGO_TARGET_DIR=/opt/rustwide/target" "-e" "CARGO_INCREMENTAL=0" "-e" "RUST_BACKTRACE=full" "-e" "RUSTFLAGS=--cap-lints=warn" "-e" "RUSTDOCFLAGS=--cap-lints=warn" "-e" "CARGO_HOME=/opt/rustwide/cargo-home" "-e" "RUSTUP_HOME=/opt/rustwide/rustup-home" "-w" "/opt/rustwide/workdir" "-m" "1610612736" "--user" "0:0" "--network" "none" "ghcr.io/rust-lang/crates-build-env/linux@sha256:2788e3201cd34a07e3172128adcd8b3090168a8e3bcc40d7c032b9dda1df7d1c" "/opt/rustwide/cargo-home/bin/cargo" "+1.75.0" "test" "--frozen", kill_on_drop: false }`
[INFO] [stdout] df8e3193b648a8fa6e118c58809f1beab067fb0d3ab1d45ec4ad20685dd0a8bf
[INFO] running `Command { std: "docker" "start" "-a" "df8e3193b648a8fa6e118c58809f1beab067fb0d3ab1d45ec4ad20685dd0a8bf", kill_on_drop: false }`
[INFO] [stderr]     Finished test [unoptimized + debuginfo] target(s) in 0.08s
[INFO] [stderr]      Running unittests src/lib.rs (/opt/rustwide/target/debug/deps/ssd-6c0f5627d22bdb3e)
[INFO] [stdout] 
[INFO] [stdout] running 1 test
[INFO] [stderr] [0m[33mUsing 'handles' is deprecated and will be removed in future versions. Use 'fn' instead.
[INFO] [stdout] test parser::test_simple ... FAILED
[INFO] [stdout] 
[INFO] [stdout] failures:
[INFO] [stdout] 
[INFO] [stdout] ---- parser::test_simple stdout ----
[INFO] [stdout] ━━━━━━━━━━━━━━━━━━━━━━━━━━━━━━━ Snapshot Summary ━━━━━━━━━━━━━━━━━━━━━━━━━━━━━━━
[INFO] [stdout] Snapshot file: src/snapshots/ssd__parser__simple.snap
[INFO] [stdout] Snapshot: simple
[INFO] [stdout] Source: src/parser.rs:450
[INFO] [stdout] ────────────────────────────────────────────────────────────────────────────────
[INFO] [stdout] Expression: parse(include_str!("../data/test.svc"), Namespace::new("__test__")).unwrap()
[INFO] [stdout] ────────────────────────────────────────────────────────────────────────────────
[INFO] [stdout] +new results
[INFO] [stdout] ────────────┬───────────────────────────────────────────────────────────────────
[INFO] [stdout]           0 │+SsdcFile(
[INFO] [stdout]           1 │+  namespace: Namespace(
[INFO] [stdout]           2 │+    components: [
[INFO] [stdout]           3 │+      "__test__",
[INFO] [stdout]           4 │+    ],
[INFO] [stdout]           5 │+  ),
[INFO] [stdout]           6 │+  imports: [
[INFO] [stdout]           7 │+    Import(
[INFO] [stdout]           8 │+      path: Namespace(
[INFO] [stdout]           9 │+        components: [
[INFO] [stdout]          10 │+          "std",
[INFO] [stdout]          11 │+          "path",
[INFO] [stdout]          12 │+          "Path",
[INFO] [stdout]          13 │+        ],
[INFO] [stdout]          14 │+      ),
[INFO] [stdout]          15 │+      attributes: [],
[INFO] [stdout]          16 │+    ),
[INFO] [stdout]          17 │+    Import(
[INFO] [stdout]          18 │+      path: Namespace(
[INFO] [stdout]          19 │+        components: [
[INFO] [stdout]          20 │+          "std",
[INFO] [stdout]          21 │+          "error",
[INFO] [stdout]          22 │+          "Error",
[INFO] [stdout]          23 │+        ],
[INFO] [stdout]          24 │+      ),
[INFO] [stdout]          25 │+      attributes: [
[INFO] [stdout]          26 │+        Attribute(
[INFO] [stdout]          27 │+          name: Namespace(
[INFO] [stdout]          28 │+            components: [
[INFO] [stdout]          29 │+              "test",
[INFO] [stdout]          30 │+            ],
[INFO] [stdout]          31 │+          ),
[INFO] [stdout]          32 │+          parameters: [],
[INFO] [stdout]          33 │+        ),
[INFO] [stdout]          34 │+        Attribute(
[INFO] [stdout]          35 │+          name: Namespace(
[INFO] [stdout]          36 │+            components: [
[INFO] [stdout]          37 │+              "abcd",
[INFO] [stdout]          38 │+            ],
[INFO] [stdout]          39 │+          ),
[INFO] [stdout]          40 │+          parameters: [
[INFO] [stdout]          41 │+            Parameter(
[INFO] [stdout]          42 │+              name: "foo",
[INFO] [stdout]          43 │+              value: None,
[INFO] [stdout]          44 │+            ),
[INFO] [stdout]          45 │+            Parameter(
[INFO] [stdout]          46 │+              name: "bar",
[INFO] [stdout]          47 │+              value: Some("blub"),
[INFO] [stdout]          48 │+            ),
[INFO] [stdout]          49 │+          ],
[INFO] [stdout]          50 │+        ),
[INFO] [stdout]          51 │+      ],
[INFO] [stdout]          52 │+    ),
[INFO] [stdout]          53 │+  ],
[INFO] [stdout]          54 │+  data_types: {
[INFO] [stdout]          55 │+    "Rect": DataType(
[INFO] [stdout]          56 │+      properties: {
[INFO] [stdout]          57 │+        "height": NameTypePair(
[INFO] [stdout]          58 │+          typ: Namespace(
[INFO] [stdout]          59 │+            components: [
[INFO] [stdout]          60 │+              "i32",
[INFO] [stdout]          61 │+            ],
[INFO] [stdout]          62 │+          ),
[INFO] [stdout]          63 │+          attributes: [],
[INFO] [stdout]          64 │+        ),
[INFO] [stdout]          65 │+        "width": NameTypePair(
[INFO] [stdout]          66 │+          typ: Namespace(
[INFO] [stdout]          67 │+            components: [
[INFO] [stdout]          68 │+              "i32",
[INFO] [stdout]          69 │+            ],
[INFO] [stdout]          70 │+          ),
[INFO] [stdout]          71 │+          attributes: [],
[INFO] [stdout]          72 │+        ),
[INFO] [stdout]          73 │+        "x": NameTypePair(
[INFO] [stdout]          74 │+          typ: Namespace(
[INFO] [stdout]          75 │+            components: [
[INFO] [stdout]          76 │+              "i32",
[INFO] [stdout]          77 │+            ],
[INFO] [stdout]          78 │+          ),
[INFO] [stdout]          79 │+          attributes: [
[INFO] [stdout]          80 │+            Attribute(
[INFO] [stdout]          81 │+              name: Namespace(
[INFO] [stdout]          82 │+                components: [
[INFO] [stdout]          83 │+                  "test",
[INFO] [stdout]          84 │+                ],
[INFO] [stdout]          85 │+              ),
[INFO] [stdout]          86 │+              parameters: [],
[INFO] [stdout]          87 │+            ),
[INFO] [stdout]          88 │+          ],
[INFO] [stdout]          89 │+        ),
[INFO] [stdout]          90 │+        "y": NameTypePair(
[INFO] [stdout]          91 │+          typ: Namespace(
[INFO] [stdout]          92 │+            components: [
[INFO] [stdout]          93 │+              "i32",
[INFO] [stdout]          94 │+            ],
[INFO] [stdout]          95 │+          ),
[INFO] [stdout]          96 │+          attributes: [],
[INFO] [stdout]          97 │+        ),
[INFO] [stdout]          98 │+      },
[INFO] [stdout]          99 │+      attributes: [
[INFO] [stdout]         100 │+        Attribute(
[INFO] [stdout]         101 │+          name: Namespace(
[INFO] [stdout]         102 │+            components: [
[INFO] [stdout]         103 │+              "test",
[INFO] [stdout]         104 │+            ],
[INFO] [stdout]         105 │+          ),
[INFO] [stdout]         106 │+          parameters: [],
[INFO] [stdout]         107 │+        ),
[INFO] [stdout]         108 │+      ],
[INFO] [stdout]         109 │+    ),
[INFO] [stdout]         110 │+  },
[INFO] [stdout]         111 │+  enums: {
[INFO] [stdout]         112 │+    "SomeEnum": Enum(
[INFO] [stdout]         113 │+      values: {
[INFO] [stdout]         114 │+        "A": EnumValue(
[INFO] [stdout]         115 │+          value: Some(5),
[INFO] [stdout]         116 │+          attributes: [],
[INFO] [stdout]         117 │+        ),
[INFO] [stdout]         118 │+        "B": EnumValue(
[INFO] [stdout]         119 │+          value: None,
[INFO] [stdout]         120 │+          attributes: [],
[INFO] [stdout]         121 │+        ),
[INFO] [stdout]         122 │+        "D": EnumValue(
[INFO] [stdout]         123 │+          value: None,
[INFO] [stdout]         124 │+          attributes: [
[INFO] [stdout]         125 │+            Attribute(
[INFO] [stdout]         126 │+              name: Namespace(
[INFO] [stdout]         127 │+                components: [
[INFO] [stdout]         128 │+                  "test",
[INFO] [stdout]         129 │+                ],
[INFO] [stdout]         130 │+              ),
[INFO] [stdout]         131 │+              parameters: [],
[INFO] [stdout]         132 │+            ),
[INFO] [stdout]         133 │+          ],
[INFO] [stdout]         134 │+        ),
[INFO] [stdout]         135 │+      },
[INFO] [stdout]         136 │+      attributes: [
[INFO] [stdout]         137 │+        Attribute(
[INFO] [stdout]         138 │+          name: Namespace(
[INFO] [stdout]         139 │+            components: [
[INFO] [stdout]         140 │+              "test",
[INFO] [stdout]         141 │+            ],
[INFO] [stdout]         142 │+          ),
[INFO] [stdout]         143 │+          parameters: [],
[INFO] [stdout]         144 │+        ),
[INFO] [stdout]         145 │+      ],
[INFO] [stdout]         146 │+    ),
[INFO] [stdout]         147 │+  },
[INFO] [stdout]         148 │+  services: {
[INFO] [stdout]         149 │+    "Abcd": Service(
[INFO] [stdout]         150 │+      dependencies: [
[INFO] [stdout]         151 │+        Dependency(
[INFO] [stdout]         152 │+          name: Namespace(
[INFO] [stdout]         153 │+            components: [
[INFO] [stdout]         154 │+              "some",
[INFO] [stdout]         155 │+              "other",
[INFO] [stdout]         156 │+              "Service",
[INFO] [stdout]         157 │+            ],
[INFO] [stdout]         158 │+          ),
[INFO] [stdout]         159 │+          attributes: [
[INFO] [stdout]         160 │+            Attribute(
[INFO] [stdout]         161 │+              name: Namespace(
[INFO] [stdout]         162 │+                components: [
[INFO] [stdout]         163 │+                  "test",
[INFO] [stdout]         164 │+                ],
[INFO] [stdout]         165 │+              ),
[INFO] [stdout]         166 │+              parameters: [],
[INFO] [stdout]         167 │+            ),
[INFO] [stdout]         168 │+          ],
[INFO] [stdout]         169 │+        ),
[INFO] [stdout]         170 │+      ],
[INFO] [stdout]         171 │+      functions: {
[INFO] [stdout]         172 │+        "read_file": Function(
[INFO] [stdout]         173 │+          arguments: {
[INFO] [stdout]         174 │+            "path": NameTypePair(
[INFO] [stdout]         175 │+              typ: Namespace(
[INFO] [stdout]         176 │+                components: [
[INFO] [stdout]         177 │+                  "Path",
[INFO] [stdout]         178 │+                ],
[INFO] [stdout]         179 │+              ),
[INFO] [stdout]         180 │+              attributes: [],
[INFO] [stdout]         181 │+            ),
[INFO] [stdout]         182 │+          },
[INFO] [stdout]         183 │+          return_type: Some(Namespace(
[INFO] [stdout]         184 │+            components: [
[INFO] [stdout]         185 │+              "String",
[INFO] [stdout]         186 │+            ],
[INFO] [stdout]         187 │+          )),
[INFO] [stdout]         188 │+          attributes: [
[INFO] [stdout]         189 │+            Attribute(
[INFO] [stdout]         190 │+              name: Namespace(
[INFO] [stdout]         191 │+                components: [
[INFO] [stdout]         192 │+                  "throws",
[INFO] [stdout]         193 │+                ],
[INFO] [stdout]         194 │+              ),
[INFO] [stdout]         195 │+              parameters: [
[INFO] [stdout]         196 │+                Parameter(
[INFO] [stdout]         197 │+                  name: "Error",
[INFO] [stdout]         198 │+                  value: None,
[INFO] [stdout]         199 │+                ),
[INFO] [stdout]         200 │+              ],
[INFO] [stdout]         201 │+            ),
[INFO] [stdout]         202 │+          ],
[INFO] [stdout]         203 │+        ),
[INFO] [stdout]         204 │+        "test": Function(
[INFO] [stdout]         205 │+          arguments: {
[INFO] [stdout]         206 │+            "f": NameTypePair(
[INFO] [stdout]         207 │+              typ: Namespace(
[INFO] [stdout]         208 │+                components: [
[INFO] [stdout]         209 │+                  "f32",
[INFO] [stdout]         210 │+                ],
[INFO] [stdout]         211 │+              ),
[INFO] [stdout]         212 │+              attributes: [],
[INFO] [stdout]         213 │+            ),
[INFO] [stdout]         214 │+            "i": NameTypePair(
[INFO] [stdout]         215 │+              typ: Namespace(
[INFO] [stdout]         216 │+                components: [
[INFO] [stdout]         217 │+                  "i32",
[INFO] [stdout]         218 │+                ],
[INFO] [stdout]         219 │+              ),
[INFO] [stdout]         220 │+              attributes: [
[INFO] [stdout]         221 │+                Attribute(
[INFO] [stdout]         222 │+                  name: Namespace(
[INFO] [stdout]         223 │+                    components: [
[INFO] [stdout]         224 │+                      "whatever",
[INFO] [stdout]         225 │+                    ],
[INFO] [stdout]         226 │+                  ),
[INFO] [stdout]         227 │+                  parameters: [],
[INFO] [stdout]         228 │+                ),
[INFO] [stdout]         229 │+              ],
[INFO] [stdout]         230 │+            ),
[INFO] [stdout]         231 │+          },
[INFO] [stdout]         232 │+          return_type: Some(Namespace(
[INFO] [stdout]         233 │+            components: [
[INFO] [stdout]         234 │+              "String",
[INFO] [stdout]         235 │+            ],
[INFO] [stdout]         236 │+          )),
[INFO] [stdout]         237 │+          attributes: [],
[INFO] [stdout]         238 │+        ),
[INFO] [stdout]         239 │+      },
[INFO] [stdout]         240 │+      events: {
[INFO] [stdout]         241 │+        "some_event": Event(
[INFO] [stdout]         242 │+          arguments: {
[INFO] [stdout]         243 │+            "f": NameTypePair(
[INFO] [stdout]         244 │+              typ: Namespace(
[INFO] [stdout]         245 │+                components: [
[INFO] [stdout]         246 │+                  "f32",
[INFO] [stdout]         247 │+                ],
[INFO] [stdout]         248 │+              ),
[INFO] [stdout]         249 │+              attributes: [],
[INFO] [stdout]         250 │+            ),
[INFO] [stdout]         251 │+            "i": NameTypePair(
[INFO] [stdout]         252 │+              typ: Namespace(
[INFO] [stdout]         253 │+                components: [
[INFO] [stdout]         254 │+                  "i32",
[INFO] [stdout]         255 │+                ],
[INFO] [stdout]         256 │+              ),
[INFO] [stdout]         257 │+              attributes: [],
[INFO] [stdout]         258 │+            ),
[INFO] [stdout]         259 │+          },
[INFO] [stdout]         260 │+          attributes: [],
[INFO] [stdout]         261 │+        ),
[INFO] [stdout]         262 │+      },
[INFO] [stdout]         263 │+      attributes: [
[INFO] [stdout]         264 │+        Attribute(
[INFO] [stdout]         265 │+          name: Namespace(
[INFO] [stdout]         266 │+            components: [
[INFO] [stdout]         267 │+              "test",
[INFO] [stdout]         268 │+            ],
[INFO] [stdout]         269 │+          ),
[INFO] [stdout]         270 │+          parameters: [],
[INFO] [stdout]         271 │+        ),
[INFO] [stdout]         272 │+      ],
[INFO] [stdout]         273 │+    ),
[INFO] [stdout]         274 │+  },
[INFO] [stdout]         275 │+)
[INFO] [stdout] ────────────┴───────────────────────────────────────────────────────────────────
[INFO] [stdout] thread 'parser::test_simple' panicked at src/parser.rs:450:5:
[INFO] [stdout] called `Result::unwrap()` on an `Err` value: Os { code: 30, kind: ReadOnlyFilesystem, message: "Read-only file system" }
[INFO] [stdout] stack backtrace:
[INFO] [stdout]    0:     0x561c141902fc - std::backtrace_rs::backtrace::libunwind::trace::ha637c64ce894333a
[INFO] [stdout]                                at /rustc/82e1608dfa6e0b5569232559e3d385fea5a93112/library/std/src/../../backtrace/src/backtrace/libunwind.rs:104:5
[INFO] [stdout]    1:     0x561c141902fc - std::backtrace_rs::backtrace::trace_unsynchronized::h47f62dea28e0c88d
[INFO] [stdout]                                at /rustc/82e1608dfa6e0b5569232559e3d385fea5a93112/library/std/src/../../backtrace/src/backtrace/mod.rs:66:5
[INFO] [stdout]    2:     0x561c141902fc - std::sys_common::backtrace::_print_fmt::h9eef0abe20ede486
[INFO] [stdout]                                at /rustc/82e1608dfa6e0b5569232559e3d385fea5a93112/library/std/src/sys_common/backtrace.rs:67:5
[INFO] [stdout]    3:     0x561c141902fc - <std::sys_common::backtrace::_print::DisplayBacktrace as core::fmt::Display>::fmt::hed7f999df88cc644
[INFO] [stdout]                                at /rustc/82e1608dfa6e0b5569232559e3d385fea5a93112/library/std/src/sys_common/backtrace.rs:44:22
[INFO] [stdout]    4:     0x561c141bc100 - core::fmt::rt::Argument::fmt::h1539a9308b8d058d
[INFO] [stdout]                                at /rustc/82e1608dfa6e0b5569232559e3d385fea5a93112/library/core/src/fmt/rt.rs:142:9
[INFO] [stdout]    5:     0x561c141bc100 - core::fmt::write::h3a39390d8560d9c9
[INFO] [stdout]                                at /rustc/82e1608dfa6e0b5569232559e3d385fea5a93112/library/core/src/fmt/mod.rs:1120:17
[INFO] [stdout]    6:     0x561c1418d1af - std::io::Write::write_fmt::h040b369f3a0f9cbc
[INFO] [stdout]                                at /rustc/82e1608dfa6e0b5569232559e3d385fea5a93112/library/std/src/io/mod.rs:1762:15
[INFO] [stdout]    7:     0x561c141900e4 - std::sys_common::backtrace::_print::h894006fb5c6f3d45
[INFO] [stdout]                                at /rustc/82e1608dfa6e0b5569232559e3d385fea5a93112/library/std/src/sys_common/backtrace.rs:47:5
[INFO] [stdout]    8:     0x561c141900e4 - std::sys_common::backtrace::print::h23a2d212c6fff936
[INFO] [stdout]                                at /rustc/82e1608dfa6e0b5569232559e3d385fea5a93112/library/std/src/sys_common/backtrace.rs:34:9
[INFO] [stdout]    9:     0x561c14191da7 - std::panicking::default_hook::{{closure}}::h8a1d2ee00185001a
[INFO] [stdout]   10:     0x561c14191a93 - std::panicking::default_hook::h6038f2eba384e475
[INFO] [stdout]                                at /rustc/82e1608dfa6e0b5569232559e3d385fea5a93112/library/std/src/panicking.rs:289:9
[INFO] [stdout]   11:     0x561c13fcff97 - <alloc::boxed::Box<F,A> as core::ops::function::Fn<Args>>::call::h0ad024c9bdc6d768
[INFO] [stdout]                                at /rustc/82e1608dfa6e0b5569232559e3d385fea5a93112/library/alloc/src/boxed.rs:2021:9
[INFO] [stdout]   12:     0x561c13fcff97 - test::test_main::{{closure}}::h7500b54257359db6
[INFO] [stdout]                                at /rustc/82e1608dfa6e0b5569232559e3d385fea5a93112/library/test/src/lib.rs:138:21
[INFO] [stdout]   13:     0x561c141923b8 - <alloc::boxed::Box<F,A> as core::ops::function::Fn<Args>>::call::h1f8f335eaa9cfaee
[INFO] [stdout]                                at /rustc/82e1608dfa6e0b5569232559e3d385fea5a93112/library/alloc/src/boxed.rs:2021:9
[INFO] [stdout]   14:     0x561c141923b8 - std::panicking::rust_panic_with_hook::h2b5517d590cab22e
[INFO] [stdout]                                at /rustc/82e1608dfa6e0b5569232559e3d385fea5a93112/library/std/src/panicking.rs:783:13
[INFO] [stdout]   15:     0x561c1419210e - std::panicking::begin_panic_handler::{{closure}}::h233112c06e0ef43e
[INFO] [stdout]                                at /rustc/82e1608dfa6e0b5569232559e3d385fea5a93112/library/std/src/panicking.rs:657:13
[INFO] [stdout]   16:     0x561c141907c6 - std::sys_common::backtrace::__rust_end_short_backtrace::h6e893f24d7ebbff8
[INFO] [stdout]                                at /rustc/82e1608dfa6e0b5569232559e3d385fea5a93112/library/std/src/sys_common/backtrace.rs:170:18
[INFO] [stdout]   17:     0x561c14191e72 - rust_begin_unwind
[INFO] [stdout]                                at /rustc/82e1608dfa6e0b5569232559e3d385fea5a93112/library/std/src/panicking.rs:645:5
[INFO] [stdout]   18:     0x561c13d8f365 - core::panicking::panic_fmt::hbf0e066aabfa482c
[INFO] [stdout]                                at /rustc/82e1608dfa6e0b5569232559e3d385fea5a93112/library/core/src/panicking.rs:72:14
[INFO] [stdout]   19:     0x561c13d8f933 - core::result::unwrap_failed::hddb4fea594200c52
[INFO] [stdout]                                at /rustc/82e1608dfa6e0b5569232559e3d385fea5a93112/library/core/src/result.rs:1653:5
[INFO] [stdout]   20:     0x561c13ddbdfc - core::result::Result<T,E>::unwrap::h1b31e7e6fd74710c
[INFO] [stdout]                                at /rustc/82e1608dfa6e0b5569232559e3d385fea5a93112/library/core/src/result.rs:1077:23
[INFO] [stdout]   21:     0x561c13df1649 - ssd::parser::test_simple::h3e2c1397f4ee9577
[INFO] [stdout]                                at /opt/rustwide/workdir/src/parser.rs:450:5
[INFO] [stdout]   22:     0x561c13df12b7 - ssd::parser::test_simple::{{closure}}::h1a4605d40e1cc753
[INFO] [stdout]                                at /opt/rustwide/workdir/src/parser.rs:449:17
[INFO] [stdout]   23:     0x561c13e1c2b6 - core::ops::function::FnOnce::call_once::h244d77ae9c25e222
[INFO] [stdout]                                at /rustc/82e1608dfa6e0b5569232559e3d385fea5a93112/library/core/src/ops/function.rs:250:5
[INFO] [stdout]   24:     0x561c13fd55ef - core::ops::function::FnOnce::call_once::h2b5d431d5046312d
[INFO] [stdout]                                at /rustc/82e1608dfa6e0b5569232559e3d385fea5a93112/library/core/src/ops/function.rs:250:5
[INFO] [stdout]   25:     0x561c13fd55ef - test::__rust_begin_short_backtrace::h7714669af176e207
[INFO] [stdout]                                at /rustc/82e1608dfa6e0b5569232559e3d385fea5a93112/library/test/src/lib.rs:628:18
[INFO] [stdout]   26:     0x561c13fd4605 - test::run_test_in_process::{{closure}}::h85218797dcbcec12
[INFO] [stdout]                                at /rustc/82e1608dfa6e0b5569232559e3d385fea5a93112/library/test/src/lib.rs:651:60
[INFO] [stdout]   27:     0x561c13fd4605 - <core::panic::unwind_safe::AssertUnwindSafe<F> as core::ops::function::FnOnce<()>>::call_once::h76c106ea31c14d7b
[INFO] [stdout]                                at /rustc/82e1608dfa6e0b5569232559e3d385fea5a93112/library/core/src/panic/unwind_safe.rs:272:9
[INFO] [stdout]   28:     0x561c13fd4605 - std::panicking::try::do_call::h3bd5d0f6620ee946
[INFO] [stdout]                                at /rustc/82e1608dfa6e0b5569232559e3d385fea5a93112/library/std/src/panicking.rs:552:40
[INFO] [stdout]   29:     0x561c13fd4605 - std::panicking::try::h232e535e4744fe31
[INFO] [stdout]                                at /rustc/82e1608dfa6e0b5569232559e3d385fea5a93112/library/std/src/panicking.rs:516:19
[INFO] [stdout]   30:     0x561c13fd4605 - std::panic::catch_unwind::h3ce3bd6ca8dbac68
[INFO] [stdout]                                at /rustc/82e1608dfa6e0b5569232559e3d385fea5a93112/library/std/src/panic.rs:142:14
[INFO] [stdout]   31:     0x561c13fd4605 - test::run_test_in_process::hc97b257c9621286a
[INFO] [stdout]                                at /rustc/82e1608dfa6e0b5569232559e3d385fea5a93112/library/test/src/lib.rs:651:27
[INFO] [stdout]   32:     0x561c13fd4605 - test::run_test::{{closure}}::h2aa798823a438d38
[INFO] [stdout]                                at /rustc/82e1608dfa6e0b5569232559e3d385fea5a93112/library/test/src/lib.rs:574:43
[INFO] [stdout]   33:     0x561c13f9c8c6 - test::run_test::{{closure}}::h87d231c78fb59832
[INFO] [stdout]                                at /rustc/82e1608dfa6e0b5569232559e3d385fea5a93112/library/test/src/lib.rs:602:41
[INFO] [stdout]   34:     0x561c13f9c8c6 - std::sys_common::backtrace::__rust_begin_short_backtrace::he6df152596625789
[INFO] [stdout]                                at /rustc/82e1608dfa6e0b5569232559e3d385fea5a93112/library/std/src/sys_common/backtrace.rs:154:18
[INFO] [stdout]   35:     0x561c13fa1977 - std::thread::Builder::spawn_unchecked_::{{closure}}::{{closure}}::ha94be15d1e0acf36
[INFO] [stdout]                                at /rustc/82e1608dfa6e0b5569232559e3d385fea5a93112/library/std/src/thread/mod.rs:529:17
[INFO] [stdout]   36:     0x561c13fa1977 - <core::panic::unwind_safe::AssertUnwindSafe<F> as core::ops::function::FnOnce<()>>::call_once::h9dc6bd6372f16606
[INFO] [stdout]                                at /rustc/82e1608dfa6e0b5569232559e3d385fea5a93112/library/core/src/panic/unwind_safe.rs:272:9
[INFO] [stdout]   37:     0x561c13fa1977 - std::panicking::try::do_call::h9057517f80303cd4
[INFO] [stdout]                                at /rustc/82e1608dfa6e0b5569232559e3d385fea5a93112/library/std/src/panicking.rs:552:40
[INFO] [stdout]   38:     0x561c13fa1977 - std::panicking::try::he3a30b11ee45340c
[INFO] [stdout]                                at /rustc/82e1608dfa6e0b5569232559e3d385fea5a93112/library/std/src/panicking.rs:516:19
[INFO] [stdout]   39:     0x561c13fa1977 - std::panic::catch_unwind::h410458cfd3528b8b
[INFO] [stdout]                                at /rustc/82e1608dfa6e0b5569232559e3d385fea5a93112/library/std/src/panic.rs:142:14
[INFO] [stdout]   40:     0x561c13fa1977 - std::thread::Builder::spawn_unchecked_::{{closure}}::h72ac3bdb567b737b
[INFO] [stdout]                                at /rustc/82e1608dfa6e0b5569232559e3d385fea5a93112/library/std/src/thread/mod.rs:528:30
[INFO] [stdout]   41:     0x561c13fa1977 - core::ops::function::FnOnce::call_once{{vtable.shim}}::h38f34da3654a8344
[INFO] [stdout]                                at /rustc/82e1608dfa6e0b5569232559e3d385fea5a93112/library/core/src/ops/function.rs:250:5
[INFO] [stdout]   42:     0x561c14197135 - <alloc::boxed::Box<F,A> as core::ops::function::FnOnce<Args>>::call_once::hc7eafaff61e32df9
[INFO] [stdout]                                at /rustc/82e1608dfa6e0b5569232559e3d385fea5a93112/library/alloc/src/boxed.rs:2007:9
[INFO] [stdout]   43:     0x561c14197135 - <alloc::boxed::Box<F,A> as core::ops::function::FnOnce<Args>>::call_once::h6ba4a5de48dd2304
[INFO] [stdout]                                at /rustc/82e1608dfa6e0b5569232559e3d385fea5a93112/library/alloc/src/boxed.rs:2007:9
[INFO] [stdout]   44:     0x561c14197135 - std::sys::unix::thread::Thread::new::thread_start::he469335aef763e45
[INFO] [stdout]                                at /rustc/82e1608dfa6e0b5569232559e3d385fea5a93112/library/std/src/sys/unix/thread.rs:108:17
[INFO] [stdout]   45:     0x7fcace293ac3 - <unknown>
[INFO] [stdout]   46:     0x7fcace324bf4 - __clone
[INFO] [stdout]   47:                0x0 - <unknown>
[INFO] [stdout] 
[INFO] [stdout] 
[INFO] [stdout] failures:
[INFO] [stdout]     parser::test_simple
[INFO] [stdout] 
[INFO] [stdout] test result: FAILED. 0 passed; 1 failed; 0 ignored; 0 measured; 0 filtered out; finished in 0.76s
[INFO] [stdout] 
[INFO] [stderr] [0merror: test failed, to rerun pass `--lib`
[INFO] running `Command { std: "docker" "inspect" "df8e3193b648a8fa6e118c58809f1beab067fb0d3ab1d45ec4ad20685dd0a8bf", kill_on_drop: false }`
[INFO] running `Command { std: "docker" "rm" "-f" "df8e3193b648a8fa6e118c58809f1beab067fb0d3ab1d45ec4ad20685dd0a8bf", kill_on_drop: false }`
[INFO] [stdout] df8e3193b648a8fa6e118c58809f1beab067fb0d3ab1d45ec4ad20685dd0a8bf
