[INFO] fetching crate sscanf 0.4.1...
[INFO] testing sscanf-0.4.1 against 1.75.0 for beta-1.76-1
[INFO] extracting crate sscanf 0.4.1 into /workspace/builds/worker-3-tc1/source
[INFO] validating manifest of crates.io crate sscanf 0.4.1 on toolchain 1.75.0
[INFO] running `Command { std: CARGO_HOME="/workspace/cargo-home" RUSTUP_HOME="/workspace/rustup-home" "/workspace/cargo-home/bin/cargo" "+1.75.0" "metadata" "--manifest-path" "Cargo.toml" "--no-deps", kill_on_drop: false }`
[INFO] started tweaking crates.io crate sscanf 0.4.1
[INFO] finished tweaking crates.io crate sscanf 0.4.1
[INFO] tweaked toml for crates.io crate sscanf 0.4.1 written to /workspace/builds/worker-3-tc1/source/Cargo.toml
[INFO] running `Command { std: CARGO_HOME="/workspace/cargo-home" RUSTUP_HOME="/workspace/rustup-home" "/workspace/cargo-home/bin/cargo" "+1.75.0" "generate-lockfile" "--manifest-path" "Cargo.toml", kill_on_drop: false }`
[INFO] [stderr]     Updating crates.io index
[INFO] running `Command { std: CARGO_HOME="/workspace/cargo-home" RUSTUP_HOME="/workspace/rustup-home" "/workspace/cargo-home/bin/cargo" "+1.75.0" "fetch" "--manifest-path" "Cargo.toml", kill_on_drop: false }`
[INFO] [stderr]  Downloading crates ...
[INFO] [stderr]   Downloaded sscanf_macro v0.4.1
[INFO] running `Command { std: "docker" "create" "-v" "/var/lib/crater-agent-workspace/builds/worker-3-tc1/target:/opt/rustwide/target:rw,Z" "-v" "/var/lib/crater-agent-workspace/builds/worker-3-tc1/source:/opt/rustwide/workdir:ro,Z" "-v" "/var/lib/crater-agent-workspace/cargo-home:/opt/rustwide/cargo-home:ro,Z" "-v" "/var/lib/crater-agent-workspace/rustup-home:/opt/rustwide/rustup-home:ro,Z" "-e" "SOURCE_DIR=/opt/rustwide/workdir" "-e" "CARGO_TARGET_DIR=/opt/rustwide/target" "-e" "CARGO_HOME=/opt/rustwide/cargo-home" "-e" "RUSTUP_HOME=/opt/rustwide/rustup-home" "-w" "/opt/rustwide/workdir" "-m" "1610612736" "--user" "0:0" "--network" "none" "ghcr.io/rust-lang/crates-build-env/linux@sha256:2788e3201cd34a07e3172128adcd8b3090168a8e3bcc40d7c032b9dda1df7d1c" "/opt/rustwide/cargo-home/bin/cargo" "+1.75.0" "metadata" "--no-deps" "--format-version=1", kill_on_drop: false }`
[INFO] [stdout] 5d5cebf6d2a315c86069746824fd042363c22fb0f2a245e4d77d7c0221043cc8
[INFO] running `Command { std: "docker" "start" "-a" "5d5cebf6d2a315c86069746824fd042363c22fb0f2a245e4d77d7c0221043cc8", kill_on_drop: false }`
[INFO] running `Command { std: "docker" "inspect" "5d5cebf6d2a315c86069746824fd042363c22fb0f2a245e4d77d7c0221043cc8", kill_on_drop: false }`
[INFO] running `Command { std: "docker" "rm" "-f" "5d5cebf6d2a315c86069746824fd042363c22fb0f2a245e4d77d7c0221043cc8", kill_on_drop: false }`
[INFO] [stdout] 5d5cebf6d2a315c86069746824fd042363c22fb0f2a245e4d77d7c0221043cc8
[INFO] running `Command { std: "docker" "create" "-v" "/var/lib/crater-agent-workspace/builds/worker-3-tc1/target:/opt/rustwide/target:rw,Z" "-v" "/var/lib/crater-agent-workspace/builds/worker-3-tc1/source:/opt/rustwide/workdir:ro,Z" "-v" "/var/lib/crater-agent-workspace/cargo-home:/opt/rustwide/cargo-home:ro,Z" "-v" "/var/lib/crater-agent-workspace/rustup-home:/opt/rustwide/rustup-home:ro,Z" "-e" "SOURCE_DIR=/opt/rustwide/workdir" "-e" "CARGO_TARGET_DIR=/opt/rustwide/target" "-e" "CARGO_INCREMENTAL=0" "-e" "RUST_BACKTRACE=full" "-e" "RUSTFLAGS=--cap-lints=warn" "-e" "RUSTDOCFLAGS=--cap-lints=warn" "-e" "CARGO_HOME=/opt/rustwide/cargo-home" "-e" "RUSTUP_HOME=/opt/rustwide/rustup-home" "-w" "/opt/rustwide/workdir" "-m" "1610612736" "--user" "0:0" "--network" "none" "ghcr.io/rust-lang/crates-build-env/linux@sha256:2788e3201cd34a07e3172128adcd8b3090168a8e3bcc40d7c032b9dda1df7d1c" "/opt/rustwide/cargo-home/bin/cargo" "+1.75.0" "build" "--frozen" "--message-format=json", kill_on_drop: false }`
[INFO] [stdout] 4c52ad3e2c49eb652586db1738ba3e6e2383d4f24f6afeaff810a58a911084c7
[INFO] running `Command { std: "docker" "start" "-a" "4c52ad3e2c49eb652586db1738ba3e6e2383d4f24f6afeaff810a58a911084c7", kill_on_drop: false }`
[INFO] [stderr]    Compiling proc-macro2 v1.0.75
[INFO] [stderr]    Compiling unicode-ident v1.0.12
[INFO] [stderr]    Compiling memchr v2.7.1
[INFO] [stderr]    Compiling unicode-segmentation v1.10.1
[INFO] [stderr]    Compiling unicode-xid v0.2.4
[INFO] [stderr]    Compiling regex-syntax v0.8.2
[INFO] [stderr]    Compiling regex-syntax v0.6.29
[INFO] [stderr]    Compiling strsim v0.10.0
[INFO] [stderr]    Compiling unicode-width v0.1.11
[INFO] [stderr]    Compiling convert_case v0.6.0
[INFO] [stderr]    Compiling aho-corasick v1.1.2
[INFO] [stderr]    Compiling quote v1.0.35
[INFO] [stderr]    Compiling syn v2.0.48
[INFO] [stderr]    Compiling const_format_proc_macros v0.2.32
[INFO] [stderr]    Compiling const_format v0.2.32
[INFO] [stderr]    Compiling regex-automata v0.4.3
[INFO] [stderr]    Compiling sscanf_macro v0.4.1
[INFO] [stderr]    Compiling regex v1.10.2
[INFO] [stderr]    Compiling sscanf v0.4.1 (/opt/rustwide/workdir)
[INFO] [stderr]     Finished dev [unoptimized + debuginfo] target(s) in 3.90s
[INFO] running `Command { std: "docker" "inspect" "4c52ad3e2c49eb652586db1738ba3e6e2383d4f24f6afeaff810a58a911084c7", kill_on_drop: false }`
[INFO] running `Command { std: "docker" "rm" "-f" "4c52ad3e2c49eb652586db1738ba3e6e2383d4f24f6afeaff810a58a911084c7", kill_on_drop: false }`
[INFO] [stdout] 4c52ad3e2c49eb652586db1738ba3e6e2383d4f24f6afeaff810a58a911084c7
[INFO] running `Command { std: "docker" "create" "-v" "/var/lib/crater-agent-workspace/builds/worker-3-tc1/target:/opt/rustwide/target:rw,Z" "-v" "/var/lib/crater-agent-workspace/builds/worker-3-tc1/source:/opt/rustwide/workdir:ro,Z" "-v" "/var/lib/crater-agent-workspace/cargo-home:/opt/rustwide/cargo-home:ro,Z" "-v" "/var/lib/crater-agent-workspace/rustup-home:/opt/rustwide/rustup-home:ro,Z" "-e" "SOURCE_DIR=/opt/rustwide/workdir" "-e" "CARGO_TARGET_DIR=/opt/rustwide/target" "-e" "CARGO_INCREMENTAL=0" "-e" "RUST_BACKTRACE=full" "-e" "RUSTFLAGS=--cap-lints=warn" "-e" "RUSTDOCFLAGS=--cap-lints=warn" "-e" "CARGO_HOME=/opt/rustwide/cargo-home" "-e" "RUSTUP_HOME=/opt/rustwide/rustup-home" "-w" "/opt/rustwide/workdir" "-m" "1610612736" "--user" "0:0" "--network" "none" "ghcr.io/rust-lang/crates-build-env/linux@sha256:2788e3201cd34a07e3172128adcd8b3090168a8e3bcc40d7c032b9dda1df7d1c" "/opt/rustwide/cargo-home/bin/cargo" "+1.75.0" "test" "--frozen" "--no-run" "--message-format=json", kill_on_drop: false }`
[INFO] [stdout] 0906ec71fabc5e07f65269e182bf93b26e190d07e8b58974f88c733ee5dac09b
[INFO] running `Command { std: "docker" "start" "-a" "0906ec71fabc5e07f65269e182bf93b26e190d07e8b58974f88c733ee5dac09b", kill_on_drop: false }`
[INFO] [stderr]    Compiling serde v1.0.194
[INFO] [stderr]    Compiling serde_json v1.0.111
[INFO] [stderr]    Compiling semver v1.0.21
[INFO] [stderr]    Compiling trybuild v1.0.87
[INFO] [stderr]    Compiling ryu v1.0.16
[INFO] [stderr]    Compiling thiserror v1.0.56
[INFO] [stderr]    Compiling itoa v1.0.10
[INFO] [stderr]    Compiling glob v0.3.1
[INFO] [stderr]    Compiling once_cell v1.19.0
[INFO] [stderr]    Compiling termcolor v1.4.0
[INFO] [stderr]    Compiling thiserror-impl v1.0.56
[INFO] [stderr]    Compiling serde_derive v1.0.194
[INFO] [stderr]    Compiling rustc_version v0.4.0
[INFO] [stderr]    Compiling basic-toml v0.1.8
[INFO] [stderr]    Compiling sscanf v0.4.1 (/opt/rustwide/workdir)
[INFO] [stderr]     Finished test [unoptimized + debuginfo] target(s) in 6.81s
[INFO] running `Command { std: "docker" "inspect" "0906ec71fabc5e07f65269e182bf93b26e190d07e8b58974f88c733ee5dac09b", kill_on_drop: false }`
[INFO] running `Command { std: "docker" "rm" "-f" "0906ec71fabc5e07f65269e182bf93b26e190d07e8b58974f88c733ee5dac09b", kill_on_drop: false }`
[INFO] [stdout] 0906ec71fabc5e07f65269e182bf93b26e190d07e8b58974f88c733ee5dac09b
[INFO] running `Command { std: "docker" "create" "-v" "/var/lib/crater-agent-workspace/builds/worker-3-tc1/target:/opt/rustwide/target:rw,Z" "-v" "/var/lib/crater-agent-workspace/builds/worker-3-tc1/source:/opt/rustwide/workdir:ro,Z" "-v" "/var/lib/crater-agent-workspace/cargo-home:/opt/rustwide/cargo-home:ro,Z" "-v" "/var/lib/crater-agent-workspace/rustup-home:/opt/rustwide/rustup-home:ro,Z" "-e" "SOURCE_DIR=/opt/rustwide/workdir" "-e" "CARGO_TARGET_DIR=/opt/rustwide/target" "-e" "CARGO_INCREMENTAL=0" "-e" "RUST_BACKTRACE=full" "-e" "RUSTFLAGS=--cap-lints=warn" "-e" "RUSTDOCFLAGS=--cap-lints=warn" "-e" "CARGO_HOME=/opt/rustwide/cargo-home" "-e" "RUSTUP_HOME=/opt/rustwide/rustup-home" "-w" "/opt/rustwide/workdir" "-m" "1610612736" "--user" "0:0" "--network" "none" "ghcr.io/rust-lang/crates-build-env/linux@sha256:2788e3201cd34a07e3172128adcd8b3090168a8e3bcc40d7c032b9dda1df7d1c" "/opt/rustwide/cargo-home/bin/cargo" "+1.75.0" "test" "--frozen", kill_on_drop: false }`
[INFO] [stdout] edb94f2147365be9fdafe62b7564373240958d8183012e2ecad26d8de20da5a2
[INFO] running `Command { std: "docker" "start" "-a" "edb94f2147365be9fdafe62b7564373240958d8183012e2ecad26d8de20da5a2", kill_on_drop: false }`
[INFO] [stderr]     Finished test [unoptimized + debuginfo] target(s) in 0.02s
[INFO] [stderr]      Running unittests src/lib.rs (/opt/rustwide/target/debug/deps/sscanf-f3d881c91f7c6f73)
[INFO] [stdout] 
[INFO] [stdout] running 1 test
[INFO] [stdout] test regex_representation::no_capture_groups ... ok
[INFO] [stdout] 
[INFO] [stdout] test result: ok. 1 passed; 0 failed; 0 ignored; 0 measured; 0 filtered out; finished in 0.12s
[INFO] [stdout] 
[INFO] [stderr]      Running tests/should_panic.rs (/opt/rustwide/target/debug/deps/should_panic-174f005a47f08751)
[INFO] [stdout] 
[INFO] [stdout] running 5 tests
[INFO] [stdout] test invalid_regex_representation - should panic ... ok
[INFO] [stdout] test check_error_regex - should panic ... ok
[INFO] [stdout] test custom_regex_with_capture_group - should panic ... ok
[INFO] [stdout] test check_error_from_str_2 - should panic ... ok
[INFO] [stdout] test check_error_from_str_1 - should panic ... ok
[INFO] [stdout] 
[INFO] [stdout] test result: ok. 5 passed; 0 failed; 0 ignored; 0 measured; 0 filtered out; finished in 0.02s
[INFO] [stdout] 
[INFO] [stderr]      Running tests/test.rs (/opt/rustwide/target/debug/deps/test-7fca45a83580bdca)
[INFO] [stdout] 
[INFO] [stdout] running 35 tests
[INFO] [stdout] test derive::field::generic_default ... ok
[INFO] [stdout] test derive::field::lifetimes_mapped ... ok
[INFO] [stdout] test derive::field::lifetimes ... ok
[INFO] [stdout] test derive::field::generic_from_scanf ... ok
[INFO] [stdout] test derive::field::generic_from_str ... ok
[INFO] [stdout] test derive::r#enum::not_constructible ... ok
[INFO] [stdout] test derive::field::lifetime_static ... ok
[INFO] [stdout] test derive::r#enum::autogen_cases ... ok
[INFO] [stdout] test custom_regex ... ok
[INFO] [stdout] test derive::r#enum::autogen ... ok
[INFO] [stdout] test error_lifetime ... ok
[INFO] [stdout] test config_numbers ... ok
[INFO] [stdout] test derive::field::from ... ok
[INFO] [stdout] test derive::field::defaults ... ok
[INFO] [stdout] test no_types ... ok
[INFO] [stdout] test generic_types ... ok
[INFO] [stdout] test derive::field::mapper ... ok
[INFO] [stdout] test derive::r#struct::auto_indexed ... ok
[INFO] [stdout] test derive::r#struct::indexed ... ok
[INFO] [stdout] test derive::r#struct::tuple_struct ... ok
[INFO] [stdout] test derive::r#struct::basic ... ok
[INFO] [stdout] test get_regex ... ok
[INFO] [stdout] test types::hex_number::hex_number ... ok
[INFO] [stdout] test basic ... ok
[INFO] [stdout] test derive::field::filter_mapper ... ok
[INFO] [stdout] test derive::r#struct::transparent ... ok
[INFO] [stdout] test string_lifetime ... ok
[INFO] [stdout] test derived_from_str ... ok
[INFO] [stdout] test derive::r#enum::transparent ... ok
[INFO] [stdout] test unescaped ... ok
[INFO] [stdout] test derive::r#enum::basic ... ok
[INFO] [stdout] test types::full_f64::full_f64 ... ok
[INFO] [stdout] test types::full_f32::full_f32 ... ok
[INFO] [stdout] test derive::r#enum::order ... ok
[INFO] [stderr]    Compiling proc-macro2 v1.0.75
[INFO] [stderr]    Compiling unicode-ident v1.0.12
[INFO] [stderr]     Checking memchr v2.7.1
[INFO] [stderr]    Compiling unicode-xid v0.2.4
[INFO] [stderr]    Compiling semver v1.0.21
[INFO] [stderr]     Checking regex-syntax v0.8.2
[INFO] [stderr]    Compiling unicode-segmentation v1.10.1
[INFO] [stderr]    Compiling unicode-width v0.1.11
[INFO] [stderr]    Compiling regex-syntax v0.6.29
[INFO] [stderr]    Compiling thiserror v1.0.56
[INFO] [stderr]    Compiling strsim v0.10.0
[INFO] [stderr]     Checking lazy_static v1.4.0
[INFO] [stderr]    Compiling convert_case v0.6.0
[INFO] [stderr]     Checking aho-corasick v1.1.2
[INFO] [stderr]     Checking rustc_version v0.4.0
[INFO] [stderr]    Compiling quote v1.0.35
[INFO] [stderr]    Compiling syn v2.0.48
[INFO] [stderr]    Compiling const_format_proc_macros v0.2.32
[INFO] [stderr]     Checking regex-automata v0.4.3
[INFO] [stderr]     Checking const_format v0.2.32
[INFO] [stderr]     Checking regex v1.10.2
[INFO] [stderr]    Compiling thiserror-impl v1.0.56
[INFO] [stderr]    Compiling sscanf_macro v0.4.1
[INFO] [stderr]     Checking sscanf v0.4.1 (/opt/rustwide/workdir)
[INFO] [stderr]     Checking sscanf-tests v0.0.0 (/opt/rustwide/target/tests/trybuild/sscanf)
[INFO] [stderr]     Finished dev [unoptimized + debuginfo] target(s) in 7.22s
[INFO] [stderr] 
[INFO] [stderr] 
[INFO] [stderr] test tests/fail/derive_enum_attributes.rs ... ok
[INFO] [stderr] test tests/fail/derive_field_attributes.rs ... mismatch
[INFO] [stderr] 
[INFO] [stderr] EXPECTED:
[INFO] [stderr] ┈┈┈┈┈┈┈┈┈┈┈┈┈┈┈┈┈┈┈┈┈┈┈┈┈┈┈┈┈┈┈┈┈┈┈┈┈┈┈┈┈┈┈┈┈┈┈┈┈┈┈┈┈┈┈┈┈┈┈┈
[INFO] [stderr] error: expected an expression after `=`
[INFO] [stderr]  --> tests/fail/derive_field_attributes.rs:3:37
[INFO] [stderr]   |
[INFO] [stderr] 3 | struct TestNoValue(#[sscanf(default =)] u8);
[INFO] [stderr]   |                                     ^
[INFO] [stderr] 
[INFO] [stderr] error: expected `,` or `=`
[INFO] [stderr]  --> tests/fail/derive_field_attributes.rs:7:38
[INFO] [stderr]   |
[INFO] [stderr] 7 | struct TestNoEquals(#[sscanf(default 5)] u8);
[INFO] [stderr]   |                                      ^
[INFO] [stderr] 
[INFO] [stderr] error: expected identifier
[INFO] [stderr]   --> tests/fail/derive_field_attributes.rs:11:29
[INFO] [stderr]    |
[INFO] [stderr] 11 | struct TestNoIdent(#[sscanf(= 5)] u8);
[INFO] [stderr]    |                             ^
[INFO] [stderr] 
[INFO] [stderr] error: attribute `format` can only be used on structs or variants.
[INFO] [stderr]        fields can have the following attributes: `default`, `map`, `filter_map`, `from`, or `try_from`
[INFO] [stderr]   --> tests/fail/derive_field_attributes.rs:15:35
[INFO] [stderr]    |
[INFO] [stderr] 15 | struct TestFormatInField(#[sscanf(format = "")] u8);
[INFO] [stderr]    |                                   ^^^^^^
[INFO] [stderr] 
[INFO] [stderr] error: omitting the attribute name is only valid for the `format` attribute on structs or variants
[INFO] [stderr]   --> tests/fail/derive_field_attributes.rs:19:42
[INFO] [stderr]    |
[INFO] [stderr] 19 | struct TestImpliedFormatInField(#[sscanf("")] u8);
[INFO] [stderr]    |                                          ^^
[INFO] [stderr] 
[INFO] [stderr] error: unknown attribute `bob`. Valid attributes are: `default`, `map`, `filter_map`, `from`, or `try_from`
[INFO] [stderr]   --> tests/fail/derive_field_attributes.rs:23:32
[INFO] [stderr]    |
[INFO] [stderr] 23 | struct TestUnknownArg(#[sscanf(bob = 5)] u8);
[INFO] [stderr]    |                                ^^^
[INFO] [stderr] 
[INFO] [stderr] error: unknown attribute `mao`. Did you mean `map`?
[INFO] [stderr]   --> tests/fail/derive_field_attributes.rs:27:31
[INFO] [stderr]    |
[INFO] [stderr] 27 | struct TestTypoInArg(#[sscanf(mao)] u8);
[INFO] [stderr]    |                               ^^^
[INFO] [stderr] 
[INFO] [stderr] error: unknown attribute `defold`. Did you mean `default`?
[INFO] [stderr]   --> tests/fail/derive_field_attributes.rs:31:36
[INFO] [stderr]    |
[INFO] [stderr] 31 | struct TestMoreTyposInArg(#[sscanf(defold)] u8);
[INFO] [stderr]    |                                    ^^^^^^
[INFO] [stderr] 
[INFO] [stderr] error: attribute `default` is specified multiple times
[INFO] [stderr]   --> tests/fail/derive_field_attributes.rs:35:47
[INFO] [stderr]    |
[INFO] [stderr] 35 | struct TestDuplicateArg(#[sscanf(default = 5, default = 5)] u8);
[INFO] [stderr]    |                                               ^^^^^^^^^^^
[INFO] [stderr] 
[INFO] [stderr] error: previous use here
[INFO] [stderr]   --> tests/fail/derive_field_attributes.rs:35:34
[INFO] [stderr]    |
[INFO] [stderr] 35 | struct TestDuplicateArg(#[sscanf(default = 5, default = 5)] u8);
[INFO] [stderr]    |                                  ^^^^^^^^^^^
[INFO] [stderr] 
[INFO] [stderr] error: attribute `default` is specified multiple times
[INFO] [stderr]   --> tests/fail/derive_field_attributes.rs:39:62
[INFO] [stderr]    |
[INFO] [stderr] 39 | struct TestDuplicateMultiArg(#[sscanf(default = 5)] #[sscanf(default = 5)] u8);
[INFO] [stderr]    |                                                              ^^^^^^^^^^^
[INFO] [stderr] 
[INFO] [stderr] error: previous use here
[INFO] [stderr]   --> tests/fail/derive_field_attributes.rs:39:39
[INFO] [stderr]    |
[INFO] [stderr] 39 | struct TestDuplicateMultiArg(#[sscanf(default = 5)] #[sscanf(default = 5)] u8);
[INFO] [stderr]    |                                       ^^^^^^^^^^^
[INFO] [stderr] 
[INFO] [stderr] error: cannot specify both `default` and `map`
[INFO] [stderr]   --> tests/fail/derive_field_attributes.rs:43:35
[INFO] [stderr]    |
[INFO] [stderr] 43 | struct TestDefaultAndMap(#[sscanf(default = 5, map = |x: usize| { x as u8 })] u8);
[INFO] [stderr]    |                                   ^^^^^^^^^^^
[INFO] [stderr] 
[INFO] [stderr] error: cannot specify both `default` and `map`
[INFO] [stderr]   --> tests/fail/derive_field_attributes.rs:43:48
[INFO] [stderr]    |
[INFO] [stderr] 43 | struct TestDefaultAndMap(#[sscanf(default = 5, map = |x: usize| { x as u8 })] u8);
[INFO] [stderr]    |                                                ^^^^^^^^^^^^^^^^^^^^^^^^^^^^
[INFO] [stderr] 
[INFO] [stderr] error: cannot specify both `default` and `map`
[INFO] [stderr]   --> tests/fail/derive_field_attributes.rs:47:40
[INFO] [stderr]    |
[INFO] [stderr] 47 | struct TestDefaultAndMapMulti(#[sscanf(default = 5)] #[sscanf(map = |x: usize| { x as u8 })] u8);
[INFO] [stderr]    |                                        ^^^^^^^^^^^
[INFO] [stderr] 
[INFO] [stderr] error: cannot specify both `default` and `map`
[INFO] [stderr]   --> tests/fail/derive_field_attributes.rs:47:63
[INFO] [stderr]    |
[INFO] [stderr] 47 | struct TestDefaultAndMapMulti(#[sscanf(default = 5)] #[sscanf(map = |x: usize| { x as u8 })] u8);
[INFO] [stderr]    |                                                               ^^^^^^^^^^^^^^^^^^^^^^^^^^^^
[INFO] [stderr] 
[INFO] [stderr] error: FromScanf: field `0` is not specified in the format string and has no default value. You must specify exactly one of these.
[INFO] [stderr]        The syntax for default values is: `#[sscanf(default)]` to use Default::default() or `#[sscanf(default = ...)]` to provide a custom value.
[INFO] [stderr]   --> tests/fail/derive_field_attributes.rs:51:66
[INFO] [stderr]    |
[INFO] [stderr] 51 | struct TestNoPlaceholder(#[sscanf(map = |x: usize| { x as u8 })] u8);
[INFO] [stderr]    |                                                                  ^^
[INFO] [stderr] 
[INFO] [stderr] error: attribute `map` has the format: `#[sscanf(map = |<arg>: <type>| <conversion>)]`
[INFO] [stderr]        where `<type>` is the type that should be matched against and `<conversion>` converts from `<type>` to `u8`
[INFO] [stderr]   --> tests/fail/derive_field_attributes.rs:55:33
[INFO] [stderr]    |
[INFO] [stderr] 55 | struct TestMapNoAssign(#[sscanf(map)] u8);
[INFO] [stderr]    |                                 ^^^
[INFO] [stderr] 
[INFO] [stderr] error: expected an expression after `=`
[INFO] [stderr]   --> tests/fail/derive_field_attributes.rs:59:36
[INFO] [stderr]    |
[INFO] [stderr] 59 | struct TestMapNoValue(#[sscanf(map =)] u8);
[INFO] [stderr]    |                                    ^
[INFO] [stderr] 
[INFO] [stderr] error: attribute `map` requires a closure like: `|<arg>: <type>| <conversion>`
[INFO] [stderr]        where `<type>` is the type that should be matched against and `<conversion>` converts from `<type>` to `u8`
[INFO] [stderr]   --> tests/fail/derive_field_attributes.rs:63:41
[INFO] [stderr]    |
[INFO] [stderr] 63 | struct TestMapNotClosure(#[sscanf(map = "")] u8);
[INFO] [stderr]    |                                         ^^
[INFO] [stderr] 
[INFO] [stderr] error: attribute `map` requires a closure with exactly one argument
[INFO] [stderr]   --> tests/fail/derive_field_attributes.rs:67:38
[INFO] [stderr]    |
[INFO] [stderr] 67 | struct TestMapNoParam(#[sscanf(map = || { x as u8 })] u8);
[INFO] [stderr]    |                                      ^^
[INFO] [stderr] 
[INFO] [stderr] error: `map` closure has to specify the type of the argument
[INFO] [stderr]   --> tests/fail/derive_field_attributes.rs:71:38
[INFO] [stderr]    |
[INFO] [stderr] 71 | struct TestMapNoType(#[sscanf(map = |x| { x as u8 })] u8);
[INFO] [stderr]    |                                      ^
[INFO] [stderr] 
[INFO] [stderr] error: attribute `map` requires a closure with exactly one argument
[INFO] [stderr]   --> tests/fail/derive_field_attributes.rs:75:51
[INFO] [stderr]    |
[INFO] [stderr] 75 | struct TestMapMoreTypes(#[sscanf(map = |x: usize, y: usize| { x as u8 })] u8);
[INFO] [stderr]    |                                                   ^^^^^^^^
[INFO] [stderr] 
[INFO] [stderr] error: attribute `filter_map` has the format: `#[sscanf(filter_map = |<arg>: <type>| <conversion>)]`
[INFO] [stderr]        where `<type>` is the type that should be matched against and `<conversion>` converts from `<type>` to `Option<u8>`
[INFO] [stderr]   --> tests/fail/derive_field_attributes.rs:83:38
[INFO] [stderr]    |
[INFO] [stderr] 83 | struct TestFilterMapNoValue(#[sscanf(filter_map)] u8);
[INFO] [stderr]    |                                      ^^^^^^^^^^
[INFO] [stderr] 
[INFO] [stderr] error: attribute `from` has the format: `#[sscanf(from = <type>)]`
[INFO] [stderr]        where `<type>` is the type that should be matched against and implements `Into<u8>`
[INFO] [stderr]   --> tests/fail/derive_field_attributes.rs:87:32
[INFO] [stderr]    |
[INFO] [stderr] 87 | struct TestFromNoType(#[sscanf(from)] u8);
[INFO] [stderr]    |                                ^^^^
[INFO] [stderr] 
[INFO] [stderr] error: expected identifier
[INFO] [stderr]   --> tests/fail/derive_field_attributes.rs:91:40
[INFO] [stderr]    |
[INFO] [stderr] 91 | struct TestFromNotType(#[sscanf(from = "")] u8);
[INFO] [stderr]    |                                        ^^
[INFO] [stderr] 
[INFO] [stderr] error: attribute `try_from` has the format: `#[sscanf(try_from = <type>)]`
[INFO] [stderr]        where `<type>` is the type that should be matched against and implements `TryInto<u8>`
[INFO] [stderr]   --> tests/fail/derive_field_attributes.rs:95:35
[INFO] [stderr]    |
[INFO] [stderr] 95 | struct TestTryFromNoType(#[sscanf(try_from)] u8);
[INFO] [stderr]    |                                   ^^^^^^^^
[INFO] [stderr] 
[INFO] [stderr] error[E0308]: mismatched types
[INFO] [stderr]   --> tests/fail/derive_field_attributes.rs:79:65
[INFO] [stderr]    |
[INFO] [stderr] 79 | struct TestFilterMapNoOption(#[sscanf(filter_map = |x: usize| { x as u8 })] u8);
[INFO] [stderr]    |                                                                 ^^^^^^^ expected `Option<u8>`, found `u8`
[INFO] [stderr]    |
[INFO] [stderr]    = note: expected enum `Option<u8>`
[INFO] [stderr]               found type `u8`
[INFO] [stderr] help: try wrapping the expression in `Some`
[INFO] [stderr]    |
[INFO] [stderr] 79 | struct TestFilterMapNoOption(#[sscanf(filter_map = |x: usize| { Some(x as u8) })] u8);
[INFO] [stderr]    |                                                                 +++++       +
[INFO] [stderr] 
[INFO] [stderr] error[E0308]: mismatched types
[INFO] [stderr]    --> tests/fail/derive_field_attributes.rs:102:48
[INFO] [stderr]     |
[INFO] [stderr] 102 | struct TestDefaultWrongType(#[sscanf(default = "")] u8);
[INFO] [stderr]     |                                                ^^ expected `u8`, found `&str`
[INFO] [stderr] 
[INFO] [stderr] error[E0308]: mismatched types
[INFO] [stderr]    --> tests/fail/derive_field_attributes.rs:106:55
[INFO] [stderr]     |
[INFO] [stderr] 106 | struct TestMapWrongReturn(#[sscanf(map = |x: usize| { x })] u8);
[INFO] [stderr]     |                                                       ^ expected `u8`, found `usize`
[INFO] [stderr]     |
[INFO] [stderr] help: you can convert a `usize` to a `u8` and panic if the converted value doesn't fit
[INFO] [stderr]     |
[INFO] [stderr] 106 | struct TestMapWrongReturn(#[sscanf(map = |x: usize| { x.try_into().unwrap() })] u8);
[INFO] [stderr]     |                                                        ++++++++++++++++++++
[INFO] [stderr] 
[INFO] [stderr] error[E0277]: the trait bound `ParseIntError: Default` is not satisfied
[INFO] [stderr]    --> tests/fail/derive_field_attributes.rs:110:48
[INFO] [stderr]     |
[INFO] [stderr] 110 | struct TestDefaultNoDefault(#[sscanf(default)] std::num::ParseIntError);
[INFO] [stderr]     |                                                ^^^^^^^^^^^^^^^^^^^^^^^ the trait `Default` is not implemented for `ParseIntError`
[INFO] [stderr] 
[INFO] [stderr] error[E0277]: the trait bound `u8: From<f32>` is not satisfied
[INFO] [stderr]    --> tests/fail/derive_field_attributes.rs:114:39
[INFO] [stderr]     |
[INFO] [stderr] 114 | struct TestFromNoFrom(#[sscanf(from = f32)] u8);
[INFO] [stderr]     |                                       ^^^ the trait `From<f32>` is not implemented for `u8`
[INFO] [stderr]     |
[INFO] [stderr]     = help: the following other types implement trait `From<T>`:
[INFO] [stderr]               <u8 as From<NonZeroU8>>
[INFO] [stderr]               <u8 as From<bool>>
[INFO] [stderr] ┈┈┈┈┈┈┈┈┈┈┈┈┈┈┈┈┈┈┈┈┈┈┈┈┈┈┈┈┈┈┈┈┈┈┈┈┈┈┈┈┈┈┈┈┈┈┈┈┈┈┈┈┈┈┈┈┈┈┈┈
[INFO] [stderr] 
[INFO] [stderr] ACTUAL OUTPUT:
[INFO] [stderr] ┈┈┈┈┈┈┈┈┈┈┈┈┈┈┈┈┈┈┈┈┈┈┈┈┈┈┈┈┈┈┈┈┈┈┈┈┈┈┈┈┈┈┈┈┈┈┈┈┈┈┈┈┈┈┈┈┈┈┈┈
[INFO] [stderr] error: expected an expression after `=`
[INFO] [stderr]  --> tests/fail/derive_field_attributes.rs:3:37
[INFO] [stderr]   |
[INFO] [stderr] 3 | struct TestNoValue(#[sscanf(default =)] u8);
[INFO] [stderr]   |                                     ^
[INFO] [stderr] 
[INFO] [stderr] error: expected `,` or `=`
[INFO] [stderr]  --> tests/fail/derive_field_attributes.rs:7:38
[INFO] [stderr]   |
[INFO] [stderr] 7 | struct TestNoEquals(#[sscanf(default 5)] u8);
[INFO] [stderr]   |                                      ^
[INFO] [stderr] 
[INFO] [stderr] error: expected identifier
[INFO] [stderr]   --> tests/fail/derive_field_attributes.rs:11:29
[INFO] [stderr]    |
[INFO] [stderr] 11 | struct TestNoIdent(#[sscanf(= 5)] u8);
[INFO] [stderr]    |                             ^
[INFO] [stderr] 
[INFO] [stderr] error: attribute `format` can only be used on structs or variants.
[INFO] [stderr]        fields can have the following attributes: `default`, `map`, `filter_map`, `from`, or `try_from`
[INFO] [stderr]   --> tests/fail/derive_field_attributes.rs:15:35
[INFO] [stderr]    |
[INFO] [stderr] 15 | struct TestFormatInField(#[sscanf(format = "")] u8);
[INFO] [stderr]    |                                   ^^^^^^
[INFO] [stderr] 
[INFO] [stderr] error: omitting the attribute name is only valid for the `format` attribute on structs or variants
[INFO] [stderr]   --> tests/fail/derive_field_attributes.rs:19:42
[INFO] [stderr]    |
[INFO] [stderr] 19 | struct TestImpliedFormatInField(#[sscanf("")] u8);
[INFO] [stderr]    |                                          ^^
[INFO] [stderr] 
[INFO] [stderr] error: unknown attribute `bob`. Valid attributes are: `default`, `map`, `filter_map`, `from`, or `try_from`
[INFO] [stderr]   --> tests/fail/derive_field_attributes.rs:23:32
[INFO] [stderr]    |
[INFO] [stderr] 23 | struct TestUnknownArg(#[sscanf(bob = 5)] u8);
[INFO] [stderr]    |                                ^^^
[INFO] [stderr] 
[INFO] [stderr] error: unknown attribute `mao`. Did you mean `map`?
[INFO] [stderr]   --> tests/fail/derive_field_attributes.rs:27:31
[INFO] [stderr]    |
[INFO] [stderr] 27 | struct TestTypoInArg(#[sscanf(mao)] u8);
[INFO] [stderr]    |                               ^^^
[INFO] [stderr] 
[INFO] [stderr] error: unknown attribute `defold`. Did you mean `default`?
[INFO] [stderr]   --> tests/fail/derive_field_attributes.rs:31:36
[INFO] [stderr]    |
[INFO] [stderr] 31 | struct TestMoreTyposInArg(#[sscanf(defold)] u8);
[INFO] [stderr]    |                                    ^^^^^^
[INFO] [stderr] 
[INFO] [stderr] error: attribute `default` is specified multiple times
[INFO] [stderr]   --> tests/fail/derive_field_attributes.rs:35:47
[INFO] [stderr]    |
[INFO] [stderr] 35 | struct TestDuplicateArg(#[sscanf(default = 5, default = 5)] u8);
[INFO] [stderr]    |                                               ^^^^^^^^^^^
[INFO] [stderr] 
[INFO] [stderr] error: previous use here
[INFO] [stderr]   --> tests/fail/derive_field_attributes.rs:35:34
[INFO] [stderr]    |
[INFO] [stderr] 35 | struct TestDuplicateArg(#[sscanf(default = 5, default = 5)] u8);
[INFO] [stderr]    |                                  ^^^^^^^^^^^
[INFO] [stderr] 
[INFO] [stderr] error: attribute `default` is specified multiple times
[INFO] [stderr]   --> tests/fail/derive_field_attributes.rs:39:62
[INFO] [stderr]    |
[INFO] [stderr] 39 | struct TestDuplicateMultiArg(#[sscanf(default = 5)] #[sscanf(default = 5)] u8);
[INFO] [stderr]    |                                                              ^^^^^^^^^^^
[INFO] [stderr] 
[INFO] [stderr] error: previous use here
[INFO] [stderr]   --> tests/fail/derive_field_attributes.rs:39:39
[INFO] [stderr]    |
[INFO] [stderr] 39 | struct TestDuplicateMultiArg(#[sscanf(default = 5)] #[sscanf(default = 5)] u8);
[INFO] [stderr]    |                                       ^^^^^^^^^^^
[INFO] [stderr] 
[INFO] [stderr] error: cannot specify both `default` and `map`
[INFO] [stderr]   --> tests/fail/derive_field_attributes.rs:43:35
[INFO] [stderr]    |
[INFO] [stderr] 43 | struct TestDefaultAndMap(#[sscanf(default = 5, map = |x: usize| { x as u8 })] u8);
[INFO] [stderr]    |                                   ^^^^^^^^^^^
[INFO] [stderr] 
[INFO] [stderr] error: cannot specify both `default` and `map`
[INFO] [stderr]   --> tests/fail/derive_field_attributes.rs:43:48
[INFO] [stderr]    |
[INFO] [stderr] 43 | struct TestDefaultAndMap(#[sscanf(default = 5, map = |x: usize| { x as u8 })] u8);
[INFO] [stderr]    |                                                ^^^^^^^^^^^^^^^^^^^^^^^^^^^^
[INFO] [stderr] 
[INFO] [stderr] error: cannot specify both `default` and `map`
[INFO] [stderr]   --> tests/fail/derive_field_attributes.rs:47:40
[INFO] [stderr]    |
[INFO] [stderr] 47 | struct TestDefaultAndMapMulti(#[sscanf(default = 5)] #[sscanf(map = |x: usize| { x as u8 })] u8);
[INFO] [stderr]    |                                        ^^^^^^^^^^^
[INFO] [stderr] 
[INFO] [stderr] error: cannot specify both `default` and `map`
[INFO] [stderr]   --> tests/fail/derive_field_attributes.rs:47:63
[INFO] [stderr]    |
[INFO] [stderr] 47 | struct TestDefaultAndMapMulti(#[sscanf(default = 5)] #[sscanf(map = |x: usize| { x as u8 })] u8);
[INFO] [stderr]    |                                                               ^^^^^^^^^^^^^^^^^^^^^^^^^^^^
[INFO] [stderr] 
[INFO] [stderr] error: FromScanf: field `0` is not specified in the format string and has no default value. You must specify exactly one of these.
[INFO] [stderr]        The syntax for default values is: `#[sscanf(default)]` to use Default::default() or `#[sscanf(default = ...)]` to provide a custom value.
[INFO] [stderr]   --> tests/fail/derive_field_attributes.rs:51:66
[INFO] [stderr]    |
[INFO] [stderr] 51 | struct TestNoPlaceholder(#[sscanf(map = |x: usize| { x as u8 })] u8);
[INFO] [stderr]    |                                                                  ^^
[INFO] [stderr] 
[INFO] [stderr] error: attribute `map` has the format: `#[sscanf(map = |<arg>: <type>| <conversion>)]`
[INFO] [stderr]        where `<type>` is the type that should be matched against and `<conversion>` converts from `<type>` to `u8`
[INFO] [stderr]   --> tests/fail/derive_field_attributes.rs:55:33
[INFO] [stderr]    |
[INFO] [stderr] 55 | struct TestMapNoAssign(#[sscanf(map)] u8);
[INFO] [stderr]    |                                 ^^^
[INFO] [stderr] 
[INFO] [stderr] error: expected an expression after `=`
[INFO] [stderr]   --> tests/fail/derive_field_attributes.rs:59:36
[INFO] [stderr]    |
[INFO] [stderr] 59 | struct TestMapNoValue(#[sscanf(map =)] u8);
[INFO] [stderr]    |                                    ^
[INFO] [stderr] 
[INFO] [stderr] error: attribute `map` requires a closure like: `|<arg>: <type>| <conversion>`
[INFO] [stderr]        where `<type>` is the type that should be matched against and `<conversion>` converts from `<type>` to `u8`
[INFO] [stderr]   --> tests/fail/derive_field_attributes.rs:63:41
[INFO] [stderr]    |
[INFO] [stderr] 63 | struct TestMapNotClosure(#[sscanf(map = "")] u8);
[INFO] [stderr]    |                                         ^^
[INFO] [stderr] 
[INFO] [stderr] error: attribute `map` requires a closure with exactly one argument
[INFO] [stderr]   --> tests/fail/derive_field_attributes.rs:67:38
[INFO] [stderr]    |
[INFO] [stderr] 67 | struct TestMapNoParam(#[sscanf(map = || { x as u8 })] u8);
[INFO] [stderr]    |                                      ^^
[INFO] [stderr] 
[INFO] [stderr] error: `map` closure has to specify the type of the argument
[INFO] [stderr]   --> tests/fail/derive_field_attributes.rs:71:38
[INFO] [stderr]    |
[INFO] [stderr] 71 | struct TestMapNoType(#[sscanf(map = |x| { x as u8 })] u8);
[INFO] [stderr]    |                                      ^
[INFO] [stderr] 
[INFO] [stderr] error: attribute `map` requires a closure with exactly one argument
[INFO] [stderr]   --> tests/fail/derive_field_attributes.rs:75:51
[INFO] [stderr]    |
[INFO] [stderr] 75 | struct TestMapMoreTypes(#[sscanf(map = |x: usize, y: usize| { x as u8 })] u8);
[INFO] [stderr]    |                                                   ^^^^^^^^
[INFO] [stderr] 
[INFO] [stderr] error: attribute `filter_map` has the format: `#[sscanf(filter_map = |<arg>: <type>| <conversion>)]`
[INFO] [stderr]        where `<type>` is the type that should be matched against and `<conversion>` converts from `<type>` to `Option<u8>`
[INFO] [stderr]   --> tests/fail/derive_field_attributes.rs:83:38
[INFO] [stderr]    |
[INFO] [stderr] 83 | struct TestFilterMapNoValue(#[sscanf(filter_map)] u8);
[INFO] [stderr]    |                                      ^^^^^^^^^^
[INFO] [stderr] 
[INFO] [stderr] error: attribute `from` has the format: `#[sscanf(from = <type>)]`
[INFO] [stderr]        where `<type>` is the type that should be matched against and implements `Into<u8>`
[INFO] [stderr]   --> tests/fail/derive_field_attributes.rs:87:32
[INFO] [stderr]    |
[INFO] [stderr] 87 | struct TestFromNoType(#[sscanf(from)] u8);
[INFO] [stderr]    |                                ^^^^
[INFO] [stderr] 
[INFO] [stderr] error: expected identifier
[INFO] [stderr]   --> tests/fail/derive_field_attributes.rs:91:40
[INFO] [stderr]    |
[INFO] [stderr] 91 | struct TestFromNotType(#[sscanf(from = "")] u8);
[INFO] [stderr]    |                                        ^^
[INFO] [stderr] 
[INFO] [stderr] error: attribute `try_from` has the format: `#[sscanf(try_from = <type>)]`
[INFO] [stderr]        where `<type>` is the type that should be matched against and implements `TryInto<u8>`
[INFO] [stderr]   --> tests/fail/derive_field_attributes.rs:95:35
[INFO] [stderr]    |
[INFO] [stderr] 95 | struct TestTryFromNoType(#[sscanf(try_from)] u8);
[INFO] [stderr]    |                                   ^^^^^^^^
[INFO] [stderr] 
[INFO] [stderr] error[E0308]: mismatched types
[INFO] [stderr]   --> tests/fail/derive_field_attributes.rs:79:65
[INFO] [stderr]    |
[INFO] [stderr] 79 | struct TestFilterMapNoOption(#[sscanf(filter_map = |x: usize| { x as u8 })] u8);
[INFO] [stderr]    |                                                                 ^^^^^^^ expected `Option<u8>`, found `u8`
[INFO] [stderr]    |
[INFO] [stderr]    = note: expected enum `Option<u8>`
[INFO] [stderr]               found type `u8`
[INFO] [stderr] help: try wrapping the expression in `Some`
[INFO] [stderr]    |
[INFO] [stderr] 79 | struct TestFilterMapNoOption(#[sscanf(filter_map = |x: usize| { Some(x as u8) })] u8);
[INFO] [stderr]    |                                                                 +++++       +
[INFO] [stderr] 
[INFO] [stderr] error[E0308]: mismatched types
[INFO] [stderr]    --> tests/fail/derive_field_attributes.rs:102:48
[INFO] [stderr]     |
[INFO] [stderr] 102 | struct TestDefaultWrongType(#[sscanf(default = "")] u8);
[INFO] [stderr]     |                                                ^^ expected `u8`, found `&str`
[INFO] [stderr] 
[INFO] [stderr] error[E0308]: mismatched types
[INFO] [stderr]    --> tests/fail/derive_field_attributes.rs:106:55
[INFO] [stderr]     |
[INFO] [stderr] 106 | struct TestMapWrongReturn(#[sscanf(map = |x: usize| { x })] u8);
[INFO] [stderr]     |                                                       ^ expected `u8`, found `usize`
[INFO] [stderr]     |
[INFO] [stderr] help: you can convert a `usize` to a `u8` and panic if the converted value doesn't fit
[INFO] [stderr]     |
[INFO] [stderr] 106 | struct TestMapWrongReturn(#[sscanf(map = |x: usize| { x.try_into().unwrap() })] u8);
[INFO] [stderr]     |                                                        ++++++++++++++++++++
[INFO] [stderr] 
[INFO] [stderr] error[E0277]: the trait bound `ParseIntError: Default` is not satisfied
[INFO] [stderr]    --> tests/fail/derive_field_attributes.rs:110:48
[INFO] [stderr]     |
[INFO] [stderr] 110 | struct TestDefaultNoDefault(#[sscanf(default)] std::num::ParseIntError);
[INFO] [stderr]     |                                                ^^^^^^^^^^^^^^^^^^^^^^^ the trait `Default` is not implemented for `ParseIntError`
[INFO] [stderr] 
[INFO] [stderr] error[E0277]: the trait bound `u8: From<f32>` is not satisfied
[INFO] [stderr]    --> tests/fail/derive_field_attributes.rs:114:39
[INFO] [stderr]     |
[INFO] [stderr] 114 | struct TestFromNoFrom(#[sscanf(from = f32)] u8);
[INFO] [stderr]     |                                       ^^^ the trait `From<f32>` is not implemented for `u8`
[INFO] [stderr]     |
[INFO] [stderr]     = help: the following other types implement trait `From<T>`:
[INFO] [stderr]               <u8 as From<bool>>
[INFO] [stderr]               <u8 as From<NonZeroU8>>
[INFO] [stderr] ┈┈┈┈┈┈┈┈┈┈┈┈┈┈┈┈┈┈┈┈┈┈┈┈┈┈┈┈┈┈┈┈┈┈┈┈┈┈┈┈┈┈┈┈┈┈┈┈┈┈┈┈┈┈┈┈┈┈┈┈
[INFO] [stderr] note: If the actual output is the correct output you can bless it by rerunning
[INFO] [stderr]       your test with the environment variable TRYBUILD=overwrite
[INFO] [stderr] 
[INFO] [stderr] test tests/fail/derive_struct_attributes.rs ... ok
[INFO] [stderr] test tests/fail/missing_params.rs ... ok
[INFO] [stderr] test tests/fail/missing_placeholder.rs ... ok
[INFO] [stderr] test tests/fail/stable/derive_placeholders.rs ... ok
[INFO] [stderr] test tests/fail/stable/input_not_str.rs ... ok
[INFO] [stderr] test tests/fail/stable/invalid_custom_regex.rs ... ok
[INFO] [stderr] test tests/fail/stable/invalid_placeholder.rs ... ok
[INFO] [stderr] test tests/fail/stable/invalid_radix_option.rs ... ok
[INFO] [stderr] test tests/fail/stable/invalid_type_in_placeholder.rs ... mismatch
[INFO] [stderr] 
[INFO] [stderr] EXPECTED:
[INFO] [stderr] ┈┈┈┈┈┈┈┈┈┈┈┈┈┈┈┈┈┈┈┈┈┈┈┈┈┈┈┈┈┈┈┈┈┈┈┈┈┈┈┈┈┈┈┈┈┈┈┈┈┈┈┈┈┈┈┈┈┈┈┈
[INFO] [stderr] error: invalid type in placeholder: expected identifier.
[INFO] [stderr]        Hint: The syntax for placeholders is {<type>} or {<type>:<config>}. Make sure <type> is a valid type or index.
[INFO] [stderr]        If you want syntax highlighting and better errors, place the type in the arguments after the format string while debugging:
[INFO] [stderr]        At "{.}"
[INFO] [stderr]             ^
[INFO] [stderr]  --> tests/fail/stable/invalid_type_in_placeholder.rs:2:27
[INFO] [stderr]   |
[INFO] [stderr] 2 |     sscanf::sscanf!("hi", "{.}");
[INFO] [stderr]   |                           ^^^^^
[INFO] [stderr] 
[INFO] [stderr] error: invalid type in placeholder: expected identifier.
[INFO] [stderr]        Hint: The syntax for placeholders is {<type>} or {<type>:<config>}. Make sure <type> is a valid type or index.
[INFO] [stderr]        If you want syntax highlighting and better errors, place the type in the arguments after the format string while debugging:
[INFO] [stderr]        At "{.:/hi/}"
[INFO] [stderr]             ^
[INFO] [stderr]  --> tests/fail/stable/invalid_type_in_placeholder.rs:4:27
[INFO] [stderr]   |
[INFO] [stderr] 4 |     sscanf::sscanf!("hi", "{.:/hi/}");
[INFO] [stderr]   |                           ^^^^^^^^^^
[INFO] [stderr] 
[INFO] [stderr] error: type index 99 out of range of 0 types:
[INFO] [stderr]        At "{99}"
[INFO] [stderr]             ^^
[INFO] [stderr]  --> tests/fail/stable/invalid_type_in_placeholder.rs:6:27
[INFO] [stderr]   |
[INFO] [stderr] 6 |     sscanf::sscanf!("hi", "{99}");
[INFO] [stderr]   |                           ^^^^^^
[INFO] [stderr] 
[INFO] [stderr] error[E0412]: cannot find type `bob` in this scope
[INFO] [stderr]  --> tests/fail/stable/invalid_type_in_placeholder.rs:3:27
[INFO] [stderr]   |
[INFO] [stderr] 3 |     sscanf::sscanf!("hi", "{bob}");
[INFO] [stderr]   |                           ^^^^^^^ not found in this scope
[INFO] [stderr] 
[INFO] [stderr] error[E0412]: cannot find type `bob` in this scope
[INFO] [stderr]  --> tests/fail/stable/invalid_type_in_placeholder.rs:5:27
[INFO] [stderr]   |
[INFO] [stderr] 5 |     sscanf::sscanf!("hi", "{bob:/hi/}");
[INFO] [stderr]   |                           ^^^^^^^^^^^^ not found in this scope
[INFO] [stderr] 
[INFO] [stderr] note: erroneous constant used
[INFO] [stderr]  --> tests/fail/stable/invalid_type_in_placeholder.rs:3:5
[INFO] [stderr]   |
[INFO] [stderr] 3 |     sscanf::sscanf!("hi", "{bob}");
[INFO] [stderr]   |     ^^^^^^^^^^^^^^^^^^^^^^^^^^^^^^
[INFO] [stderr]   |
[INFO] [stderr]   = note: this note originates in the macro `$crate::pmr::__concatcp_impl` which comes from the expansion of the macro `sscanf::sscanf` (in Nightly builds, run with -Z macro-backtrace for more info)
[INFO] [stderr] 
[INFO] [stderr] note: erroneous constant used
[INFO] [stderr]  --> tests/fail/stable/invalid_type_in_placeholder.rs:3:5
[INFO] [stderr]   |
[INFO] [stderr] 3 |     sscanf::sscanf!("hi", "{bob}");
[INFO] [stderr]   |     ^^^^^^^^^^^^^^^^^^^^^^^^^^^^^^
[INFO] [stderr]   |
[INFO] [stderr]   = note: this note originates in the macro `__cf_osRcTFl4A::__concatcp_inner` which comes from the expansion of the macro `sscanf::sscanf` (in Nightly builds, run with -Z macro-backtrace for more info)
[INFO] [stderr] 
[INFO] [stderr] note: erroneous constant used
[INFO] [stderr]  --> tests/fail/stable/invalid_type_in_placeholder.rs:3:5
[INFO] [stderr]   |
[INFO] [stderr] 3 |     sscanf::sscanf!("hi", "{bob}");
[INFO] [stderr]   |     ^^^^^^^^^^^^^^^^^^^^^^^^^^^^^^
[INFO] [stderr]   |
[INFO] [stderr]   = note: this note originates in the macro `__cf_osRcTFl4A::__concatcp_inner` which comes from the expansion of the macro `sscanf::sscanf` (in Nightly builds, run with -Z macro-backtrace for more info)
[INFO] [stderr] 
[INFO] [stderr] note: erroneous constant used
[INFO] [stderr]  --> tests/fail/stable/invalid_type_in_placeholder.rs:3:5
[INFO] [stderr]   |
[INFO] [stderr] 3 |     sscanf::sscanf!("hi", "{bob}");
[INFO] [stderr]   |     ^^^^^^^^^^^^^^^^^^^^^^^^^^^^^^
[INFO] [stderr]   |
[INFO] [stderr]   = note: this note originates in the macro `__cf_osRcTFl4A::__concatcp_inner` which comes from the expansion of the macro `sscanf::sscanf` (in Nightly builds, run with -Z macro-backtrace for more info)
[INFO] [stderr] ┈┈┈┈┈┈┈┈┈┈┈┈┈┈┈┈┈┈┈┈┈┈┈┈┈┈┈┈┈┈┈┈┈┈┈┈┈┈┈┈┈┈┈┈┈┈┈┈┈┈┈┈┈┈┈┈┈┈┈┈
[INFO] [stderr] 
[INFO] [stderr] ACTUAL OUTPUT:
[INFO] [stderr] ┈┈┈┈┈┈┈┈┈┈┈┈┈┈┈┈┈┈┈┈┈┈┈┈┈┈┈┈┈┈┈┈┈┈┈┈┈┈┈┈┈┈┈┈┈┈┈┈┈┈┈┈┈┈┈┈┈┈┈┈
[INFO] [stderr] error: invalid type in placeholder: expected identifier.
[INFO] [stderr]        Hint: The syntax for placeholders is {<type>} or {<type>:<config>}. Make sure <type> is a valid type or index.
[INFO] [stderr]        If you want syntax highlighting and better errors, place the type in the arguments after the format string while debugging:
[INFO] [stderr]        At "{.}"
[INFO] [stderr]             ^
[INFO] [stderr]  --> tests/fail/stable/invalid_type_in_placeholder.rs:2:27
[INFO] [stderr]   |
[INFO] [stderr] 2 |     sscanf::sscanf!("hi", "{.}");
[INFO] [stderr]   |                           ^^^^^
[INFO] [stderr] 
[INFO] [stderr] error: invalid type in placeholder: expected identifier.
[INFO] [stderr]        Hint: The syntax for placeholders is {<type>} or {<type>:<config>}. Make sure <type> is a valid type or index.
[INFO] [stderr]        If you want syntax highlighting and better errors, place the type in the arguments after the format string while debugging:
[INFO] [stderr]        At "{.:/hi/}"
[INFO] [stderr]             ^
[INFO] [stderr]  --> tests/fail/stable/invalid_type_in_placeholder.rs:4:27
[INFO] [stderr]   |
[INFO] [stderr] 4 |     sscanf::sscanf!("hi", "{.:/hi/}");
[INFO] [stderr]   |                           ^^^^^^^^^^
[INFO] [stderr] 
[INFO] [stderr] error: type index 99 out of range of 0 types:
[INFO] [stderr]        At "{99}"
[INFO] [stderr]             ^^
[INFO] [stderr]  --> tests/fail/stable/invalid_type_in_placeholder.rs:6:27
[INFO] [stderr]   |
[INFO] [stderr] 6 |     sscanf::sscanf!("hi", "{99}");
[INFO] [stderr]   |                           ^^^^^^
[INFO] [stderr] 
[INFO] [stderr] error[E0412]: cannot find type `bob` in this scope
[INFO] [stderr]  --> tests/fail/stable/invalid_type_in_placeholder.rs:3:27
[INFO] [stderr]   |
[INFO] [stderr] 3 |     sscanf::sscanf!("hi", "{bob}");
[INFO] [stderr]   |                           ^^^^^^^ not found in this scope
[INFO] [stderr] 
[INFO] [stderr] error[E0412]: cannot find type `bob` in this scope
[INFO] [stderr]  --> tests/fail/stable/invalid_type_in_placeholder.rs:5:27
[INFO] [stderr]   |
[INFO] [stderr] 5 |     sscanf::sscanf!("hi", "{bob:/hi/}");
[INFO] [stderr]   |                           ^^^^^^^^^^^^ not found in this scope
[INFO] [stderr] ┈┈┈┈┈┈┈┈┈┈┈┈┈┈┈┈┈┈┈┈┈┈┈┈┈┈┈┈┈┈┈┈┈┈┈┈┈┈┈┈┈┈┈┈┈┈┈┈┈┈┈┈┈┈┈┈┈┈┈┈
[INFO] [stderr] note: If the actual output is the correct output you can bless it by rerunning
[INFO] [stderr]       your test with the environment variable TRYBUILD=overwrite
[INFO] [stderr] 
[INFO] [stderr] test tests/fail/stable/missing_trait_from_str.rs ... mismatch
[INFO] [stderr] 
[INFO] [stderr] EXPECTED:
[INFO] [stderr] ┈┈┈┈┈┈┈┈┈┈┈┈┈┈┈┈┈┈┈┈┈┈┈┈┈┈┈┈┈┈┈┈┈┈┈┈┈┈┈┈┈┈┈┈┈┈┈┈┈┈┈┈┈┈┈┈┈┈┈┈
[INFO] [stderr] error[E0277]: the trait bound `NoFromStr: FromStr` is not satisfied
[INFO] [stderr]  --> tests/fail/stable/missing_trait_from_str.rs:9:33
[INFO] [stderr]   |
[INFO] [stderr] 9 |     sscanf::sscanf!("hi", "{}", module::NoFromStr);
[INFO] [stderr]   |                                 ^^^^^^^^^^^^^^^^^ the trait `FromStr` is not implemented for `NoFromStr`
[INFO] [stderr]   |
[INFO] [stderr]   = help: the following other types implement trait `FromStr`:
[INFO] [stderr]             FullF32
[INFO] [stderr]             FullF64
[INFO] [stderr]             HexNumber
[INFO] [stderr]             IpAddr
[INFO] [stderr]             Ipv4Addr
[INFO] [stderr]             Ipv6Addr
[INFO] [stderr]             NonZeroI128
[INFO] [stderr]             NonZeroI16
[INFO] [stderr]           and 34 others
[INFO] [stderr]   = note: required for `NoFromStr` to implement `FromScanf<'_>`
[INFO] [stderr] 
[INFO] [stderr] error[E0277]: the trait bound `NoFromStr: FromStr` is not satisfied
[INFO] [stderr]   --> tests/fail/stable/missing_trait_from_str.rs:10:27
[INFO] [stderr]    |
[INFO] [stderr] 10 |     sscanf::sscanf!("hi", "{module::NoFromStr}");
[INFO] [stderr]    |                           ^^^^^^^^^^^^^^^^^^^^^ the trait `FromStr` is not implemented for `NoFromStr`
[INFO] [stderr]    |
[INFO] [stderr]    = help: the following other types implement trait `FromStr`:
[INFO] [stderr]              FullF32
[INFO] [stderr]              FullF64
[INFO] [stderr]              HexNumber
[INFO] [stderr]              IpAddr
[INFO] [stderr]              Ipv4Addr
[INFO] [stderr]              Ipv6Addr
[INFO] [stderr]              NonZeroI128
[INFO] [stderr]              NonZeroI16
[INFO] [stderr]            and 34 others
[INFO] [stderr]    = note: required for `NoFromStr` to implement `FromScanf<'_>`
[INFO] [stderr] 
[INFO] [stderr] error[E0277]: the trait bound `NoFromStr: FromStr` is not satisfied
[INFO] [stderr]   --> tests/fail/stable/missing_trait_from_str.rs:12:33
[INFO] [stderr]    |
[INFO] [stderr] 12 |     sscanf::sscanf!("hi", "{}", NoFromStr);
[INFO] [stderr]    |                                 ^^^^^^^^^ the trait `FromStr` is not implemented for `NoFromStr`
[INFO] [stderr]    |
[INFO] [stderr]    = help: the following other types implement trait `FromStr`:
[INFO] [stderr]              FullF32
[INFO] [stderr]              FullF64
[INFO] [stderr]              HexNumber
[INFO] [stderr]              IpAddr
[INFO] [stderr]              Ipv4Addr
[INFO] [stderr]              Ipv6Addr
[INFO] [stderr]              NonZeroI128
[INFO] [stderr]              NonZeroI16
[INFO] [stderr]            and 34 others
[INFO] [stderr]    = note: required for `NoFromStr` to implement `FromScanf<'_>`
[INFO] [stderr] 
[INFO] [stderr] error[E0277]: the trait bound `NoFromStr: FromStr` is not satisfied
[INFO] [stderr]   --> tests/fail/stable/missing_trait_from_str.rs:13:27
[INFO] [stderr]    |
[INFO] [stderr] 13 |     sscanf::sscanf!("hi", "{NoFromStr}");
[INFO] [stderr]    |                           ^^^^^^^^^^^^^ the trait `FromStr` is not implemented for `NoFromStr`
[INFO] [stderr]    |
[INFO] [stderr]    = help: the following other types implement trait `FromStr`:
[INFO] [stderr]              FullF32
[INFO] [stderr]              FullF64
[INFO] [stderr]              HexNumber
[INFO] [stderr]              IpAddr
[INFO] [stderr]              Ipv4Addr
[INFO] [stderr]              Ipv6Addr
[INFO] [stderr]              NonZeroI128
[INFO] [stderr]              NonZeroI16
[INFO] [stderr]            and 34 others
[INFO] [stderr]    = note: required for `NoFromStr` to implement `FromScanf<'_>`
[INFO] [stderr] ┈┈┈┈┈┈┈┈┈┈┈┈┈┈┈┈┈┈┈┈┈┈┈┈┈┈┈┈┈┈┈┈┈┈┈┈┈┈┈┈┈┈┈┈┈┈┈┈┈┈┈┈┈┈┈┈┈┈┈┈
[INFO] [stderr] 
[INFO] [stderr] ACTUAL OUTPUT:
[INFO] [stderr] ┈┈┈┈┈┈┈┈┈┈┈┈┈┈┈┈┈┈┈┈┈┈┈┈┈┈┈┈┈┈┈┈┈┈┈┈┈┈┈┈┈┈┈┈┈┈┈┈┈┈┈┈┈┈┈┈┈┈┈┈
[INFO] [stderr] error[E0277]: the trait bound `NoFromStr: FromStr` is not satisfied
[INFO] [stderr]  --> tests/fail/stable/missing_trait_from_str.rs:9:33
[INFO] [stderr]   |
[INFO] [stderr] 9 |     sscanf::sscanf!("hi", "{}", module::NoFromStr);
[INFO] [stderr]   |                                 ^^^^^^ the trait `FromStr` is not implemented for `NoFromStr`
[INFO] [stderr]   |
[INFO] [stderr]   = help: the following other types implement trait `FromStr`:
[INFO] [stderr]             bool
[INFO] [stderr]             char
[INFO] [stderr]             isize
[INFO] [stderr]             i8
[INFO] [stderr]             i16
[INFO] [stderr]             i32
[INFO] [stderr]             i64
[INFO] [stderr]             i128
[INFO] [stderr]           and $N others
[INFO] [stderr]   = note: required for `NoFromStr` to implement `FromScanf<'_>`
[INFO] [stderr] 
[INFO] [stderr] error[E0277]: the trait bound `NoFromStr: FromStr` is not satisfied
[INFO] [stderr]   --> tests/fail/stable/missing_trait_from_str.rs:10:27
[INFO] [stderr]    |
[INFO] [stderr] 10 |     sscanf::sscanf!("hi", "{module::NoFromStr}");
[INFO] [stderr]    |                           ^^^^^^^^^^^^^^^^^^^^^ the trait `FromStr` is not implemented for `NoFromStr`
[INFO] [stderr]    |
[INFO] [stderr]    = help: the following other types implement trait `FromStr`:
[INFO] [stderr]              bool
[INFO] [stderr]              char
[INFO] [stderr]              isize
[INFO] [stderr]              i8
[INFO] [stderr]              i16
[INFO] [stderr]              i32
[INFO] [stderr]              i64
[INFO] [stderr]              i128
[INFO] [stderr]            and $N others
[INFO] [stderr]    = note: required for `NoFromStr` to implement `FromScanf<'_>`
[INFO] [stderr] 
[INFO] [stderr] error[E0277]: the trait bound `NoFromStr: FromStr` is not satisfied
[INFO] [stderr]   --> tests/fail/stable/missing_trait_from_str.rs:12:33
[INFO] [stderr]    |
[INFO] [stderr] 12 |     sscanf::sscanf!("hi", "{}", NoFromStr);
[INFO] [stderr]    |                                 ^^^^^^^^^ the trait `FromStr` is not implemented for `NoFromStr`
[INFO] [stderr]    |
[INFO] [stderr]    = help: the following other types implement trait `FromStr`:
[INFO] [stderr]              bool
[INFO] [stderr]              char
[INFO] [stderr]              isize
[INFO] [stderr]              i8
[INFO] [stderr]              i16
[INFO] [stderr]              i32
[INFO] [stderr]              i64
[INFO] [stderr]              i128
[INFO] [stderr]            and $N others
[INFO] [stderr]    = note: required for `NoFromStr` to implement `FromScanf<'_>`
[INFO] [stderr] 
[INFO] [stderr] error[E0277]: the trait bound `NoFromStr: FromStr` is not satisfied
[INFO] [stderr]   --> tests/fail/stable/missing_trait_from_str.rs:13:27
[INFO] [stderr]    |
[INFO] [stderr] 13 |     sscanf::sscanf!("hi", "{NoFromStr}");
[INFO] [stderr]    |                           ^^^^^^^^^^^^^ the trait `FromStr` is not implemented for `NoFromStr`
[INFO] [stderr]    |
[INFO] [stderr]    = help: the following other types implement trait `FromStr`:
[INFO] [stderr]              bool
[INFO] [stderr]              char
[INFO] [stderr]              isize
[INFO] [stderr]              i8
[INFO] [stderr]              i16
[INFO] [stderr]              i32
[INFO] [stderr]              i64
[INFO] [stderr]              i128
[INFO] [stderr]            and $N others
[INFO] [stderr]    = note: required for `NoFromStr` to implement `FromScanf<'_>`
[INFO] [stderr] 
[INFO] [stderr] error[E0277]: the trait bound `NoFromStr: FromStr` is not satisfied
[INFO] [stderr]  --> tests/fail/stable/missing_trait_from_str.rs:9:33
[INFO] [stderr]   |
[INFO] [stderr] 9 |     sscanf::sscanf!("hi", "{}", module::NoFromStr);
[INFO] [stderr]   |                                 ^^^^^^^^^^^^^^^^^ the trait `FromStr` is not implemented for `NoFromStr`
[INFO] [stderr]   |
[INFO] [stderr]   = help: the following other types implement trait `FromStr`:
[INFO] [stderr]             bool
[INFO] [stderr]             char
[INFO] [stderr]             isize
[INFO] [stderr]             i8
[INFO] [stderr]             i16
[INFO] [stderr]             i32
[INFO] [stderr]             i64
[INFO] [stderr]             i128
[INFO] [stderr]           and $N others
[INFO] [stderr]   = note: required for `NoFromStr` to implement `FromScanf<'_>`
[INFO] [stderr] ┈┈┈┈┈┈┈┈┈┈┈┈┈┈┈┈┈┈┈┈┈┈┈┈┈┈┈┈┈┈┈┈┈┈┈┈┈┈┈┈┈┈┈┈┈┈┈┈┈┈┈┈┈┈┈┈┈┈┈┈
[INFO] [stderr] note: If the actual output is the correct output you can bless it by rerunning
[INFO] [stderr]       your test with the environment variable TRYBUILD=overwrite
[INFO] [stderr] 
[INFO] [stderr] test tests/fail/stable/missing_trait_regex.rs ... mismatch
[INFO] [stderr] 
[INFO] [stderr] EXPECTED:
[INFO] [stderr] ┈┈┈┈┈┈┈┈┈┈┈┈┈┈┈┈┈┈┈┈┈┈┈┈┈┈┈┈┈┈┈┈┈┈┈┈┈┈┈┈┈┈┈┈┈┈┈┈┈┈┈┈┈┈┈┈┈┈┈┈
[INFO] [stderr] error[E0277]: the trait bound `Vec<usize>: RegexRepresentation` is not satisfied
[INFO] [stderr]   --> tests/fail/stable/missing_trait_regex.rs:10:33
[INFO] [stderr]    |
[INFO] [stderr] 10 |     sscanf::sscanf!("hi", "{}", std::vec::Vec<usize>);
[INFO] [stderr]    |                                 ^^^^^^^^^^^^^^^^^^^^ the trait `RegexRepresentation` is not implemented for `Vec<usize>`
[INFO] [stderr]    |
[INFO] [stderr]    = help: the following other types implement trait `RegexRepresentation`:
[INFO] [stderr]              FullF32
[INFO] [stderr]              FullF64
[INFO] [stderr]              HexNumber
[INFO] [stderr]              NonZeroI128
[INFO] [stderr]              NonZeroI16
[INFO] [stderr]              NonZeroI32
[INFO] [stderr]              NonZeroI64
[INFO] [stderr]              NonZeroI8
[INFO] [stderr]            and $N others
[INFO] [stderr] 
[INFO] [stderr] note: erroneous constant used
[INFO] [stderr]   --> tests/fail/stable/missing_trait_regex.rs:10:5
[INFO] [stderr]    |
[INFO] [stderr] 10 |     sscanf::sscanf!("hi", "{}", std::vec::Vec<usize>);
[INFO] [stderr]    |     ^^^^^^^^^^^^^^^^^^^^^^^^^^^^^^^^^^^^^^^^^^^^^^^^^
[INFO] [stderr]    |
[INFO] [stderr]    = note: this note originates in the macro `$crate::pmr::__concatcp_impl` which comes from the expansion of the macro `sscanf::sscanf` (in Nightly builds, run with -Z macro-backtrace for more info)
[INFO] [stderr] 
[INFO] [stderr] note: erroneous constant used
[INFO] [stderr]   --> tests/fail/stable/missing_trait_regex.rs:10:5
[INFO] [stderr]    |
[INFO] [stderr] 10 |     sscanf::sscanf!("hi", "{}", std::vec::Vec<usize>);
[INFO] [stderr]    |     ^^^^^^^^^^^^^^^^^^^^^^^^^^^^^^^^^^^^^^^^^^^^^^^^^
[INFO] [stderr]    |
[INFO] [stderr]    = note: this note originates in the macro `__cf_osRcTFl4A::__concatcp_inner` which comes from the expansion of the macro `sscanf::sscanf` (in Nightly builds, run with -Z macro-backtrace for more info)
[INFO] [stderr] 
[INFO] [stderr] error[E0277]: the trait bound `NoRegex: RegexRepresentation` is not satisfied
[INFO] [stderr]   --> tests/fail/stable/missing_trait_regex.rs:11:33
[INFO] [stderr]    |
[INFO] [stderr] 11 |     sscanf::sscanf!("hi", "{}", NoRegex);
[INFO] [stderr]    |                                 ^^^^^^^ the trait `RegexRepresentation` is not implemented for `NoRegex`
[INFO] [stderr]    |
[INFO] [stderr]    = help: the following other types implement trait `RegexRepresentation`:
[INFO] [stderr]              FullF32
[INFO] [stderr]              FullF64
[INFO] [stderr]              HexNumber
[INFO] [stderr]              NonZeroI128
[INFO] [stderr]              NonZeroI16
[INFO] [stderr]              NonZeroI32
[INFO] [stderr]              NonZeroI64
[INFO] [stderr]              NonZeroI8
[INFO] [stderr]            and $N others
[INFO] [stderr] 
[INFO] [stderr] note: erroneous constant used
[INFO] [stderr]   --> tests/fail/stable/missing_trait_regex.rs:11:5
[INFO] [stderr]    |
[INFO] [stderr] 11 |     sscanf::sscanf!("hi", "{}", NoRegex);
[INFO] [stderr]    |     ^^^^^^^^^^^^^^^^^^^^^^^^^^^^^^^^^^^^
[INFO] [stderr]    |
[INFO] [stderr]    = note: this note originates in the macro `$crate::pmr::__concatcp_impl` which comes from the expansion of the macro `sscanf::sscanf` (in Nightly builds, run with -Z macro-backtrace for more info)
[INFO] [stderr] 
[INFO] [stderr] note: erroneous constant used
[INFO] [stderr]   --> tests/fail/stable/missing_trait_regex.rs:11:5
[INFO] [stderr]    |
[INFO] [stderr] 11 |     sscanf::sscanf!("hi", "{}", NoRegex);
[INFO] [stderr]    |     ^^^^^^^^^^^^^^^^^^^^^^^^^^^^^^^^^^^^
[INFO] [stderr]    |
[INFO] [stderr]    = note: this note originates in the macro `__cf_osRcTFl4A::__concatcp_inner` which comes from the expansion of the macro `sscanf::sscanf` (in Nightly builds, run with -Z macro-backtrace for more info)
[INFO] [stderr] 
[INFO] [stderr] error[E0277]: the trait bound `&[u8]: RegexRepresentation` is not satisfied
[INFO] [stderr]   --> tests/fail/stable/missing_trait_regex.rs:19:47
[INFO] [stderr]    |
[INFO] [stderr] 19 | struct TestMapParamNoScanf(#[sscanf(map = |x: &[u8]| { x[0] })] u8);
[INFO] [stderr]    |                                               ^^^^^ the trait `RegexRepresentation` is not implemented for `&[u8]`
[INFO] [stderr]    |
[INFO] [stderr]    = help: the following other types implement trait `RegexRepresentation`:
[INFO] [stderr]              FullF32
[INFO] [stderr]              FullF64
[INFO] [stderr]              HexNumber
[INFO] [stderr]              NonZeroI128
[INFO] [stderr]              NonZeroI16
[INFO] [stderr]              NonZeroI32
[INFO] [stderr]              NonZeroI64
[INFO] [stderr]              NonZeroI8
[INFO] [stderr]            and $N others
[INFO] [stderr] 
[INFO] [stderr] note: erroneous constant used
[INFO] [stderr]   --> tests/fail/stable/missing_trait_regex.rs:17:10
[INFO] [stderr]    |
[INFO] [stderr] 17 | #[derive(sscanf::FromScanf)]
[INFO] [stderr]    |          ^^^^^^^^^^^^^^^^^
[INFO] [stderr]    |
[INFO] [stderr]    = note: this note originates in the macro `$crate::pmr::__concatcp_impl` which comes from the expansion of the derive macro `sscanf::FromScanf` (in Nightly builds, run with -Z macro-backtrace for more info)
[INFO] [stderr] 
[INFO] [stderr] note: erroneous constant used
[INFO] [stderr]   --> tests/fail/stable/missing_trait_regex.rs:17:10
[INFO] [stderr]    |
[INFO] [stderr] 17 | #[derive(sscanf::FromScanf)]
[INFO] [stderr]    |          ^^^^^^^^^^^^^^^^^
[INFO] [stderr]    |
[INFO] [stderr]    = note: this note originates in the macro `__cf_osRcTFl4A::__concatcp_inner` which comes from the expansion of the derive macro `sscanf::FromScanf` (in Nightly builds, run with -Z macro-backtrace for more info)
[INFO] [stderr] ┈┈┈┈┈┈┈┈┈┈┈┈┈┈┈┈┈┈┈┈┈┈┈┈┈┈┈┈┈┈┈┈┈┈┈┈┈┈┈┈┈┈┈┈┈┈┈┈┈┈┈┈┈┈┈┈┈┈┈┈
[INFO] [stderr] 
[INFO] [stderr] ACTUAL OUTPUT:
[INFO] [stderr] ┈┈┈┈┈┈┈┈┈┈┈┈┈┈┈┈┈┈┈┈┈┈┈┈┈┈┈┈┈┈┈┈┈┈┈┈┈┈┈┈┈┈┈┈┈┈┈┈┈┈┈┈┈┈┈┈┈┈┈┈
[INFO] [stderr] error[E0277]: the trait bound `Vec<usize>: RegexRepresentation` is not satisfied
[INFO] [stderr]   --> tests/fail/stable/missing_trait_regex.rs:10:33
[INFO] [stderr]    |
[INFO] [stderr] 10 |     sscanf::sscanf!("hi", "{}", std::vec::Vec<usize>);
[INFO] [stderr]    |                                 ^^^ the trait `RegexRepresentation` is not implemented for `Vec<usize>`
[INFO] [stderr]    |
[INFO] [stderr]    = help: the following other types implement trait `RegexRepresentation`:
[INFO] [stderr]              bool
[INFO] [stderr]              char
[INFO] [stderr]              isize
[INFO] [stderr]              i8
[INFO] [stderr]              i16
[INFO] [stderr]              i32
[INFO] [stderr]              i64
[INFO] [stderr]              i128
[INFO] [stderr]            and $N others
[INFO] [stderr] 
[INFO] [stderr] error[E0277]: the trait bound `NoRegex: RegexRepresentation` is not satisfied
[INFO] [stderr]   --> tests/fail/stable/missing_trait_regex.rs:11:33
[INFO] [stderr]    |
[INFO] [stderr] 11 |     sscanf::sscanf!("hi", "{}", NoRegex);
[INFO] [stderr]    |                                 ^^^^^^^ the trait `RegexRepresentation` is not implemented for `NoRegex`
[INFO] [stderr]    |
[INFO] [stderr]    = help: the following other types implement trait `RegexRepresentation`:
[INFO] [stderr]              bool
[INFO] [stderr]              char
[INFO] [stderr]              isize
[INFO] [stderr]              i8
[INFO] [stderr]              i16
[INFO] [stderr]              i32
[INFO] [stderr]              i64
[INFO] [stderr]              i128
[INFO] [stderr]            and $N others
[INFO] [stderr] 
[INFO] [stderr] error[E0277]: the trait bound `&[u8]: RegexRepresentation` is not satisfied
[INFO] [stderr]   --> tests/fail/stable/missing_trait_regex.rs:19:47
[INFO] [stderr]    |
[INFO] [stderr] 19 | struct TestMapParamNoScanf(#[sscanf(map = |x: &[u8]| { x[0] })] u8);
[INFO] [stderr]    |                                               ^ the trait `RegexRepresentation` is not implemented for `&[u8]`
[INFO] [stderr]    |
[INFO] [stderr]    = help: the following other types implement trait `RegexRepresentation`:
[INFO] [stderr]              bool
[INFO] [stderr]              char
[INFO] [stderr]              isize
[INFO] [stderr]              i8
[INFO] [stderr]              i16
[INFO] [stderr]              i32
[INFO] [stderr]              i64
[INFO] [stderr]              i128
[INFO] [stderr]            and $N others
[INFO] [stderr] 
[INFO] [stderr] error[E0277]: the trait bound `Vec<usize>: FromStr` is not satisfied
[INFO] [stderr]   --> tests/fail/stable/missing_trait_regex.rs:10:33
[INFO] [stderr]    |
[INFO] [stderr] 10 |     sscanf::sscanf!("hi", "{}", std::vec::Vec<usize>);
[INFO] [stderr]    |                                 ^^^ the trait `FromStr` is not implemented for `Vec<usize>`
[INFO] [stderr]    |
[INFO] [stderr]    = help: the following other types implement trait `FromStr`:
[INFO] [stderr]              bool
[INFO] [stderr]              char
[INFO] [stderr]              isize
[INFO] [stderr]              i8
[INFO] [stderr]              i16
[INFO] [stderr]              i32
[INFO] [stderr]              i64
[INFO] [stderr]              i128
[INFO] [stderr]            and $N others
[INFO] [stderr]    = note: required for `Vec<usize>` to implement `FromScanf<'_>`
[INFO] [stderr] 
[INFO] [stderr] error[E0277]: the trait bound `Vec<usize>: FromStr` is not satisfied
[INFO] [stderr]   --> tests/fail/stable/missing_trait_regex.rs:10:33
[INFO] [stderr]    |
[INFO] [stderr] 10 |     sscanf::sscanf!("hi", "{}", std::vec::Vec<usize>);
[INFO] [stderr]    |                                 ^^^^^^^^^^^^^^^^^^^^ the trait `FromStr` is not implemented for `Vec<usize>`
[INFO] [stderr]    |
[INFO] [stderr]    = help: the following other types implement trait `FromStr`:
[INFO] [stderr]              bool
[INFO] [stderr]              char
[INFO] [stderr]              isize
[INFO] [stderr]              i8
[INFO] [stderr]              i16
[INFO] [stderr]              i32
[INFO] [stderr]              i64
[INFO] [stderr]              i128
[INFO] [stderr]            and $N others
[INFO] [stderr]    = note: required for `Vec<usize>` to implement `FromScanf<'_>`
[INFO] [stderr] 
[INFO] [stderr] error[E0277]: the trait bound `&[u8]: FromStr` is not satisfied
[INFO] [stderr]   --> tests/fail/stable/missing_trait_regex.rs:19:47
[INFO] [stderr]    |
[INFO] [stderr] 19 | struct TestMapParamNoScanf(#[sscanf(map = |x: &[u8]| { x[0] })] u8);
[INFO] [stderr]    |                                               ^ the trait `FromStr` is not implemented for `&[u8]`
[INFO] [stderr]    |
[INFO] [stderr]    = help: the following other types implement trait `FromStr`:
[INFO] [stderr]              bool
[INFO] [stderr]              char
[INFO] [stderr]              isize
[INFO] [stderr]              i8
[INFO] [stderr]              i16
[INFO] [stderr]              i32
[INFO] [stderr]              i64
[INFO] [stderr]              i128
[INFO] [stderr]            and $N others
[INFO] [stderr]    = note: required for `&[u8]` to implement `FromScanf<'_>`
[INFO] [stderr] 
[INFO] [stderr] error[E0277]: the trait bound `&[u8]: FromStr` is not satisfied
[INFO] [stderr]   --> tests/fail/stable/missing_trait_regex.rs:19:47
[INFO] [stderr]    |
[INFO] [stderr] 19 | struct TestMapParamNoScanf(#[sscanf(map = |x: &[u8]| { x[0] })] u8);
[INFO] [stderr]    |                                               ^^^^^ the trait `FromStr` is not implemented for `&[u8]`
[INFO] [stderr]    |
[INFO] [stderr]    = help: the following other types implement trait `FromStr`:
[INFO] [stderr]              bool
[INFO] [stderr]              char
[INFO] [stderr]              isize
[INFO] [stderr]              i8
[INFO] [stderr]              i16
[INFO] [stderr]              i32
[INFO] [stderr]              i64
[INFO] [stderr]              i128
[INFO] [stderr]            and $N others
[INFO] [stderr]    = note: required for `&[u8]` to implement `FromScanf<'_>`
[INFO] [stderr] 
[INFO] [stderr] error[E0277]: the trait bound `&[u8]: FromStr` is not satisfied in `FromStrFailedError<&[u8]>`
[INFO] [stderr]   --> tests/fail/stable/missing_trait_regex.rs:17:26
[INFO] [stderr]    |
[INFO] [stderr] 17 | #[derive(sscanf::FromScanf)]
[INFO] [stderr]    |                          ^ within `FromStrFailedError<&[u8]>`, the trait `FromStr` is not implemented for `&[u8]`
[INFO] [stderr]    |
[INFO] [stderr]    = help: the following other types implement trait `FromStr`:
[INFO] [stderr]              bool
[INFO] [stderr]              char
[INFO] [stderr]              isize
[INFO] [stderr]              i8
[INFO] [stderr]              i16
[INFO] [stderr]              i32
[INFO] [stderr]              i64
[INFO] [stderr]              i128
[INFO] [stderr]            and $N others
[INFO] [stderr] note: required because it appears within the type `FromStrFailedError<&[u8]>`
[INFO] [stderr]   --> src/errors.rs
[INFO] [stderr]    |
[INFO] [stderr]    | pub struct FromStrFailedError<T: FromStr>
[INFO] [stderr]    |            ^^^^^^^^^^^^^^^^^^
[INFO] [stderr] note: required by a bound in `Result`
[INFO] [stderr]   --> $RUST/core/src/result.rs
[INFO] [stderr]    = note: this error originates in the derive macro `sscanf::FromScanf` (in Nightly builds, run with -Z macro-backtrace for more info)
[INFO] [stderr] ┈┈┈┈┈┈┈┈┈┈┈┈┈┈┈┈┈┈┈┈┈┈┈┈┈┈┈┈┈┈┈┈┈┈┈┈┈┈┈┈┈┈┈┈┈┈┈┈┈┈┈┈┈┈┈┈┈┈┈┈
[INFO] [stderr] note: If the actual output is the correct output you can bless it by rerunning
[INFO] [stderr]       your test with the environment variable TRYBUILD=overwrite
[INFO] [stderr] 
[INFO] [stderr] test tests/fail/stable/missing_type.rs ... ok
[INFO] [stderr] test tests/fail/stable/non_unicode.rs ... ok
[INFO] [stderr] test tests/fail/stable/raw_string.rs ... ok
[INFO] [stderr] test tests/fail/stable/str_lifetime.rs ... ok
[INFO] [stderr] 
[INFO] [stderr] 
[INFO] [stdout] test failing_tests ... FAILED
[INFO] [stdout] 
[INFO] [stdout] failures:
[INFO] [stdout] 
[INFO] [stdout] ---- failing_tests stdout ----
[INFO] [stdout] thread 'failing_tests' panicked at /opt/rustwide/cargo-home/registry/src/index.crates.io-6f17d22bba15001f/trybuild-1.0.87/src/run.rs:101:13:
[INFO] [stdout] 4 of 17 tests failed
[INFO] [stdout] stack backtrace:
[INFO] [stdout]    0:     0x55abbcc471dc - std::backtrace_rs::backtrace::libunwind::trace::ha637c64ce894333a
[INFO] [stdout]                                at /rustc/82e1608dfa6e0b5569232559e3d385fea5a93112/library/std/src/../../backtrace/src/backtrace/libunwind.rs:104:5
[INFO] [stdout]    1:     0x55abbcc471dc - std::backtrace_rs::backtrace::trace_unsynchronized::h47f62dea28e0c88d
[INFO] [stdout]                                at /rustc/82e1608dfa6e0b5569232559e3d385fea5a93112/library/std/src/../../backtrace/src/backtrace/mod.rs:66:5
[INFO] [stdout]    2:     0x55abbcc471dc - std::sys_common::backtrace::_print_fmt::h9eef0abe20ede486
[INFO] [stdout]                                at /rustc/82e1608dfa6e0b5569232559e3d385fea5a93112/library/std/src/sys_common/backtrace.rs:67:5
[INFO] [stdout]    3:     0x55abbcc471dc - <std::sys_common::backtrace::_print::DisplayBacktrace as core::fmt::Display>::fmt::hed7f999df88cc644
[INFO] [stdout]                                at /rustc/82e1608dfa6e0b5569232559e3d385fea5a93112/library/std/src/sys_common/backtrace.rs:44:22
[INFO] [stdout]    4:     0x55abbcc75230 - core::fmt::rt::Argument::fmt::h1539a9308b8d058d
[INFO] [stdout]                                at /rustc/82e1608dfa6e0b5569232559e3d385fea5a93112/library/core/src/fmt/rt.rs:142:9
[INFO] [stdout]    5:     0x55abbcc75230 - core::fmt::write::h3a39390d8560d9c9
[INFO] [stdout]                                at /rustc/82e1608dfa6e0b5569232559e3d385fea5a93112/library/core/src/fmt/mod.rs:1120:17
[INFO] [stdout]    6:     0x55abbcc4408f - std::io::Write::write_fmt::h040b369f3a0f9cbc
[INFO] [stdout]                                at /rustc/82e1608dfa6e0b5569232559e3d385fea5a93112/library/std/src/io/mod.rs:1762:15
[INFO] [stdout]    7:     0x55abbcc46fc4 - std::sys_common::backtrace::_print::h894006fb5c6f3d45
[INFO] [stdout]                                at /rustc/82e1608dfa6e0b5569232559e3d385fea5a93112/library/std/src/sys_common/backtrace.rs:47:5
[INFO] [stdout]    8:     0x55abbcc46fc4 - std::sys_common::backtrace::print::h23a2d212c6fff936
[INFO] [stdout]                                at /rustc/82e1608dfa6e0b5569232559e3d385fea5a93112/library/std/src/sys_common/backtrace.rs:34:9
[INFO] [stdout]    9:     0x55abbcc48c87 - std::panicking::default_hook::{{closure}}::h8a1d2ee00185001a
[INFO] [stdout]   10:     0x55abbcc48973 - std::panicking::default_hook::h6038f2eba384e475
[INFO] [stdout]                                at /rustc/82e1608dfa6e0b5569232559e3d385fea5a93112/library/std/src/panicking.rs:289:9
[INFO] [stdout]   11:     0x55abbc965337 - <alloc::boxed::Box<F,A> as core::ops::function::Fn<Args>>::call::h0ad024c9bdc6d768
[INFO] [stdout]                                at /rustc/82e1608dfa6e0b5569232559e3d385fea5a93112/library/alloc/src/boxed.rs:2021:9
[INFO] [stdout]   12:     0x55abbc965337 - test::test_main::{{closure}}::h7500b54257359db6
[INFO] [stdout]                                at /rustc/82e1608dfa6e0b5569232559e3d385fea5a93112/library/test/src/lib.rs:138:21
[INFO] [stdout]   13:     0x55abbcc49298 - <alloc::boxed::Box<F,A> as core::ops::function::Fn<Args>>::call::h1f8f335eaa9cfaee
[INFO] [stdout]                                at /rustc/82e1608dfa6e0b5569232559e3d385fea5a93112/library/alloc/src/boxed.rs:2021:9
[INFO] [stdout]   14:     0x55abbcc49298 - std::panicking::rust_panic_with_hook::h2b5517d590cab22e
[INFO] [stdout]                                at /rustc/82e1608dfa6e0b5569232559e3d385fea5a93112/library/std/src/panicking.rs:783:13
[INFO] [stdout]   15:     0x55abbcc48fee - std::panicking::begin_panic_handler::{{closure}}::h233112c06e0ef43e
[INFO] [stdout]                                at /rustc/82e1608dfa6e0b5569232559e3d385fea5a93112/library/std/src/panicking.rs:657:13
[INFO] [stdout]   16:     0x55abbcc476a6 - std::sys_common::backtrace::__rust_end_short_backtrace::h6e893f24d7ebbff8
[INFO] [stdout]                                at /rustc/82e1608dfa6e0b5569232559e3d385fea5a93112/library/std/src/sys_common/backtrace.rs:170:18
[INFO] [stdout]   17:     0x55abbcc48d52 - rust_begin_unwind
[INFO] [stdout]                                at /rustc/82e1608dfa6e0b5569232559e3d385fea5a93112/library/std/src/panicking.rs:645:5
[INFO] [stdout]   18:     0x55abbc664475 - core::panicking::panic_fmt::hbf0e066aabfa482c
[INFO] [stdout]                                at /rustc/82e1608dfa6e0b5569232559e3d385fea5a93112/library/core/src/panicking.rs:72:14
[INFO] [stdout]   19:     0x55abbc79f4e3 - trybuild::run::<impl trybuild::Runner>::run::he79797a8a44a99af
[INFO] [stdout]                                at /opt/rustwide/cargo-home/registry/src/index.crates.io-6f17d22bba15001f/trybuild-1.0.87/src/run.rs:101:13
[INFO] [stdout]   20:     0x55abbc7a4c98 - <trybuild::TestCases as core::ops::drop::Drop>::drop::h4ecee61c80d89741
[INFO] [stdout]                                at /opt/rustwide/cargo-home/registry/src/index.crates.io-6f17d22bba15001f/trybuild-1.0.87/src/lib.rs:317:13
[INFO] [stdout]   21:     0x55abbc6f82f7 - core::ptr::drop_in_place<trybuild::TestCases>::hb93690954a6fcae8
[INFO] [stdout]                                at /rustc/82e1608dfa6e0b5569232559e3d385fea5a93112/library/core/src/ptr/mod.rs:498:1
[INFO] [stdout]   22:     0x55abbc6b84b9 - test::failing_tests::ha25fd686fe6e9ac3
[INFO] [stdout]                                at /opt/rustwide/workdir/tests/test.rs:257:1
[INFO] [stdout]   23:     0x55abbc6b80b7 - test::failing_tests::{{closure}}::h0dc5e3bddc28be1b
[INFO] [stdout]                                at /opt/rustwide/workdir/tests/test.rs:243:19
[INFO] [stdout]   24:     0x55abbc6ee826 - core::ops::function::FnOnce::call_once::h6e0305bd365c1693
[INFO] [stdout]                                at /rustc/82e1608dfa6e0b5569232559e3d385fea5a93112/library/core/src/ops/function.rs:250:5
[INFO] [stdout]   25:     0x55abbc96a98f - core::ops::function::FnOnce::call_once::h2b5d431d5046312d
[INFO] [stdout]                                at /rustc/82e1608dfa6e0b5569232559e3d385fea5a93112/library/core/src/ops/function.rs:250:5
[INFO] [stdout]   26:     0x55abbc96a98f - test::__rust_begin_short_backtrace::h7714669af176e207
[INFO] [stdout]                                at /rustc/82e1608dfa6e0b5569232559e3d385fea5a93112/library/test/src/lib.rs:628:18
[INFO] [stdout]   27:     0x55abbc9699a5 - test::run_test_in_process::{{closure}}::h85218797dcbcec12
[INFO] [stdout]                                at /rustc/82e1608dfa6e0b5569232559e3d385fea5a93112/library/test/src/lib.rs:651:60
[INFO] [stdout]   28:     0x55abbc9699a5 - <core::panic::unwind_safe::AssertUnwindSafe<F> as core::ops::function::FnOnce<()>>::call_once::h76c106ea31c14d7b
[INFO] [stdout]                                at /rustc/82e1608dfa6e0b5569232559e3d385fea5a93112/library/core/src/panic/unwind_safe.rs:272:9
[INFO] [stdout]   29:     0x55abbc9699a5 - std::panicking::try::do_call::h3bd5d0f6620ee946
[INFO] [stdout]                                at /rustc/82e1608dfa6e0b5569232559e3d385fea5a93112/library/std/src/panicking.rs:552:40
[INFO] [stdout]   30:     0x55abbc9699a5 - std::panicking::try::h232e535e4744fe31
[INFO] [stdout]                                at /rustc/82e1608dfa6e0b5569232559e3d385fea5a93112/library/std/src/panicking.rs:516:19
[INFO] [stdout]   31:     0x55abbc9699a5 - std::panic::catch_unwind::h3ce3bd6ca8dbac68
[INFO] [stdout]                                at /rustc/82e1608dfa6e0b5569232559e3d385fea5a93112/library/std/src/panic.rs:142:14
[INFO] [stdout]   32:     0x55abbc9699a5 - test::run_test_in_process::hc97b257c9621286a
[INFO] [stdout]                                at /rustc/82e1608dfa6e0b5569232559e3d385fea5a93112/library/test/src/lib.rs:651:27
[INFO] [stdout]   33:     0x55abbc9699a5 - test::run_test::{{closure}}::h2aa798823a438d38
[INFO] [stdout]                                at /rustc/82e1608dfa6e0b5569232559e3d385fea5a93112/library/test/src/lib.rs:574:43
[INFO] [stdout]   34:     0x55abbc931c66 - test::run_test::{{closure}}::h87d231c78fb59832
[INFO] [stdout]                                at /rustc/82e1608dfa6e0b5569232559e3d385fea5a93112/library/test/src/lib.rs:602:41
[INFO] [stdout]   35:     0x55abbc931c66 - std::sys_common::backtrace::__rust_begin_short_backtrace::he6df152596625789
[INFO] [stdout]                                at /rustc/82e1608dfa6e0b5569232559e3d385fea5a93112/library/std/src/sys_common/backtrace.rs:154:18
[INFO] [stdout]   36:     0x55abbc936d17 - std::thread::Builder::spawn_unchecked_::{{closure}}::{{closure}}::ha94be15d1e0acf36
[INFO] [stdout]                                at /rustc/82e1608dfa6e0b5569232559e3d385fea5a93112/library/std/src/thread/mod.rs:529:17
[INFO] [stdout]   37:     0x55abbc936d17 - <core::panic::unwind_safe::AssertUnwindSafe<F> as core::ops::function::FnOnce<()>>::call_once::h9dc6bd6372f16606
[INFO] [stdout]                                at /rustc/82e1608dfa6e0b5569232559e3d385fea5a93112/library/core/src/panic/unwind_safe.rs:272:9
[INFO] [stdout]   38:     0x55abbc936d17 - std::panicking::try::do_call::h9057517f80303cd4
[INFO] [stdout]                                at /rustc/82e1608dfa6e0b5569232559e3d385fea5a93112/library/std/src/panicking.rs:552:40
[INFO] [stdout]   39:     0x55abbc936d17 - std::panicking::try::he3a30b11ee45340c
[INFO] [stdout]                                at /rustc/82e1608dfa6e0b5569232559e3d385fea5a93112/library/std/src/panicking.rs:516:19
[INFO] [stdout]   40:     0x55abbc936d17 - std::panic::catch_unwind::h410458cfd3528b8b
[INFO] [stdout]                                at /rustc/82e1608dfa6e0b5569232559e3d385fea5a93112/library/std/src/panic.rs:142:14
[INFO] [stdout]   41:     0x55abbc936d17 - std::thread::Builder::spawn_unchecked_::{{closure}}::h72ac3bdb567b737b
[INFO] [stdout]                                at /rustc/82e1608dfa6e0b5569232559e3d385fea5a93112/library/std/src/thread/mod.rs:528:30
[INFO] [stdout]   42:     0x55abbc936d17 - core::ops::function::FnOnce::call_once{{vtable.shim}}::h38f34da3654a8344
[INFO] [stdout]                                at /rustc/82e1608dfa6e0b5569232559e3d385fea5a93112/library/core/src/ops/function.rs:250:5
[INFO] [stdout]   43:     0x55abbcc4ee75 - <alloc::boxed::Box<F,A> as core::ops::function::FnOnce<Args>>::call_once::hc7eafaff61e32df9
[INFO] [stdout]                                at /rustc/82e1608dfa6e0b5569232559e3d385fea5a93112/library/alloc/src/boxed.rs:2007:9
[INFO] [stdout]   44:     0x55abbcc4ee75 - <alloc::boxed::Box<F,A> as core::ops::function::FnOnce<Args>>::call_once::h6ba4a5de48dd2304
[INFO] [stdout]                                at /rustc/82e1608dfa6e0b5569232559e3d385fea5a93112/library/alloc/src/boxed.rs:2007:9
[INFO] [stdout]   45:     0x55abbcc4ee75 - std::sys::unix::thread::Thread::new::thread_start::he469335aef763e45
[INFO] [stdout]                                at /rustc/82e1608dfa6e0b5569232559e3d385fea5a93112/library/std/src/sys/unix/thread.rs:108:17
[INFO] [stdout]   46:     0x7f395e58bac3 - <unknown>
[INFO] [stdout]   47:     0x7f395e61cbf4 - __clone
[INFO] [stdout]   48:                0x0 - <unknown>
[INFO] [stdout] 
[INFO] [stdout] 
[INFO] [stdout] failures:
[INFO] [stdout]     failing_tests
[INFO] [stdout] 
[INFO] [stdout] test result: FAILED. 34 passed; 1 failed; 0 ignored; 0 measured; 0 filtered out; finished in 8.10s
[INFO] [stdout] 
[INFO] [stderr] error: test failed, to rerun pass `--test test`
[INFO] running `Command { std: "docker" "inspect" "edb94f2147365be9fdafe62b7564373240958d8183012e2ecad26d8de20da5a2", kill_on_drop: false }`
[INFO] running `Command { std: "docker" "rm" "-f" "edb94f2147365be9fdafe62b7564373240958d8183012e2ecad26d8de20da5a2", kill_on_drop: false }`
[INFO] [stdout] edb94f2147365be9fdafe62b7564373240958d8183012e2ecad26d8de20da5a2
