[INFO] fetching crate ssbm_utils 0.2.1...
[INFO] testing ssbm_utils-0.2.1 against 1.75.0 for beta-1.76-1
[INFO] extracting crate ssbm_utils 0.2.1 into /workspace/builds/worker-3-tc1/source
[INFO] validating manifest of crates.io crate ssbm_utils 0.2.1 on toolchain 1.75.0
[INFO] running `Command { std: CARGO_HOME="/workspace/cargo-home" RUSTUP_HOME="/workspace/rustup-home" "/workspace/cargo-home/bin/cargo" "+1.75.0" "metadata" "--manifest-path" "Cargo.toml" "--no-deps", kill_on_drop: false }`
[INFO] started tweaking crates.io crate ssbm_utils 0.2.1
[INFO] finished tweaking crates.io crate ssbm_utils 0.2.1
[INFO] tweaked toml for crates.io crate ssbm_utils 0.2.1 written to /workspace/builds/worker-3-tc1/source/Cargo.toml
[INFO] running `Command { std: CARGO_HOME="/workspace/cargo-home" RUSTUP_HOME="/workspace/rustup-home" "/workspace/cargo-home/bin/cargo" "+1.75.0" "generate-lockfile" "--manifest-path" "Cargo.toml", kill_on_drop: false }`
[INFO] [stderr]     Updating crates.io index
[INFO] running `Command { std: CARGO_HOME="/workspace/cargo-home" RUSTUP_HOME="/workspace/rustup-home" "/workspace/cargo-home/bin/cargo" "+1.75.0" "fetch" "--manifest-path" "Cargo.toml", kill_on_drop: false }`
[INFO] running `Command { std: "docker" "create" "-v" "/var/lib/crater-agent-workspace/builds/worker-3-tc1/target:/opt/rustwide/target:rw,Z" "-v" "/var/lib/crater-agent-workspace/builds/worker-3-tc1/source:/opt/rustwide/workdir:ro,Z" "-v" "/var/lib/crater-agent-workspace/cargo-home:/opt/rustwide/cargo-home:ro,Z" "-v" "/var/lib/crater-agent-workspace/rustup-home:/opt/rustwide/rustup-home:ro,Z" "-e" "SOURCE_DIR=/opt/rustwide/workdir" "-e" "CARGO_TARGET_DIR=/opt/rustwide/target" "-e" "CARGO_HOME=/opt/rustwide/cargo-home" "-e" "RUSTUP_HOME=/opt/rustwide/rustup-home" "-w" "/opt/rustwide/workdir" "-m" "1610612736" "--user" "0:0" "--network" "none" "ghcr.io/rust-lang/crates-build-env/linux@sha256:2788e3201cd34a07e3172128adcd8b3090168a8e3bcc40d7c032b9dda1df7d1c" "/opt/rustwide/cargo-home/bin/cargo" "+1.75.0" "metadata" "--no-deps" "--format-version=1", kill_on_drop: false }`
[INFO] [stdout] e840a1c637ffd1c364ff7b65b22f6d1556d7077a1e1fafaecb98a720ce050293
[INFO] running `Command { std: "docker" "start" "-a" "e840a1c637ffd1c364ff7b65b22f6d1556d7077a1e1fafaecb98a720ce050293", kill_on_drop: false }`
[INFO] running `Command { std: "docker" "inspect" "e840a1c637ffd1c364ff7b65b22f6d1556d7077a1e1fafaecb98a720ce050293", kill_on_drop: false }`
[INFO] running `Command { std: "docker" "rm" "-f" "e840a1c637ffd1c364ff7b65b22f6d1556d7077a1e1fafaecb98a720ce050293", kill_on_drop: false }`
[INFO] [stdout] e840a1c637ffd1c364ff7b65b22f6d1556d7077a1e1fafaecb98a720ce050293
[INFO] running `Command { std: "docker" "create" "-v" "/var/lib/crater-agent-workspace/builds/worker-3-tc1/target:/opt/rustwide/target:rw,Z" "-v" "/var/lib/crater-agent-workspace/builds/worker-3-tc1/source:/opt/rustwide/workdir:ro,Z" "-v" "/var/lib/crater-agent-workspace/cargo-home:/opt/rustwide/cargo-home:ro,Z" "-v" "/var/lib/crater-agent-workspace/rustup-home:/opt/rustwide/rustup-home:ro,Z" "-e" "SOURCE_DIR=/opt/rustwide/workdir" "-e" "CARGO_TARGET_DIR=/opt/rustwide/target" "-e" "CARGO_INCREMENTAL=0" "-e" "RUST_BACKTRACE=full" "-e" "RUSTFLAGS=--cap-lints=warn" "-e" "RUSTDOCFLAGS=--cap-lints=warn" "-e" "CARGO_HOME=/opt/rustwide/cargo-home" "-e" "RUSTUP_HOME=/opt/rustwide/rustup-home" "-w" "/opt/rustwide/workdir" "-m" "1610612736" "--user" "0:0" "--network" "none" "ghcr.io/rust-lang/crates-build-env/linux@sha256:2788e3201cd34a07e3172128adcd8b3090168a8e3bcc40d7c032b9dda1df7d1c" "/opt/rustwide/cargo-home/bin/cargo" "+1.75.0" "build" "--frozen" "--message-format=json", kill_on_drop: false }`
[INFO] [stdout] 2540e8d27ffc2fb675d9bb589cf875700174541502649210f10717413b0a2f44
[INFO] running `Command { std: "docker" "start" "-a" "2540e8d27ffc2fb675d9bb589cf875700174541502649210f10717413b0a2f44", kill_on_drop: false }`
[INFO] [stderr]    Compiling proc-macro2 v1.0.75
[INFO] [stderr]    Compiling unicode-ident v1.0.12
[INFO] [stderr]    Compiling hashbrown v0.14.3
[INFO] [stderr]    Compiling equivalent v1.0.1
[INFO] [stderr]    Compiling winnow v0.5.32
[INFO] [stderr]    Compiling toml_datetime v0.6.3
[INFO] [stderr]    Compiling rustversion v1.0.14
[INFO] [stderr]    Compiling num-traits v0.2.17
[INFO] [stderr]    Compiling anyhow v1.0.79
[INFO] [stderr]    Compiling serde v1.0.194
[INFO] [stderr]    Compiling heck v0.4.1
[INFO] [stderr]    Compiling strum v0.25.0
[INFO] [stderr]    Compiling quote v1.0.35
[INFO] [stderr]    Compiling indexmap v2.1.0
[INFO] [stderr]    Compiling syn v2.0.48
[INFO] [stderr]    Compiling approx v0.5.1
[INFO] [stderr]    Compiling toml_edit v0.20.2
[INFO] [stderr]    Compiling proc-macro-crate v2.0.1
[INFO] [stderr]    Compiling serde_derive v1.0.194
[INFO] [stderr]    Compiling strum_macros v0.25.3
[INFO] [stderr]    Compiling num_enum_derive v0.7.1
[INFO] [stderr]    Compiling num_enum v0.7.1
[INFO] [stderr]    Compiling ssbm_utils v0.2.1 (/opt/rustwide/workdir)
[INFO] [stderr]     Finished dev [unoptimized + debuginfo] target(s) in 24.03s
[INFO] running `Command { std: "docker" "inspect" "2540e8d27ffc2fb675d9bb589cf875700174541502649210f10717413b0a2f44", kill_on_drop: false }`
[INFO] running `Command { std: "docker" "rm" "-f" "2540e8d27ffc2fb675d9bb589cf875700174541502649210f10717413b0a2f44", kill_on_drop: false }`
[INFO] [stdout] 2540e8d27ffc2fb675d9bb589cf875700174541502649210f10717413b0a2f44
[INFO] running `Command { std: "docker" "create" "-v" "/var/lib/crater-agent-workspace/builds/worker-3-tc1/target:/opt/rustwide/target:rw,Z" "-v" "/var/lib/crater-agent-workspace/builds/worker-3-tc1/source:/opt/rustwide/workdir:ro,Z" "-v" "/var/lib/crater-agent-workspace/cargo-home:/opt/rustwide/cargo-home:ro,Z" "-v" "/var/lib/crater-agent-workspace/rustup-home:/opt/rustwide/rustup-home:ro,Z" "-e" "SOURCE_DIR=/opt/rustwide/workdir" "-e" "CARGO_TARGET_DIR=/opt/rustwide/target" "-e" "CARGO_INCREMENTAL=0" "-e" "RUST_BACKTRACE=full" "-e" "RUSTFLAGS=--cap-lints=warn" "-e" "RUSTDOCFLAGS=--cap-lints=warn" "-e" "CARGO_HOME=/opt/rustwide/cargo-home" "-e" "RUSTUP_HOME=/opt/rustwide/rustup-home" "-w" "/opt/rustwide/workdir" "-m" "1610612736" "--user" "0:0" "--network" "none" "ghcr.io/rust-lang/crates-build-env/linux@sha256:2788e3201cd34a07e3172128adcd8b3090168a8e3bcc40d7c032b9dda1df7d1c" "/opt/rustwide/cargo-home/bin/cargo" "+1.75.0" "test" "--frozen" "--no-run" "--message-format=json", kill_on_drop: false }`
[INFO] [stdout] 92aa935105656917321e86a15a1c17936b8f39445195b6beaedcb8915ba7eb66
[INFO] running `Command { std: "docker" "start" "-a" "92aa935105656917321e86a15a1c17936b8f39445195b6beaedcb8915ba7eb66", kill_on_drop: false }`
[INFO] [stderr]    Compiling ssbm_utils v0.2.1 (/opt/rustwide/workdir)
[INFO] [stderr]     Finished test [unoptimized + debuginfo] target(s) in 1.67s
[INFO] running `Command { std: "docker" "inspect" "92aa935105656917321e86a15a1c17936b8f39445195b6beaedcb8915ba7eb66", kill_on_drop: false }`
[INFO] running `Command { std: "docker" "rm" "-f" "92aa935105656917321e86a15a1c17936b8f39445195b6beaedcb8915ba7eb66", kill_on_drop: false }`
[INFO] [stdout] 92aa935105656917321e86a15a1c17936b8f39445195b6beaedcb8915ba7eb66
[INFO] running `Command { std: "docker" "create" "-v" "/var/lib/crater-agent-workspace/builds/worker-3-tc1/target:/opt/rustwide/target:rw,Z" "-v" "/var/lib/crater-agent-workspace/builds/worker-3-tc1/source:/opt/rustwide/workdir:ro,Z" "-v" "/var/lib/crater-agent-workspace/cargo-home:/opt/rustwide/cargo-home:ro,Z" "-v" "/var/lib/crater-agent-workspace/rustup-home:/opt/rustwide/rustup-home:ro,Z" "-e" "SOURCE_DIR=/opt/rustwide/workdir" "-e" "CARGO_TARGET_DIR=/opt/rustwide/target" "-e" "CARGO_INCREMENTAL=0" "-e" "RUST_BACKTRACE=full" "-e" "RUSTFLAGS=--cap-lints=warn" "-e" "RUSTDOCFLAGS=--cap-lints=warn" "-e" "CARGO_HOME=/opt/rustwide/cargo-home" "-e" "RUSTUP_HOME=/opt/rustwide/rustup-home" "-w" "/opt/rustwide/workdir" "-m" "1610612736" "--user" "0:0" "--network" "none" "ghcr.io/rust-lang/crates-build-env/linux@sha256:2788e3201cd34a07e3172128adcd8b3090168a8e3bcc40d7c032b9dda1df7d1c" "/opt/rustwide/cargo-home/bin/cargo" "+1.75.0" "test" "--frozen", kill_on_drop: false }`
[INFO] [stdout] db6cd469ff5d948fbbb52b9c10b865ddc0a5a911b4df72f413ad2b224c42317d
[INFO] running `Command { std: "docker" "start" "-a" "db6cd469ff5d948fbbb52b9c10b865ddc0a5a911b4df72f413ad2b224c42317d", kill_on_drop: false }`
[INFO] [stderr]     Finished test [unoptimized + debuginfo] target(s) in 0.04s
[INFO] [stderr]      Running unittests src/lib.rs (/opt/rustwide/target/debug/deps/ssbm_utils-9bea2036791aafda)
[INFO] [stdout] 
[INFO] [stdout] running 9 tests
[INFO] [stdout] test calc::general::test::test_grav_jump_arc ... ok
[INFO] [stdout] test calc::general::test::test_fh_jump_arc ... ok
[INFO] [stdout] test calc::general::test::test_sh_jump_arc ... ok
[INFO] [stdout] test calc::knockback::tests::test_knockback ... ok
[INFO] [stdout] test calc::on_hit::test::test_shield_stun ... ok
[INFO] [stdout] test calc::knockback::tests::test_sakurai_angle ... ok
[INFO] [stdout] test calc::general::test::test_drain_rate ... ok
[INFO] [stdout] test calc::on_hit::test::test_hitstun ... ok
[INFO] [stdout] test calc::on_hit::test::test_stale_damage ... ok
[INFO] [stdout] 
[INFO] [stdout] test result: ok. 9 passed; 0 failed; 0 ignored; 0 measured; 0 filtered out; finished in 0.02s
[INFO] [stdout] 
[INFO] [stderr]    Doc-tests ssbm_utils
[INFO] [stdout] 
[INFO] [stdout] running 8 tests
[INFO] [stdout] test src/trackers.rs - trackers::LockoutTracker (line 45) - compile ... FAILED
[INFO] [stdout] test src/enums/character.rs - enums::character::Character::IceClimbers (line 48) ... ok
[INFO] [stdout] test src/enums/character.rs - enums::character::Character::IceClimbers (line 54) ... ok
[INFO] [stdout] test src/enums/character.rs - enums::character::Character (line 16) ... ok
[INFO] [stdout] test src/enums/state.rs - enums::state::ActionRange (line 711) ... ok
[INFO] [stdout] test src/enums/character.rs - enums::character::Character::IceClimbers (line 60) ... ok
[INFO] [stdout] test src/enums/buttons.rs - enums::buttons::EngineInput (line 16) ... ok
[INFO] [stdout] test src/enums/character.rs - enums::character::Character (line 8) ... ok
[INFO] [stdout] 
[INFO] [stdout] failures:
[INFO] [stdout] 
[INFO] [stdout] ---- src/trackers.rs - trackers::LockoutTracker (line 45) stdout ----
[INFO] [stdout] error: unexpected token: `...`
[INFO] [stdout]  --> src/trackers.rs:52:9
[INFO] [stdout]   |
[INFO] [stdout] 9 |         ...
[INFO] [stdout]   |         ^^^
[INFO] [stdout]   |
[INFO] [stdout] help: use `..` for an exclusive range
[INFO] [stdout]   |
[INFO] [stdout] 9 |         ..
[INFO] [stdout]   |
[INFO] [stdout] help: or `..=` for an inclusive range
[INFO] [stdout]   |
[INFO] [stdout] 9 |         ..=
[INFO] [stdout]   |
[INFO] [stdout] 
[INFO] [stdout] error[E0586]: inclusive range with no end
[INFO] [stdout]  --> src/trackers.rs:52:9
[INFO] [stdout]   |
[INFO] [stdout] 9 |         ...
[INFO] [stdout]   |         ^^^ help: use `..` instead
[INFO] [stdout]   |
[INFO] [stdout]   = note: inclusive ranges must be bounded at the end (`..=b` or `a..=b`)
[INFO] [stdout] 
[INFO] [stdout] error: unexpected token: `...`
[INFO] [stdout]   --> src/trackers.rs:55:4
[INFO] [stdout]    |
[INFO] [stdout] 12 |    ...
[INFO] [stdout]    |    ^^^
[INFO] [stdout]    |
[INFO] [stdout] help: use `..` for an exclusive range
[INFO] [stdout]    |
[INFO] [stdout] 12 |    ..
[INFO] [stdout]    |
[INFO] [stdout] help: or `..=` for an inclusive range
[INFO] [stdout]    |
[INFO] [stdout] 12 |    ..=
[INFO] [stdout]    |
[INFO] [stdout] 
[INFO] [stdout] error[E0586]: inclusive range with no end
[INFO] [stdout]   --> src/trackers.rs:55:4
[INFO] [stdout]    |
[INFO] [stdout] 12 |    ...
[INFO] [stdout]    |    ^^^ help: use `..` instead
[INFO] [stdout]    |
[INFO] [stdout]    = note: inclusive ranges must be bounded at the end (`..=b` or `a..=b`)
[INFO] [stdout] 
[INFO] [stdout] error[E0433]: failed to resolve: use of undeclared type `LockoutTracker`
[INFO] [stdout]  --> src/trackers.rs:46:19
[INFO] [stdout]   |
[INFO] [stdout] 3 | let mut tracker = LockoutTracker::default();
[INFO] [stdout]   |                   ^^^^^^^^^^^^^^ use of undeclared type `LockoutTracker`
[INFO] [stdout]   |
[INFO] [stdout] help: consider importing this struct
[INFO] [stdout]   |
[INFO] [stdout] 2 + use ssbm_utils::trackers::LockoutTracker;
[INFO] [stdout]   |
[INFO] [stdout] 
[INFO] [stdout] error[E0425]: cannot find value `frames` in this scope
[INFO] [stdout]  --> src/trackers.rs:48:13
[INFO] [stdout]   |
[INFO] [stdout] 5 | for i in 1..frames.len() {
[INFO] [stdout]   |             ^^^^^^ not found in this scope
[INFO] [stdout]   |
[INFO] [stdout] help: you might have meant to write `.` instead of `..`
[INFO] [stdout]   |
[INFO] [stdout] 5 - for i in 1..frames.len() {
[INFO] [stdout] 5 + for i in 1.frames.len() {
[INFO] [stdout]   |
[INFO] [stdout] 
[INFO] [stdout] error[E0425]: cannot find value `frames` in this scope
[INFO] [stdout]  --> src/trackers.rs:49:19
[INFO] [stdout]   |
[INFO] [stdout] 6 |    tracker.update(frames.pre.engine_buttons[i], frames.post.flags.as_ref().unwrap()[i]);
[INFO] [stdout]   |                   ^^^^^^ not found in this scope
[INFO] [stdout] 
[INFO] [stdout] error[E0425]: cannot find value `frames` in this scope
[INFO] [stdout]  --> src/trackers.rs:49:49
[INFO] [stdout]   |
[INFO] [stdout] 6 |    tracker.update(frames.pre.engine_buttons[i], frames.post.flags.as_ref().unwrap()[i]);
[INFO] [stdout]   |                                                 ^^^^^^ not found in this scope
[INFO] [stdout] 
[INFO] [stdout] error: aborting due to 8 previous errors
[INFO] [stdout] 
[INFO] [stdout] Some errors have detailed explanations: E0425, E0433, E0586.
[INFO] [stdout] For more information about an error, try `rustc --explain E0425`.
[INFO] [stdout] Couldn't compile the test.
[INFO] [stdout] 
[INFO] [stdout] failures:
[INFO] [stdout]     src/trackers.rs - trackers::LockoutTracker (line 45)
[INFO] [stdout] 
[INFO] [stdout] test result: FAILED. 7 passed; 1 failed; 0 ignored; 0 measured; 0 filtered out; finished in 1.22s
[INFO] [stdout] 
[INFO] [stderr] error: doctest failed, to rerun pass `--doc`
[INFO] running `Command { std: "docker" "inspect" "db6cd469ff5d948fbbb52b9c10b865ddc0a5a911b4df72f413ad2b224c42317d", kill_on_drop: false }`
[INFO] running `Command { std: "docker" "rm" "-f" "db6cd469ff5d948fbbb52b9c10b865ddc0a5a911b4df72f413ad2b224c42317d", kill_on_drop: false }`
[INFO] [stdout] db6cd469ff5d948fbbb52b9c10b865ddc0a5a911b4df72f413ad2b224c42317d
