[INFO] fetching crate ss3 0.1.2...
[INFO] testing ss3-0.1.2 against 1.75.0 for beta-1.76-1
[INFO] extracting crate ss3 0.1.2 into /workspace/builds/worker-0-tc1/source
[INFO] validating manifest of crates.io crate ss3 0.1.2 on toolchain 1.75.0
[INFO] running `Command { std: CARGO_HOME="/workspace/cargo-home" RUSTUP_HOME="/workspace/rustup-home" "/workspace/cargo-home/bin/cargo" "+1.75.0" "metadata" "--manifest-path" "Cargo.toml" "--no-deps", kill_on_drop: false }`
[INFO] started tweaking crates.io crate ss3 0.1.2
[INFO] finished tweaking crates.io crate ss3 0.1.2
[INFO] tweaked toml for crates.io crate ss3 0.1.2 written to /workspace/builds/worker-0-tc1/source/Cargo.toml
[INFO] crate crates.io crate ss3 0.1.2 already has a lockfile, it will not be regenerated
[INFO] running `Command { std: CARGO_HOME="/workspace/cargo-home" RUSTUP_HOME="/workspace/rustup-home" "/workspace/cargo-home/bin/cargo" "+1.75.0" "fetch" "--manifest-path" "Cargo.toml", kill_on_drop: false }`
[INFO] [stderr]     Updating crates.io index
[INFO] [stderr]  Downloading crates ...
[INFO] [stderr]   Downloaded aws-smithy-checksums v0.55.0
[INFO] [stderr]   Downloaded aws-sigv4 v0.55.0
[INFO] [stderr]   Downloaded aws-sig-auth v0.55.0
[INFO] [stderr]   Downloaded bytes-utils v0.1.3
[INFO] [stderr]   Downloaded aws-smithy-json v0.55.0
[INFO] [stderr]   Downloaded aws-http v0.55.0
[INFO] [stderr]   Downloaded aws-smithy-query v0.55.0
[INFO] [stderr]   Downloaded aws-smithy-xml v0.55.0
[INFO] [stderr]   Downloaded aws-smithy-async v0.55.0
[INFO] [stderr]   Downloaded aws-smithy-http-tower v0.55.0
[INFO] [stderr]   Downloaded xmlparser v0.13.5
[INFO] [stderr]   Downloaded aws-sdk-sso v0.25.0
[INFO] [stderr]   Downloaded aws-smithy-http v0.55.0
[INFO] [stderr]   Downloaded aws-config v0.55.0
[INFO] [stderr]   Downloaded aws-smithy-client v0.55.0
[INFO] [stderr]   Downloaded aws-sdk-sts v0.25.0
[INFO] [stderr]   Downloaded aws-types v0.55.0
[INFO] [stderr]   Downloaded aws-smithy-eventstream v0.55.0
[INFO] [stderr]   Downloaded aws-credential-types v0.55.0
[INFO] [stderr]   Downloaded aws-endpoint v0.55.0
[INFO] [stderr]   Downloaded file-size v1.0.3
[INFO] [stderr]   Downloaded aws-smithy-types v0.55.0
[INFO] [stderr]   Downloaded aws-sdk-s3 v0.25.0
[INFO] running `Command { std: "docker" "create" "-v" "/var/lib/crater-agent-workspace/builds/worker-0-tc1/target:/opt/rustwide/target:rw,Z" "-v" "/var/lib/crater-agent-workspace/builds/worker-0-tc1/source:/opt/rustwide/workdir:ro,Z" "-v" "/var/lib/crater-agent-workspace/cargo-home:/opt/rustwide/cargo-home:ro,Z" "-v" "/var/lib/crater-agent-workspace/rustup-home:/opt/rustwide/rustup-home:ro,Z" "-e" "SOURCE_DIR=/opt/rustwide/workdir" "-e" "CARGO_TARGET_DIR=/opt/rustwide/target" "-e" "CARGO_HOME=/opt/rustwide/cargo-home" "-e" "RUSTUP_HOME=/opt/rustwide/rustup-home" "-w" "/opt/rustwide/workdir" "-m" "1610612736" "--user" "0:0" "--network" "none" "ghcr.io/rust-lang/crates-build-env/linux@sha256:2788e3201cd34a07e3172128adcd8b3090168a8e3bcc40d7c032b9dda1df7d1c" "/opt/rustwide/cargo-home/bin/cargo" "+1.75.0" "metadata" "--no-deps" "--format-version=1", kill_on_drop: false }`
[INFO] [stdout] dafa01e8712965c6ad13195c3f970b7d021f72f41438c4eaa811895c82dfd4eb
[INFO] running `Command { std: "docker" "start" "-a" "dafa01e8712965c6ad13195c3f970b7d021f72f41438c4eaa811895c82dfd4eb", kill_on_drop: false }`
[INFO] running `Command { std: "docker" "inspect" "dafa01e8712965c6ad13195c3f970b7d021f72f41438c4eaa811895c82dfd4eb", kill_on_drop: false }`
[INFO] running `Command { std: "docker" "rm" "-f" "dafa01e8712965c6ad13195c3f970b7d021f72f41438c4eaa811895c82dfd4eb", kill_on_drop: false }`
[INFO] [stdout] dafa01e8712965c6ad13195c3f970b7d021f72f41438c4eaa811895c82dfd4eb
[INFO] running `Command { std: "docker" "create" "-v" "/var/lib/crater-agent-workspace/builds/worker-0-tc1/target:/opt/rustwide/target:rw,Z" "-v" "/var/lib/crater-agent-workspace/builds/worker-0-tc1/source:/opt/rustwide/workdir:ro,Z" "-v" "/var/lib/crater-agent-workspace/cargo-home:/opt/rustwide/cargo-home:ro,Z" "-v" "/var/lib/crater-agent-workspace/rustup-home:/opt/rustwide/rustup-home:ro,Z" "-e" "SOURCE_DIR=/opt/rustwide/workdir" "-e" "CARGO_TARGET_DIR=/opt/rustwide/target" "-e" "CARGO_INCREMENTAL=0" "-e" "RUST_BACKTRACE=full" "-e" "RUSTFLAGS=--cap-lints=warn" "-e" "RUSTDOCFLAGS=--cap-lints=warn" "-e" "CARGO_HOME=/opt/rustwide/cargo-home" "-e" "RUSTUP_HOME=/opt/rustwide/rustup-home" "-w" "/opt/rustwide/workdir" "-m" "1610612736" "--user" "0:0" "--network" "none" "ghcr.io/rust-lang/crates-build-env/linux@sha256:2788e3201cd34a07e3172128adcd8b3090168a8e3bcc40d7c032b9dda1df7d1c" "/opt/rustwide/cargo-home/bin/cargo" "+1.75.0" "build" "--frozen" "--message-format=json", kill_on_drop: false }`
[INFO] [stdout] 3258e3ee883d545c362612856f1af9ae6530efcba9948f5b231068f8b1ce6240
[INFO] running `Command { std: "docker" "start" "-a" "3258e3ee883d545c362612856f1af9ae6530efcba9948f5b231068f8b1ce6240", kill_on_drop: false }`
[INFO] [stderr]    Compiling libc v0.2.141
[INFO] [stderr]    Compiling proc-macro2 v1.0.56
[INFO] [stderr]    Compiling quote v1.0.26
[INFO] [stderr]    Compiling unicode-ident v1.0.8
[INFO] [stderr]    Compiling log v0.4.17
[INFO] [stderr]    Compiling once_cell v1.17.1
[INFO] [stderr]    Compiling bytes v1.4.0
[INFO] [stderr]    Compiling lock_api v0.4.9
[INFO] [stderr]    Compiling parking_lot_core v0.9.7
[INFO] [stderr]    Compiling pin-project-lite v0.2.9
[INFO] [stderr]    Compiling scopeguard v1.1.0
[INFO] [stderr]    Compiling smallvec v1.10.0
[INFO] [stderr]    Compiling futures-core v0.3.28
[INFO] [stderr]    Compiling syn v1.0.109
[INFO] [stderr]    Compiling tokio v1.27.0
[INFO] [stderr]    Compiling itoa v1.0.6
[INFO] [stderr]    Compiling futures-task v0.3.28
[INFO] [stderr]    Compiling num-traits v0.2.15
[INFO] [stderr]    Compiling futures-util v0.3.28
[INFO] [stderr]    Compiling tracing-core v0.1.30
[INFO] [stderr]    Compiling num-integer v0.1.45
[INFO] [stderr]    Compiling vsimd v0.8.0
[INFO] [stderr]    Compiling syn v2.0.13
[INFO] [stderr]    Compiling time-core v0.1.0
[INFO] [stderr]    Compiling outref v0.5.1
[INFO] [stderr]    Compiling time v0.3.20
[INFO] [stderr]    Compiling base64-simd v0.8.0
[INFO] [stderr]    Compiling signal-hook-registry v1.4.1
[INFO] [stderr]    Compiling parking_lot v0.12.1
[INFO] [stderr]    Compiling socket2 v0.4.9
[INFO] [stderr]    Compiling mio v0.8.6
[INFO] [stderr]    Compiling num_cpus v1.15.0
[INFO] [stderr]    Compiling slab v0.4.8
[INFO] [stderr]    Compiling indexmap v1.9.3
[INFO] [stderr]    Compiling ryu v1.0.13
[INFO] [stderr]    Compiling cc v1.0.79
[INFO] [stderr]    Compiling http v0.2.9
[INFO] [stderr]    Compiling aws-smithy-types v0.55.0
[INFO] [stderr]    Compiling futures-sink v0.3.28
[INFO] [stderr]    Compiling semver v1.0.17
[INFO] [stderr]    Compiling futures-channel v0.3.28
[INFO] [stderr]    Compiling typenum v1.16.0
[INFO] [stderr]    Compiling ring v0.16.20
[INFO] [stderr]    Compiling try-lock v0.2.4
[INFO] [stderr]    Compiling want v0.3.0
[INFO] [stderr]    Compiling http-body v0.4.5
[INFO] [stderr]    Compiling spin v0.5.2
[INFO] [stderr]    Compiling httpdate v1.0.2
[INFO] [stderr]    Compiling percent-encoding v2.2.0
[INFO] [stderr]    Compiling untrusted v0.7.1
[INFO] [stderr]    Compiling rustc_version v0.4.0
[INFO] [stderr]    Compiling either v1.8.1
[INFO] [stderr]    Compiling aws-smithy-eventstream v0.55.0
[INFO] [stderr]    Compiling bytes-utils v0.1.3
[INFO] [stderr]    Compiling memchr v2.5.0
[INFO] [stderr]    Compiling rustls v0.20.8
[INFO] [stderr]    Compiling subtle v2.4.1
[INFO] [stderr]    Compiling base64 v0.21.0
[INFO] [stderr]    Compiling tower-layer v0.3.2
[INFO] [stderr]    Compiling aws-types v0.55.0
[INFO] [stderr]    Compiling regex-syntax v0.6.29
[INFO] [stderr]    Compiling zeroize v1.6.0
[INFO] [stderr]    Compiling cpufeatures v0.2.6
[INFO] [stderr]    Compiling form_urlencoded v1.1.0
[INFO] [stderr]    Compiling generic-array v0.14.7
[INFO] [stderr]    Compiling rustls-pemfile v1.0.2
[INFO] [stderr]    Compiling aho-corasick v0.7.20
[INFO] [stderr]    Compiling rustls-native-certs v0.6.2
[INFO] [stderr]    Compiling io-lifetimes v1.0.10
[INFO] [stderr]    Compiling rustix v0.37.7
[INFO] [stderr]    Compiling tokio-macros v2.0.0
[INFO] [stderr]    Compiling unicase v2.6.0
[INFO] [stderr]    Compiling crypto-common v0.1.6
[INFO] [stderr]    Compiling block-buffer v0.10.4
[INFO] [stderr]    Compiling digest v0.10.6
[INFO] [stderr]    Compiling linux-raw-sys v0.3.1
[INFO] [stderr]    Compiling sha2 v0.10.6
[INFO] [stderr]    Compiling hmac v0.12.1
[INFO] [stderr]    Compiling crc32c v0.6.3
[INFO] [stderr]    Compiling aws-smithy-json v0.55.0
[INFO] [stderr]    Compiling utf8parse v0.2.1
[INFO] [stderr]    Compiling regex v1.7.3
[INFO] [stderr]    Compiling xmlparser v0.13.5
[INFO] [stderr]    Compiling aws-smithy-xml v0.55.0
[INFO] [stderr]    Compiling anstyle-parse v0.1.1
[INFO] [stderr]    Compiling sct v0.7.0
[INFO] [stderr]    Compiling webpki v0.22.0
[INFO] [stderr]    Compiling unicode-normalization v0.1.22
[INFO] [stderr]    Compiling is-terminal v0.4.6
[INFO] [stderr]    Compiling anstyle v0.3.5
[INFO] [stderr]    Compiling urlencoding v2.1.2
[INFO] [stderr]    Compiling concolor-query v0.3.3
[INFO] [stderr]    Compiling unicode-bidi v0.3.13
[INFO] [stderr]    Compiling concolor-override v1.0.0
[INFO] [stderr]    Compiling aws-smithy-query v0.55.0
[INFO] [stderr]    Compiling anstream v0.2.6
[INFO] [stderr]    Compiling mime_guess v2.0.4
[INFO] [stderr]    Compiling md-5 v0.10.5
[INFO] [stderr]    Compiling idna v0.3.0
[INFO] [stderr]    Compiling tracing-attributes v0.1.23
[INFO] [stderr]    Compiling pin-project-internal v1.0.12
[INFO] [stderr]    Compiling sha1 v0.10.5
[INFO] [stderr]    Compiling strsim v0.10.0
[INFO] [stderr]    Compiling clap_lex v0.4.1
[INFO] [stderr]    Compiling thiserror v1.0.40
[INFO] [stderr]    Compiling clap_builder v4.2.1
[INFO] [stderr]    Compiling url v2.3.1
[INFO] [stderr]    Compiling thiserror-impl v1.0.40
[INFO] [stderr]    Compiling pin-project v1.0.12
[INFO] [stderr]    Compiling bstr v1.4.0
[INFO] [stderr]    Compiling tracing v0.1.37
[INFO] [stderr]    Compiling walkdir v2.3.3
[INFO] [stderr]    Compiling tokio-util v0.7.7
[INFO] [stderr]    Compiling tokio-stream v0.1.12
[INFO] [stderr]    Compiling tower v0.4.13
[INFO] [stderr]    Compiling tokio-rustls v0.23.4
[INFO] [stderr]    Compiling aws-smithy-async v0.55.0
[INFO] [stderr]    Compiling aws-credential-types v0.55.0
[INFO] [stderr]    Compiling globset v0.4.10
[INFO] [stderr]    Compiling h2 v0.3.16
[INFO] [stderr]    Compiling pathdiff v0.2.1
[INFO] [stderr]    Compiling file-size v1.0.3
[INFO] [stderr]    Compiling clap v4.2.1
[INFO] [stderr]    Compiling hyper v0.14.25
[INFO] [stderr]    Compiling aws-smithy-http v0.55.0
[INFO] [stderr]    Compiling hyper-rustls v0.23.2
[INFO] [stderr]    Compiling aws-smithy-http-tower v0.55.0
[INFO] [stderr]    Compiling aws-sigv4 v0.55.0
[INFO] [stderr]    Compiling aws-smithy-checksums v0.55.0
[INFO] [stderr]    Compiling aws-smithy-client v0.55.0
[INFO] [stderr]    Compiling aws-sig-auth v0.55.0
[INFO] [stderr]    Compiling aws-http v0.55.0
[INFO] [stderr]    Compiling aws-endpoint v0.55.0
[INFO] [stderr]    Compiling aws-sdk-sts v0.25.0
[INFO] [stderr]    Compiling aws-sdk-sso v0.25.0
[INFO] [stderr]    Compiling aws-sdk-s3 v0.25.0
[INFO] [stderr]    Compiling aws-config v0.55.0
[INFO] [stderr]    Compiling ss3 v0.1.2 (/opt/rustwide/workdir)
[INFO] [stdout] warning: unused import: `std::format as f`
[INFO] [stdout]  --> src/prelude.rs:4:9
[INFO] [stdout]   |
[INFO] [stdout] 4 | pub use std::format as f;
[INFO] [stdout]   |         ^^^^^^^^^^^^^^^^
[INFO] [stdout]   |
[INFO] [stdout]   = note: `#[warn(unused_imports)]` on by default
[INFO] [stdout] 
[INFO] [stdout] 
[INFO] [stdout] warning: unused import: `SItemType`
[INFO] [stdout]   --> src/s3w/mod.rs:10:30
[INFO] [stdout]    |
[INFO] [stdout] 10 | pub use self::sitem::{SItem, SItemType};
[INFO] [stdout]    |                              ^^^^^^^^^
[INFO] [stdout] 
[INFO] [stdout] 
[INFO] [stdout] warning: 2 warnings emitted
[INFO] [stdout] 
[INFO] [stdout] 
[INFO] [stderr]     Finished dev [unoptimized + debuginfo] target(s) in 2m 23s
[INFO] running `Command { std: "docker" "inspect" "3258e3ee883d545c362612856f1af9ae6530efcba9948f5b231068f8b1ce6240", kill_on_drop: false }`
[INFO] running `Command { std: "docker" "rm" "-f" "3258e3ee883d545c362612856f1af9ae6530efcba9948f5b231068f8b1ce6240", kill_on_drop: false }`
[INFO] [stdout] 3258e3ee883d545c362612856f1af9ae6530efcba9948f5b231068f8b1ce6240
[INFO] running `Command { std: "docker" "create" "-v" "/var/lib/crater-agent-workspace/builds/worker-0-tc1/target:/opt/rustwide/target:rw,Z" "-v" "/var/lib/crater-agent-workspace/builds/worker-0-tc1/source:/opt/rustwide/workdir:ro,Z" "-v" "/var/lib/crater-agent-workspace/cargo-home:/opt/rustwide/cargo-home:ro,Z" "-v" "/var/lib/crater-agent-workspace/rustup-home:/opt/rustwide/rustup-home:ro,Z" "-e" "SOURCE_DIR=/opt/rustwide/workdir" "-e" "CARGO_TARGET_DIR=/opt/rustwide/target" "-e" "CARGO_INCREMENTAL=0" "-e" "RUST_BACKTRACE=full" "-e" "RUSTFLAGS=--cap-lints=warn" "-e" "RUSTDOCFLAGS=--cap-lints=warn" "-e" "CARGO_HOME=/opt/rustwide/cargo-home" "-e" "RUSTUP_HOME=/opt/rustwide/rustup-home" "-w" "/opt/rustwide/workdir" "-m" "1610612736" "--user" "0:0" "--network" "none" "ghcr.io/rust-lang/crates-build-env/linux@sha256:2788e3201cd34a07e3172128adcd8b3090168a8e3bcc40d7c032b9dda1df7d1c" "/opt/rustwide/cargo-home/bin/cargo" "+1.75.0" "test" "--frozen" "--no-run" "--message-format=json", kill_on_drop: false }`
[INFO] [stdout] 7e5346430ced0b0ceb999801fdc277b21f674c7241a0ef2d6536811b83a7bf35
[INFO] running `Command { std: "docker" "start" "-a" "7e5346430ced0b0ceb999801fdc277b21f674c7241a0ef2d6536811b83a7bf35", kill_on_drop: false }`
[INFO] [stderr]    Compiling anyhow v1.0.70
[INFO] [stdout] warning: unused import: `std::format as f`
[INFO] [stdout]  --> src/prelude.rs:4:9
[INFO] [stdout]   |
[INFO] [stdout] 4 | pub use std::format as f;
[INFO] [stdout]   |         ^^^^^^^^^^^^^^^^
[INFO] [stdout]   |
[INFO] [stdout]   = note: `#[warn(unused_imports)]` on by default
[INFO] [stdout] 
[INFO] [stdout] 
[INFO] [stdout] warning: unused import: `SItemType`
[INFO] [stdout]   --> src/s3w/mod.rs:10:30
[INFO] [stdout]    |
[INFO] [stdout] 10 | pub use self::sitem::{SItem, SItemType};
[INFO] [stdout]    |                              ^^^^^^^^^
[INFO] [stdout] 
[INFO] [stdout] 
[INFO] [stdout] warning: 2 warnings emitted
[INFO] [stdout] 
[INFO] [stdout] 
[INFO] [stderr]    Compiling ss3 v0.1.2 (/opt/rustwide/workdir)
[INFO] [stdout] warning: unused import: `std::format as f`
[INFO] [stdout]  --> src/prelude.rs:4:9
[INFO] [stdout]   |
[INFO] [stdout] 4 | pub use std::format as f;
[INFO] [stdout]   |         ^^^^^^^^^^^^^^^^
[INFO] [stdout]   |
[INFO] [stdout]   = note: `#[warn(unused_imports)]` on by default
[INFO] [stdout] 
[INFO] [stdout] 
[INFO] [stdout] warning: unused import: `SItemType`
[INFO] [stdout]   --> src/s3w/mod.rs:10:30
[INFO] [stdout]    |
[INFO] [stdout] 10 | pub use self::sitem::{SItem, SItemType};
[INFO] [stdout]    |                              ^^^^^^^^^
[INFO] [stdout] 
[INFO] [stdout] 
[INFO] [stdout] warning: 2 warnings emitted
[INFO] [stdout] 
[INFO] [stdout] 
[INFO] [stderr]     Finished test [unoptimized + debuginfo] target(s) in 5.01s
[INFO] running `Command { std: "docker" "inspect" "7e5346430ced0b0ceb999801fdc277b21f674c7241a0ef2d6536811b83a7bf35", kill_on_drop: false }`
[INFO] running `Command { std: "docker" "rm" "-f" "7e5346430ced0b0ceb999801fdc277b21f674c7241a0ef2d6536811b83a7bf35", kill_on_drop: false }`
[INFO] [stdout] 7e5346430ced0b0ceb999801fdc277b21f674c7241a0ef2d6536811b83a7bf35
[INFO] running `Command { std: "docker" "create" "-v" "/var/lib/crater-agent-workspace/builds/worker-0-tc1/target:/opt/rustwide/target:rw,Z" "-v" "/var/lib/crater-agent-workspace/builds/worker-0-tc1/source:/opt/rustwide/workdir:ro,Z" "-v" "/var/lib/crater-agent-workspace/cargo-home:/opt/rustwide/cargo-home:ro,Z" "-v" "/var/lib/crater-agent-workspace/rustup-home:/opt/rustwide/rustup-home:ro,Z" "-e" "SOURCE_DIR=/opt/rustwide/workdir" "-e" "CARGO_TARGET_DIR=/opt/rustwide/target" "-e" "CARGO_INCREMENTAL=0" "-e" "RUST_BACKTRACE=full" "-e" "RUSTFLAGS=--cap-lints=warn" "-e" "RUSTDOCFLAGS=--cap-lints=warn" "-e" "CARGO_HOME=/opt/rustwide/cargo-home" "-e" "RUSTUP_HOME=/opt/rustwide/rustup-home" "-w" "/opt/rustwide/workdir" "-m" "1610612736" "--user" "0:0" "--network" "none" "ghcr.io/rust-lang/crates-build-env/linux@sha256:2788e3201cd34a07e3172128adcd8b3090168a8e3bcc40d7c032b9dda1df7d1c" "/opt/rustwide/cargo-home/bin/cargo" "+1.75.0" "test" "--frozen", kill_on_drop: false }`
[INFO] [stdout] 29beef3f9e51509bca0364264830361660d4095b7b1802684c28bc1abb404caa
[INFO] running `Command { std: "docker" "start" "-a" "29beef3f9e51509bca0364264830361660d4095b7b1802684c28bc1abb404caa", kill_on_drop: false }`
[INFO] [stderr] warning: unused import: `std::format as f`
[INFO] [stderr]  --> src/prelude.rs:4:9
[INFO] [stderr]   |
[INFO] [stderr] 4 | pub use std::format as f;
[INFO] [stderr]   |         ^^^^^^^^^^^^^^^^
[INFO] [stderr]   |
[INFO] [stderr]   = note: `#[warn(unused_imports)]` on by default
[INFO] [stderr] 
[INFO] [stderr] warning: unused import: `SItemType`
[INFO] [stderr]   --> src/s3w/mod.rs:10:30
[INFO] [stderr]    |
[INFO] [stderr] 10 | pub use self::sitem::{SItem, SItemType};
[INFO] [stderr]    |                              ^^^^^^^^^
[INFO] [stderr] 
[INFO] [stderr] warning: `ss3` (bin "ss3" test) generated 2 warnings (run `cargo fix --bin "ss3" --tests` to apply 2 suggestions)
[INFO] [stderr] warning: `ss3` (bin "ss3") generated 2 warnings (2 duplicates)
[INFO] [stderr]     Finished test [unoptimized + debuginfo] target(s) in 0.19s
[INFO] [stderr]      Running unittests src/main.rs (/opt/rustwide/target/debug/deps/ss3-1ae0c68a019af59b)
[INFO] [stdout] 
[INFO] [stdout] running 0 tests
[INFO] [stdout] 
[INFO] [stdout] test result: ok. 0 passed; 0 failed; 0 ignored; 0 measured; 0 filtered out; finished in 0.00s
[INFO] [stdout] 
[INFO] [stderr]      Running tests/test-cp-download.rs (/opt/rustwide/target/debug/deps/test_cp_download-167556c87aac655e)
[INFO] [stdout] 
[INFO] [stdout] running 3 tests
[INFO] [stderr] error: test failed, to rerun pass `--test test-cp-download`
[INFO] [stdout] test test_cp_download_recursive_exclude_txt ... FAILED
[INFO] [stdout] test test_cp_download_s3_dir_flat ... FAILED
[INFO] [stdout] test test_cp_download_recursive_all ... FAILED
[INFO] [stdout] 
[INFO] [stdout] failures:
[INFO] [stdout] 
[INFO] [stdout] ---- test_cp_download_recursive_exclude_txt stdout ----
[INFO] [stdout] Error: Read-only file system (os error 30)
[INFO] [stdout] 
[INFO] [stdout] ---- test_cp_download_s3_dir_flat stdout ----
[INFO] [stdout] TEST INFO - Create fixtures.
[INFO] [stdout] Error: Read-only file system (os error 30)
[INFO] [stdout] 
[INFO] [stdout] ---- test_cp_download_recursive_all stdout ----
[INFO] [stdout] Error: Read-only file system (os error 30)
[INFO] [stdout] 
[INFO] [stdout] 
[INFO] [stdout] failures:
[INFO] [stdout]     test_cp_download_recursive_all
[INFO] [stdout]     test_cp_download_recursive_exclude_txt
[INFO] [stdout]     test_cp_download_s3_dir_flat
[INFO] [stdout] 
[INFO] [stdout] test result: FAILED. 0 passed; 3 failed; 0 ignored; 0 measured; 0 filtered out; finished in 1.01s
[INFO] [stdout] 
[INFO] running `Command { std: "docker" "inspect" "29beef3f9e51509bca0364264830361660d4095b7b1802684c28bc1abb404caa", kill_on_drop: false }`
[INFO] running `Command { std: "docker" "rm" "-f" "29beef3f9e51509bca0364264830361660d4095b7b1802684c28bc1abb404caa", kill_on_drop: false }`
[INFO] [stdout] 29beef3f9e51509bca0364264830361660d4095b7b1802684c28bc1abb404caa
[INFO] testing ss3-0.1.2 against beta-2023-12-22 for beta-1.76-1
[INFO] extracting crate ss3 0.1.2 into /workspace/builds/worker-0-tc2/source
[INFO] validating manifest of crates.io crate ss3 0.1.2 on toolchain beta-2023-12-22
[INFO] running `Command { std: CARGO_HOME="/workspace/cargo-home" RUSTUP_HOME="/workspace/rustup-home" "/workspace/cargo-home/bin/cargo" "+beta-2023-12-22" "metadata" "--manifest-path" "Cargo.toml" "--no-deps", kill_on_drop: false }`
[INFO] started tweaking crates.io crate ss3 0.1.2
[INFO] finished tweaking crates.io crate ss3 0.1.2
[INFO] tweaked toml for crates.io crate ss3 0.1.2 written to /workspace/builds/worker-0-tc2/source/Cargo.toml
[INFO] crate crates.io crate ss3 0.1.2 already has a lockfile, it will not be regenerated
[INFO] running `Command { std: CARGO_HOME="/workspace/cargo-home" RUSTUP_HOME="/workspace/rustup-home" "/workspace/cargo-home/bin/cargo" "+beta-2023-12-22" "fetch" "--manifest-path" "Cargo.toml", kill_on_drop: false }`
[INFO] running `Command { std: "docker" "create" "-v" "/var/lib/crater-agent-workspace/builds/worker-0-tc2/target:/opt/rustwide/target:rw,Z" "-v" "/var/lib/crater-agent-workspace/builds/worker-0-tc2/source:/opt/rustwide/workdir:ro,Z" "-v" "/var/lib/crater-agent-workspace/cargo-home:/opt/rustwide/cargo-home:ro,Z" "-v" "/var/lib/crater-agent-workspace/rustup-home:/opt/rustwide/rustup-home:ro,Z" "-e" "SOURCE_DIR=/opt/rustwide/workdir" "-e" "CARGO_TARGET_DIR=/opt/rustwide/target" "-e" "CARGO_HOME=/opt/rustwide/cargo-home" "-e" "RUSTUP_HOME=/opt/rustwide/rustup-home" "-w" "/opt/rustwide/workdir" "-m" "1610612736" "--user" "0:0" "--network" "none" "ghcr.io/rust-lang/crates-build-env/linux@sha256:2788e3201cd34a07e3172128adcd8b3090168a8e3bcc40d7c032b9dda1df7d1c" "/opt/rustwide/cargo-home/bin/cargo" "+beta-2023-12-22" "metadata" "--no-deps" "--format-version=1", kill_on_drop: false }`
[INFO] [stdout] cf761d0043487a033eab2f79a24582023ea7312793da4d2724eef519c0102a08
[INFO] running `Command { std: "docker" "start" "-a" "cf761d0043487a033eab2f79a24582023ea7312793da4d2724eef519c0102a08", kill_on_drop: false }`
[INFO] running `Command { std: "docker" "inspect" "cf761d0043487a033eab2f79a24582023ea7312793da4d2724eef519c0102a08", kill_on_drop: false }`
[INFO] running `Command { std: "docker" "rm" "-f" "cf761d0043487a033eab2f79a24582023ea7312793da4d2724eef519c0102a08", kill_on_drop: false }`
[INFO] [stdout] cf761d0043487a033eab2f79a24582023ea7312793da4d2724eef519c0102a08
[INFO] running `Command { std: "docker" "create" "-v" "/var/lib/crater-agent-workspace/builds/worker-0-tc2/target:/opt/rustwide/target:rw,Z" "-v" "/var/lib/crater-agent-workspace/builds/worker-0-tc2/source:/opt/rustwide/workdir:ro,Z" "-v" "/var/lib/crater-agent-workspace/cargo-home:/opt/rustwide/cargo-home:ro,Z" "-v" "/var/lib/crater-agent-workspace/rustup-home:/opt/rustwide/rustup-home:ro,Z" "-e" "SOURCE_DIR=/opt/rustwide/workdir" "-e" "CARGO_TARGET_DIR=/opt/rustwide/target" "-e" "CARGO_INCREMENTAL=0" "-e" "RUST_BACKTRACE=full" "-e" "RUSTFLAGS=--cap-lints=warn" "-e" "RUSTDOCFLAGS=--cap-lints=warn" "-e" "CARGO_HOME=/opt/rustwide/cargo-home" "-e" "RUSTUP_HOME=/opt/rustwide/rustup-home" "-w" "/opt/rustwide/workdir" "-m" "1610612736" "--user" "0:0" "--network" "none" "ghcr.io/rust-lang/crates-build-env/linux@sha256:2788e3201cd34a07e3172128adcd8b3090168a8e3bcc40d7c032b9dda1df7d1c" "/opt/rustwide/cargo-home/bin/cargo" "+beta-2023-12-22" "build" "--frozen" "--message-format=json", kill_on_drop: false }`
[INFO] [stdout] 083f8b9899eaceb3f10c879783447f1cf1cdd5d53c1128441fd9e276dd5d1052
[INFO] running `Command { std: "docker" "start" "-a" "083f8b9899eaceb3f10c879783447f1cf1cdd5d53c1128441fd9e276dd5d1052", kill_on_drop: false }`
[INFO] [stderr]    Compiling libc v0.2.141
[INFO] [stderr]    Compiling proc-macro2 v1.0.56
[INFO] [stderr]    Compiling unicode-ident v1.0.8
[INFO] [stderr]    Compiling quote v1.0.26
[INFO] [stderr]    Compiling log v0.4.17
[INFO] [stderr]    Compiling once_cell v1.17.1
[INFO] [stderr]    Compiling bytes v1.4.0
[INFO] [stderr]    Compiling lock_api v0.4.9
[INFO] [stderr]    Compiling parking_lot_core v0.9.7
[INFO] [stderr]    Compiling pin-project-lite v0.2.9
[INFO] [stderr]    Compiling futures-core v0.3.28
[INFO] [stderr]    Compiling smallvec v1.10.0
[INFO] [stderr]    Compiling scopeguard v1.1.0
[INFO] [stderr]    Compiling syn v1.0.109
[INFO] [stderr]    Compiling tokio v1.27.0
[INFO] [stderr]    Compiling itoa v1.0.6
[INFO] [stderr]    Compiling futures-task v0.3.28
[INFO] [stderr]    Compiling num-traits v0.2.15
[INFO] [stderr]    Compiling futures-util v0.3.28
[INFO] [stderr]    Compiling tracing-core v0.1.30
[INFO] [stderr]    Compiling num-integer v0.1.45
[INFO] [stderr]    Compiling vsimd v0.8.0
[INFO] [stderr]    Compiling outref v0.5.1
[INFO] [stderr]    Compiling time-core v0.1.0
[INFO] [stderr]    Compiling time v0.3.20
[INFO] [stderr]    Compiling syn v2.0.13
[INFO] [stderr]    Compiling base64-simd v0.8.0
[INFO] [stderr]    Compiling parking_lot v0.12.1
[INFO] [stderr]    Compiling num_cpus v1.15.0
[INFO] [stderr]    Compiling socket2 v0.4.9
[INFO] [stderr]    Compiling mio v0.8.6
[INFO] [stderr]    Compiling signal-hook-registry v1.4.1
[INFO] [stderr]    Compiling indexmap v1.9.3
[INFO] [stderr]    Compiling slab v0.4.8
[INFO] [stderr]    Compiling ryu v1.0.13
[INFO] [stderr]    Compiling cc v1.0.79
[INFO] [stderr]    Compiling aws-smithy-types v0.55.0
[INFO] [stderr]    Compiling http v0.2.9
[INFO] [stderr]    Compiling futures-sink v0.3.28
[INFO] [stderr]    Compiling semver v1.0.17
[INFO] [stderr]    Compiling futures-channel v0.3.28
[INFO] [stderr]    Compiling typenum v1.16.0
[INFO] [stderr]    Compiling try-lock v0.2.4
[INFO] [stderr]    Compiling want v0.3.0
[INFO] [stderr]    Compiling http-body v0.4.5
[INFO] [stderr]    Compiling ring v0.16.20
[INFO] [stderr]    Compiling untrusted v0.7.1
[INFO] [stderr]    Compiling spin v0.5.2
[INFO] [stderr]    Compiling httpdate v1.0.2
[INFO] [stderr]    Compiling percent-encoding v2.2.0
[INFO] [stderr]    Compiling rustc_version v0.4.0
[INFO] [stderr]    Compiling either v1.8.1
[INFO] [stderr]    Compiling aws-smithy-eventstream v0.55.0
[INFO] [stderr]    Compiling bytes-utils v0.1.3
[INFO] [stderr]    Compiling rustls v0.20.8
[INFO] [stderr]    Compiling memchr v2.5.0
[INFO] [stderr]    Compiling subtle v2.4.1
[INFO] [stderr]    Compiling base64 v0.21.0
[INFO] [stderr]    Compiling tower-layer v0.3.2
[INFO] [stderr]    Compiling aws-types v0.55.0
[INFO] [stderr]    Compiling regex-syntax v0.6.29
[INFO] [stderr]    Compiling generic-array v0.14.7
[INFO] [stderr]    Compiling rustls-pemfile v1.0.2
[INFO] [stderr]    Compiling cpufeatures v0.2.6
[INFO] [stderr]    Compiling rustls-native-certs v0.6.2
[INFO] [stderr]    Compiling aho-corasick v0.7.20
[INFO] [stderr]    Compiling zeroize v1.6.0
[INFO] [stderr]    Compiling crypto-common v0.1.6
[INFO] [stderr]    Compiling block-buffer v0.10.4
[INFO] [stderr]    Compiling digest v0.10.6
[INFO] [stderr]    Compiling form_urlencoded v1.1.0
[INFO] [stderr]    Compiling io-lifetimes v1.0.10
[INFO] [stderr]    Compiling rustix v0.37.7
[INFO] [stderr]    Compiling sha2 v0.10.6
[INFO] [stderr]    Compiling hmac v0.12.1
[INFO] [stderr]    Compiling unicase v2.6.0
[INFO] [stderr]    Compiling linux-raw-sys v0.3.1
[INFO] [stderr]    Compiling crc32c v0.6.3
[INFO] [stderr]    Compiling tokio-macros v2.0.0
[INFO] [stderr]    Compiling aws-smithy-json v0.55.0
[INFO] [stderr]    Compiling xmlparser v0.13.5
[INFO] [stderr]    Compiling utf8parse v0.2.1
[INFO] [stderr]    Compiling anstyle-parse v0.1.1
[INFO] [stderr]    Compiling aws-smithy-xml v0.55.0
[INFO] [stderr]    Compiling unicode-normalization v0.1.22
[INFO] [stderr]    Compiling regex v1.7.3
[INFO] [stderr]    Compiling unicode-bidi v0.3.13
[INFO] [stderr]    Compiling concolor-override v1.0.0
[INFO] [stderr]    Compiling urlencoding v2.1.2
[INFO] [stderr]    Compiling anstyle v0.3.5
[INFO] [stderr]    Compiling concolor-query v0.3.3
[INFO] [stderr]    Compiling aws-smithy-query v0.55.0
[INFO] [stderr]    Compiling tracing-attributes v0.1.23
[INFO] [stderr]    Compiling sct v0.7.0
[INFO] [stderr]    Compiling webpki v0.22.0
[INFO] [stderr]    Compiling pin-project-internal v1.0.12
[INFO] [stderr]    Compiling is-terminal v0.4.6
[INFO] [stderr]    Compiling anstream v0.2.6
[INFO] [stderr]    Compiling idna v0.3.0
[INFO] [stderr]    Compiling mime_guess v2.0.4
[INFO] [stderr]    Compiling sha1 v0.10.5
[INFO] [stderr]    Compiling md-5 v0.10.5
[INFO] [stderr]    Compiling thiserror v1.0.40
[INFO] [stderr]    Compiling clap_lex v0.4.1
[INFO] [stderr]    Compiling strsim v0.10.0
[INFO] [stderr]    Compiling url v2.3.1
[INFO] [stderr]    Compiling thiserror-impl v1.0.40
[INFO] [stderr]    Compiling pin-project v1.0.12
[INFO] [stderr]    Compiling clap_builder v4.2.1
[INFO] [stderr]    Compiling bstr v1.4.0
[INFO] [stderr]    Compiling tracing v0.1.37
[INFO] [stderr]    Compiling globset v0.4.10
[INFO] [stderr]    Compiling walkdir v2.3.3
[INFO] [stderr]    Compiling pathdiff v0.2.1
[INFO] [stderr]    Compiling file-size v1.0.3
[INFO] [stderr]    Compiling tokio-util v0.7.7
[INFO] [stderr]    Compiling tokio-stream v0.1.12
[INFO] [stderr]    Compiling tower v0.4.13
[INFO] [stderr]    Compiling tokio-rustls v0.23.4
[INFO] [stderr]    Compiling aws-smithy-async v0.55.0
[INFO] [stderr]    Compiling h2 v0.3.16
[INFO] [stderr]    Compiling aws-credential-types v0.55.0
[INFO] [stderr]    Compiling clap v4.2.1
[INFO] [stderr]    Compiling hyper v0.14.25
[INFO] [stderr]    Compiling aws-smithy-http v0.55.0
[INFO] [stderr]    Compiling hyper-rustls v0.23.2
[INFO] [stderr]    Compiling aws-smithy-http-tower v0.55.0
[INFO] [stderr]    Compiling aws-sigv4 v0.55.0
[INFO] [stderr]    Compiling aws-smithy-checksums v0.55.0
[INFO] [stderr]    Compiling aws-smithy-client v0.55.0
[INFO] [stderr]    Compiling aws-sig-auth v0.55.0
[INFO] [stderr]    Compiling aws-http v0.55.0
[INFO] [stderr]    Compiling aws-endpoint v0.55.0
[INFO] [stderr]    Compiling aws-sdk-sso v0.25.0
[INFO] [stderr]    Compiling aws-sdk-sts v0.25.0
[INFO] [stderr]    Compiling aws-sdk-s3 v0.25.0
[INFO] [stderr]    Compiling aws-config v0.55.0
[INFO] [stderr]    Compiling ss3 v0.1.2 (/opt/rustwide/workdir)
[INFO] [stdout] warning: unused import: `std::format as f`
[INFO] [stdout]  --> src/prelude.rs:4:9
[INFO] [stdout]   |
[INFO] [stdout] 4 | pub use std::format as f;
[INFO] [stdout]   |         ^^^^^^^^^^^^^^^^
[INFO] [stdout]   |
[INFO] [stdout]   = note: `#[warn(unused_imports)]` on by default
[INFO] [stdout] 
[INFO] [stdout] 
[INFO] [stdout] warning: unused import: `SItemType`
[INFO] [stdout]   --> src/s3w/mod.rs:10:30
[INFO] [stdout]    |
[INFO] [stdout] 10 | pub use self::sitem::{SItem, SItemType};
[INFO] [stdout]    |                              ^^^^^^^^^
[INFO] [stdout] 
[INFO] [stdout] 
[INFO] [stdout] warning: 2 warnings emitted
[INFO] [stdout] 
[INFO] [stdout] 
[INFO] [stderr]     Finished dev [unoptimized + debuginfo] target(s) in 1m 35s
[INFO] running `Command { std: "docker" "inspect" "083f8b9899eaceb3f10c879783447f1cf1cdd5d53c1128441fd9e276dd5d1052", kill_on_drop: false }`
[INFO] running `Command { std: "docker" "rm" "-f" "083f8b9899eaceb3f10c879783447f1cf1cdd5d53c1128441fd9e276dd5d1052", kill_on_drop: false }`
[INFO] [stdout] 083f8b9899eaceb3f10c879783447f1cf1cdd5d53c1128441fd9e276dd5d1052
[INFO] running `Command { std: "docker" "create" "-v" "/var/lib/crater-agent-workspace/builds/worker-0-tc2/target:/opt/rustwide/target:rw,Z" "-v" "/var/lib/crater-agent-workspace/builds/worker-0-tc2/source:/opt/rustwide/workdir:ro,Z" "-v" "/var/lib/crater-agent-workspace/cargo-home:/opt/rustwide/cargo-home:ro,Z" "-v" "/var/lib/crater-agent-workspace/rustup-home:/opt/rustwide/rustup-home:ro,Z" "-e" "SOURCE_DIR=/opt/rustwide/workdir" "-e" "CARGO_TARGET_DIR=/opt/rustwide/target" "-e" "CARGO_INCREMENTAL=0" "-e" "RUST_BACKTRACE=full" "-e" "RUSTFLAGS=--cap-lints=warn" "-e" "RUSTDOCFLAGS=--cap-lints=warn" "-e" "CARGO_HOME=/opt/rustwide/cargo-home" "-e" "RUSTUP_HOME=/opt/rustwide/rustup-home" "-w" "/opt/rustwide/workdir" "-m" "1610612736" "--user" "0:0" "--network" "none" "ghcr.io/rust-lang/crates-build-env/linux@sha256:2788e3201cd34a07e3172128adcd8b3090168a8e3bcc40d7c032b9dda1df7d1c" "/opt/rustwide/cargo-home/bin/cargo" "+beta-2023-12-22" "test" "--frozen" "--no-run" "--message-format=json", kill_on_drop: false }`
[INFO] [stdout] b91093e7092e0a293699f43f2801d2bb5a2da6e0271ca3a2ce2f4d502acd26ad
[INFO] running `Command { std: "docker" "start" "-a" "b91093e7092e0a293699f43f2801d2bb5a2da6e0271ca3a2ce2f4d502acd26ad", kill_on_drop: false }`
[INFO] [stderr]    Compiling anyhow v1.0.70
[INFO] [stdout] warning: unused import: `std::format as f`
[INFO] [stdout]  --> src/prelude.rs:4:9
[INFO] [stdout]   |
[INFO] [stdout] 4 | pub use std::format as f;
[INFO] [stdout]   |         ^^^^^^^^^^^^^^^^
[INFO] [stdout]   |
[INFO] [stdout]   = note: `#[warn(unused_imports)]` on by default
[INFO] [stdout] 
[INFO] [stdout] 
[INFO] [stdout] warning: unused import: `SItemType`
[INFO] [stdout]   --> src/s3w/mod.rs:10:30
[INFO] [stdout]    |
[INFO] [stdout] 10 | pub use self::sitem::{SItem, SItemType};
[INFO] [stdout]    |                              ^^^^^^^^^
[INFO] [stdout] 
[INFO] [stdout] 
[INFO] [stdout] warning: 2 warnings emitted
[INFO] [stdout] 
[INFO] [stdout] 
[INFO] [stderr]    Compiling ss3 v0.1.2 (/opt/rustwide/workdir)
[INFO] [stdout] warning: unused import: `std::format as f`
[INFO] [stdout]  --> src/prelude.rs:4:9
[INFO] [stdout]   |
[INFO] [stdout] 4 | pub use std::format as f;
[INFO] [stdout]   |         ^^^^^^^^^^^^^^^^
[INFO] [stdout]   |
[INFO] [stdout]   = note: `#[warn(unused_imports)]` on by default
[INFO] [stdout] 
[INFO] [stdout] 
[INFO] [stdout] warning: unused import: `SItemType`
[INFO] [stdout]   --> src/s3w/mod.rs:10:30
[INFO] [stdout]    |
[INFO] [stdout] 10 | pub use self::sitem::{SItem, SItemType};
[INFO] [stdout]    |                              ^^^^^^^^^
[INFO] [stdout] 
[INFO] [stdout] 
[INFO] [stdout] warning: 2 warnings emitted
[INFO] [stdout] 
[INFO] [stdout] 
[INFO] [stderr]     Finished test [unoptimized + debuginfo] target(s) in 3.79s
[INFO] running `Command { std: "docker" "inspect" "b91093e7092e0a293699f43f2801d2bb5a2da6e0271ca3a2ce2f4d502acd26ad", kill_on_drop: false }`
[INFO] running `Command { std: "docker" "rm" "-f" "b91093e7092e0a293699f43f2801d2bb5a2da6e0271ca3a2ce2f4d502acd26ad", kill_on_drop: false }`
[INFO] [stdout] b91093e7092e0a293699f43f2801d2bb5a2da6e0271ca3a2ce2f4d502acd26ad
[INFO] running `Command { std: "docker" "create" "-v" "/var/lib/crater-agent-workspace/builds/worker-0-tc2/target:/opt/rustwide/target:rw,Z" "-v" "/var/lib/crater-agent-workspace/builds/worker-0-tc2/source:/opt/rustwide/workdir:ro,Z" "-v" "/var/lib/crater-agent-workspace/cargo-home:/opt/rustwide/cargo-home:ro,Z" "-v" "/var/lib/crater-agent-workspace/rustup-home:/opt/rustwide/rustup-home:ro,Z" "-e" "SOURCE_DIR=/opt/rustwide/workdir" "-e" "CARGO_TARGET_DIR=/opt/rustwide/target" "-e" "CARGO_INCREMENTAL=0" "-e" "RUST_BACKTRACE=full" "-e" "RUSTFLAGS=--cap-lints=warn" "-e" "RUSTDOCFLAGS=--cap-lints=warn" "-e" "CARGO_HOME=/opt/rustwide/cargo-home" "-e" "RUSTUP_HOME=/opt/rustwide/rustup-home" "-w" "/opt/rustwide/workdir" "-m" "1610612736" "--user" "0:0" "--network" "none" "ghcr.io/rust-lang/crates-build-env/linux@sha256:2788e3201cd34a07e3172128adcd8b3090168a8e3bcc40d7c032b9dda1df7d1c" "/opt/rustwide/cargo-home/bin/cargo" "+beta-2023-12-22" "test" "--frozen", kill_on_drop: false }`
[INFO] [stdout] e2f8d034357a39859f8692d2a1a37ad86009f3e312f73e364a042e4d72334775
[INFO] running `Command { std: "docker" "start" "-a" "e2f8d034357a39859f8692d2a1a37ad86009f3e312f73e364a042e4d72334775", kill_on_drop: false }`
[INFO] [stderr] warning: unused import: `std::format as f`
[INFO] [stderr]  --> src/prelude.rs:4:9
[INFO] [stderr]   |
[INFO] [stderr] 4 | pub use std::format as f;
[INFO] [stderr]   |         ^^^^^^^^^^^^^^^^
[INFO] [stderr]   |
[INFO] [stderr]   = note: `#[warn(unused_imports)]` on by default
[INFO] [stderr] 
[INFO] [stderr] warning: unused import: `SItemType`
[INFO] [stderr]   --> src/s3w/mod.rs:10:30
[INFO] [stderr]    |
[INFO] [stderr] 10 | pub use self::sitem::{SItem, SItemType};
[INFO] [stderr]    |                              ^^^^^^^^^
[INFO] [stderr] 
[INFO] [stderr] warning: `ss3` (bin "ss3") generated 2 warnings (run `cargo fix --bin "ss3"` to apply 2 suggestions)
[INFO] [stderr] warning: `ss3` (bin "ss3" test) generated 2 warnings (2 duplicates)
[INFO] [stderr]     Finished test [unoptimized + debuginfo] target(s) in 0.18s
[INFO] [stderr]      Running unittests src/main.rs (/opt/rustwide/target/debug/deps/ss3-a89fe7feb87c12ed)
[INFO] [stderr]      Running tests/test-cp-download.rs (/opt/rustwide/target/debug/deps/test_cp_download-cf3a75db90836beb)
[INFO] [stdout] 
[INFO] [stdout] running 0 tests
[INFO] [stdout] 
[INFO] [stdout] test result: ok. 0 passed; 0 failed; 0 ignored; 0 measured; 0 filtered out; finished in 0.00s
[INFO] [stdout] 
[INFO] [stdout] 
[INFO] [stdout] running 3 tests
[INFO] [stdout] test test_cp_download_recursive_exclude_txt ... FAILED
[INFO] [stdout] test test_cp_download_s3_dir_flat ... FAILED
[INFO] [stderr] error: test failed, to rerun pass `--test test-cp-download`
[INFO] [stdout] test test_cp_download_recursive_all ... FAILED
[INFO] [stdout] 
[INFO] [stdout] failures:
[INFO] [stdout] 
[INFO] [stdout] ---- test_cp_download_recursive_exclude_txt stdout ----
[INFO] [stdout] TEST INFO - Create fixtures.
[INFO] [stdout] Error: Read-only file system (os error 30)
[INFO] [stdout] 
[INFO] [stdout] ---- test_cp_download_s3_dir_flat stdout ----
[INFO] [stdout] Error: Read-only file system (os error 30)
[INFO] [stdout] 
[INFO] [stdout] ---- test_cp_download_recursive_all stdout ----
[INFO] [stdout] Error: Read-only file system (os error 30)
[INFO] [stdout] 
[INFO] [stdout] 
[INFO] [stdout] failures:
[INFO] [stdout]     test_cp_download_recursive_all
[INFO] [stdout]     test_cp_download_recursive_exclude_txt
[INFO] [stdout]     test_cp_download_s3_dir_flat
[INFO] [stdout] 
[INFO] [stdout] test result: FAILED. 0 passed; 3 failed; 0 ignored; 0 measured; 0 filtered out; finished in 0.83s
[INFO] [stdout] 
[INFO] running `Command { std: "docker" "inspect" "e2f8d034357a39859f8692d2a1a37ad86009f3e312f73e364a042e4d72334775", kill_on_drop: false }`
[INFO] running `Command { std: "docker" "rm" "-f" "e2f8d034357a39859f8692d2a1a37ad86009f3e312f73e364a042e4d72334775", kill_on_drop: false }`
[INFO] [stdout] e2f8d034357a39859f8692d2a1a37ad86009f3e312f73e364a042e4d72334775
