[INFO] fetching crate srt-transmit 0.4.3...
[INFO] testing srt-transmit-0.4.3 against 1.75.0 for beta-1.76-1
[INFO] extracting crate srt-transmit 0.4.3 into /workspace/builds/worker-6-tc1/source
[INFO] validating manifest of crates.io crate srt-transmit 0.4.3 on toolchain 1.75.0
[INFO] running `Command { std: CARGO_HOME="/workspace/cargo-home" RUSTUP_HOME="/workspace/rustup-home" "/workspace/cargo-home/bin/cargo" "+1.75.0" "metadata" "--manifest-path" "Cargo.toml" "--no-deps", kill_on_drop: false }`
[INFO] started tweaking crates.io crate srt-transmit 0.4.3
[INFO] finished tweaking crates.io crate srt-transmit 0.4.3
[INFO] tweaked toml for crates.io crate srt-transmit 0.4.3 written to /workspace/builds/worker-6-tc1/source/Cargo.toml
[INFO] crate crates.io crate srt-transmit 0.4.3 already has a lockfile, it will not be regenerated
[INFO] running `Command { std: CARGO_HOME="/workspace/cargo-home" RUSTUP_HOME="/workspace/rustup-home" "/workspace/cargo-home/bin/cargo" "+1.75.0" "fetch" "--manifest-path" "Cargo.toml", kill_on_drop: false }`
[INFO] [stderr]     Updating crates.io index
[INFO] [stderr]  Downloading crates ...
[INFO] [stderr]   Downloaded keyed_priority_queue v0.4.1
[INFO] [stderr]   Downloaded bus v2.4.1
[INFO] [stderr]   Downloaded srt-tokio v0.4.3
[INFO] [stderr]   Downloaded arraydeque v0.5.1
[INFO] [stderr]   Downloaded streaming-stats v0.2.3
[INFO] [stderr]   Downloaded take-until v0.2.0
[INFO] [stderr]   Downloaded srt-protocol v0.4.3
[INFO] running `Command { std: "docker" "create" "-v" "/var/lib/crater-agent-workspace/builds/worker-6-tc1/target:/opt/rustwide/target:rw,Z" "-v" "/var/lib/crater-agent-workspace/builds/worker-6-tc1/source:/opt/rustwide/workdir:ro,Z" "-v" "/var/lib/crater-agent-workspace/cargo-home:/opt/rustwide/cargo-home:ro,Z" "-v" "/var/lib/crater-agent-workspace/rustup-home:/opt/rustwide/rustup-home:ro,Z" "-e" "SOURCE_DIR=/opt/rustwide/workdir" "-e" "CARGO_TARGET_DIR=/opt/rustwide/target" "-e" "CARGO_HOME=/opt/rustwide/cargo-home" "-e" "RUSTUP_HOME=/opt/rustwide/rustup-home" "-w" "/opt/rustwide/workdir" "-m" "1610612736" "--user" "0:0" "--network" "none" "ghcr.io/rust-lang/crates-build-env/linux@sha256:2788e3201cd34a07e3172128adcd8b3090168a8e3bcc40d7c032b9dda1df7d1c" "/opt/rustwide/cargo-home/bin/cargo" "+1.75.0" "metadata" "--no-deps" "--format-version=1", kill_on_drop: false }`
[INFO] [stdout] 62f35020b3c12c42a85cb17013bc234d1fb9d349fb2683242745653c19b2e137
[INFO] running `Command { std: "docker" "start" "-a" "62f35020b3c12c42a85cb17013bc234d1fb9d349fb2683242745653c19b2e137", kill_on_drop: false }`
[INFO] running `Command { std: "docker" "inspect" "62f35020b3c12c42a85cb17013bc234d1fb9d349fb2683242745653c19b2e137", kill_on_drop: false }`
[INFO] running `Command { std: "docker" "rm" "-f" "62f35020b3c12c42a85cb17013bc234d1fb9d349fb2683242745653c19b2e137", kill_on_drop: false }`
[INFO] [stdout] 62f35020b3c12c42a85cb17013bc234d1fb9d349fb2683242745653c19b2e137
[INFO] running `Command { std: "docker" "create" "-v" "/var/lib/crater-agent-workspace/builds/worker-6-tc1/target:/opt/rustwide/target:rw,Z" "-v" "/var/lib/crater-agent-workspace/builds/worker-6-tc1/source:/opt/rustwide/workdir:ro,Z" "-v" "/var/lib/crater-agent-workspace/cargo-home:/opt/rustwide/cargo-home:ro,Z" "-v" "/var/lib/crater-agent-workspace/rustup-home:/opt/rustwide/rustup-home:ro,Z" "-e" "SOURCE_DIR=/opt/rustwide/workdir" "-e" "CARGO_TARGET_DIR=/opt/rustwide/target" "-e" "CARGO_INCREMENTAL=0" "-e" "RUST_BACKTRACE=full" "-e" "RUSTFLAGS=--cap-lints=warn" "-e" "RUSTDOCFLAGS=--cap-lints=warn" "-e" "CARGO_HOME=/opt/rustwide/cargo-home" "-e" "RUSTUP_HOME=/opt/rustwide/rustup-home" "-w" "/opt/rustwide/workdir" "-m" "1610612736" "--user" "0:0" "--network" "none" "ghcr.io/rust-lang/crates-build-env/linux@sha256:2788e3201cd34a07e3172128adcd8b3090168a8e3bcc40d7c032b9dda1df7d1c" "/opt/rustwide/cargo-home/bin/cargo" "+1.75.0" "build" "--frozen" "--message-format=json", kill_on_drop: false }`
[INFO] [stdout] adbf409cf87479970de493dea2f396736c06c58d8e91f024f089269c2f2066dc
[INFO] running `Command { std: "docker" "start" "-a" "adbf409cf87479970de493dea2f396736c06c58d8e91f024f089269c2f2066dc", kill_on_drop: false }`
[INFO] [stderr]    Compiling libc v0.2.148
[INFO] [stderr]    Compiling proc-macro2 v1.0.67
[INFO] [stderr]    Compiling memchr v2.6.3
[INFO] [stderr]    Compiling futures-core v0.3.28
[INFO] [stderr]    Compiling futures-channel v0.3.28
[INFO] [stderr]    Compiling futures-task v0.3.28
[INFO] [stderr]    Compiling regex-syntax v0.7.5
[INFO] [stderr]    Compiling futures-util v0.3.28
[INFO] [stderr]    Compiling futures-sink v0.3.28
[INFO] [stderr]    Compiling subtle v2.5.0
[INFO] [stderr]    Compiling bitflags v2.4.0
[INFO] [stderr]    Compiling num-traits v0.2.16
[INFO] [stderr]    Compiling futures-io v0.3.28
[INFO] [stderr]    Compiling inout v0.1.3
[INFO] [stderr]    Compiling once_cell v1.18.0
[INFO] [stderr]    Compiling rustix v0.38.14
[INFO] [stderr]    Compiling syn v1.0.109
[INFO] [stderr]    Compiling digest v0.10.7
[INFO] [stderr]    Compiling tracing-core v0.1.31
[INFO] [stderr]    Compiling cipher v0.4.4
[INFO] [stderr]    Compiling unicode-normalization v0.1.22
[INFO] [stderr]    Compiling cpufeatures v0.2.9
[INFO] [stderr]    Compiling utf8parse v0.2.1
[INFO] [stderr]    Compiling thiserror v1.0.48
[INFO] [stderr]    Compiling unicode-bidi v0.3.13
[INFO] [stderr]    Compiling crossbeam-utils v0.8.16
[INFO] [stderr]    Compiling linux-raw-sys v0.4.7
[INFO] [stderr]    Compiling percent-encoding v2.3.0
[INFO] [stderr]    Compiling anstyle-parse v0.2.1
[INFO] [stderr]    Compiling anstyle-query v1.0.0
[INFO] [stderr]    Compiling form_urlencoded v1.2.0
[INFO] [stderr]    Compiling aho-corasick v1.1.1
[INFO] [stderr]    Compiling idna v0.4.0
[INFO] [stderr]    Compiling tracing v0.1.37
[INFO] [stderr]    Compiling colorchoice v1.0.0
[INFO] [stderr]    Compiling convert_case v0.4.0
[INFO] [stderr]    Compiling parking_lot_core v0.9.8
[INFO] [stderr]    Compiling anstyle v1.0.3
[INFO] [stderr]    Compiling keyed_priority_queue v0.4.1
[INFO] [stderr]    Compiling ctr v0.9.2
[INFO] [stderr]    Compiling quote v1.0.33
[INFO] [stderr]    Compiling anstream v0.5.0
[INFO] [stderr]    Compiling aes v0.8.3
[INFO] [stderr]    Compiling sha-1 v0.10.1
[INFO] [stderr]    Compiling syn v2.0.37
[INFO] [stderr]    Compiling pbkdf2 v0.12.2
[INFO] [stderr]    Compiling url v2.4.1
[INFO] [stderr]    Compiling hmac v0.12.1
[INFO] [stderr]    Compiling getrandom v0.2.10
[INFO] [stderr]    Compiling num_cpus v1.16.0
[INFO] [stderr]    Compiling socket2 v0.5.4
[INFO] [stderr]    Compiling mio v0.8.8
[INFO] [stderr]    Compiling signal-hook-registry v1.4.1
[INFO] [stderr]    Compiling rand_core v0.6.4
[INFO] [stderr]    Compiling array-init v2.1.0
[INFO] [stderr]    Compiling anyhow v1.0.75
[INFO] [stderr]    Compiling rand_chacha v0.3.1
[INFO] [stderr]    Compiling termcolor v1.3.0
[INFO] [stderr]    Compiling is-terminal v0.4.9
[INFO] [stderr]    Compiling streaming-stats v0.2.3
[INFO] [stderr]    Compiling take-until v0.2.0
[INFO] [stderr]    Compiling rand v0.8.5
[INFO] [stderr]    Compiling clap_lex v0.5.1
[INFO] [stderr]    Compiling smallvec v1.11.1
[INFO] [stderr]    Compiling strsim v0.10.0
[INFO] [stderr]    Compiling arraydeque v0.5.1
[INFO] [stderr]    Compiling crossbeam-channel v0.5.8
[INFO] [stderr]    Compiling clap_builder v4.4.5
[INFO] [stderr]    Compiling regex-automata v0.3.8
[INFO] [stderr]    Compiling bus v2.4.1
[INFO] [stderr]    Compiling derive_more v0.99.17
[INFO] [stderr]    Compiling futures-macro v0.3.28
[INFO] [stderr]    Compiling tokio-macros v2.1.0
[INFO] [stderr]    Compiling thiserror-impl v1.0.48
[INFO] [stderr]    Compiling clap v4.4.5
[INFO] [stderr]    Compiling regex v1.9.5
[INFO] [stderr]    Compiling env_logger v0.10.0
[INFO] [stderr]    Compiling tokio v1.32.0
[INFO] [stderr]    Compiling pretty_env_logger v0.5.0
[INFO] [stderr]    Compiling srt-protocol v0.4.3
[INFO] [stderr]    Compiling futures v0.3.28
[INFO] [stderr]    Compiling tokio-util v0.7.9
[INFO] [stderr]    Compiling tokio-stream v0.1.14
[INFO] [stderr]    Compiling srt-tokio v0.4.3
[INFO] [stderr]    Compiling srt-transmit v0.4.3 (/opt/rustwide/workdir)
[INFO] [stderr]     Finished dev [unoptimized + debuginfo] target(s) in 15.08s
[INFO] running `Command { std: "docker" "inspect" "adbf409cf87479970de493dea2f396736c06c58d8e91f024f089269c2f2066dc", kill_on_drop: false }`
[INFO] running `Command { std: "docker" "rm" "-f" "adbf409cf87479970de493dea2f396736c06c58d8e91f024f089269c2f2066dc", kill_on_drop: false }`
[INFO] [stdout] adbf409cf87479970de493dea2f396736c06c58d8e91f024f089269c2f2066dc
[INFO] running `Command { std: "docker" "create" "-v" "/var/lib/crater-agent-workspace/builds/worker-6-tc1/target:/opt/rustwide/target:rw,Z" "-v" "/var/lib/crater-agent-workspace/builds/worker-6-tc1/source:/opt/rustwide/workdir:ro,Z" "-v" "/var/lib/crater-agent-workspace/cargo-home:/opt/rustwide/cargo-home:ro,Z" "-v" "/var/lib/crater-agent-workspace/rustup-home:/opt/rustwide/rustup-home:ro,Z" "-e" "SOURCE_DIR=/opt/rustwide/workdir" "-e" "CARGO_TARGET_DIR=/opt/rustwide/target" "-e" "CARGO_INCREMENTAL=0" "-e" "RUST_BACKTRACE=full" "-e" "RUSTFLAGS=--cap-lints=warn" "-e" "RUSTDOCFLAGS=--cap-lints=warn" "-e" "CARGO_HOME=/opt/rustwide/cargo-home" "-e" "RUSTUP_HOME=/opt/rustwide/rustup-home" "-w" "/opt/rustwide/workdir" "-m" "1610612736" "--user" "0:0" "--network" "none" "ghcr.io/rust-lang/crates-build-env/linux@sha256:2788e3201cd34a07e3172128adcd8b3090168a8e3bcc40d7c032b9dda1df7d1c" "/opt/rustwide/cargo-home/bin/cargo" "+1.75.0" "test" "--frozen" "--no-run" "--message-format=json", kill_on_drop: false }`
[INFO] [stdout] 8b48a7c01010781ffdd5898607ae3e77bf4cb024799dd871d9246fad9508a9c1
[INFO] running `Command { std: "docker" "start" "-a" "8b48a7c01010781ffdd5898607ae3e77bf4cb024799dd871d9246fad9508a9c1", kill_on_drop: false }`
[INFO] [stderr]    Compiling yansi v0.5.1
[INFO] [stderr]    Compiling diff v0.1.13
[INFO] [stderr]    Compiling pretty_assertions v1.4.0
[INFO] [stderr]    Compiling srt-transmit v0.4.3 (/opt/rustwide/workdir)
[INFO] [stderr]     Finished test [unoptimized + debuginfo] target(s) in 4.65s
[INFO] running `Command { std: "docker" "inspect" "8b48a7c01010781ffdd5898607ae3e77bf4cb024799dd871d9246fad9508a9c1", kill_on_drop: false }`
[INFO] running `Command { std: "docker" "rm" "-f" "8b48a7c01010781ffdd5898607ae3e77bf4cb024799dd871d9246fad9508a9c1", kill_on_drop: false }`
[INFO] [stdout] 8b48a7c01010781ffdd5898607ae3e77bf4cb024799dd871d9246fad9508a9c1
[INFO] running `Command { std: "docker" "create" "-v" "/var/lib/crater-agent-workspace/builds/worker-6-tc1/target:/opt/rustwide/target:rw,Z" "-v" "/var/lib/crater-agent-workspace/builds/worker-6-tc1/source:/opt/rustwide/workdir:ro,Z" "-v" "/var/lib/crater-agent-workspace/cargo-home:/opt/rustwide/cargo-home:ro,Z" "-v" "/var/lib/crater-agent-workspace/rustup-home:/opt/rustwide/rustup-home:ro,Z" "-e" "SOURCE_DIR=/opt/rustwide/workdir" "-e" "CARGO_TARGET_DIR=/opt/rustwide/target" "-e" "CARGO_INCREMENTAL=0" "-e" "RUST_BACKTRACE=full" "-e" "RUSTFLAGS=--cap-lints=warn" "-e" "RUSTDOCFLAGS=--cap-lints=warn" "-e" "CARGO_HOME=/opt/rustwide/cargo-home" "-e" "RUSTUP_HOME=/opt/rustwide/rustup-home" "-w" "/opt/rustwide/workdir" "-m" "1610612736" "--user" "0:0" "--network" "none" "ghcr.io/rust-lang/crates-build-env/linux@sha256:2788e3201cd34a07e3172128adcd8b3090168a8e3bcc40d7c032b9dda1df7d1c" "/opt/rustwide/cargo-home/bin/cargo" "+1.75.0" "test" "--frozen", kill_on_drop: false }`
[INFO] [stdout] 72e51d1797f57318210e5a73bf34e469a4542679d2c5fc3f36b6ca4b6de4b811
[INFO] running `Command { std: "docker" "start" "-a" "72e51d1797f57318210e5a73bf34e469a4542679d2c5fc3f36b6ca4b6de4b811", kill_on_drop: false }`
[INFO] [stderr]     Finished test [unoptimized + debuginfo] target(s) in 0.09s
[INFO] [stderr]      Running unittests src/main.rs (/opt/rustwide/target/debug/deps/srt_transmit-9359d67347d748b7)
[INFO] [stdout] 
[INFO] [stdout] running 1 test
[INFO] [stdout] test streamer_server::tests::multiplexer ... ok
[INFO] [stdout] 
[INFO] [stdout] test result: ok. 1 passed; 0 failed; 0 ignored; 0 measured; 0 filtered out; finished in 6.02s
[INFO] [stdout] 
[INFO] [stderr]      Running tests/stransmit_cmdline.rs (/opt/rustwide/target/debug/deps/stransmit_cmdline-3bb73eac8e2d95b3)
[INFO] [stdout] 
[INFO] [stdout] running 27 tests
[INFO] [stderr] Invalid settings detected: Cannot assign requested address (os error 99)
[INFO] [stderr] 
[INFO] [stderr] See srt-transmit --help for more info
[INFO] [stderr] Invalid settings detected: Cannot assign requested address (os error 99)
[INFO] [stderr] 
[INFO] [stderr] See srt-transmit --help for more info
[INFO] [stdout] test stransmit_rs_ui::bad_pbkeylen ... ok
[INFO] [stdout] test stransmit_rs_ui::bad_pbkeylen_str ... ok
[INFO] [stdout] test stransmit_rs_ui::local_port_srt_listen ... ok
[INFO] [stdout] test stransmit_rs_ui::local_port_udp_recv ... ok
[INFO] [stdout] test stransmit_rs_ui::multiplex_connect ... ok
[INFO] [stdout] test stransmit_rs_ui::multiplex_parameter ... ok
[INFO] [stdout] test stransmit_rs_ui::multiplex_recv ... ok
[INFO] [stdout] test stransmit_rs_ui::no_args ... ok
[INFO] [stdout] test stransmit_rs_ui::pbkeylen_no_pw ... ok
[INFO] [stdout] test stransmit_rs_ui::rendezvous_no_host ... ok
[INFO] [stdout] test stransmit_rs_ui::udp_recv_as_second ... ok
[INFO] [stdout] test stransmit_rs_ui::udp_send_as_first ... ok
[INFO] [stdout] test stransmit_rs_snd_rcv::ipv6 ... FAILED
[INFO] [stdout] test stransmit_rs_snd_rcv::multiplex ... ok
[INFO] [stdout] test stransmit_rs_snd_rcv::basic_tcp ... ok
[INFO] [stdout] test stransmit_rs_snd_rcv::encryption_pbkeylen ... ok
[INFO] [stdout] test stransmit_rs_snd_rcv::encryption ... ok
[INFO] [stdout] test stransmit_rs_snd_rcv::basic ... ok
[INFO] [stdout] test stransmit_rs_snd_rcv::stransmit_rs_rendezvous_udp_local_port ... ok
[INFO] [stdout] test stransmit_rs_snd_rcv::parse_hostname ... ok
[INFO] [stdout] test stransmit_rs_snd_rcv::sender_as_listener ... ok
[INFO] [stdout] test stransmit_rs_snd_rcv::rendezvous ... ok
[INFO] [stdout] test stransmit_rs_snd_rcv::latency ... ok
[INFO] [stdout] test stransmit_rs_snd_rcv::sender_as_listener_srt_local_port ... ok
[INFO] [stdout] test stransmit_rs_snd_rcv::udp_to_udp ... ok
[INFO] [stdout] test stransmit_rs_snd_rcv::sender_as_listener_tcp ... ok
[INFO] [stdout] test stransmit_rs_snd_rcv::reconnect ... ok
[INFO] [stdout] 
[INFO] [stdout] failures:
[INFO] [stdout] 
[INFO] [stdout] ---- stransmit_rs_snd_rcv::ipv6 stdout ----
[INFO] [stdout] thread 'stransmit_rs_snd_rcv::ipv6' panicked at tests/stransmit_cmdline.rs:101:5:
[INFO] [stdout] Timeout with receiving
[INFO] [stdout] stack backtrace:
[INFO] [stdout]    0:     0x55d842e7b53c - std::backtrace_rs::backtrace::libunwind::trace::ha637c64ce894333a
[INFO] [stdout]                                at /rustc/82e1608dfa6e0b5569232559e3d385fea5a93112/library/std/src/../../backtrace/src/backtrace/libunwind.rs:104:5
[INFO] [stdout]    1:     0x55d842e7b53c - std::backtrace_rs::backtrace::trace_unsynchronized::h47f62dea28e0c88d
[INFO] [stdout]                                at /rustc/82e1608dfa6e0b5569232559e3d385fea5a93112/library/std/src/../../backtrace/src/backtrace/mod.rs:66:5
[INFO] [stdout]    2:     0x55d842e7b53c - std::sys_common::backtrace::_print_fmt::h9eef0abe20ede486
[INFO] [stdout]                                at /rustc/82e1608dfa6e0b5569232559e3d385fea5a93112/library/std/src/sys_common/backtrace.rs:67:5
[INFO] [stdout]    3:     0x55d842e7b53c - <std::sys_common::backtrace::_print::DisplayBacktrace as core::fmt::Display>::fmt::hed7f999df88cc644
[INFO] [stdout]                                at /rustc/82e1608dfa6e0b5569232559e3d385fea5a93112/library/std/src/sys_common/backtrace.rs:44:22
[INFO] [stdout]    4:     0x55d842ea6e70 - core::fmt::rt::Argument::fmt::h1539a9308b8d058d
[INFO] [stdout]                                at /rustc/82e1608dfa6e0b5569232559e3d385fea5a93112/library/core/src/fmt/rt.rs:142:9
[INFO] [stdout]    5:     0x55d842ea6e70 - core::fmt::write::h3a39390d8560d9c9
[INFO] [stdout]                                at /rustc/82e1608dfa6e0b5569232559e3d385fea5a93112/library/core/src/fmt/mod.rs:1120:17
[INFO] [stdout]    6:     0x55d842e785df - std::io::Write::write_fmt::h040b369f3a0f9cbc
[INFO] [stdout]                                at /rustc/82e1608dfa6e0b5569232559e3d385fea5a93112/library/std/src/io/mod.rs:1762:15
[INFO] [stdout]    7:     0x55d842e7b324 - std::sys_common::backtrace::_print::h894006fb5c6f3d45
[INFO] [stdout]                                at /rustc/82e1608dfa6e0b5569232559e3d385fea5a93112/library/std/src/sys_common/backtrace.rs:47:5
[INFO] [stdout]    8:     0x55d842e7b324 - std::sys_common::backtrace::print::h23a2d212c6fff936
[INFO] [stdout]                                at /rustc/82e1608dfa6e0b5569232559e3d385fea5a93112/library/std/src/sys_common/backtrace.rs:34:9
[INFO] [stdout]    9:     0x55d842e7cfe7 - std::panicking::default_hook::{{closure}}::h8a1d2ee00185001a
[INFO] [stdout]   10:     0x55d842e7ccd3 - std::panicking::default_hook::h6038f2eba384e475
[INFO] [stdout]                                at /rustc/82e1608dfa6e0b5569232559e3d385fea5a93112/library/std/src/panicking.rs:289:9
[INFO] [stdout]   11:     0x55d842d658c7 - <alloc::boxed::Box<F,A> as core::ops::function::Fn<Args>>::call::h0ad024c9bdc6d768
[INFO] [stdout]                                at /rustc/82e1608dfa6e0b5569232559e3d385fea5a93112/library/alloc/src/boxed.rs:2021:9
[INFO] [stdout]   12:     0x55d842d658c7 - test::test_main::{{closure}}::h7500b54257359db6
[INFO] [stdout]                                at /rustc/82e1608dfa6e0b5569232559e3d385fea5a93112/library/test/src/lib.rs:138:21
[INFO] [stdout]   13:     0x55d842e7d5f8 - <alloc::boxed::Box<F,A> as core::ops::function::Fn<Args>>::call::h1f8f335eaa9cfaee
[INFO] [stdout]                                at /rustc/82e1608dfa6e0b5569232559e3d385fea5a93112/library/alloc/src/boxed.rs:2021:9
[INFO] [stdout]   14:     0x55d842e7d5f8 - std::panicking::rust_panic_with_hook::h2b5517d590cab22e
[INFO] [stdout]                                at /rustc/82e1608dfa6e0b5569232559e3d385fea5a93112/library/std/src/panicking.rs:783:13
[INFO] [stdout]   15:     0x55d842e7d319 - std::panicking::begin_panic_handler::{{closure}}::h233112c06e0ef43e
[INFO] [stdout]                                at /rustc/82e1608dfa6e0b5569232559e3d385fea5a93112/library/std/src/panicking.rs:649:13
[INFO] [stdout]   16:     0x55d842e7ba06 - std::sys_common::backtrace::__rust_end_short_backtrace::h6e893f24d7ebbff8
[INFO] [stdout]                                at /rustc/82e1608dfa6e0b5569232559e3d385fea5a93112/library/std/src/sys_common/backtrace.rs:170:18
[INFO] [stdout]   17:     0x55d842e7d0b2 - rust_begin_unwind
[INFO] [stdout]                                at /rustc/82e1608dfa6e0b5569232559e3d385fea5a93112/library/std/src/panicking.rs:645:5
[INFO] [stdout]   18:     0x55d842cce3c5 - core::panicking::panic_fmt::hbf0e066aabfa482c
[INFO] [stdout]                                at /rustc/82e1608dfa6e0b5569232559e3d385fea5a93112/library/core/src/panicking.rs:72:14
[INFO] [stdout]   19:     0x55d842cdb1c4 - stransmit_cmdline::udp_receiver_sock::{{closure}}::h6439478d404f3ccd
[INFO] [stdout]                                at /opt/rustwide/workdir/tests/stransmit_cmdline.rs:101:5
[INFO] [stdout]   20:     0x55d842cdacab - stransmit_cmdline::udp_receiver::{{closure}}::hedabd87f05b13044
[INFO] [stdout]                                at /opt/rustwide/workdir/tests/stransmit_cmdline.rs:83:41
[INFO] [stdout]   21:     0x55d842cdfbc3 - <futures_util::future::maybe_done::MaybeDone<Fut> as core::future::future::Future>::poll::h9336a22622fac51f
[INFO] [stdout]                                at /opt/rustwide/cargo-home/registry/src/index.crates.io-6f17d22bba15001f/futures-util-0.3.28/src/future/maybe_done.rs:95:38
[INFO] [stdout]   22:     0x55d842cdecce - stransmit_cmdline::test_send::{{closure}}::{{closure}}::h4ee7f31bc100b1b4
[INFO] [stdout]                                at /opt/rustwide/cargo-home/registry/src/index.crates.io-6f17d22bba15001f/futures-util-0.3.28/src/async_await/join_mod.rs:105:13
[INFO] [stdout]   23:     0x55d842ce83b4 - <futures_util::future::poll_fn::PollFn<F> as core::future::future::Future>::poll::hd02eff51224d7b3d
[INFO] [stdout]                                at /opt/rustwide/cargo-home/registry/src/index.crates.io-6f17d22bba15001f/futures-util-0.3.28/src/future/poll_fn.rs:56:9
[INFO] [stdout]   24:     0x55d842cdd3e7 - stransmit_cmdline::test_send::{{closure}}::hc333303211cef3aa
[INFO] [stdout]                                at /opt/rustwide/workdir/tests/stransmit_cmdline.rs:151:5
[INFO] [stdout]   25:     0x55d842cd5f77 - stransmit_cmdline::stransmit_rs_snd_rcv::ipv6::{{closure}}::hdea35f85a435ce1c
[INFO] [stdout]                                at /opt/rustwide/workdir/tests/stransmit_cmdline.rs:378:10
[INFO] [stdout]   26:     0x55d842cf61eb - <core::pin::Pin<P> as core::future::future::Future>::poll::h545aafcd546ae652
[INFO] [stdout]                                at /rustc/82e1608dfa6e0b5569232559e3d385fea5a93112/library/core/src/future/future.rs:125:9
[INFO] [stdout]   27:     0x55d842cf619b - <core::pin::Pin<P> as core::future::future::Future>::poll::h190fa88d102686c5
[INFO] [stdout]                                at /rustc/82e1608dfa6e0b5569232559e3d385fea5a93112/library/core/src/future/future.rs:125:9
[INFO] [stdout]   28:     0x55d842ce7f84 - tokio::runtime::scheduler::current_thread::CoreGuard::block_on::{{closure}}::{{closure}}::{{closure}}::h50bd511c83c990b0
[INFO] [stdout]                                at /opt/rustwide/cargo-home/registry/src/index.crates.io-6f17d22bba15001f/tokio-1.32.0/src/runtime/scheduler/current_thread/mod.rs:665:57
[INFO] [stdout]   29:     0x55d842ce7eb0 - tokio::runtime::coop::with_budget::h63bb5ecafd70a15e
[INFO] [stdout]                                at /opt/rustwide/cargo-home/registry/src/index.crates.io-6f17d22bba15001f/tokio-1.32.0/src/runtime/coop.rs:107:5
[INFO] [stdout]   30:     0x55d842ce7eb0 - tokio::runtime::coop::budget::he22d0b70fdbf1a6c
[INFO] [stdout]                                at /opt/rustwide/cargo-home/registry/src/index.crates.io-6f17d22bba15001f/tokio-1.32.0/src/runtime/coop.rs:73:5
[INFO] [stdout]   31:     0x55d842ce7eb0 - tokio::runtime::scheduler::current_thread::CoreGuard::block_on::{{closure}}::{{closure}}::hbccd3e69717883e4
[INFO] [stdout]                                at /opt/rustwide/cargo-home/registry/src/index.crates.io-6f17d22bba15001f/tokio-1.32.0/src/runtime/scheduler/current_thread/mod.rs:665:25
[INFO] [stdout]   32:     0x55d842ce674a - tokio::runtime::scheduler::current_thread::Context::enter::h83080a71ffcc02ca
[INFO] [stdout]                                at /opt/rustwide/cargo-home/registry/src/index.crates.io-6f17d22bba15001f/tokio-1.32.0/src/runtime/scheduler/current_thread/mod.rs:410:19
[INFO] [stdout]   33:     0x55d842ce762e - tokio::runtime::scheduler::current_thread::CoreGuard::block_on::{{closure}}::h89fc15324e0bcb0e
[INFO] [stdout]                                at /opt/rustwide/cargo-home/registry/src/index.crates.io-6f17d22bba15001f/tokio-1.32.0/src/runtime/scheduler/current_thread/mod.rs:664:36
[INFO] [stdout]   34:     0x55d842ce7332 - tokio::runtime::scheduler::current_thread::CoreGuard::enter::{{closure}}::h52f6a861b7945c07
[INFO] [stdout]                                at /opt/rustwide/cargo-home/registry/src/index.crates.io-6f17d22bba15001f/tokio-1.32.0/src/runtime/scheduler/current_thread/mod.rs:743:68
[INFO] [stdout]   35:     0x55d842cf55ca - tokio::runtime::context::scoped::Scoped<T>::set::h0b74cd0bb609031f
[INFO] [stdout]                                at /opt/rustwide/cargo-home/registry/src/index.crates.io-6f17d22bba15001f/tokio-1.32.0/src/runtime/context/scoped.rs:40:9
[INFO] [stdout]   36:     0x55d842cef54a - tokio::runtime::context::set_scheduler::{{closure}}::h96ade0c8e6c1f9ea
[INFO] [stdout]                                at /opt/rustwide/cargo-home/registry/src/index.crates.io-6f17d22bba15001f/tokio-1.32.0/src/runtime/context.rs:176:26
[INFO] [stdout]   37:     0x55d842ce3e83 - std::thread::local::LocalKey<T>::try_with::hca59e8d904c09e4d
[INFO] [stdout]                                at /rustc/82e1608dfa6e0b5569232559e3d385fea5a93112/library/std/src/thread/local.rs:270:16
[INFO] [stdout]   38:     0x55d842ce348d - std::thread::local::LocalKey<T>::with::hf55b3ba4f6f20aa8
[INFO] [stdout]                                at /rustc/82e1608dfa6e0b5569232559e3d385fea5a93112/library/std/src/thread/local.rs:246:9
[INFO] [stdout]   39:     0x55d842cef4f1 - tokio::runtime::context::set_scheduler::h8c91d7ffbba41a20
[INFO] [stdout]                                at /opt/rustwide/cargo-home/registry/src/index.crates.io-6f17d22bba15001f/tokio-1.32.0/src/runtime/context.rs:176:9
[INFO] [stdout]   40:     0x55d842ce7089 - tokio::runtime::scheduler::current_thread::CoreGuard::enter::h782cd88e9f2d7899
[INFO] [stdout]                                at /opt/rustwide/cargo-home/registry/src/index.crates.io-6f17d22bba15001f/tokio-1.32.0/src/runtime/scheduler/current_thread/mod.rs:743:27
[INFO] [stdout]   41:     0x55d842ce735d - tokio::runtime::scheduler::current_thread::CoreGuard::block_on::h4bc5543b2baacfbb
[INFO] [stdout]                                at /opt/rustwide/cargo-home/registry/src/index.crates.io-6f17d22bba15001f/tokio-1.32.0/src/runtime/scheduler/current_thread/mod.rs:652:19
[INFO] [stdout]   42:     0x55d842ce6166 - tokio::runtime::scheduler::current_thread::CurrentThread::block_on::{{closure}}::h8547f2801e5c7261
[INFO] [stdout]                                at /opt/rustwide/cargo-home/registry/src/index.crates.io-6f17d22bba15001f/tokio-1.32.0/src/runtime/scheduler/current_thread/mod.rs:175:28
[INFO] [stdout]   43:     0x55d842cefaea - tokio::runtime::context::runtime::enter_runtime::h8ad9f9fbfc4d47b3
[INFO] [stdout]                                at /opt/rustwide/cargo-home/registry/src/index.crates.io-6f17d22bba15001f/tokio-1.32.0/src/runtime/context/runtime.rs:65:16
[INFO] [stdout]   44:     0x55d842ce6060 - tokio::runtime::scheduler::current_thread::CurrentThread::block_on::h0acc3b35f18a5536
[INFO] [stdout]                                at /opt/rustwide/cargo-home/registry/src/index.crates.io-6f17d22bba15001f/tokio-1.32.0/src/runtime/scheduler/current_thread/mod.rs:167:9
[INFO] [stdout]   45:     0x55d842ce1e59 - tokio::runtime::runtime::Runtime::block_on::hd656f56a570425fb
[INFO] [stdout]                                at /opt/rustwide/cargo-home/registry/src/index.crates.io-6f17d22bba15001f/tokio-1.32.0/src/runtime/runtime.rs:347:47
[INFO] [stdout]   46:     0x55d842cd5d4e - stransmit_cmdline::stransmit_rs_snd_rcv::ipv6::h11d70a95d9e8cc1e
[INFO] [stdout]                                at /opt/rustwide/workdir/tests/stransmit_cmdline.rs:372:9
[INFO] [stdout]   47:     0x55d842cd5bd7 - stransmit_cmdline::stransmit_rs_snd_rcv::ipv6::{{closure}}::h34917b2cf7a96f13
[INFO] [stdout]                                at /opt/rustwide/workdir/tests/stransmit_cmdline.rs:371:24
[INFO] [stdout]   48:     0x55d842ccf5f6 - core::ops::function::FnOnce::call_once::hb4f34b208aa5a50b
[INFO] [stdout]                                at /rustc/82e1608dfa6e0b5569232559e3d385fea5a93112/library/core/src/ops/function.rs:250:5
[INFO] [stdout]   49:     0x55d842d6af1f - core::ops::function::FnOnce::call_once::h2b5d431d5046312d
[INFO] [stdout]                                at /rustc/82e1608dfa6e0b5569232559e3d385fea5a93112/library/core/src/ops/function.rs:250:5
[INFO] [stdout]   50:     0x55d842d6af1f - test::__rust_begin_short_backtrace::h7714669af176e207
[INFO] [stdout]                                at /rustc/82e1608dfa6e0b5569232559e3d385fea5a93112/library/test/src/lib.rs:628:18
[INFO] [stdout]   51:     0x55d842d69f35 - test::run_test_in_process::{{closure}}::h85218797dcbcec12
[INFO] [stdout]                                at /rustc/82e1608dfa6e0b5569232559e3d385fea5a93112/library/test/src/lib.rs:651:60
[INFO] [stdout]   52:     0x55d842d69f35 - <core::panic::unwind_safe::AssertUnwindSafe<F> as core::ops::function::FnOnce<()>>::call_once::h76c106ea31c14d7b
[INFO] [stdout]                                at /rustc/82e1608dfa6e0b5569232559e3d385fea5a93112/library/core/src/panic/unwind_safe.rs:272:9
[INFO] [stdout]   53:     0x55d842d69f35 - std::panicking::try::do_call::h3bd5d0f6620ee946
[INFO] [stdout]                                at /rustc/82e1608dfa6e0b5569232559e3d385fea5a93112/library/std/src/panicking.rs:552:40
[INFO] [stdout]   54:     0x55d842d69f35 - std::panicking::try::h232e535e4744fe31
[INFO] [stdout]                                at /rustc/82e1608dfa6e0b5569232559e3d385fea5a93112/library/std/src/panicking.rs:516:19
[INFO] [stdout]   55:     0x55d842d69f35 - std::panic::catch_unwind::h3ce3bd6ca8dbac68
[INFO] [stdout]                                at /rustc/82e1608dfa6e0b5569232559e3d385fea5a93112/library/std/src/panic.rs:142:14
[INFO] [stdout]   56:     0x55d842d69f35 - test::run_test_in_process::hc97b257c9621286a
[INFO] [stdout]                                at /rustc/82e1608dfa6e0b5569232559e3d385fea5a93112/library/test/src/lib.rs:651:27
[INFO] [stdout]   57:     0x55d842d69f35 - test::run_test::{{closure}}::h2aa798823a438d38
[INFO] [stdout]                                at /rustc/82e1608dfa6e0b5569232559e3d385fea5a93112/library/test/src/lib.rs:574:43
[INFO] [stdout]   58:     0x55d842d321f6 - test::run_test::{{closure}}::h87d231c78fb59832
[INFO] [stdout]                                at /rustc/82e1608dfa6e0b5569232559e3d385fea5a93112/library/test/src/lib.rs:602:41
[INFO] [stdout]   59:     0x55d842d321f6 - std::sys_common::backtrace::__rust_begin_short_backtrace::he6df152596625789
[INFO] [stdout]                                at /rustc/82e1608dfa6e0b5569232559e3d385fea5a93112/library/std/src/sys_common/backtrace.rs:154:18
[INFO] [stdout]   60:     0x55d842d372a7 - std::thread::Builder::spawn_unchecked_::{{closure}}::{{closure}}::ha94be15d1e0acf36
[INFO] [stdout]                                at /rustc/82e1608dfa6e0b5569232559e3d385fea5a93112/library/std/src/thread/mod.rs:529:17
[INFO] [stdout]   61:     0x55d842d372a7 - <core::panic::unwind_safe::AssertUnwindSafe<F> as core::ops::function::FnOnce<()>>::call_once::h9dc6bd6372f16606
[INFO] [stdout]                                at /rustc/82e1608dfa6e0b5569232559e3d385fea5a93112/library/core/src/panic/unwind_safe.rs:272:9
[INFO] [stdout]   62:     0x55d842d372a7 - std::panicking::try::do_call::h9057517f80303cd4
[INFO] [stdout]                                at /rustc/82e1608dfa6e0b5569232559e3d385fea5a93112/library/std/src/panicking.rs:552:40
[INFO] [stdout]   63:     0x55d842d372a7 - std::panicking::try::he3a30b11ee45340c
[INFO] [stdout]                                at /rustc/82e1608dfa6e0b5569232559e3d385fea5a93112/library/std/src/panicking.rs:516:19
[INFO] [stdout]   64:     0x55d842d372a7 - std::panic::catch_unwind::h410458cfd3528b8b
[INFO] [stdout]                                at /rustc/82e1608dfa6e0b5569232559e3d385fea5a93112/library/std/src/panic.rs:142:14
[INFO] [stdout]   65:     0x55d842d372a7 - std::thread::Builder::spawn_unchecked_::{{closure}}::h72ac3bdb567b737b
[INFO] [stdout]                                at /rustc/82e1608dfa6e0b5569232559e3d385fea5a93112/library/std/src/thread/mod.rs:528:30
[INFO] [stdout]   66:     0x55d842d372a7 - core::ops::function::FnOnce::call_once{{vtable.shim}}::h38f34da3654a8344
[INFO] [stdout]                                at /rustc/82e1608dfa6e0b5569232559e3d385fea5a93112/library/core/src/ops/function.rs:250:5
[INFO] [stdout]   67:     0x55d842e82485 - <alloc::boxed::Box<F,A> as core::ops::function::FnOnce<Args>>::call_once::hc7eafaff61e32df9
[INFO] [stdout]                                at /rustc/82e1608dfa6e0b5569232559e3d385fea5a93112/library/alloc/src/boxed.rs:2007:9
[INFO] [stdout]   68:     0x55d842e82485 - <alloc::boxed::Box<F,A> as core::ops::function::FnOnce<Args>>::call_once::h6ba4a5de48dd2304
[INFO] [stdout]                                at /rustc/82e1608dfa6e0b5569232559e3d385fea5a93112/library/alloc/src/boxed.rs:2007:9
[INFO] [stdout]   69:     0x55d842e82485 - std::sys::unix::thread::Thread::new::thread_start::he469335aef763e45
[INFO] [stdout]                                at /rustc/82e1608dfa6e0b5569232559e3d385fea5a93112/library/std/src/sys/unix/thread.rs:108:17
[INFO] [stdout]   70:     0x7fe29b7a1ac3 - <unknown>
[INFO] [stdout]   71:     0x7fe29b832bf4 - __clone
[INFO] [stdout]   72:                0x0 - <unknown>
[INFO] [stdout] 
[INFO] [stdout] 
[INFO] [stdout] failures:
[INFO] [stdout]     stransmit_rs_snd_rcv::ipv6
[INFO] [stdout] 
[INFO] [stdout] test result: FAILED. 26 passed; 1 failed; 0 ignored; 0 measured; 0 filtered out; finished in 20.41s
[INFO] [stdout] 
[INFO] [stderr] error: test failed, to rerun pass `--test stransmit_cmdline`
[INFO] running `Command { std: "docker" "inspect" "72e51d1797f57318210e5a73bf34e469a4542679d2c5fc3f36b6ca4b6de4b811", kill_on_drop: false }`
[INFO] running `Command { std: "docker" "rm" "-f" "72e51d1797f57318210e5a73bf34e469a4542679d2c5fc3f36b6ca4b6de4b811", kill_on_drop: false }`
[INFO] [stdout] 72e51d1797f57318210e5a73bf34e469a4542679d2c5fc3f36b6ca4b6de4b811
