[INFO] fetching crate srgn 0.7.0...
[INFO] testing srgn-0.7.0 against 1.75.0 for beta-1.76-1
[INFO] extracting crate srgn 0.7.0 into /workspace/builds/worker-3-tc1/source
[INFO] validating manifest of crates.io crate srgn 0.7.0 on toolchain 1.75.0
[INFO] running `Command { std: CARGO_HOME="/workspace/cargo-home" RUSTUP_HOME="/workspace/rustup-home" "/workspace/cargo-home/bin/cargo" "+1.75.0" "metadata" "--manifest-path" "Cargo.toml" "--no-deps", kill_on_drop: false }`
[INFO] started tweaking crates.io crate srgn 0.7.0
[INFO] finished tweaking crates.io crate srgn 0.7.0
[INFO] tweaked toml for crates.io crate srgn 0.7.0 written to /workspace/builds/worker-3-tc1/source/Cargo.toml
[INFO] crate crates.io crate srgn 0.7.0 already has a lockfile, it will not be regenerated
[INFO] running `Command { std: CARGO_HOME="/workspace/cargo-home" RUSTUP_HOME="/workspace/rustup-home" "/workspace/cargo-home/bin/cargo" "+1.75.0" "fetch" "--manifest-path" "Cargo.toml", kill_on_drop: false }`
[INFO] [stderr]     Updating crates.io index
[INFO] [stderr]  Downloading crates ...
[INFO] [stderr]   Downloaded titlecase v2.2.1
[INFO] [stderr]   Downloaded cached_proc_macro_types v0.1.0
[INFO] [stderr]   Downloaded terminal_size v0.2.6
[INFO] [stderr]   Downloaded cached_proc_macro v0.17.0
[INFO] [stderr]   Downloaded rand_regex v0.16.0
[INFO] [stderr]   Downloaded test-log v0.2.12
[INFO] [stderr]   Downloaded joinery v2.1.0
[INFO] [stderr]   Downloaded plist v1.5.0
[INFO] [stderr]   Downloaded clap v4.4.0
[INFO] [stderr]   Downloaded comrak v0.18.0
[INFO] [stderr]   Downloaded proptest v1.2.0
[INFO] [stderr]   Downloaded insta v1.31.0
[INFO] [stderr]   Downloaded tree-sitter-c-sharp v0.20.0
[INFO] [stderr]   Downloaded tree-sitter-typescript v0.20.2
[INFO] [stderr]   Downloaded clap_builder v4.4.0
[INFO] [stderr]   Downloaded quick-xml v0.29.0
[INFO] [stderr]   Downloaded cached v0.44.0
[INFO] [stderr]   Downloaded decompound v0.3.0
[INFO] [stderr]   Downloaded deunicode v0.4.4
[INFO] [stderr]   Downloaded unicode_titlecase v2.2.1
[INFO] running `Command { std: "docker" "create" "-v" "/var/lib/crater-agent-workspace/builds/worker-3-tc1/target:/opt/rustwide/target:rw,Z" "-v" "/var/lib/crater-agent-workspace/builds/worker-3-tc1/source:/opt/rustwide/workdir:ro,Z" "-v" "/var/lib/crater-agent-workspace/cargo-home:/opt/rustwide/cargo-home:ro,Z" "-v" "/var/lib/crater-agent-workspace/rustup-home:/opt/rustwide/rustup-home:ro,Z" "-e" "SOURCE_DIR=/opt/rustwide/workdir" "-e" "CARGO_TARGET_DIR=/opt/rustwide/target" "-e" "CARGO_HOME=/opt/rustwide/cargo-home" "-e" "RUSTUP_HOME=/opt/rustwide/rustup-home" "-w" "/opt/rustwide/workdir" "-m" "1610612736" "--user" "0:0" "--network" "none" "ghcr.io/rust-lang/crates-build-env/linux@sha256:2788e3201cd34a07e3172128adcd8b3090168a8e3bcc40d7c032b9dda1df7d1c" "/opt/rustwide/cargo-home/bin/cargo" "+1.75.0" "metadata" "--no-deps" "--format-version=1", kill_on_drop: false }`
[INFO] [stdout] beb1de28480e04f058308d3e34c402764c11ff45593bf49663175c59582bd56e
[INFO] running `Command { std: "docker" "start" "-a" "beb1de28480e04f058308d3e34c402764c11ff45593bf49663175c59582bd56e", kill_on_drop: false }`
[INFO] running `Command { std: "docker" "inspect" "beb1de28480e04f058308d3e34c402764c11ff45593bf49663175c59582bd56e", kill_on_drop: false }`
[INFO] running `Command { std: "docker" "rm" "-f" "beb1de28480e04f058308d3e34c402764c11ff45593bf49663175c59582bd56e", kill_on_drop: false }`
[INFO] [stdout] beb1de28480e04f058308d3e34c402764c11ff45593bf49663175c59582bd56e
[INFO] running `Command { std: "docker" "create" "-v" "/var/lib/crater-agent-workspace/builds/worker-3-tc1/target:/opt/rustwide/target:rw,Z" "-v" "/var/lib/crater-agent-workspace/builds/worker-3-tc1/source:/opt/rustwide/workdir:ro,Z" "-v" "/var/lib/crater-agent-workspace/cargo-home:/opt/rustwide/cargo-home:ro,Z" "-v" "/var/lib/crater-agent-workspace/rustup-home:/opt/rustwide/rustup-home:ro,Z" "-e" "SOURCE_DIR=/opt/rustwide/workdir" "-e" "CARGO_TARGET_DIR=/opt/rustwide/target" "-e" "CARGO_INCREMENTAL=0" "-e" "RUST_BACKTRACE=full" "-e" "RUSTFLAGS=--cap-lints=warn" "-e" "RUSTDOCFLAGS=--cap-lints=warn" "-e" "CARGO_HOME=/opt/rustwide/cargo-home" "-e" "RUSTUP_HOME=/opt/rustwide/rustup-home" "-w" "/opt/rustwide/workdir" "-m" "1610612736" "--user" "0:0" "--network" "none" "ghcr.io/rust-lang/crates-build-env/linux@sha256:2788e3201cd34a07e3172128adcd8b3090168a8e3bcc40d7c032b9dda1df7d1c" "/opt/rustwide/cargo-home/bin/cargo" "+1.75.0" "build" "--frozen" "--message-format=json", kill_on_drop: false }`
[INFO] [stdout] 7a3157103dcce75f923e36656fb76de641ec2febb5a3734988580782851d83a5
[INFO] running `Command { std: "docker" "start" "-a" "7a3157103dcce75f923e36656fb76de641ec2febb5a3734988580782851d83a5", kill_on_drop: false }`
[INFO] [stderr]    Compiling libc v0.2.147
[INFO] [stderr]    Compiling proc-macro2 v1.0.66
[INFO] [stderr]    Compiling unicode-ident v1.0.11
[INFO] [stderr]    Compiling memchr v2.6.3
[INFO] [stderr]    Compiling crossbeam-utils v0.8.16
[INFO] [stderr]    Compiling regex-syntax v0.7.5
[INFO] [stderr]    Compiling crossbeam-epoch v0.9.15
[INFO] [stderr]    Compiling syn v1.0.109
[INFO] [stderr]    Compiling rayon-core v1.11.0
[INFO] [stderr]    Compiling unicode_titlecase v2.2.1
[INFO] [stderr]    Compiling futures-core v0.3.28
[INFO] [stderr]    Compiling lock_api v0.4.10
[INFO] [stderr]    Compiling aho-corasick v1.0.4
[INFO] [stderr]    Compiling crossbeam-channel v0.5.8
[INFO] [stderr]    Compiling quote v1.0.33
[INFO] [stderr]    Compiling crossbeam-deque v0.8.3
[INFO] [stderr]    Compiling cc v1.0.83
[INFO] [stderr]    Compiling syn v2.0.29
[INFO] [stderr]    Compiling num_cpus v1.16.0
[INFO] [stderr]    Compiling fnv v1.0.7
[INFO] [stderr]    Compiling parking_lot_core v0.9.8
[INFO] [stderr]    Compiling futures-task v0.3.28
[INFO] [stderr]    Compiling utf8parse v0.2.1
[INFO] [stderr]    Compiling futures-channel v0.3.28
[INFO] [stderr]    Compiling regex-automata v0.3.8
[INFO] [stderr]    Compiling smallvec v1.11.0
[INFO] [stderr]    Compiling bitflags v2.4.0
[INFO] [stderr]    Compiling tree-sitter v0.20.10
[INFO] [stderr]    Compiling fst v0.4.7
[INFO] [stderr]    Compiling rustix v0.38.9
[INFO] [stderr]    Compiling futures-util v0.3.28
[INFO] [stderr]    Compiling futures-sink v0.3.28
[INFO] [stderr]    Compiling backtrace v0.3.69
[INFO] [stderr]    Compiling anstyle-parse v0.2.1
[INFO] [stderr]    Compiling thiserror v1.0.47
[INFO] [stderr]    Compiling gimli v0.28.0
[INFO] [stderr]    Compiling regex v1.9.5
[INFO] [stderr]    Compiling anstyle-query v1.0.0
[INFO] [stderr]    Compiling darling_core v0.14.4
[INFO] [stderr]    Compiling anstyle v1.0.2
[INFO] [stderr]    Compiling log v0.4.20
[INFO] [stderr]    Compiling colorchoice v1.0.0
[INFO] [stderr]    Compiling async-trait v0.1.73
[INFO] [stderr]    Compiling linux-raw-sys v0.4.5
[INFO] [stderr]    Compiling either v1.9.0
[INFO] [stderr]    Compiling rayon v1.7.0
[INFO] [stderr]    Compiling decompound v0.3.0
[INFO] [stderr]    Compiling tokio-macros v2.1.0
[INFO] [stderr]    Compiling addr2line v0.21.0
[INFO] [stderr]    Compiling thiserror-impl v1.0.47
[INFO] [stderr]    Compiling anstream v0.5.0
[INFO] [stderr]    Compiling miniz_oxide v0.7.1
[INFO] [stderr]    Compiling parking_lot v0.12.1
[INFO] [stderr]    Compiling tree-sitter-typescript v0.20.2
[INFO] [stderr]    Compiling tree-sitter-c-sharp v0.20.0
[INFO] [stderr]    Compiling tree-sitter-python v0.20.4
[INFO] [stderr]    Compiling darling_macro v0.14.4
[INFO] [stderr]    Compiling object v0.32.0
[INFO] [stderr]    Compiling clap_lex v0.5.1
[INFO] [stderr]    Compiling futures-io v0.3.28
[INFO] [stderr]    Compiling once_cell v1.18.0
[INFO] [stderr]    Compiling rustc-demangle v0.1.23
[INFO] [stderr]    Compiling heck v0.4.1
[INFO] [stderr]    Compiling anyhow v1.0.75
[INFO] [stderr]    Compiling bit-vec v0.6.3
[INFO] [stderr]    Compiling cached_proc_macro_types v0.1.0
[INFO] [stderr]    Compiling srgn v0.7.0 (/opt/rustwide/workdir)
[INFO] [stderr]    Compiling clap_derive v4.4.0
[INFO] [stderr]    Compiling bit-set v0.5.3
[INFO] [stderr]    Compiling futures v0.3.28
[INFO] [stderr]    Compiling clap_builder v4.4.0
[INFO] [stderr]    Compiling darling v0.14.4
[INFO] [stderr]    Compiling cached_proc_macro v0.17.0
[INFO] [stderr]    Compiling tokio v1.32.0
[INFO] [stderr]    Compiling is-terminal v0.4.9
[INFO] [stderr]    Compiling joinery v2.1.0
[INFO] [stderr]    Compiling hashbrown v0.13.2
[INFO] [stderr]    Compiling termcolor v1.2.0
[INFO] [stderr]    Compiling cached v0.44.0
[INFO] [stderr]    Compiling clap v4.4.0
[INFO] [stderr]    Compiling titlecase v2.2.1
[INFO] [stderr]    Compiling env_logger v0.10.0
[INFO] [stderr]    Compiling fancy-regex v0.11.0
[INFO] [stderr]    Compiling itertools v0.11.0
[INFO] [stderr]    Compiling glob v0.3.1
[INFO] [stderr]    Compiling unescape v0.1.0
[INFO] [stderr] warning: srgn@0.7.0: Dropped 1453249 compound words (699407 remaining); see '"/opt/rustwide/target/debug/build/srgn-2ff9d1639dacf757/output"' for a list.
[INFO] [stderr]     Finished dev [unoptimized + debuginfo] target(s) in 57.64s
[INFO] running `Command { std: "docker" "inspect" "7a3157103dcce75f923e36656fb76de641ec2febb5a3734988580782851d83a5", kill_on_drop: false }`
[INFO] running `Command { std: "docker" "rm" "-f" "7a3157103dcce75f923e36656fb76de641ec2febb5a3734988580782851d83a5", kill_on_drop: false }`
[INFO] [stdout] 7a3157103dcce75f923e36656fb76de641ec2febb5a3734988580782851d83a5
[INFO] running `Command { std: "docker" "create" "-v" "/var/lib/crater-agent-workspace/builds/worker-3-tc1/target:/opt/rustwide/target:rw,Z" "-v" "/var/lib/crater-agent-workspace/builds/worker-3-tc1/source:/opt/rustwide/workdir:ro,Z" "-v" "/var/lib/crater-agent-workspace/cargo-home:/opt/rustwide/cargo-home:ro,Z" "-v" "/var/lib/crater-agent-workspace/rustup-home:/opt/rustwide/rustup-home:ro,Z" "-e" "SOURCE_DIR=/opt/rustwide/workdir" "-e" "CARGO_TARGET_DIR=/opt/rustwide/target" "-e" "CARGO_INCREMENTAL=0" "-e" "RUST_BACKTRACE=full" "-e" "RUSTFLAGS=--cap-lints=warn" "-e" "RUSTDOCFLAGS=--cap-lints=warn" "-e" "CARGO_HOME=/opt/rustwide/cargo-home" "-e" "RUSTUP_HOME=/opt/rustwide/rustup-home" "-w" "/opt/rustwide/workdir" "-m" "1610612736" "--user" "0:0" "--network" "none" "ghcr.io/rust-lang/crates-build-env/linux@sha256:2788e3201cd34a07e3172128adcd8b3090168a8e3bcc40d7c032b9dda1df7d1c" "/opt/rustwide/cargo-home/bin/cargo" "+1.75.0" "test" "--frozen" "--no-run" "--message-format=json", kill_on_drop: false }`
[INFO] [stdout] 4949ff828a8ef24325939b6ba2042757ccdd33217606a043777d6b24651c00f6
[INFO] running `Command { std: "docker" "start" "-a" "4949ff828a8ef24325939b6ba2042757ccdd33217606a043777d6b24651c00f6", kill_on_drop: false }`
[INFO] [stderr]    Compiling libc v0.2.147
[INFO] [stderr]    Compiling regex-automata v0.3.8
[INFO] [stderr]    Compiling futures-core v0.3.28
[INFO] [stderr]    Compiling syn v2.0.29
[INFO] [stderr]    Compiling futures-task v0.3.28
[INFO] [stderr]    Compiling futures-channel v0.3.28
[INFO] [stderr]    Compiling futures-util v0.3.28
[INFO] [stderr]    Compiling rustix v0.38.9
[INFO] [stderr]    Compiling futures-sink v0.3.28
[INFO] [stderr]    Compiling futures-io v0.3.28
[INFO] [stderr]    Compiling rustix v0.37.26
[INFO] [stderr]    Compiling miniz_oxide v0.7.1
[INFO] [stderr]    Compiling cc v1.0.83
[INFO] [stderr]    Compiling semver v1.0.18
[INFO] [stderr]    Compiling serde v1.0.188
[INFO] [stderr]    Compiling darling_core v0.14.4
[INFO] [stderr]    Compiling num_cpus v1.16.0
[INFO] [stderr]    Compiling pkg-config v0.3.27
[INFO] [stderr]    Compiling rayon-core v1.11.0
[INFO] [stderr]    Compiling parking_lot_core v0.9.8
[INFO] [stderr]    Compiling tree-sitter v0.20.10
[INFO] [stderr]    Compiling io-lifetimes v1.0.11
[INFO] [stderr]    Compiling getrandom v0.2.10
[INFO] [stderr]    Compiling rand_core v0.6.4
[INFO] [stderr]    Compiling backtrace v0.3.69
[INFO] [stderr]    Compiling regex v1.9.5
[INFO] [stderr]    Compiling onig_sys v69.8.1
[INFO] [stderr]    Compiling parking_lot v0.12.1
[INFO] [stderr]    Compiling terminal_size v0.2.6
[INFO] [stderr]    Compiling crc32fast v1.3.2
[INFO] [stderr]    Compiling clap_builder v4.4.0
[INFO] [stderr]    Compiling rayon v1.7.0
[INFO] [stderr]    Compiling darling_macro v0.14.4
[INFO] [stderr]    Compiling tree-sitter-python v0.20.4
[INFO] [stderr]    Compiling tree-sitter-typescript v0.20.2
[INFO] [stderr]    Compiling tree-sitter-c-sharp v0.20.0
[INFO] [stderr]    Compiling darling v0.14.4
[INFO] [stderr]    Compiling rustc_version v0.4.0
[INFO] [stderr]    Compiling libm v0.2.7
[INFO] [stderr]    Compiling serde_json v1.0.105
[INFO] [stderr]    Compiling rand_chacha v0.3.1
[INFO] [stderr]    Compiling cached_proc_macro v0.17.0
[INFO] [stderr]    Compiling rstest_macros v0.18.2
[INFO] [stderr]    Compiling srgn v0.7.0 (/opt/rustwide/workdir)
[INFO] [stderr]    Compiling futures-macro v0.3.28
[INFO] [stderr]    Compiling serde_derive v1.0.188
[INFO] [stderr]    Compiling thiserror-impl v1.0.47
[INFO] [stderr]    Compiling tokio-macros v2.1.0
[INFO] [stderr]    Compiling clap_derive v4.4.0
[INFO] [stderr]    Compiling async-trait v0.1.73
[INFO] [stderr]    Compiling tokio v1.32.0
[INFO] [stderr]    Compiling thiserror v1.0.47
[INFO] [stderr]    Compiling is-terminal v0.4.9
[INFO] [stderr]    Compiling wait-timeout v0.2.0
[INFO] [stderr]    Compiling num-traits v0.2.16
[INFO] [stderr]    Compiling ryu v1.0.15
[INFO] [stderr]    Compiling predicates-core v1.0.6
[INFO] [stderr]    Compiling doc-comment v0.3.3
[INFO] [stderr]    Compiling fastrand v2.0.0
[INFO] [stderr]    Compiling clap v4.4.0
[INFO] [stderr]    Compiling same-file v1.0.6
[INFO] [stderr]    Compiling itoa v1.0.9
[INFO] [stderr]    Compiling env_logger v0.10.0
[INFO] [stderr]    Compiling walkdir v2.3.3
[INFO] [stderr]    Compiling titlecase v2.2.1
[INFO] [stderr]    Compiling tempfile v3.8.0
[INFO] [stderr]    Compiling futures-executor v0.3.28
[INFO] [stderr]    Compiling futures v0.3.28
[INFO] [stderr]    Compiling cached v0.44.0
[INFO] [stderr]    Compiling flate2 v1.0.27
[INFO] [stderr]    Compiling onig v6.4.0
[INFO] [stderr]    Compiling anyhow v1.0.75
[INFO] [stderr]    Compiling rand v0.8.5
[INFO] [stderr]    Compiling fancy-regex v0.11.0
[INFO] [stderr]    Compiling itertools v0.10.5
[INFO] [stderr]    Compiling quick-error v1.2.3
[INFO] [stderr]    Compiling linked-hash-map v0.5.6
[INFO] [stderr]    Compiling hashbrown v0.14.0
[INFO] [stderr]    Compiling termtree v0.4.1
[INFO] [stderr]    Compiling relative-path v1.9.0
[INFO] [stderr]    Compiling deunicode v0.4.4
[INFO] [stderr]    Compiling difflib v0.4.0
[INFO] [stderr]    Compiling dashmap v5.5.3
[INFO] [stderr]    Compiling slug v0.1.4
[INFO] [stderr]    Compiling predicates-tree v1.0.9
[INFO] [stderr]    Compiling yaml-rust v0.4.5
[INFO] [stderr]    Compiling rusty-fork v0.3.0
[INFO] [stderr]    Compiling predicates v3.0.3
[INFO] [stderr]    Compiling serial_test_derive v2.0.0
[INFO] [stderr]    Compiling bincode v1.3.3
[INFO] [stderr]    Compiling enum-iterator-derive v1.2.1
[INFO] [stderr]    Compiling bstr v1.6.0
[INFO] [stderr]    Compiling rand_xorshift v0.3.0
[INFO] [stderr]    Compiling console v0.15.7
[INFO] [stderr]    Compiling similar v2.2.1
[INFO] [stderr]    Compiling entities v1.0.1
[INFO] [stderr]    Compiling regex-syntax v0.6.29
[INFO] [stderr]    Compiling syntect v5.1.0
[INFO] [stderr]    Compiling futures-timer v3.0.2
[INFO] [stderr]    Compiling byteorder v1.4.3
[INFO] [stderr]    Compiling typed-arena v2.0.2
[INFO] [stderr]    Compiling shell-words v1.1.0
[INFO] [stderr]    Compiling xdg v2.5.2
[INFO] [stderr]    Compiling unarray v0.1.4
[INFO] [stderr]    Compiling nom v7.1.3
[INFO] [stderr]    Compiling enum-iterator v1.4.1
[INFO] [stderr]    Compiling insta v1.31.0
[INFO] [stderr]    Compiling comrak v0.18.0
[INFO] [stderr]    Compiling proptest v1.2.0
[INFO] [stderr]    Compiling assert_cmd v2.0.12
[INFO] [stderr]    Compiling rstest v0.18.2
[INFO] [stderr]    Compiling serial_test v2.0.0
[INFO] [stderr]    Compiling rand_regex v0.16.0
[INFO] [stderr]    Compiling test-log v0.2.12
[INFO] [stderr] warning: srgn@0.7.0: Dropped 1453249 compound words (699407 remaining); see '"/opt/rustwide/target/debug/build/srgn-c0476271e83ca4d0/output"' for a list.
[INFO] [stderr]     Finished test [unoptimized + debuginfo] target(s) in 1m 22s
[INFO] running `Command { std: "docker" "inspect" "4949ff828a8ef24325939b6ba2042757ccdd33217606a043777d6b24651c00f6", kill_on_drop: false }`
[INFO] running `Command { std: "docker" "rm" "-f" "4949ff828a8ef24325939b6ba2042757ccdd33217606a043777d6b24651c00f6", kill_on_drop: false }`
[INFO] [stdout] 4949ff828a8ef24325939b6ba2042757ccdd33217606a043777d6b24651c00f6
[INFO] running `Command { std: "docker" "create" "-v" "/var/lib/crater-agent-workspace/builds/worker-3-tc1/target:/opt/rustwide/target:rw,Z" "-v" "/var/lib/crater-agent-workspace/builds/worker-3-tc1/source:/opt/rustwide/workdir:ro,Z" "-v" "/var/lib/crater-agent-workspace/cargo-home:/opt/rustwide/cargo-home:ro,Z" "-v" "/var/lib/crater-agent-workspace/rustup-home:/opt/rustwide/rustup-home:ro,Z" "-e" "SOURCE_DIR=/opt/rustwide/workdir" "-e" "CARGO_TARGET_DIR=/opt/rustwide/target" "-e" "CARGO_INCREMENTAL=0" "-e" "RUST_BACKTRACE=full" "-e" "RUSTFLAGS=--cap-lints=warn" "-e" "RUSTDOCFLAGS=--cap-lints=warn" "-e" "CARGO_HOME=/opt/rustwide/cargo-home" "-e" "RUSTUP_HOME=/opt/rustwide/rustup-home" "-w" "/opt/rustwide/workdir" "-m" "1610612736" "--user" "0:0" "--network" "none" "ghcr.io/rust-lang/crates-build-env/linux@sha256:2788e3201cd34a07e3172128adcd8b3090168a8e3bcc40d7c032b9dda1df7d1c" "/opt/rustwide/cargo-home/bin/cargo" "+1.75.0" "test" "--frozen", kill_on_drop: false }`
[INFO] [stdout] 26a21045aeab2a862f9500bec6bae68c7aef4724ae228320d291a64e04768a1a
[INFO] running `Command { std: "docker" "start" "-a" "26a21045aeab2a862f9500bec6bae68c7aef4724ae228320d291a64e04768a1a", kill_on_drop: false }`
[INFO] [stderr] warning: srgn@0.7.0: Dropped 1453249 compound words (699407 remaining); see '"/opt/rustwide/target/debug/build/srgn-c0476271e83ca4d0/output"' for a list.
[INFO] [stderr]     Finished test [unoptimized + debuginfo] target(s) in 0.34s
[INFO] [stderr]      Running unittests src/lib.rs (/opt/rustwide/target/debug/deps/srgn-4f18927308a1eea0)
[INFO] [stdout] 
[INFO] [stdout] running 354 tests
[INFO] [stdout] test actions::german::driver::tests::test_casing_when_being_naive::case_04 ... ok
[INFO] [stdout] test actions::german::driver::tests::test_casing_when_being_naive::case_03 ... ok
[INFO] [stdout] test actions::german::driver::tests::test_casing_when_being_naive::case_01 ... ok
[INFO] [stdout] test actions::german::driver::tests::test_casing_when_being_naive::case_02 ... ok
[INFO] [stdout] test actions::german::driver::tests::test_casing_when_being_naive::case_08 ... ok
[INFO] [stdout] test actions::german::driver::tests::test_casing_when_being_naive::case_05 ... ok
[INFO] [stdout] test actions::german::driver::tests::test_casing_when_being_naive::case_07 ... ok
[INFO] [stdout] test actions::german::driver::tests::test_casing_when_being_naive::case_10 ... ok
[INFO] [stdout] test actions::german::driver::tests::test_casing_when_being_naive::case_13 ... ok
[INFO] [stdout] test actions::german::driver::tests::test_casing_when_being_naive::case_11 ... ok
[INFO] [stdout] test actions::german::driver::tests::test_casing_when_being_naive::case_06 ... ok
[INFO] [stdout] test actions::german::driver::tests::test_casing_when_being_naive::case_09 ... ok
[INFO] [stdout] test actions::german::driver::tests::test_casing_when_being_naive::case_14 ... ok
[INFO] [stdout] test actions::german::driver::tests::test_is_valid::case_05 ... ok
[INFO] [stdout] test actions::german::driver::tests::test_is_valid::case_01 ... ok
[INFO] [stdout] test actions::german::driver::tests::test_is_valid::case_08 ... ok
[INFO] [stdout] test actions::german::driver::tests::test_is_valid::case_06 ... ok
[INFO] [stdout] test actions::german::driver::tests::test_is_valid::case_09 ... ok
[INFO] [stdout] test actions::german::driver::tests::test_is_valid::case_11 ... ok
[INFO] [stdout] test actions::german::driver::tests::test_is_valid::case_10 ... ok
[INFO] [stdout] test actions::german::driver::tests::test_is_valid::case_07 ... ok
[INFO] [stdout] test actions::german::driver::tests::test_casing_when_being_naive::case_12 ... ok
[INFO] [stdout] test actions::german::driver::tests::test_is_valid::case_02 ... ok
[INFO] [stdout] test actions::german::driver::tests::test_is_valid::case_04 ... ok
[INFO] [stdout] test actions::german::driver::tests::test_is_valid::case_03 ... ok
[INFO] [stdout] test actions::german::driver::tests::test_is_valid::case_16 ... ok
[INFO] [stdout] test actions::german::driver::tests::test_is_valid::case_12 ... ok
[INFO] [stdout] test actions::german::driver::tests::test_is_valid::case_13 ... ok
[INFO] [stdout] test actions::german::driver::tests::test_is_valid::case_14 ... ok
[INFO] [stdout] test actions::german::driver::tests::test_is_valid::case_15 ... ok
[INFO] [stdout] test actions::german::driver::tests::test_is_valid::case_22 ... ok
[INFO] [stdout] test actions::german::driver::tests::test_is_valid::case_21 ... ok
[INFO] [stdout] test actions::german::driver::tests::test_is_valid::case_24 ... ok
[INFO] [stdout] test actions::german::driver::tests::test_is_valid::case_17 ... ok
[INFO] [stdout] test actions::german::driver::tests::test_is_valid::case_18 ... ok
[INFO] [stdout] test actions::german::driver::tests::test_is_valid::case_27 ... ok
[INFO] [stdout] test actions::german::driver::tests::test_is_valid::case_19 ... ok
[INFO] [stdout] test actions::german::driver::tests::test_is_valid::case_26 ... ok
[INFO] [stdout] test actions::german::driver::tests::test_is_valid::case_25 ... ok
[INFO] [stdout] test actions::german::driver::tests::test_is_valid::case_29 ... ok
[INFO] [stdout] test actions::german::driver::tests::test_is_valid::case_23 ... ok
[INFO] [stdout] test actions::german::driver::tests::test_is_valid::case_20 ... ok
[INFO] [stdout] test actions::german::driver::tests::test_is_valid::case_31 ... ok
[INFO] [stdout] test actions::german::driver::tests::test_is_valid::case_30 ... ok
[INFO] [stdout] test actions::german::driver::tests::test_substitution::case_04 ... ok
[INFO] [stdout] test actions::german::driver::tests::test_is_valid::case_28 ... ok
[INFO] [stdout] test actions::german::driver::tests::test_substitution::case_03 ... ok
[INFO] [stdout] test actions::german::driver::tests::test_substitution::case_06 ... ok
[INFO] [stdout] test actions::german::driver::tests::test_substitution::case_01 ... ok
[INFO] [stdout] test actions::german::driver::tests::test_substitution::case_07 ... ok
[INFO] [stdout] test actions::german::driver::tests::test_substitution::case_08 ... ok
[INFO] [stdout] test actions::german::driver::tests::test_substitution::case_09 ... ok
[INFO] [stdout] test actions::german::driver::tests::test_substitution::case_10 ... ok
[INFO] [stdout] test actions::german::driver::tests::test_substitution::case_12 ... ok
[INFO] [stdout] test actions::german::driver::tests::test_substitution::case_15 ... ok
[INFO] [stdout] test actions::german::driver::tests::test_substitution::case_14 ... ok
[INFO] [stdout] test actions::german::driver::tests::test_substitution::case_13 ... ok
[INFO] [stdout] test actions::german::driver::tests::test_substitution::case_05 ... ok
[INFO] [stdout] test actions::german::driver::tests::test_substitution::case_02 ... ok
[INFO] [stdout] test actions::german::driver::tests::test_substitution::case_11 ... ok
[INFO] [stdout] test actions::german::driver::tests::test_is_valid_on_empty_input ... ok
[INFO] [stdout] test actions::german::words::tests::test_word_casing_from_string::case_01 ... ok
[INFO] [stdout] test actions::german::words::tests::test_word_casing_from_string::case_03 ... ok
[INFO] [stdout] test actions::german::driver::tests::test_substitution::case_17 ... ok
[INFO] [stdout] test actions::german::words::tests::test_word_casing_from_string::case_04 ... ok
[INFO] [stdout] test actions::german::driver::tests::test_substitution::case_18 ... ok
[INFO] [stdout] test actions::german::words::tests::test_word_casing_from_string::case_05 ... ok
[INFO] [stdout] test actions::german::words::tests::test_word_casing_from_string::case_08 ... ok
[INFO] [stdout] test actions::german::words::tests::test_word_casing_from_string::case_02 ... ok
[INFO] [stdout] test actions::german::driver::tests::test_substitution::case_16 ... ok
[INFO] [stdout] test actions::german::driver::tests::test_word_list_is_not_filtered ... ok
[INFO] [stdout] test actions::german::words::tests::test_word_casing_from_string::case_10 ... ok
[INFO] [stdout] test actions::german::words::tests::test_word_casing_from_string::case_11 ... ok
[INFO] [stdout] test actions::lower::tests::substitute::case_02 ... ok
[INFO] [stdout] test actions::german::words::tests::test_word_casing_from_string::case_09 ... ok
[INFO] [stdout] test actions::lower::tests::substitute::case_03 ... ok
[INFO] [stdout] test actions::lower::tests::substitute::case_04 ... ok
[INFO] [stdout] test actions::lower::tests::substitute::case_06 ... ok
[INFO] [stdout] test actions::lower::tests::substitute::case_07 ... ok
[INFO] [stdout] test actions::lower::tests::substitute::case_01 ... ok
[INFO] [stdout] test actions::lower::tests::substitute::case_05 ... ok
[INFO] [stdout] test actions::german::words::tests::test_word_casing_from_string::case_12 ... ok
[INFO] [stdout] test actions::lower::tests::substitute::case_09 ... ok
[INFO] [stdout] test actions::lower::tests::substitute::case_08 ... ok
[INFO] [stdout] test actions::german::words::tests::test_word_casing_from_string::case_06 ... ok
[INFO] [stdout] test actions::german::words::tests::test_word_casing_from_string::case_07 ... ok
[INFO] [stdout] test actions::lower::tests::substitute::case_13 ... ok
[INFO] [stdout] test actions::lower::tests::substitute::case_14 ... ok
[INFO] [stdout] test actions::lower::tests::substitute::case_17 ... ok
[INFO] [stdout] test actions::symbols::tests::test_symbol_substitution_ambiguous_sequences::case_01 ... ok
[INFO] [stdout] test actions::symbols::tests::test_symbol_substitution_ambiguous_sequences::case_03 ... ok
[INFO] [stdout] test actions::symbols::tests::test_symbol_substitution_ambiguous_sequences::case_02 ... ok
[INFO] [stdout] test actions::symbols::tests::test_symbol_substitution_ambiguous_sequences::case_05 ... ok
[INFO] [stdout] test actions::symbols::tests::test_symbol_substitution_ambiguous_sequences::case_04 ... ok
[INFO] [stdout] test actions::symbols::tests::test_symbol_substitution_ambiguous_sequences::case_07 ... ok
[INFO] [stdout] test actions::symbols::tests::test_symbol_substitution_ambiguous_sequences::case_08 ... ok
[INFO] [stdout] test actions::symbols::tests::test_symbol_substitution_ambiguous_sequences::case_06 ... ok
[INFO] [stdout] test actions::symbols::tests::test_symbol_substitution_ambiguous_sequences::case_10 ... ok
[INFO] [stdout] test actions::lower::tests::substitute::case_10 ... ok
[INFO] [stdout] test actions::lower::tests::substitute::case_12 ... ok
[INFO] [stdout] test actions::lower::tests::substitute::case_16 ... ok
[INFO] [stdout] test actions::lower::tests::substitute::case_11 ... ok
[INFO] [stdout] test actions::symbols::tests::test_symbol_substitution_ambiguous_sequences::case_11 ... ok
[INFO] [stdout] test actions::symbols::tests::test_symbol_substitution_ambiguous_sequences::case_13 ... ok
[INFO] [stdout] test actions::symbols::tests::test_symbol_substitution_ambiguous_sequences::case_15 ... ok
[INFO] [stdout] test actions::symbols::tests::test_symbol_substitution_ambiguous_sequences::case_18 ... ok
[INFO] [stdout] test actions::symbols::tests::test_symbol_substitution_ambiguous_sequences::case_14 ... ok
[INFO] [stdout] test actions::lower::tests::substitute::case_15 ... ok
[INFO] [stdout] test actions::symbols::tests::test_symbol_substitution_ambiguous_sequences::case_17 ... ok
[INFO] [stdout] test actions::symbols::tests::test_symbol_substitution_ambiguous_sequences::case_12 ... ok
[INFO] [stdout] test actions::symbols::tests::test_symbol_substitution_ambiguous_sequences::case_09 ... ok
[INFO] [stdout] test actions::symbols::tests::test_symbol_substitution_ambiguous_sequences::case_16 ... ok
[INFO] [stdout] test actions::symbols::tests::test_symbol_substitution_ambiguous_sequences::case_19 ... ok
[INFO] [stdout] test actions::symbols::tests::test_symbol_substitution_ambiguous_sequences::case_21 ... ok
[INFO] [stdout] test actions::symbols::tests::test_symbol_substitution_base_cases::case_03 ... ok
[INFO] [stdout] test actions::symbols::tests::test_symbol_substitution_base_cases::case_05 ... ok
[INFO] [stdout] test actions::symbols::tests::test_symbol_substitution_base_cases::case_06 ... ok
[INFO] [stdout] test actions::symbols::tests::test_symbol_substitution_base_cases::case_01 ... ok
[INFO] [stdout] test actions::symbols::tests::test_symbol_substitution_base_cases::case_07 ... ok
[INFO] [stdout] test actions::symbols::tests::test_symbol_substitution_base_cases::case_04 ... ok
[INFO] [stdout] test actions::symbols::tests::test_symbol_substitution_ambiguous_sequences::case_20 ... ok
[INFO] [stdout] test actions::symbols::tests::test_symbol_substitution_base_cases::case_12 ... ok
[INFO] [stdout] test actions::symbols::tests::test_symbol_substitution_base_cases::case_11 ... ok
[INFO] [stdout] test actions::symbols::tests::test_symbol_substitution_base_cases::case_09 ... ok
[INFO] [stdout] test actions::symbols::tests::test_symbol_substitution_ambiguous_sequences::case_22 ... ok
[INFO] [stdout] test actions::symbols::tests::test_symbol_substitution_base_cases::case_02 ... ok
[INFO] [stdout] test actions::symbols::tests::test_symbol_substitution_disrupting_symbols::case_01 ... ok
[INFO] [stdout] test actions::symbols::tests::test_symbol_substitution_base_cases::case_08 ... ok
[INFO] [stdout] test actions::symbols::tests::test_symbol_substitution_base_cases::case_10 ... ok
[INFO] [stdout] test actions::symbols::tests::test_symbol_substitution_disrupting_symbols::case_02 ... ok
[INFO] [stdout] test actions::symbols::tests::test_symbol_substitution_disrupting_symbols::case_04 ... ok
[INFO] [stdout] test actions::symbols::tests::test_symbol_substitution_base_cases::case_13 ... ok
[INFO] [stdout] test actions::symbols::tests::test_symbol_substitution_disrupting_symbols::case_03 ... ok
[INFO] [stdout] test actions::symbols::tests::test_symbol_substitution_disrupting_symbols::case_07 ... ok
[INFO] [stdout] test actions::symbols::tests::test_symbol_substitution_disrupting_symbols::case_08 ... ok
[INFO] [stdout] test actions::symbols::tests::test_symbol_substitution_disrupting_symbols::case_05 ... ok
[INFO] [stdout] test actions::symbols::tests::test_symbol_substitution_disrupting_symbols::case_09 ... ok
[INFO] [stdout] test actions::symbols::tests::test_symbol_substitution_disrupting_symbols::case_06 ... ok
[INFO] [stdout] test actions::symbols::tests::test_symbol_substitution_existing_symbol::case_03 ... ok
[INFO] [stdout] test actions::symbols::tests::test_symbol_substitution_existing_symbol::case_02 ... ok
[INFO] [stdout] test actions::symbols::tests::test_symbol_substitution_existing_symbol::case_06 ... ok
[INFO] [stdout] test actions::symbols::tests::test_symbol_substitution_existing_symbol::case_07 ... ok
[INFO] [stdout] test actions::symbols::tests::test_symbol_substitution_existing_symbol::case_09 ... ok
[INFO] [stdout] test actions::symbols::tests::test_symbol_substitution_existing_symbol::case_10 ... ok
[INFO] [stdout] test actions::symbols::tests::test_symbol_substitution_existing_symbol::case_11 ... ok
[INFO] [stdout] test actions::symbols::tests::test_symbol_substitution_neighboring_letters::case_02 ... ok
[INFO] [stdout] test actions::symbols::tests::test_symbol_substitution_neighboring_letters::case_01 ... ok
[INFO] [stdout] test actions::symbols::tests::test_symbol_substitution_neighboring_letters::case_03 ... ok
[INFO] [stdout] test actions::symbols::tests::test_symbol_substitution_neighboring_letters::case_05 ... ok
[INFO] [stdout] test actions::symbols::tests::test_symbol_substitution_neighboring_letters::case_06 ... ok
[INFO] [stdout] test actions::symbols::tests::test_symbol_substitution_neighboring_letters::case_07 ... ok
[INFO] [stdout] test actions::symbols::tests::test_symbol_substitution_neighboring_letters::case_08 ... ok
[INFO] [stdout] test actions::symbols::tests::test_symbol_substitution_neighboring_letters::case_09 ... ok
[INFO] [stdout] test actions::symbols::tests::test_symbol_substitution_neighboring_letters::case_10 ... ok
[INFO] [stdout] test actions::symbols::tests::test_symbol_substitution_neighboring_letters::case_11 ... ok
[INFO] [stdout] test actions::symbols::tests::test_symbol_substitution_neighboring_letters::case_12 ... ok
[INFO] [stdout] test actions::symbols::tests::test_symbol_substitution_neighboring_letters::case_13 ... ok
[INFO] [stdout] test actions::symbols::tests::test_symbol_substitution_neighboring_letters::case_14 ... ok
[INFO] [stdout] test actions::symbols::tests::test_symbol_substitution_neighboring_letters_with_spaces::case_01 ... ok
[INFO] [stdout] test actions::symbols::tests::test_symbol_substitution_neighboring_letters_with_spaces::case_02 ... ok
[INFO] [stdout] test actions::symbols::tests::test_symbol_substitution_neighboring_letters_with_spaces::case_03 ... ok
[INFO] [stdout] test actions::symbols::tests::test_symbol_substitution_neighboring_letters_with_spaces::case_04 ... ok
[INFO] [stdout] test actions::symbols::tests::test_symbol_substitution_neighboring_letters_with_spaces::case_05 ... ok
[INFO] [stdout] test actions::symbols::tests::test_symbol_substitution_neighboring_letters_with_spaces::case_06 ... ok
[INFO] [stdout] test actions::symbols::tests::test_symbol_substitution_neighboring_letters_with_spaces::case_07 ... ok
[INFO] [stdout] test actions::symbols::tests::test_symbol_substitution_neighboring_letters_with_spaces::case_08 ... ok
[INFO] [stdout] test actions::symbols::tests::test_symbol_substitution_neighboring_letters_with_spaces::case_09 ... ok
[INFO] [stdout] test actions::symbols::tests::test_symbol_substitution_neighboring_letters_with_spaces::case_10 ... ok
[INFO] [stdout] test actions::symbols::tests::test_symbol_substitution_neighboring_letters_with_spaces::case_11 ... ok
[INFO] [stdout] test actions::symbols::tests::test_symbol_substitution_neighboring_letters_with_spaces::case_12 ... ok
[INFO] [stdout] test actions::symbols::tests::test_symbol_substitution_disrupting_symbols::case_10 ... ok
[INFO] [stdout] test actions::symbols::tests::test_symbol_substitution_existing_symbol::case_05 ... ok
[INFO] [stdout] test actions::symbols::tests::test_symbol_substitution_neighboring_letters_with_spaces::case_13 ... ok
[INFO] [stdout] test actions::symbols::tests::test_symbol_substitution_neighboring_letters_with_spaces::case_14 ... ok
[INFO] [stdout] test actions::symbols::tests::test_symbol_substitution_neighboring_single_letter::case_02 ... ok
[INFO] [stdout] test actions::symbols::tests::test_symbol_substitution_neighboring_single_letter::case_04 ... ok
[INFO] [stdout] test actions::symbols::tests::test_symbol_substitution_neighboring_single_letter::case_01 ... ok
[INFO] [stdout] test actions::symbols::tests::test_symbol_substitution_neighboring_letters::case_04 ... ok
[INFO] [stdout] test actions::symbols::tests::test_symbol_substitution_existing_symbol::case_08 ... ok
[INFO] [stdout] test actions::symbols::tests::test_symbol_substitution_existing_symbol::case_01 ... ok
[INFO] [stdout] test actions::symbols::tests::test_symbol_substitution_existing_symbol::case_04 ... ok
[INFO] [stdout] test actions::symbols::tests::test_symbol_substitution_neighboring_single_letter::case_08 ... ok
[INFO] [stdout] test actions::symbols::tests::test_symbol_substitution_neighboring_single_letter::case_10 ... ok
[INFO] [stdout] test actions::symbols::tests::test_symbol_substitution_neighboring_single_letter::case_07 ... ok
[INFO] [stdout] test actions::symbols::tests::test_symbol_substitution_neighboring_single_letter::case_11 ... ok
[INFO] [stdout] test actions::symbols::tests::test_symbol_substitution_neighboring_single_letter::case_13 ... ok
[INFO] [stdout] test actions::symbols::tests::test_symbol_substitution_neighboring_single_letter::case_06 ... ok
[INFO] [stdout] test actions::symbols::tests::test_symbol_substitution_neighboring_single_letter::case_15 ... ok
[INFO] [stdout] test actions::symbols::tests::test_symbol_substitution_neighboring_single_letter::case_16 ... ok
[INFO] [stdout] test actions::symbols::tests::test_symbol_substitution_neighboring_single_letter::case_12 ... ok
[INFO] [stdout] test actions::symbols::tests::test_symbol_substitution_neighboring_single_letter::case_09 ... ok
[INFO] [stdout] test actions::symbols::tests::test_symbol_substitution_neighboring_single_letter::case_14 ... ok
[INFO] [stdout] test actions::symbols::tests::test_symbol_substitution_neighboring_single_letter::case_03 ... ok
[INFO] [stdout] test actions::symbols::tests::test_symbol_substitution_neighboring_single_letter::case_05 ... ok
[INFO] [stdout] test actions::symbols::tests::test_symbol_substitution_neighboring_single_letter::case_17 ... ok
[INFO] [stdout] test actions::symbols::tests::test_symbol_substitution_sentences::case_3 ... ok
[INFO] [stdout] test actions::symbols::tests::test_symbol_substitution_sentences::case_2 ... ok
[INFO] [stdout] test actions::symbols::tests::test_symbol_substitution_uri::case_01 ... ok
[INFO] [stdout] test actions::symbols::tests::test_symbol_substitution_uri::case_04 ... ok
[INFO] [stdout] test actions::symbols::tests::test_symbol_substitution_uri::case_02 ... ok
[INFO] [stdout] test actions::symbols::tests::test_symbol_substitution_uri::case_05 ... ok
[INFO] [stdout] test actions::symbols::tests::test_symbol_substitution_uri::case_06 ... ok
[INFO] [stdout] test actions::symbols::tests::test_symbol_substitution_uri::case_07 ... ok
[INFO] [stdout] test actions::symbols::tests::test_symbol_substitution_uri::case_03 ... ok
[INFO] [stdout] test actions::symbols::tests::test_symbol_substitution_sentences::case_4 ... ok
[INFO] [stdout] test actions::symbols::tests::test_symbol_substitution_uri::case_08 ... ok
[INFO] [stdout] test actions::symbols::tests::test_symbol_substitution_uri::case_09 ... ok
[INFO] [stdout] test actions::symbols::tests::test_symbol_substitution_sentences::case_5 ... ok
[INFO] [stdout] test actions::symbols::tests::test_symbol_substitution_uri::case_11 ... ok
[INFO] [stdout] test actions::symbols::tests::test_symbol_substitution_sentences::case_1 ... ok
[INFO] [stdout] test actions::symbols::tests::test_symbol_substitution_uri::case_12 ... ok
[INFO] [stdout] test actions::symbols::tests::test_symbol_substitution_uri::case_10 ... ok
[INFO] [stdout] test actions::symbols::tests::test_symbol_to_char_and_back_is_bijective ... ok
[INFO] [stdout] test actions::symbols::tests::test_symbol_substitution_uri::case_13 ... ok
[INFO] [stdout] test actions::upper::tests::substitute::case_02 ... ok
[INFO] [stdout] test actions::upper::tests::substitute::case_01 ... ok
[INFO] [stdout] test actions::upper::tests::substitute::case_03 ... ok
[INFO] [stdout] test actions::upper::tests::substitute::case_04 ... ok
[INFO] [stdout] test actions::upper::tests::substitute::case_05 ... ok
[INFO] [stdout] test actions::upper::tests::substitute::case_06 ... ok
[INFO] [stdout] test actions::upper::tests::substitute::case_08 ... ok
[INFO] [stdout] test actions::upper::tests::substitute::case_07 ... ok
[INFO] [stdout] test actions::upper::tests::substitute::case_09 ... ok
[INFO] [stdout] test actions::upper::tests::substitute::case_10 ... ok
[INFO] [stdout] test actions::upper::tests::substitute::case_12 ... ok
[INFO] [stdout] test actions::upper::tests::substitute::case_13 ... ok
[INFO] [stdout] test actions::upper::tests::substitute::case_14 ... ok
[INFO] [stdout] test actions::upper::tests::substitute::case_15 ... ok
[INFO] [stdout] test actions::upper::tests::substitute::case_16 ... ok
[INFO] [stdout] test actions::upper::tests::substitute::case_17 ... ok
[INFO] [stdout] test actions::upper::tests::substitute::case_11 ... ok
[INFO] [stdout] test scoping::dosfix::tests::test_dos_fix::case_1 ... ok
[INFO] [stdout] test scoping::dosfix::tests::test_dos_fix::case_3 ... ok
[INFO] [stdout] test actions::titlecase::tests::test_titlecasing::case_1 ... ok
[INFO] [stdout] test actions::titlecase::tests::test_titlecasing::case_2 ... ok
[INFO] [stdout] test actions::titlecase::tests::test_titlecasing::case_4 ... ok
[INFO] [stdout] test actions::titlecase::tests::test_titlecasing::case_5 ... ok
[INFO] [stdout] test actions::titlecase::tests::test_titlecasing::case_3 ... ok
[INFO] [stdout] test scoping::dosfix::tests::test_dos_fix::case_2 ... ok
[INFO] [stdout] test scoping::literal::tests::test_literal_scoping::case_1 ... ok
[INFO] [stdout] test scoping::literal::tests::test_literal_scoping::case_3 ... ok
[INFO] [stdout] test scoping::literal::tests::test_literal_scoping::case_4 ... ok
[INFO] [stdout] test scoping::literal::tests::test_literal_scoping::case_6 ... ok
[INFO] [stdout] test scoping::literal::tests::test_literal_scoping::case_2 ... ok
[INFO] [stdout] test scoping::literal::tests::test_literal_scoping::case_5 ... ok
[INFO] [stdout] test scoping::literal::tests::test_literal_scoping::case_7 ... ok
[INFO] [stdout] test scoping::dosfix::tests::test_dos_fix::case_5 ... ok
[INFO] [stdout] test scoping::dosfix::tests::test_dos_fix::case_4 ... ok
[INFO] [stdout] test scoping::regex::tests::test_regex_scoping::case_01 ... ok
[INFO] [stdout] test scoping::regex::tests::test_regex_scoping::case_05 ... ok
[INFO] [stdout] test scoping::regex::tests::test_regex_scoping::case_06 ... ok
[INFO] [stdout] test scoping::regex::tests::test_regex_scoping::case_07 ... ok
[INFO] [stdout] test scoping::regex::tests::test_regex_scoping::case_02 ... ok
[INFO] [stdout] test scoping::regex::tests::test_regex_scoping::case_04 ... ok
[INFO] [stdout] test scoping::regex::tests::test_regex_scoping::case_10 ... ok
[INFO] [stdout] test scoping::regex::tests::test_regex_scoping::case_12 ... ok
[INFO] [stdout] test scoping::regex::tests::test_regex_scoping::case_14 ... ok
[INFO] [stdout] test scoping::regex::tests::test_regex_scoping::case_08 ... ok
[INFO] [stdout] test scoping::regex::tests::test_regex_scoping::case_11 ... ok
[INFO] [stdout] test scoping::regex::tests::test_regex_scoping::case_09 ... ok
[INFO] [stdout] test scoping::regex::tests::test_regex_scoping::case_18 ... ok
[INFO] [stdout] test scoping::regex::tests::test_regex_scoping::case_19 ... ok
[INFO] [stdout] test scoping::regex::tests::test_regex_scoping::case_20 ... ok
[INFO] [stdout] test scoping::regex::tests::test_regex_scoping::case_21 ... ok
[INFO] [stdout] test scoping::regex::tests::test_regex_scoping::case_13 ... ok
[INFO] [stdout] test scoping::regex::tests::test_regex_scoping::case_03 ... ok
[INFO] [stdout] test scoping::regex::tests::test_regex_scoping::case_22 ... ok
[INFO] [stdout] test scoping::regex::tests::test_regex_scoping::case_15 ... ok
[INFO] [stdout] test scoping::regex::tests::test_regex_scoping::case_23 ... ok
[INFO] [stdout] test scoping::regex::tests::test_regex_scoping::case_17 ... ok
[INFO] [stdout] test scoping::scope::tests::test_scoped_view_str_equality::case_02 ... ok
[INFO] [stdout] test scoping::scope::tests::test_scoped_view_str_equality::case_01 ... ok
[INFO] [stdout] test scoping::regex::tests::test_regex_scoping::case_24 ... ok
[INFO] [stdout] test scoping::scope::tests::test_scoped_view_str_equality::case_04 ... ok
[INFO] [stdout] test scoping::scope::tests::test_scoped_view_str_equality::case_03 ... ok
[INFO] [stdout] test scoping::scope::tests::test_scoped_view_str_equality::case_05 ... ok
[INFO] [stdout] test scoping::scope::tests::test_scoped_view_str_equality::case_08 ... ok
[INFO] [stdout] test scoping::scope::tests::test_scoped_view_str_equality::case_10 ... ok
[INFO] [stdout] test scoping::regex::tests::test_regex_scoping::case_16 ... ok
[INFO] [stdout] test scoping::scope::tests::test_scoped_view_str_equality::case_12 ... ok
[INFO] [stdout] test scoping::scope::tests::test_scoped_view_str_equality::case_13 ... ok
[INFO] [stdout] test scoping::scope::tests::test_scoped_view_str_equality::case_14 ... ok
[INFO] [stdout] test scoping::scope::tests::test_scoped_view_str_equality::case_07 ... ok
[INFO] [stdout] test scoping::scope::tests::test_scoped_view_str_equality::case_11 ... ok
[INFO] [stdout] test scoping::scope::tests::test_scoped_view_str_equality::case_15 ... ok
[INFO] [stdout] test scoping::regex::tests::test_regex_scoping::case_25 ... ok
[INFO] [stdout] test scoping::scope::tests::test_scoped_view_str_equality::case_09 ... ok
[INFO] [stdout] test scoping::scope::tests::test_scoped_view_str_equality::case_06 ... ok
[INFO] [stdout] test scoping::scope::tests::test_scoped_view_str_equality::case_16 ... ok
[INFO] [stdout] test scoping::scope::tests::test_scoped_view_str_equality::case_17 ... ok
[INFO] [stdout] test scoping::scope::tests::test_scoped_view_str_equality::case_18 ... ok
[INFO] [stdout] test scoping::scope::tests::test_scoped_view_str_equality::case_19 ... ok
[INFO] [stdout] test scoping::scope::tests::test_scoped_view_str_equality::case_20 ... ok
[INFO] [stdout] test scoping::view::tests::test_squeeze::case_02 ... ok
[INFO] [stdout] test scoping::scope::tests::test_scoped_view_str_equality::case_21 ... ok
[INFO] [stdout] test scoping::view::tests::test_squeeze::case_04 ... ok
[INFO] [stdout] test scoping::view::tests::test_squeeze::case_01 ... ok
[INFO] [stdout] test scoping::view::tests::test_squeeze::case_05 ... ok
[INFO] [stdout] test scoping::view::tests::test_squeeze::case_03 ... ok
[INFO] [stdout] test scoping::view::tests::test_squeeze::case_06 ... ok
[INFO] [stdout] test scoping::view::tests::test_squeeze::case_08 ... ok
[INFO] [stdout] test scoping::view::tests::test_squeeze::case_10 ... ok
[INFO] [stdout] test scoping::view::tests::test_squeeze::case_07 ... ok
[INFO] [stdout] test scoping::view::tests::test_squeeze::case_09 ... ok
[INFO] [stdout] test scoping::view::tests::test_squeeze::case_11 ... ok
[INFO] [stdout] test scoping::view::tests::test_squeeze::case_15 ... ok
[INFO] [stdout] test scoping::view::tests::test_squeeze::case_14 ... ok
[INFO] [stdout] test scoping::view::tests::test_squeeze::case_12 ... ok
[INFO] [stdout] test scoping::view::tests::test_squeeze::case_13 ... ok
[INFO] [stdout] test scoping::view::tests::test_squeeze::case_16 ... ok
[INFO] [stdout] test scoping::view::tests::test_squeeze::case_21 ... ok
[INFO] [stdout] test scoping::view::tests::test_squeeze::case_20 ... ok
[INFO] [stdout] test scoping::view::tests::test_squeeze::case_18 ... ok
[INFO] [stdout] test scoping::view::tests::test_squeeze::case_19 ... ok
[INFO] [stdout] test scoping::view::tests::test_squeeze::case_17 ... ok
[INFO] [stdout] test scoping::view::tests::test_squeeze::case_22 ... ok
[INFO] [stdout] test scoping::view::tests::test_squeeze::case_23 ... ok
[INFO] [stdout] test scoping::view::tests::test_squeeze::case_24 ... ok
[INFO] [stdout] test scoping::view::tests::test_squeeze::case_27 ... ok
[INFO] [stdout] test scoping::view::tests::test_squeeze::case_25 ... ok
[INFO] [stdout] test scoping::view::tests::test_squeeze::case_26 ... ok
[INFO] [stdout] test scoping::view::tests::test_squeeze::case_30 ... ok
[INFO] [stdout] test scoping::view::tests::test_squeeze::case_34 ... ok
[INFO] [stdout] test scoping::view::tests::test_squeeze::case_28 ... ok
[INFO] [stdout] test scoping::view::tests::test_squeeze::case_31 ... ok
[INFO] [stdout] test scoping::view::tests::test_squeeze::case_33 ... ok
[INFO] [stdout] test scoping::view::tests::test_squeeze::case_32 ... ok
[INFO] [stdout] test scoping::view::tests::test_squeeze::case_35 ... ok
[INFO] [stdout] test scoping::view::tests::test_squeeze::case_37 ... ok
[INFO] [stdout] test scoping::view::tests::test_squeeze::case_39 ... ok
[INFO] [stdout] test scoping::view::tests::test_squeeze::case_41 ... ok
[INFO] [stdout] test scoping::view::tests::test_squeeze::case_36 ... ok
[INFO] [stdout] test scoping::view::tests::test_squeeze::case_40 ... ok
[INFO] [stdout] test scoping::view::tests::test_squeeze::case_38 ... ok
[INFO] [stdout] test scoping::view::tests::test_squeeze::case_43 ... ok
[INFO] [stdout] test scoping::view::tests::test_squeeze::case_42 ... ok
[INFO] [stdout] test scoping::view::tests::test_squeeze::case_44 ... ok
[INFO] [stdout] test scoping::view::tests::test_squeeze::case_45 ... ok
[INFO] [stdout] test scoping::view::tests::test_squeeze::case_29 ... ok
[INFO] [stdout] test scoping::view::tests::test_squeeze::case_47 ... ok
[INFO] [stdout] test scoping::view::tests::test_squeeze::case_46 ... ok
[INFO] [stdout] test scoping::view::tests::test_squeeze::case_52 ... ok
[INFO] [stdout] test scoping::view::tests::test_squeeze::case_54 ... ok
[INFO] [stdout] test scoping::view::tests::test_squeeze::case_49 ... ok
[INFO] [stdout] test scoping::view::tests::test_squeeze::case_53 ... ok
[INFO] [stdout] test scoping::view::tests::test_squeeze::case_48 ... ok
[INFO] [stdout] test scoping::view::tests::test_squeeze::case_50 ... ok
[INFO] [stdout] test scoping::view::tests::test_squeeze::case_51 ... ok
[INFO] [stdout] test scoping::view::tests::test_squeeze::case_58 ... ok
[INFO] [stdout] test scoping::view::tests::test_squeeze::case_55 ... ok
[INFO] [stdout] test scoping::view::tests::test_squeeze::case_56 ... ok
[INFO] [stdout] test scoping::view::tests::test_squeeze::case_57 ... ok
[INFO] [stdout] test scoping::regex::tests::fuzzyish::test_regex_scoping_randomly ... ok
[INFO] [stdout] test actions::german::words::properties::test_wordcasing_does_not_panic ... ok
[INFO] [stderr]      Running unittests src/main.rs (/opt/rustwide/target/debug/deps/srgn-953d51ecaa281a35)
[INFO] [stdout] 
[INFO] [stdout] test result: ok. 354 passed; 0 failed; 0 ignored; 0 measured; 0 filtered out; finished in 1.42s
[INFO] [stdout] 
[INFO] [stdout] 
[INFO] [stdout] running 40 tests
[INFO] [stdout] test tests::test_level_filter_from_env_and_verbosity::case_04 ... ok
[INFO] [stdout] test tests::test_level_filter_from_env_and_verbosity::case_01 ... ok
[INFO] [stdout] test tests::test_level_filter_from_env_and_verbosity::case_03 ... ok
[INFO] [stdout] test tests::test_level_filter_from_env_and_verbosity::case_06 ... ok
[INFO] [stdout] test tests::test_level_filter_from_env_and_verbosity::case_09 ... ok
[INFO] [stdout] test tests::test_level_filter_from_env_and_verbosity::case_10 ... ok
[INFO] [stdout] test tests::test_level_filter_from_env_and_verbosity::case_07 ... ok
[INFO] [stdout] test tests::test_level_filter_from_env_and_verbosity::case_08 ... ok
[INFO] [stdout] test tests::test_level_filter_from_env_and_verbosity::case_12 ... ok
[INFO] [stdout] test tests::test_level_filter_from_env_and_verbosity::case_13 ... ok
[INFO] [stdout] test tests::test_level_filter_from_env_and_verbosity::case_05 ... ok
[INFO] [stdout] test tests::test_level_filter_from_env_and_verbosity::case_14 ... ok
[INFO] [stdout] test tests::test_level_filter_from_env_and_verbosity::case_16 ... ok
[INFO] [stdout] test tests::test_level_filter_from_env_and_verbosity::case_20 ... ok
[INFO] [stdout] test tests::test_level_filter_from_env_and_verbosity::case_17 ... ok
[INFO] [stdout] test tests::test_level_filter_from_env_and_verbosity::case_02 ... ok
[INFO] [stdout] test tests::test_level_filter_from_env_and_verbosity::case_15 ... ok
[INFO] [stdout] test tests::test_level_filter_from_env_and_verbosity::case_21 ... ok
[INFO] [stdout] test tests::test_level_filter_from_env_and_verbosity::case_19 ... ok
[INFO] [stdout] test tests::test_level_filter_from_env_and_verbosity::case_11 ... ok
[INFO] [stdout] test tests::test_level_filter_from_env_and_verbosity::case_22 ... ok
[INFO] [stdout] test tests::test_level_filter_from_env_and_verbosity::case_18 ... ok
[INFO] [stdout] test tests::test_level_filter_from_env_and_verbosity::case_24 ... ok
[INFO] [stdout] test tests::test_level_filter_from_env_and_verbosity::case_26 ... ok
[INFO] [stdout] test tests::test_level_filter_from_env_and_verbosity::case_31 ... ok
[INFO] [stdout] test tests::test_level_filter_from_env_and_verbosity::case_32 ... ok
[INFO] [stdout] test tests::test_level_filter_from_env_and_verbosity::case_33 ... ok
[INFO] [stdout] test tests::test_level_filter_from_env_and_verbosity::case_27 ... ok
[INFO] [stdout] test tests::test_level_filter_from_env_and_verbosity::case_23 ... ok
[INFO] [stdout] test tests::test_level_filter_from_env_and_verbosity::case_35 ... ok
[INFO] [stdout] test tests::test_level_filter_from_env_and_verbosity::case_34 ... ok
[INFO] [stdout] test tests::test_level_filter_from_env_and_verbosity::case_25 ... ok
[INFO] [stdout] test tests::test_level_filter_from_env_and_verbosity::case_28 ... ok
[INFO] [stdout] test tests::test_level_filter_from_env_and_verbosity::case_36 ... ok
[INFO] [stdout] test tests::test_level_filter_from_env_and_verbosity::case_29 ... ok
[INFO] [stdout] test tests::test_level_filter_from_env_and_verbosity::case_30 ... ok
[INFO] [stdout] test tests::test_level_filter_from_env_and_verbosity::case_38 ... ok
[INFO] [stdout] test tests::test_level_filter_from_env_and_verbosity::case_39 ... ok
[INFO] [stdout] test tests::test_level_filter_from_env_and_verbosity::case_37 ... ok
[INFO] [stdout] test tests::test_level_filter_from_env_and_verbosity::case_40 ... ok
[INFO] [stdout] 
[INFO] [stdout] test result: ok. 40 passed; 0 failed; 0 ignored; 0 measured; 0 filtered out; finished in 0.02s
[INFO] [stdout] 
[INFO] [stderr]      Running tests/cli.rs (/opt/rustwide/target/debug/deps/cli-96712df26788f1f7)
[INFO] [stdout] 
[INFO] [stdout] running 20 tests
[INFO] [stdout] test tests::test_cli_stdin::n_sample_1_1::args_5_______fail_any___r__d___ ... ok
[INFO] [stdout] test tests::test_cli_stdin::n_sample_1_1::args_2_______symbols___ ... ok
[INFO] [stdout] test tests::test_cli_stdin::n_sample_1_1::args_1_______german___ ... ok
[INFO] [stdout] test tests::test_cli_stdin::n_sample_1_1::args_3_______german_______symbols___ ... ok
[INFO] [stdout] test tests::test_cli_stdin::n_sample_1_1::args_4_______delete___r__p_Emoji_Presentation____ ... ok
[INFO] [stdout] test tests::test_cli_files::case_1 ... FAILED
[INFO] [stdout] test tests::test_cli_stdin::n_sample_2_2::args_3_______german_______symbols___ ... ok
[INFO] [stdout] test tests::test_cli_stdin::n_sample_2_2::args_2_______symbols___ ... ok
[INFO] [stdout] test tests::test_cli_stdin::n_sample_2_2::args_4_______delete___r__p_Emoji_Presentation____ ... ok
[INFO] [stdout] test tests::test_cli_stdin::n_sample_2_2::args_1_______german___ ... ok
[INFO] [stdout] test tests::test_cli_stdin::n_sample_2_2::args_5_______fail_any___r__d___ ... ok
[INFO] [stdout] test tests::test_cli_stdin::n_sample_3_3::args_1_______german___ ... ok
[INFO] [stdout] test tests::test_cli_stdin::n_sample_3_3::args_4_______delete___r__p_Emoji_Presentation____ ... ok
[INFO] [stdout] test tests::test_cli_stdin::n_sample_3_3::args_3_______german_______symbols___ ... ok
[INFO] [stdout] test tests::test_cli_stdin::n_sample_3_3::args_2_______symbols___ ... ok
[INFO] [stdout] test tests::test_cli_stdin::n_sample_3_3::args_6_______fail_none___r__d___ ... ok
[INFO] [stdout] test tests::test_cli_on_invalid_utf8 - should panic ... ok
[INFO] [stdout] test tests::test_cli_stdin::n_sample_1_1::args_6_______fail_none___r__d___ ... ok
[INFO] [stdout] test tests::test_cli_stdin::n_sample_2_2::args_6_______fail_none___r__d___ ... ok
[INFO] [stdout] test tests::test_cli_stdin::n_sample_3_3::args_5_______fail_any___r__d___ ... ok
[INFO] [stdout] 
[INFO] [stdout] failures:
[INFO] [stdout] 
[INFO] [stdout] ---- tests::test_cli_files::case_1 stdout ----
[INFO] [stdout] Running: "git" "restore" "tests/files-option/basic-python/in"
[INFO] [stdout] thread 'tests::test_cli_files::case_1' panicked at tests/cli.rs:106:24:
[INFO] [stdout] Head restoration to not fail: Custom { kind: Other, error: "File restoration failed for tests/files-option/basic-python/in (stderr: 'fatal: not a git repository (or any parent up to mount point /opt/rustwide)\nStopping at filesystem boundary (GIT_DISCOVERY_ACROSS_FILESYSTEM not set).\n', stdout: ''" }
[INFO] [stdout] stack backtrace:
[INFO] [stdout]    0:     0x5593a6bc87ac - std::backtrace_rs::backtrace::libunwind::trace::ha637c64ce894333a
[INFO] [stdout]                                at /rustc/82e1608dfa6e0b5569232559e3d385fea5a93112/library/std/src/../../backtrace/src/backtrace/libunwind.rs:104:5
[INFO] [stdout]    1:     0x5593a6bc87ac - std::backtrace_rs::backtrace::trace_unsynchronized::h47f62dea28e0c88d
[INFO] [stdout]                                at /rustc/82e1608dfa6e0b5569232559e3d385fea5a93112/library/std/src/../../backtrace/src/backtrace/mod.rs:66:5
[INFO] [stdout]    2:     0x5593a6bc87ac - std::sys_common::backtrace::_print_fmt::h9eef0abe20ede486
[INFO] [stdout]                                at /rustc/82e1608dfa6e0b5569232559e3d385fea5a93112/library/std/src/sys_common/backtrace.rs:67:5
[INFO] [stdout]    3:     0x5593a6bc87ac - <std::sys_common::backtrace::_print::DisplayBacktrace as core::fmt::Display>::fmt::hed7f999df88cc644
[INFO] [stdout]                                at /rustc/82e1608dfa6e0b5569232559e3d385fea5a93112/library/std/src/sys_common/backtrace.rs:44:22
[INFO] [stdout]    4:     0x5593a6bf5aa0 - core::fmt::rt::Argument::fmt::h1539a9308b8d058d
[INFO] [stdout]                                at /rustc/82e1608dfa6e0b5569232559e3d385fea5a93112/library/core/src/fmt/rt.rs:142:9
[INFO] [stdout]    5:     0x5593a6bf5aa0 - core::fmt::write::h3a39390d8560d9c9
[INFO] [stdout]                                at /rustc/82e1608dfa6e0b5569232559e3d385fea5a93112/library/core/src/fmt/mod.rs:1120:17
[INFO] [stdout]    6:     0x5593a6bc511f - std::io::Write::write_fmt::h040b369f3a0f9cbc
[INFO] [stdout]                                at /rustc/82e1608dfa6e0b5569232559e3d385fea5a93112/library/std/src/io/mod.rs:1762:15
[INFO] [stdout]    7:     0x5593a6bc8594 - std::sys_common::backtrace::_print::h894006fb5c6f3d45
[INFO] [stdout]                                at /rustc/82e1608dfa6e0b5569232559e3d385fea5a93112/library/std/src/sys_common/backtrace.rs:47:5
[INFO] [stdout]    8:     0x5593a6bc8594 - std::sys_common::backtrace::print::h23a2d212c6fff936
[INFO] [stdout]                                at /rustc/82e1608dfa6e0b5569232559e3d385fea5a93112/library/std/src/sys_common/backtrace.rs:34:9
[INFO] [stdout]    9:     0x5593a6bca2d7 - std::panicking::default_hook::{{closure}}::h8a1d2ee00185001a
[INFO] [stdout]   10:     0x5593a6bc9fc3 - std::panicking::default_hook::h6038f2eba384e475
[INFO] [stdout]                                at /rustc/82e1608dfa6e0b5569232559e3d385fea5a93112/library/std/src/panicking.rs:289:9
[INFO] [stdout]   11:     0x5593a69e2e07 - <alloc::boxed::Box<F,A> as core::ops::function::Fn<Args>>::call::h0ad024c9bdc6d768
[INFO] [stdout]                                at /rustc/82e1608dfa6e0b5569232559e3d385fea5a93112/library/alloc/src/boxed.rs:2021:9
[INFO] [stdout]   12:     0x5593a69e2e07 - test::test_main::{{closure}}::h7500b54257359db6
[INFO] [stdout]                                at /rustc/82e1608dfa6e0b5569232559e3d385fea5a93112/library/test/src/lib.rs:138:21
[INFO] [stdout]   13:     0x5593a6bca8e8 - <alloc::boxed::Box<F,A> as core::ops::function::Fn<Args>>::call::h1f8f335eaa9cfaee
[INFO] [stdout]                                at /rustc/82e1608dfa6e0b5569232559e3d385fea5a93112/library/alloc/src/boxed.rs:2021:9
[INFO] [stdout]   14:     0x5593a6bca8e8 - std::panicking::rust_panic_with_hook::h2b5517d590cab22e
[INFO] [stdout]                                at /rustc/82e1608dfa6e0b5569232559e3d385fea5a93112/library/std/src/panicking.rs:783:13
[INFO] [stdout]   15:     0x5593a6bca63e - std::panicking::begin_panic_handler::{{closure}}::h233112c06e0ef43e
[INFO] [stdout]                                at /rustc/82e1608dfa6e0b5569232559e3d385fea5a93112/library/std/src/panicking.rs:657:13
[INFO] [stdout]   16:     0x5593a6bc8c76 - std::sys_common::backtrace::__rust_end_short_backtrace::h6e893f24d7ebbff8
[INFO] [stdout]                                at /rustc/82e1608dfa6e0b5569232559e3d385fea5a93112/library/std/src/sys_common/backtrace.rs:170:18
[INFO] [stdout]   17:     0x5593a6bca3a2 - rust_begin_unwind
[INFO] [stdout]                                at /rustc/82e1608dfa6e0b5569232559e3d385fea5a93112/library/std/src/panicking.rs:645:5
[INFO] [stdout]   18:     0x5593a699d205 - core::panicking::panic_fmt::hbf0e066aabfa482c
[INFO] [stdout]                                at /rustc/82e1608dfa6e0b5569232559e3d385fea5a93112/library/core/src/panicking.rs:72:14
[INFO] [stdout]   19:     0x5593a699d793 - core::result::unwrap_failed::hddb4fea594200c52
[INFO] [stdout]                                at /rustc/82e1608dfa6e0b5569232559e3d385fea5a93112/library/core/src/result.rs:1653:5
[INFO] [stdout]   20:     0x5593a69a5fef - core::result::Result<T,E>::expect::h3db22bca3a529e65
[INFO] [stdout]                                at /rustc/82e1608dfa6e0b5569232559e3d385fea5a93112/library/core/src/result.rs:1034:23
[INFO] [stdout]   21:     0x5593a69acd28 - cli::tests::test_cli_files::h51d61d90a8d7dad5
[INFO] [stdout]                                at /opt/rustwide/workdir/tests/cli.rs:106:9
[INFO] [stdout]   22:     0x5593a69ad2d0 - cli::tests::test_cli_files::case_1::h71e20bcc691b1e59
[INFO] [stdout]                                at /opt/rustwide/workdir/tests/cli.rs:99:5
[INFO] [stdout]   23:     0x5593a69ad1d7 - cli::tests::test_cli_files::case_1::{{closure}}::haaba68caa9d6bcf7
[INFO] [stdout]                                at /opt/rustwide/workdir/tests/cli.rs:99:14
[INFO] [stdout]   24:     0x5593a699f556 - core::ops::function::FnOnce::call_once::hbecbd745d4c42a87
[INFO] [stdout]                                at /rustc/82e1608dfa6e0b5569232559e3d385fea5a93112/library/core/src/ops/function.rs:250:5
[INFO] [stdout]   25:     0x5593a69e845f - core::ops::function::FnOnce::call_once::h2b5d431d5046312d
[INFO] [stdout]                                at /rustc/82e1608dfa6e0b5569232559e3d385fea5a93112/library/core/src/ops/function.rs:250:5
[INFO] [stdout]   26:     0x5593a69e845f - test::__rust_begin_short_backtrace::h7714669af176e207
[INFO] [stdout]                                at /rustc/82e1608dfa6e0b5569232559e3d385fea5a93112/library/test/src/lib.rs:628:18
[INFO] [stdout]   27:     0x5593a69e7475 - test::run_test_in_process::{{closure}}::h85218797dcbcec12
[INFO] [stdout]                                at /rustc/82e1608dfa6e0b5569232559e3d385fea5a93112/library/test/src/lib.rs:651:60
[INFO] [stdout]   28:     0x5593a69e7475 - <core::panic::unwind_safe::AssertUnwindSafe<F> as core::ops::function::FnOnce<()>>::call_once::h76c106ea31c14d7b
[INFO] [stdout]                                at /rustc/82e1608dfa6e0b5569232559e3d385fea5a93112/library/core/src/panic/unwind_safe.rs:272:9
[INFO] [stdout]   29:     0x5593a69e7475 - std::panicking::try::do_call::h3bd5d0f6620ee946
[INFO] [stdout]                                at /rustc/82e1608dfa6e0b5569232559e3d385fea5a93112/library/std/src/panicking.rs:552:40
[INFO] [stdout]   30:     0x5593a69e7475 - std::panicking::try::h232e535e4744fe31
[INFO] [stdout]                                at /rustc/82e1608dfa6e0b5569232559e3d385fea5a93112/library/std/src/panicking.rs:516:19
[INFO] [stdout]   31:     0x5593a69e7475 - std::panic::catch_unwind::h3ce3bd6ca8dbac68
[INFO] [stdout]                                at /rustc/82e1608dfa6e0b5569232559e3d385fea5a93112/library/std/src/panic.rs:142:14
[INFO] [stdout]   32:     0x5593a69e7475 - test::run_test_in_process::hc97b257c9621286a
[INFO] [stdout]                                at /rustc/82e1608dfa6e0b5569232559e3d385fea5a93112/library/test/src/lib.rs:651:27
[INFO] [stdout]   33:     0x5593a69e7475 - test::run_test::{{closure}}::h2aa798823a438d38
[INFO] [stdout]                                at /rustc/82e1608dfa6e0b5569232559e3d385fea5a93112/library/test/src/lib.rs:574:43
[INFO] [stdout]   34:     0x5593a69af736 - test::run_test::{{closure}}::h87d231c78fb59832
[INFO] [stdout]                                at /rustc/82e1608dfa6e0b5569232559e3d385fea5a93112/library/test/src/lib.rs:602:41
[INFO] [stdout]   35:     0x5593a69af736 - std::sys_common::backtrace::__rust_begin_short_backtrace::he6df152596625789
[INFO] [stdout]                                at /rustc/82e1608dfa6e0b5569232559e3d385fea5a93112/library/std/src/sys_common/backtrace.rs:154:18
[INFO] [stdout]   36:     0x5593a69b47e7 - std::thread::Builder::spawn_unchecked_::{{closure}}::{{closure}}::ha94be15d1e0acf36
[INFO] [stdout]                                at /rustc/82e1608dfa6e0b5569232559e3d385fea5a93112/library/std/src/thread/mod.rs:529:17
[INFO] [stdout]   37:     0x5593a69b47e7 - <core::panic::unwind_safe::AssertUnwindSafe<F> as core::ops::function::FnOnce<()>>::call_once::h9dc6bd6372f16606
[INFO] [stdout]                                at /rustc/82e1608dfa6e0b5569232559e3d385fea5a93112/library/core/src/panic/unwind_safe.rs:272:9
[INFO] [stdout]   38:     0x5593a69b47e7 - std::panicking::try::do_call::h9057517f80303cd4
[INFO] [stdout]                                at /rustc/82e1608dfa6e0b5569232559e3d385fea5a93112/library/std/src/panicking.rs:552:40
[INFO] [stdout]   39:     0x5593a69b47e7 - std::panicking::try::he3a30b11ee45340c
[INFO] [stdout]                                at /rustc/82e1608dfa6e0b5569232559e3d385fea5a93112/library/std/src/panicking.rs:516:19
[INFO] [stdout]   40:     0x5593a69b47e7 - std::panic::catch_unwind::h410458cfd3528b8b
[INFO] [stdout]                                at /rustc/82e1608dfa6e0b5569232559e3d385fea5a93112/library/std/src/panic.rs:142:14
[INFO] [stdout]   41:     0x5593a69b47e7 - std::thread::Builder::spawn_unchecked_::{{closure}}::h72ac3bdb567b737b
[INFO] [stdout]                                at /rustc/82e1608dfa6e0b5569232559e3d385fea5a93112/library/std/src/thread/mod.rs:528:30
[INFO] [stdout]   42:     0x5593a69b47e7 - core::ops::function::FnOnce::call_once{{vtable.shim}}::h38f34da3654a8344
[INFO] [stdout]                                at /rustc/82e1608dfa6e0b5569232559e3d385fea5a93112/library/core/src/ops/function.rs:250:5
[INFO] [stdout]   43:     0x5593a6bd0515 - <alloc::boxed::Box<F,A> as core::ops::function::FnOnce<Args>>::call_once::hc7eafaff61e32df9
[INFO] [stdout]                                at /rustc/82e1608dfa6e0b5569232559e3d385fea5a93112/library/alloc/src/boxed.rs:2007:9
[INFO] [stdout]   44:     0x5593a6bd0515 - <alloc::boxed::Box<F,A> as core::ops::function::FnOnce<Args>>::call_once::h6ba4a5de48dd2304
[INFO] [stdout]                                at /rustc/82e1608dfa6e0b5569232559e3d385fea5a93112/library/alloc/src/boxed.rs:2007:9
[INFO] [stdout]   45:     0x5593a6bd0515 - std::sys::unix::thread::Thread::new::thread_start::he469335aef763e45
[INFO] [stdout]                                at /rustc/82e1608dfa6e0b5569232559e3d385fea5a93112/library/std/src/sys/unix/thread.rs:108:17
[INFO] [stdout]   46:     0x7effa4ae8ac3 - <unknown>
[INFO] [stdout]   47:     0x7effa4b79bf4 - __clone
[INFO] [stdout]   48:                0x0 - <unknown>
[INFO] [stdout] 
[INFO] [stdout] 
[INFO] [stdout] failures:
[INFO] [stdout]     tests::test_cli_files::case_1
[INFO] [stdout] 
[INFO] [stdout] test result: FAILED. 19 passed; 1 failed; 0 ignored; 0 measured; 0 filtered out; finished in 0.38s
[INFO] [stdout] 
[INFO] [stderr] error: test failed, to rerun pass `--test cli`
[INFO] running `Command { std: "docker" "inspect" "26a21045aeab2a862f9500bec6bae68c7aef4724ae228320d291a64e04768a1a", kill_on_drop: false }`
[INFO] running `Command { std: "docker" "rm" "-f" "26a21045aeab2a862f9500bec6bae68c7aef4724ae228320d291a64e04768a1a", kill_on_drop: false }`
[INFO] [stdout] 26a21045aeab2a862f9500bec6bae68c7aef4724ae228320d291a64e04768a1a
[INFO] testing srgn-0.7.0 against beta-2023-12-22 for beta-1.76-1
[INFO] extracting crate srgn 0.7.0 into /workspace/builds/worker-3-tc2/source
[INFO] validating manifest of crates.io crate srgn 0.7.0 on toolchain beta-2023-12-22
[INFO] running `Command { std: CARGO_HOME="/workspace/cargo-home" RUSTUP_HOME="/workspace/rustup-home" "/workspace/cargo-home/bin/cargo" "+beta-2023-12-22" "metadata" "--manifest-path" "Cargo.toml" "--no-deps", kill_on_drop: false }`
[INFO] started tweaking crates.io crate srgn 0.7.0
[INFO] finished tweaking crates.io crate srgn 0.7.0
[INFO] tweaked toml for crates.io crate srgn 0.7.0 written to /workspace/builds/worker-3-tc2/source/Cargo.toml
[INFO] crate crates.io crate srgn 0.7.0 already has a lockfile, it will not be regenerated
[INFO] running `Command { std: CARGO_HOME="/workspace/cargo-home" RUSTUP_HOME="/workspace/rustup-home" "/workspace/cargo-home/bin/cargo" "+beta-2023-12-22" "fetch" "--manifest-path" "Cargo.toml", kill_on_drop: false }`
[INFO] running `Command { std: "docker" "create" "-v" "/var/lib/crater-agent-workspace/builds/worker-3-tc2/target:/opt/rustwide/target:rw,Z" "-v" "/var/lib/crater-agent-workspace/builds/worker-3-tc2/source:/opt/rustwide/workdir:ro,Z" "-v" "/var/lib/crater-agent-workspace/cargo-home:/opt/rustwide/cargo-home:ro,Z" "-v" "/var/lib/crater-agent-workspace/rustup-home:/opt/rustwide/rustup-home:ro,Z" "-e" "SOURCE_DIR=/opt/rustwide/workdir" "-e" "CARGO_TARGET_DIR=/opt/rustwide/target" "-e" "CARGO_HOME=/opt/rustwide/cargo-home" "-e" "RUSTUP_HOME=/opt/rustwide/rustup-home" "-w" "/opt/rustwide/workdir" "-m" "1610612736" "--user" "0:0" "--network" "none" "ghcr.io/rust-lang/crates-build-env/linux@sha256:2788e3201cd34a07e3172128adcd8b3090168a8e3bcc40d7c032b9dda1df7d1c" "/opt/rustwide/cargo-home/bin/cargo" "+beta-2023-12-22" "metadata" "--no-deps" "--format-version=1", kill_on_drop: false }`
[INFO] [stdout] d6fda95ab62cb9ee6b6f5fe5f03671905c2649be7c23b4877863c9a2291a025a
[INFO] running `Command { std: "docker" "start" "-a" "d6fda95ab62cb9ee6b6f5fe5f03671905c2649be7c23b4877863c9a2291a025a", kill_on_drop: false }`
[INFO] running `Command { std: "docker" "inspect" "d6fda95ab62cb9ee6b6f5fe5f03671905c2649be7c23b4877863c9a2291a025a", kill_on_drop: false }`
[INFO] running `Command { std: "docker" "rm" "-f" "d6fda95ab62cb9ee6b6f5fe5f03671905c2649be7c23b4877863c9a2291a025a", kill_on_drop: false }`
[INFO] [stdout] d6fda95ab62cb9ee6b6f5fe5f03671905c2649be7c23b4877863c9a2291a025a
[INFO] running `Command { std: "docker" "create" "-v" "/var/lib/crater-agent-workspace/builds/worker-3-tc2/target:/opt/rustwide/target:rw,Z" "-v" "/var/lib/crater-agent-workspace/builds/worker-3-tc2/source:/opt/rustwide/workdir:ro,Z" "-v" "/var/lib/crater-agent-workspace/cargo-home:/opt/rustwide/cargo-home:ro,Z" "-v" "/var/lib/crater-agent-workspace/rustup-home:/opt/rustwide/rustup-home:ro,Z" "-e" "SOURCE_DIR=/opt/rustwide/workdir" "-e" "CARGO_TARGET_DIR=/opt/rustwide/target" "-e" "CARGO_INCREMENTAL=0" "-e" "RUST_BACKTRACE=full" "-e" "RUSTFLAGS=--cap-lints=warn" "-e" "RUSTDOCFLAGS=--cap-lints=warn" "-e" "CARGO_HOME=/opt/rustwide/cargo-home" "-e" "RUSTUP_HOME=/opt/rustwide/rustup-home" "-w" "/opt/rustwide/workdir" "-m" "1610612736" "--user" "0:0" "--network" "none" "ghcr.io/rust-lang/crates-build-env/linux@sha256:2788e3201cd34a07e3172128adcd8b3090168a8e3bcc40d7c032b9dda1df7d1c" "/opt/rustwide/cargo-home/bin/cargo" "+beta-2023-12-22" "build" "--frozen" "--message-format=json", kill_on_drop: false }`
[INFO] [stdout] b4bc5308320d2a8eed9e3f3684218aa4fe89ed7bc765ae2206b2fcc6b2421296
[INFO] running `Command { std: "docker" "start" "-a" "b4bc5308320d2a8eed9e3f3684218aa4fe89ed7bc765ae2206b2fcc6b2421296", kill_on_drop: false }`
[INFO] [stderr]    Compiling libc v0.2.147
[INFO] [stderr]    Compiling proc-macro2 v1.0.66
[INFO] [stderr]    Compiling unicode-ident v1.0.11
[INFO] [stderr]    Compiling memchr v2.6.3
[INFO] [stderr]    Compiling crossbeam-utils v0.8.16
[INFO] [stderr]    Compiling regex-syntax v0.7.5
[INFO] [stderr]    Compiling crossbeam-epoch v0.9.15
[INFO] [stderr]    Compiling syn v1.0.109
[INFO] [stderr]    Compiling futures-core v0.3.28
[INFO] [stderr]    Compiling unicode_titlecase v2.2.1
[INFO] [stderr]    Compiling rayon-core v1.11.0
[INFO] [stderr]    Compiling lock_api v0.4.10
[INFO] [stderr]    Compiling aho-corasick v1.0.4
[INFO] [stderr]    Compiling quote v1.0.33
[INFO] [stderr]    Compiling cc v1.0.83
[INFO] [stderr]    Compiling num_cpus v1.16.0
[INFO] [stderr]    Compiling syn v2.0.29
[INFO] [stderr]    Compiling crossbeam-deque v0.8.3
[INFO] [stderr]    Compiling crossbeam-channel v0.5.8
[INFO] [stderr]    Compiling futures-task v0.3.28
[INFO] [stderr]    Compiling fnv v1.0.7
[INFO] [stderr]    Compiling parking_lot_core v0.9.8
[INFO] [stderr]    Compiling regex-automata v0.3.8
[INFO] [stderr]    Compiling rustix v0.38.9
[INFO] [stderr]    Compiling tree-sitter v0.20.10
[INFO] [stderr]    Compiling futures-channel v0.3.28
[INFO] [stderr]    Compiling smallvec v1.11.0
[INFO] [stderr]    Compiling bitflags v2.4.0
[INFO] [stderr]    Compiling fst v0.4.7
[INFO] [stderr]    Compiling futures-util v0.3.28
[INFO] [stderr]    Compiling utf8parse v0.2.1
[INFO] [stderr]    Compiling futures-sink v0.3.28
[INFO] [stderr]    Compiling anstyle-parse v0.2.1
[INFO] [stderr]    Compiling backtrace v0.3.69
[INFO] [stderr]    Compiling anstyle-query v1.0.0
[INFO] [stderr]    Compiling linux-raw-sys v0.4.5
[INFO] [stderr]    Compiling thiserror v1.0.47
[INFO] [stderr]    Compiling anstyle v1.0.2
[INFO] [stderr]    Compiling colorchoice v1.0.0
[INFO] [stderr]    Compiling async-trait v0.1.73
[INFO] [stderr]    Compiling either v1.9.0
[INFO] [stderr]    Compiling regex v1.9.5
[INFO] [stderr]    Compiling log v0.4.20
[INFO] [stderr]    Compiling darling_core v0.14.4
[INFO] [stderr]    Compiling gimli v0.28.0
[INFO] [stderr]    Compiling decompound v0.3.0
[INFO] [stderr]    Compiling rayon v1.7.0
[INFO] [stderr]    Compiling miniz_oxide v0.7.1
[INFO] [stderr]    Compiling anstream v0.5.0
[INFO] [stderr]    Compiling parking_lot v0.12.1
[INFO] [stderr]    Compiling thiserror-impl v1.0.47
[INFO] [stderr]    Compiling addr2line v0.21.0
[INFO] [stderr]    Compiling tokio-macros v2.1.0
[INFO] [stderr]    Compiling tree-sitter-c-sharp v0.20.0
[INFO] [stderr]    Compiling tree-sitter-typescript v0.20.2
[INFO] [stderr]    Compiling tree-sitter-python v0.20.4
[INFO] [stderr]    Compiling object v0.32.0
[INFO] [stderr]    Compiling bit-vec v0.6.3
[INFO] [stderr]    Compiling darling_macro v0.14.4
[INFO] [stderr]    Compiling futures-io v0.3.28
[INFO] [stderr]    Compiling anyhow v1.0.75
[INFO] [stderr]    Compiling once_cell v1.18.0
[INFO] [stderr]    Compiling cached_proc_macro_types v0.1.0
[INFO] [stderr]    Compiling rustc-demangle v0.1.23
[INFO] [stderr]    Compiling heck v0.4.1
[INFO] [stderr]    Compiling clap_lex v0.5.1
[INFO] [stderr]    Compiling srgn v0.7.0 (/opt/rustwide/workdir)
[INFO] [stderr]    Compiling tokio v1.32.0
[INFO] [stderr]    Compiling clap_derive v4.4.0
[INFO] [stderr]    Compiling clap_builder v4.4.0
[INFO] [stderr]    Compiling futures v0.3.28
[INFO] [stderr]    Compiling bit-set v0.5.3
[INFO] [stderr]    Compiling darling v0.14.4
[INFO] [stderr]    Compiling cached_proc_macro v0.17.0
[INFO] [stderr]    Compiling is-terminal v0.4.9
[INFO] [stderr]    Compiling hashbrown v0.13.2
[INFO] [stderr]    Compiling termcolor v1.2.0
[INFO] [stderr]    Compiling joinery v2.1.0
[INFO] [stderr]    Compiling titlecase v2.2.1
[INFO] [stderr]    Compiling clap v4.4.0
[INFO] [stderr]    Compiling cached v0.44.0
[INFO] [stderr]    Compiling env_logger v0.10.0
[INFO] [stderr]    Compiling fancy-regex v0.11.0
[INFO] [stderr]    Compiling itertools v0.11.0
[INFO] [stderr]    Compiling glob v0.3.1
[INFO] [stderr]    Compiling unescape v0.1.0
[INFO] [stderr] warning: srgn@0.7.0: Dropped 1453249 compound words (699407 remaining); see '"/opt/rustwide/target/debug/build/srgn-cf113bad1a736de1/output"' for a list.
[INFO] [stderr]     Finished dev [unoptimized + debuginfo] target(s) in 50.07s
[INFO] running `Command { std: "docker" "inspect" "b4bc5308320d2a8eed9e3f3684218aa4fe89ed7bc765ae2206b2fcc6b2421296", kill_on_drop: false }`
[INFO] running `Command { std: "docker" "rm" "-f" "b4bc5308320d2a8eed9e3f3684218aa4fe89ed7bc765ae2206b2fcc6b2421296", kill_on_drop: false }`
[INFO] [stdout] b4bc5308320d2a8eed9e3f3684218aa4fe89ed7bc765ae2206b2fcc6b2421296
[INFO] running `Command { std: "docker" "create" "-v" "/var/lib/crater-agent-workspace/builds/worker-3-tc2/target:/opt/rustwide/target:rw,Z" "-v" "/var/lib/crater-agent-workspace/builds/worker-3-tc2/source:/opt/rustwide/workdir:ro,Z" "-v" "/var/lib/crater-agent-workspace/cargo-home:/opt/rustwide/cargo-home:ro,Z" "-v" "/var/lib/crater-agent-workspace/rustup-home:/opt/rustwide/rustup-home:ro,Z" "-e" "SOURCE_DIR=/opt/rustwide/workdir" "-e" "CARGO_TARGET_DIR=/opt/rustwide/target" "-e" "CARGO_INCREMENTAL=0" "-e" "RUST_BACKTRACE=full" "-e" "RUSTFLAGS=--cap-lints=warn" "-e" "RUSTDOCFLAGS=--cap-lints=warn" "-e" "CARGO_HOME=/opt/rustwide/cargo-home" "-e" "RUSTUP_HOME=/opt/rustwide/rustup-home" "-w" "/opt/rustwide/workdir" "-m" "1610612736" "--user" "0:0" "--network" "none" "ghcr.io/rust-lang/crates-build-env/linux@sha256:2788e3201cd34a07e3172128adcd8b3090168a8e3bcc40d7c032b9dda1df7d1c" "/opt/rustwide/cargo-home/bin/cargo" "+beta-2023-12-22" "test" "--frozen" "--no-run" "--message-format=json", kill_on_drop: false }`
[INFO] [stdout] c44737b51078d820358cc268c87fe0ff255d7b00ec9e2a532c280a33f5d5a474
[INFO] running `Command { std: "docker" "start" "-a" "c44737b51078d820358cc268c87fe0ff255d7b00ec9e2a532c280a33f5d5a474", kill_on_drop: false }`
[INFO] [stderr]    Compiling libc v0.2.147
[INFO] [stderr]    Compiling regex-automata v0.3.8
[INFO] [stderr]    Compiling futures-core v0.3.28
[INFO] [stderr]    Compiling syn v2.0.29
[INFO] [stderr]    Compiling futures-channel v0.3.28
[INFO] [stderr]    Compiling futures-task v0.3.28
[INFO] [stderr]    Compiling rustix v0.38.9
[INFO] [stderr]    Compiling futures-util v0.3.28
[INFO] [stderr]    Compiling futures-sink v0.3.28
[INFO] [stderr]    Compiling futures-io v0.3.28
[INFO] [stderr]    Compiling rustix v0.37.26
[INFO] [stderr]    Compiling miniz_oxide v0.7.1
[INFO] [stderr]    Compiling semver v1.0.18
[INFO] [stderr]    Compiling cc v1.0.83
[INFO] [stderr]    Compiling serde v1.0.188
[INFO] [stderr]    Compiling num_cpus v1.16.0
[INFO] [stderr]    Compiling darling_core v0.14.4
[INFO] [stderr]    Compiling pkg-config v0.3.27
[INFO] [stderr]    Compiling io-lifetimes v1.0.11
[INFO] [stderr]    Compiling parking_lot_core v0.9.8
[INFO] [stderr]    Compiling getrandom v0.2.10
[INFO] [stderr]    Compiling tree-sitter v0.20.10
[INFO] [stderr]    Compiling onig_sys v69.8.1
[INFO] [stderr]    Compiling rand_core v0.6.4
[INFO] [stderr]    Compiling backtrace v0.3.69
[INFO] [stderr]    Compiling parking_lot v0.12.1
[INFO] [stderr]    Compiling regex v1.9.5
[INFO] [stderr]    Compiling terminal_size v0.2.6
[INFO] [stderr]    Compiling rayon-core v1.11.0
[INFO] [stderr]    Compiling crc32fast v1.3.2
[INFO] [stderr]    Compiling clap_builder v4.4.0
[INFO] [stderr]    Compiling rustc_version v0.4.0
[INFO] [stderr]    Compiling rayon v1.7.0
[INFO] [stderr]    Compiling darling_macro v0.14.4
[INFO] [stderr]    Compiling tree-sitter-c-sharp v0.20.0
[INFO] [stderr]    Compiling tree-sitter-python v0.20.4
[INFO] [stderr]    Compiling darling v0.14.4
[INFO] [stderr]    Compiling tree-sitter-typescript v0.20.2
[INFO] [stderr]    Compiling serde_json v1.0.105
[INFO] [stderr]    Compiling libm v0.2.7
[INFO] [stderr]    Compiling srgn v0.7.0 (/opt/rustwide/workdir)
[INFO] [stderr]    Compiling futures-macro v0.3.28
[INFO] [stderr]    Compiling thiserror-impl v1.0.47
[INFO] [stderr]    Compiling serde_derive v1.0.188
[INFO] [stderr]    Compiling tokio-macros v2.1.0
[INFO] [stderr]    Compiling clap_derive v4.4.0
[INFO] [stderr]    Compiling async-trait v0.1.73
[INFO] [stderr]    Compiling tokio v1.32.0
[INFO] [stderr]    Compiling thiserror v1.0.47
[INFO] [stderr]    Compiling cached_proc_macro v0.17.0
[INFO] [stderr]    Compiling rand_chacha v0.3.1
[INFO] [stderr]    Compiling rstest_macros v0.18.2
[INFO] [stderr]    Compiling is-terminal v0.4.9
[INFO] [stderr]    Compiling wait-timeout v0.2.0
[INFO] [stderr]    Compiling num-traits v0.2.16
[INFO] [stderr]    Compiling fastrand v2.0.0
[INFO] [stderr]    Compiling ryu v1.0.15
[INFO] [stderr]    Compiling predicates-core v1.0.6
[INFO] [stderr]    Compiling futures-executor v0.3.28
[INFO] [stderr]    Compiling itoa v1.0.9
[INFO] [stderr]    Compiling futures v0.3.28
[INFO] [stderr]    Compiling clap v4.4.0
[INFO] [stderr]    Compiling same-file v1.0.6
[INFO] [stderr]    Compiling doc-comment v0.3.3
[INFO] [stderr]    Compiling cached v0.44.0
[INFO] [stderr]    Compiling walkdir v2.3.3
[INFO] [stderr]    Compiling env_logger v0.10.0
[INFO] [stderr]    Compiling titlecase v2.2.1
[INFO] [stderr]    Compiling tempfile v3.8.0
[INFO] [stderr]    Compiling flate2 v1.0.27
[INFO] [stderr]    Compiling rand v0.8.5
[INFO] [stderr]    Compiling onig v6.4.0
[INFO] [stderr]    Compiling anyhow v1.0.75
[INFO] [stderr]    Compiling fancy-regex v0.11.0
[INFO] [stderr]    Compiling itertools v0.10.5
[INFO] [stderr]    Compiling termtree v0.4.1
[INFO] [stderr]    Compiling relative-path v1.9.0
[INFO] [stderr]    Compiling difflib v0.4.0
[INFO] [stderr]    Compiling quick-error v1.2.3
[INFO] [stderr]    Compiling linked-hash-map v0.5.6
[INFO] [stderr]    Compiling deunicode v0.4.4
[INFO] [stderr]    Compiling hashbrown v0.14.0
[INFO] [stderr]    Compiling yaml-rust v0.4.5
[INFO] [stderr]    Compiling slug v0.1.4
[INFO] [stderr]    Compiling predicates v3.0.3
[INFO] [stderr]    Compiling dashmap v5.5.3
[INFO] [stderr]    Compiling bincode v1.3.3
[INFO] [stderr]    Compiling rusty-fork v0.3.0
[INFO] [stderr]    Compiling predicates-tree v1.0.9
[INFO] [stderr]    Compiling enum-iterator-derive v1.2.1
[INFO] [stderr]    Compiling serial_test_derive v2.0.0
[INFO] [stderr]    Compiling bstr v1.6.0
[INFO] [stderr]    Compiling rand_xorshift v0.3.0
[INFO] [stderr]    Compiling syntect v5.1.0
[INFO] [stderr]    Compiling console v0.15.7
[INFO] [stderr]    Compiling regex-syntax v0.6.29
[INFO] [stderr]    Compiling xdg v2.5.2
[INFO] [stderr]    Compiling unarray v0.1.4
[INFO] [stderr]    Compiling typed-arena v2.0.2
[INFO] [stderr]    Compiling shell-words v1.1.0
[INFO] [stderr]    Compiling futures-timer v3.0.2
[INFO] [stderr]    Compiling entities v1.0.1
[INFO] [stderr]    Compiling similar v2.2.1
[INFO] [stderr]    Compiling byteorder v1.4.3
[INFO] [stderr]    Compiling comrak v0.18.0
[INFO] [stderr]    Compiling enum-iterator v1.4.1
[INFO] [stderr]    Compiling nom v7.1.3
[INFO] [stderr]    Compiling proptest v1.2.0
[INFO] [stderr]    Compiling rstest v0.18.2
[INFO] [stderr]    Compiling insta v1.31.0
[INFO] [stderr]    Compiling serial_test v2.0.0
[INFO] [stderr]    Compiling assert_cmd v2.0.12
[INFO] [stderr]    Compiling rand_regex v0.16.0
[INFO] [stderr]    Compiling test-log v0.2.12
[INFO] [stderr] warning: srgn@0.7.0: Dropped 1453249 compound words (699407 remaining); see '"/opt/rustwide/target/debug/build/srgn-72253b4189df72c7/output"' for a list.
[INFO] [stderr]     Finished test [unoptimized + debuginfo] target(s) in 1m 08s
[INFO] running `Command { std: "docker" "inspect" "c44737b51078d820358cc268c87fe0ff255d7b00ec9e2a532c280a33f5d5a474", kill_on_drop: false }`
[INFO] running `Command { std: "docker" "rm" "-f" "c44737b51078d820358cc268c87fe0ff255d7b00ec9e2a532c280a33f5d5a474", kill_on_drop: false }`
[INFO] [stdout] c44737b51078d820358cc268c87fe0ff255d7b00ec9e2a532c280a33f5d5a474
[INFO] running `Command { std: "docker" "create" "-v" "/var/lib/crater-agent-workspace/builds/worker-3-tc2/target:/opt/rustwide/target:rw,Z" "-v" "/var/lib/crater-agent-workspace/builds/worker-3-tc2/source:/opt/rustwide/workdir:ro,Z" "-v" "/var/lib/crater-agent-workspace/cargo-home:/opt/rustwide/cargo-home:ro,Z" "-v" "/var/lib/crater-agent-workspace/rustup-home:/opt/rustwide/rustup-home:ro,Z" "-e" "SOURCE_DIR=/opt/rustwide/workdir" "-e" "CARGO_TARGET_DIR=/opt/rustwide/target" "-e" "CARGO_INCREMENTAL=0" "-e" "RUST_BACKTRACE=full" "-e" "RUSTFLAGS=--cap-lints=warn" "-e" "RUSTDOCFLAGS=--cap-lints=warn" "-e" "CARGO_HOME=/opt/rustwide/cargo-home" "-e" "RUSTUP_HOME=/opt/rustwide/rustup-home" "-w" "/opt/rustwide/workdir" "-m" "1610612736" "--user" "0:0" "--network" "none" "ghcr.io/rust-lang/crates-build-env/linux@sha256:2788e3201cd34a07e3172128adcd8b3090168a8e3bcc40d7c032b9dda1df7d1c" "/opt/rustwide/cargo-home/bin/cargo" "+beta-2023-12-22" "test" "--frozen", kill_on_drop: false }`
[INFO] [stdout] 62cbfad49bebc72bfd8886ea8060014fe6d425c99f7f7e0fe6aa6f6e4fee2785
[INFO] running `Command { std: "docker" "start" "-a" "62cbfad49bebc72bfd8886ea8060014fe6d425c99f7f7e0fe6aa6f6e4fee2785", kill_on_drop: false }`
[INFO] [stderr] warning: srgn@0.7.0: Dropped 1453249 compound words (699407 remaining); see '"/opt/rustwide/target/debug/build/srgn-72253b4189df72c7/output"' for a list.
[INFO] [stderr]     Finished test [unoptimized + debuginfo] target(s) in 0.33s
[INFO] [stderr]      Running unittests src/lib.rs (/opt/rustwide/target/debug/deps/srgn-a6f55b2e634378f5)
[INFO] [stdout] 
[INFO] [stdout] running 354 tests
[INFO] [stdout] test actions::german::driver::tests::test_casing_when_being_naive::case_04 ... ok
[INFO] [stdout] test actions::german::driver::tests::test_casing_when_being_naive::case_01 ... ok
[INFO] [stdout] test actions::german::driver::tests::test_casing_when_being_naive::case_06 ... ok
[INFO] [stdout] test actions::german::driver::tests::test_casing_when_being_naive::case_07 ... ok
[INFO] [stdout] test actions::german::driver::tests::test_casing_when_being_naive::case_03 ... ok
[INFO] [stdout] test actions::german::driver::tests::test_casing_when_being_naive::case_08 ... ok
[INFO] [stdout] test actions::german::driver::tests::test_casing_when_being_naive::case_05 ... ok
[INFO] [stdout] test actions::german::driver::tests::test_casing_when_being_naive::case_02 ... ok
[INFO] [stdout] test actions::german::driver::tests::test_casing_when_being_naive::case_09 ... ok
[INFO] [stdout] test actions::german::driver::tests::test_casing_when_being_naive::case_10 ... ok
[INFO] [stdout] test actions::german::driver::tests::test_casing_when_being_naive::case_11 ... ok
[INFO] [stdout] test actions::german::driver::tests::test_casing_when_being_naive::case_13 ... ok
[INFO] [stdout] test actions::german::driver::tests::test_casing_when_being_naive::case_12 ... ok
[INFO] [stdout] test actions::german::driver::tests::test_casing_when_being_naive::case_14 ... ok
[INFO] [stdout] test actions::german::driver::tests::test_is_valid::case_01 ... ok
[INFO] [stdout] test actions::german::driver::tests::test_is_valid::case_03 ... ok
[INFO] [stdout] test actions::german::driver::tests::test_is_valid::case_02 ... ok
[INFO] [stdout] test actions::german::driver::tests::test_is_valid::case_05 ... ok
[INFO] [stdout] test actions::german::driver::tests::test_is_valid::case_06 ... ok
[INFO] [stdout] test actions::german::driver::tests::test_is_valid::case_08 ... ok
[INFO] [stdout] test actions::german::driver::tests::test_is_valid::case_04 ... ok
[INFO] [stdout] test actions::german::driver::tests::test_is_valid::case_09 ... ok
[INFO] [stdout] test actions::german::driver::tests::test_is_valid::case_07 ... ok
[INFO] [stdout] test actions::german::driver::tests::test_is_valid::case_10 ... ok
[INFO] [stdout] test actions::german::driver::tests::test_is_valid::case_11 ... ok
[INFO] [stdout] test actions::german::driver::tests::test_is_valid::case_14 ... ok
[INFO] [stdout] test actions::german::driver::tests::test_is_valid::case_12 ... ok
[INFO] [stdout] test actions::german::driver::tests::test_is_valid::case_13 ... ok
[INFO] [stdout] test actions::german::driver::tests::test_is_valid::case_16 ... ok
[INFO] [stdout] test actions::german::driver::tests::test_is_valid::case_17 ... ok
[INFO] [stdout] test actions::german::driver::tests::test_is_valid::case_18 ... ok
[INFO] [stdout] test actions::german::driver::tests::test_is_valid::case_15 ... ok
[INFO] [stdout] test actions::german::driver::tests::test_is_valid::case_20 ... ok
[INFO] [stdout] test actions::german::driver::tests::test_is_valid::case_21 ... ok
[INFO] [stdout] test actions::german::driver::tests::test_is_valid::case_19 ... ok
[INFO] [stdout] test actions::german::driver::tests::test_is_valid::case_22 ... ok
[INFO] [stdout] test actions::german::driver::tests::test_is_valid::case_23 ... ok
[INFO] [stdout] test actions::german::driver::tests::test_is_valid::case_24 ... ok
[INFO] [stdout] test actions::german::driver::tests::test_is_valid::case_29 ... ok
[INFO] [stdout] test actions::german::driver::tests::test_is_valid::case_30 ... ok
[INFO] [stdout] test actions::german::driver::tests::test_is_valid::case_27 ... ok
[INFO] [stdout] test actions::german::driver::tests::test_is_valid::case_31 ... ok
[INFO] [stdout] test actions::german::driver::tests::test_is_valid::case_25 ... ok
[INFO] [stdout] test actions::german::driver::tests::test_substitution::case_03 ... ok
[INFO] [stdout] test actions::german::driver::tests::test_is_valid_on_empty_input ... ok
[INFO] [stdout] test actions::german::driver::tests::test_substitution::case_04 ... ok
[INFO] [stdout] test actions::german::driver::tests::test_substitution::case_02 ... ok
[INFO] [stdout] test actions::german::driver::tests::test_substitution::case_01 ... ok
[INFO] [stdout] test actions::german::driver::tests::test_is_valid::case_26 ... ok
[INFO] [stdout] test actions::german::driver::tests::test_substitution::case_05 ... ok
[INFO] [stdout] test actions::german::driver::tests::test_is_valid::case_28 ... ok
[INFO] [stdout] test actions::german::driver::tests::test_substitution::case_10 ... ok
[INFO] [stdout] test actions::german::driver::tests::test_substitution::case_11 ... ok
[INFO] [stdout] test actions::german::driver::tests::test_substitution::case_07 ... ok
[INFO] [stdout] test actions::german::driver::tests::test_substitution::case_08 ... ok
[INFO] [stdout] test actions::german::driver::tests::test_substitution::case_06 ... ok
[INFO] [stdout] test actions::german::driver::tests::test_substitution::case_09 ... ok
[INFO] [stdout] test actions::german::driver::tests::test_substitution::case_13 ... ok
[INFO] [stdout] test actions::german::driver::tests::test_substitution::case_12 ... ok
[INFO] [stdout] test actions::german::driver::tests::test_substitution::case_14 ... ok
[INFO] [stdout] test actions::german::driver::tests::test_substitution::case_16 ... ok
[INFO] [stdout] test actions::german::driver::tests::test_word_list_is_not_filtered ... ok
[INFO] [stdout] test actions::german::driver::tests::test_substitution::case_15 ... ok
[INFO] [stdout] test actions::german::words::tests::test_word_casing_from_string::case_01 ... ok
[INFO] [stdout] test actions::german::driver::tests::test_substitution::case_18 ... ok
[INFO] [stdout] test actions::german::words::tests::test_word_casing_from_string::case_02 ... ok
[INFO] [stdout] test actions::german::words::tests::test_word_casing_from_string::case_03 ... ok
[INFO] [stdout] test actions::german::words::tests::test_word_casing_from_string::case_05 ... ok
[INFO] [stdout] test actions::german::words::tests::test_word_casing_from_string::case_07 ... ok
[INFO] [stdout] test actions::german::words::tests::test_word_casing_from_string::case_06 ... ok
[INFO] [stdout] test actions::german::words::tests::test_word_casing_from_string::case_04 ... ok
[INFO] [stdout] test actions::german::driver::tests::test_substitution::case_17 ... ok
[INFO] [stdout] test actions::german::words::tests::test_word_casing_from_string::case_12 ... ok
[INFO] [stdout] test actions::german::words::tests::test_word_casing_from_string::case_11 ... ok
[INFO] [stdout] test actions::german::words::tests::test_word_casing_from_string::case_10 ... ok
[INFO] [stdout] test actions::german::words::tests::test_word_casing_from_string::case_08 ... ok
[INFO] [stdout] test actions::german::words::tests::test_word_casing_from_string::case_09 ... ok
[INFO] [stdout] test actions::lower::tests::substitute::case_02 ... ok
[INFO] [stdout] test actions::lower::tests::substitute::case_06 ... ok
[INFO] [stdout] test actions::lower::tests::substitute::case_01 ... ok
[INFO] [stdout] test actions::lower::tests::substitute::case_08 ... ok
[INFO] [stdout] test actions::lower::tests::substitute::case_05 ... ok
[INFO] [stdout] test actions::lower::tests::substitute::case_07 ... ok
[INFO] [stdout] test actions::lower::tests::substitute::case_04 ... ok
[INFO] [stdout] test actions::lower::tests::substitute::case_03 ... ok
[INFO] [stdout] test actions::lower::tests::substitute::case_11 ... ok
[INFO] [stdout] test actions::lower::tests::substitute::case_09 ... ok
[INFO] [stdout] test actions::lower::tests::substitute::case_10 ... ok
[INFO] [stdout] test actions::lower::tests::substitute::case_14 ... ok
[INFO] [stdout] test actions::lower::tests::substitute::case_13 ... ok
[INFO] [stdout] test actions::lower::tests::substitute::case_12 ... ok
[INFO] [stdout] test actions::lower::tests::substitute::case_17 ... ok
[INFO] [stdout] test actions::lower::tests::substitute::case_16 ... ok
[INFO] [stdout] test actions::symbols::tests::test_symbol_substitution_ambiguous_sequences::case_01 ... ok
[INFO] [stdout] test actions::lower::tests::substitute::case_15 ... ok
[INFO] [stdout] test actions::symbols::tests::test_symbol_substitution_ambiguous_sequences::case_02 ... ok
[INFO] [stdout] test actions::symbols::tests::test_symbol_substitution_ambiguous_sequences::case_04 ... ok
[INFO] [stdout] test actions::symbols::tests::test_symbol_substitution_ambiguous_sequences::case_05 ... ok
[INFO] [stdout] test actions::symbols::tests::test_symbol_substitution_ambiguous_sequences::case_07 ... ok
[INFO] [stdout] test actions::symbols::tests::test_symbol_substitution_ambiguous_sequences::case_06 ... ok
[INFO] [stdout] test actions::symbols::tests::test_symbol_substitution_ambiguous_sequences::case_08 ... ok
[INFO] [stdout] test actions::symbols::tests::test_symbol_substitution_ambiguous_sequences::case_09 ... ok
[INFO] [stdout] test actions::symbols::tests::test_symbol_substitution_ambiguous_sequences::case_10 ... ok
[INFO] [stdout] test actions::symbols::tests::test_symbol_substitution_ambiguous_sequences::case_11 ... ok
[INFO] [stdout] test actions::symbols::tests::test_symbol_substitution_ambiguous_sequences::case_03 ... ok
[INFO] [stdout] test actions::symbols::tests::test_symbol_substitution_ambiguous_sequences::case_12 ... ok
[INFO] [stdout] test actions::symbols::tests::test_symbol_substitution_ambiguous_sequences::case_14 ... ok
[INFO] [stdout] test actions::symbols::tests::test_symbol_substitution_ambiguous_sequences::case_15 ... ok
[INFO] [stdout] test actions::symbols::tests::test_symbol_substitution_ambiguous_sequences::case_13 ... ok
[INFO] [stdout] test actions::symbols::tests::test_symbol_substitution_ambiguous_sequences::case_17 ... ok
[INFO] [stdout] test actions::symbols::tests::test_symbol_substitution_ambiguous_sequences::case_19 ... ok
[INFO] [stdout] test actions::symbols::tests::test_symbol_substitution_ambiguous_sequences::case_16 ... ok
[INFO] [stdout] test actions::symbols::tests::test_symbol_substitution_ambiguous_sequences::case_18 ... ok
[INFO] [stdout] test actions::symbols::tests::test_symbol_substitution_ambiguous_sequences::case_20 ... ok
[INFO] [stdout] test actions::symbols::tests::test_symbol_substitution_ambiguous_sequences::case_21 ... ok
[INFO] [stdout] test actions::symbols::tests::test_symbol_substitution_base_cases::case_01 ... ok
[INFO] [stdout] test actions::symbols::tests::test_symbol_substitution_ambiguous_sequences::case_22 ... ok
[INFO] [stdout] test actions::symbols::tests::test_symbol_substitution_base_cases::case_02 ... ok
[INFO] [stdout] test actions::symbols::tests::test_symbol_substitution_base_cases::case_03 ... ok
[INFO] [stdout] test actions::symbols::tests::test_symbol_substitution_base_cases::case_04 ... ok
[INFO] [stdout] test actions::symbols::tests::test_symbol_substitution_base_cases::case_07 ... ok
[INFO] [stdout] test actions::symbols::tests::test_symbol_substitution_base_cases::case_08 ... ok
[INFO] [stdout] test actions::symbols::tests::test_symbol_substitution_base_cases::case_10 ... ok
[INFO] [stdout] test actions::symbols::tests::test_symbol_substitution_base_cases::case_05 ... ok
[INFO] [stdout] test actions::symbols::tests::test_symbol_substitution_base_cases::case_06 ... ok
[INFO] [stdout] test actions::symbols::tests::test_symbol_substitution_base_cases::case_11 ... ok
[INFO] [stdout] test actions::symbols::tests::test_symbol_substitution_base_cases::case_09 ... ok
[INFO] [stdout] test actions::symbols::tests::test_symbol_substitution_base_cases::case_13 ... ok
[INFO] [stdout] test actions::symbols::tests::test_symbol_substitution_disrupting_symbols::case_01 ... ok
[INFO] [stdout] test actions::symbols::tests::test_symbol_substitution_disrupting_symbols::case_02 ... ok
[INFO] [stdout] test actions::symbols::tests::test_symbol_substitution_disrupting_symbols::case_03 ... ok
[INFO] [stdout] test actions::symbols::tests::test_symbol_substitution_base_cases::case_12 ... ok
[INFO] [stdout] test actions::symbols::tests::test_symbol_substitution_disrupting_symbols::case_04 ... ok
[INFO] [stdout] test actions::symbols::tests::test_symbol_substitution_disrupting_symbols::case_05 ... ok
[INFO] [stdout] test actions::symbols::tests::test_symbol_substitution_disrupting_symbols::case_06 ... ok
[INFO] [stdout] test actions::symbols::tests::test_symbol_substitution_disrupting_symbols::case_07 ... ok
[INFO] [stdout] test actions::symbols::tests::test_symbol_substitution_disrupting_symbols::case_08 ... ok
[INFO] [stdout] test actions::symbols::tests::test_symbol_substitution_disrupting_symbols::case_09 ... ok
[INFO] [stdout] test actions::symbols::tests::test_symbol_substitution_disrupting_symbols::case_10 ... ok
[INFO] [stdout] test actions::symbols::tests::test_symbol_substitution_existing_symbol::case_03 ... ok
[INFO] [stdout] test actions::symbols::tests::test_symbol_substitution_existing_symbol::case_05 ... ok
[INFO] [stdout] test actions::symbols::tests::test_symbol_substitution_existing_symbol::case_04 ... ok
[INFO] [stdout] test actions::symbols::tests::test_symbol_substitution_existing_symbol::case_02 ... ok
[INFO] [stdout] test actions::symbols::tests::test_symbol_substitution_existing_symbol::case_06 ... ok
[INFO] [stdout] test actions::symbols::tests::test_symbol_substitution_existing_symbol::case_07 ... ok
[INFO] [stdout] test actions::symbols::tests::test_symbol_substitution_existing_symbol::case_01 ... ok
[INFO] [stdout] test actions::symbols::tests::test_symbol_substitution_existing_symbol::case_10 ... ok
[INFO] [stdout] test actions::symbols::tests::test_symbol_substitution_neighboring_letters::case_01 ... ok
[INFO] [stdout] test actions::symbols::tests::test_symbol_substitution_neighboring_letters::case_02 ... ok
[INFO] [stdout] test actions::symbols::tests::test_symbol_substitution_existing_symbol::case_11 ... ok
[INFO] [stdout] test actions::symbols::tests::test_symbol_substitution_existing_symbol::case_09 ... ok
[INFO] [stdout] test actions::symbols::tests::test_symbol_substitution_existing_symbol::case_08 ... ok
[INFO] [stdout] test actions::symbols::tests::test_symbol_substitution_neighboring_letters::case_03 ... ok
[INFO] [stdout] test actions::symbols::tests::test_symbol_substitution_neighboring_letters::case_04 ... ok
[INFO] [stdout] test actions::symbols::tests::test_symbol_substitution_neighboring_letters::case_05 ... ok
[INFO] [stdout] test actions::symbols::tests::test_symbol_substitution_neighboring_letters::case_06 ... ok
[INFO] [stdout] test actions::symbols::tests::test_symbol_substitution_neighboring_letters::case_08 ... ok
[INFO] [stdout] test actions::symbols::tests::test_symbol_substitution_neighboring_letters::case_07 ... ok
[INFO] [stdout] test actions::symbols::tests::test_symbol_substitution_neighboring_letters::case_10 ... ok
[INFO] [stdout] test actions::symbols::tests::test_symbol_substitution_neighboring_letters::case_11 ... ok
[INFO] [stdout] test actions::symbols::tests::test_symbol_substitution_neighboring_letters::case_12 ... ok
[INFO] [stdout] test actions::symbols::tests::test_symbol_substitution_neighboring_letters::case_13 ... ok
[INFO] [stdout] test actions::symbols::tests::test_symbol_substitution_neighboring_letters::case_09 ... ok
[INFO] [stdout] test actions::symbols::tests::test_symbol_substitution_neighboring_letters::case_14 ... ok
[INFO] [stdout] test actions::symbols::tests::test_symbol_substitution_neighboring_letters_with_spaces::case_02 ... ok
[INFO] [stdout] test actions::symbols::tests::test_symbol_substitution_neighboring_letters_with_spaces::case_01 ... ok
[INFO] [stdout] test actions::symbols::tests::test_symbol_substitution_neighboring_letters_with_spaces::case_03 ... ok
[INFO] [stdout] test actions::symbols::tests::test_symbol_substitution_neighboring_letters_with_spaces::case_04 ... ok
[INFO] [stdout] test actions::symbols::tests::test_symbol_substitution_neighboring_letters_with_spaces::case_05 ... ok
[INFO] [stdout] test actions::symbols::tests::test_symbol_substitution_neighboring_letters_with_spaces::case_06 ... ok
[INFO] [stdout] test actions::symbols::tests::test_symbol_substitution_neighboring_letters_with_spaces::case_07 ... ok
[INFO] [stdout] test actions::symbols::tests::test_symbol_substitution_neighboring_letters_with_spaces::case_08 ... ok
[INFO] [stdout] test actions::symbols::tests::test_symbol_substitution_neighboring_letters_with_spaces::case_09 ... ok
[INFO] [stdout] test actions::symbols::tests::test_symbol_substitution_neighboring_letters_with_spaces::case_10 ... ok
[INFO] [stdout] test actions::symbols::tests::test_symbol_substitution_neighboring_letters_with_spaces::case_11 ... ok
[INFO] [stdout] test actions::symbols::tests::test_symbol_substitution_neighboring_letters_with_spaces::case_12 ... ok
[INFO] [stdout] test actions::symbols::tests::test_symbol_substitution_neighboring_letters_with_spaces::case_13 ... ok
[INFO] [stdout] test actions::symbols::tests::test_symbol_substitution_neighboring_letters_with_spaces::case_14 ... ok
[INFO] [stdout] test actions::symbols::tests::test_symbol_substitution_neighboring_single_letter::case_02 ... ok
[INFO] [stdout] test actions::symbols::tests::test_symbol_substitution_neighboring_single_letter::case_04 ... ok
[INFO] [stdout] test actions::symbols::tests::test_symbol_substitution_neighboring_single_letter::case_01 ... ok
[INFO] [stdout] test actions::symbols::tests::test_symbol_substitution_neighboring_single_letter::case_05 ... ok
[INFO] [stdout] test actions::symbols::tests::test_symbol_substitution_neighboring_single_letter::case_06 ... ok
[INFO] [stdout] test actions::symbols::tests::test_symbol_substitution_neighboring_single_letter::case_03 ... ok
[INFO] [stdout] test actions::symbols::tests::test_symbol_substitution_neighboring_single_letter::case_07 ... ok
[INFO] [stdout] test actions::symbols::tests::test_symbol_substitution_neighboring_single_letter::case_08 ... ok
[INFO] [stdout] test actions::symbols::tests::test_symbol_substitution_neighboring_single_letter::case_09 ... ok
[INFO] [stdout] test actions::symbols::tests::test_symbol_substitution_neighboring_single_letter::case_11 ... ok
[INFO] [stdout] test actions::symbols::tests::test_symbol_substitution_neighboring_single_letter::case_10 ... ok
[INFO] [stdout] test actions::symbols::tests::test_symbol_substitution_neighboring_single_letter::case_12 ... ok
[INFO] [stdout] test actions::symbols::tests::test_symbol_substitution_neighboring_single_letter::case_14 ... ok
[INFO] [stdout] test actions::symbols::tests::test_symbol_substitution_neighboring_single_letter::case_15 ... ok
[INFO] [stdout] test actions::symbols::tests::test_symbol_substitution_neighboring_single_letter::case_16 ... ok
[INFO] [stdout] test actions::symbols::tests::test_symbol_substitution_neighboring_single_letter::case_13 ... ok
[INFO] [stdout] test actions::symbols::tests::test_symbol_substitution_sentences::case_1 ... ok
[INFO] [stdout] test actions::symbols::tests::test_symbol_substitution_neighboring_single_letter::case_17 ... ok
[INFO] [stdout] test actions::symbols::tests::test_symbol_substitution_sentences::case_3 ... ok
[INFO] [stdout] test actions::symbols::tests::test_symbol_substitution_sentences::case_2 ... ok
[INFO] [stdout] test actions::symbols::tests::test_symbol_substitution_sentences::case_4 ... ok
[INFO] [stdout] test actions::symbols::tests::test_symbol_substitution_sentences::case_5 ... ok
[INFO] [stdout] test actions::symbols::tests::test_symbol_substitution_uri::case_02 ... ok
[INFO] [stdout] test actions::symbols::tests::test_symbol_substitution_uri::case_03 ... ok
[INFO] [stdout] test actions::symbols::tests::test_symbol_substitution_uri::case_01 ... ok
[INFO] [stdout] test actions::symbols::tests::test_symbol_substitution_uri::case_06 ... ok
[INFO] [stdout] test actions::symbols::tests::test_symbol_substitution_uri::case_04 ... ok
[INFO] [stdout] test actions::symbols::tests::test_symbol_substitution_uri::case_05 ... ok
[INFO] [stdout] test actions::symbols::tests::test_symbol_substitution_uri::case_07 ... ok
[INFO] [stdout] test actions::symbols::tests::test_symbol_substitution_uri::case_09 ... ok
[INFO] [stdout] test actions::symbols::tests::test_symbol_substitution_uri::case_08 ... ok
[INFO] [stdout] test actions::symbols::tests::test_symbol_substitution_uri::case_10 ... ok
[INFO] [stdout] test actions::symbols::tests::test_symbol_substitution_uri::case_11 ... ok
[INFO] [stdout] test actions::symbols::tests::test_symbol_substitution_uri::case_13 ... ok
[INFO] [stdout] test actions::symbols::tests::test_symbol_substitution_uri::case_12 ... ok
[INFO] [stdout] test actions::symbols::tests::test_symbol_to_char_and_back_is_bijective ... ok
[INFO] [stdout] test actions::upper::tests::substitute::case_01 ... ok
[INFO] [stdout] test actions::upper::tests::substitute::case_02 ... ok
[INFO] [stdout] test actions::upper::tests::substitute::case_03 ... ok
[INFO] [stdout] test actions::upper::tests::substitute::case_04 ... ok
[INFO] [stdout] test actions::upper::tests::substitute::case_05 ... ok
[INFO] [stdout] test actions::upper::tests::substitute::case_06 ... ok
[INFO] [stdout] test actions::upper::tests::substitute::case_07 ... ok
[INFO] [stdout] test actions::upper::tests::substitute::case_08 ... ok
[INFO] [stdout] test actions::upper::tests::substitute::case_10 ... ok
[INFO] [stdout] test actions::upper::tests::substitute::case_09 ... ok
[INFO] [stdout] test actions::upper::tests::substitute::case_11 ... ok
[INFO] [stdout] test actions::upper::tests::substitute::case_13 ... ok
[INFO] [stdout] test actions::upper::tests::substitute::case_12 ... ok
[INFO] [stdout] test actions::upper::tests::substitute::case_14 ... ok
[INFO] [stdout] test actions::upper::tests::substitute::case_15 ... ok
[INFO] [stdout] test actions::upper::tests::substitute::case_17 ... ok
[INFO] [stdout] test actions::upper::tests::substitute::case_16 ... ok
[INFO] [stdout] test scoping::dosfix::tests::test_dos_fix::case_1 ... ok
[INFO] [stdout] test scoping::dosfix::tests::test_dos_fix::case_2 ... ok
[INFO] [stdout] test scoping::dosfix::tests::test_dos_fix::case_3 ... ok
[INFO] [stdout] test scoping::dosfix::tests::test_dos_fix::case_4 ... ok
[INFO] [stdout] test scoping::dosfix::tests::test_dos_fix::case_5 ... ok
[INFO] [stdout] test scoping::literal::tests::test_literal_scoping::case_1 ... ok
[INFO] [stdout] test scoping::literal::tests::test_literal_scoping::case_2 ... ok
[INFO] [stdout] test scoping::literal::tests::test_literal_scoping::case_4 ... ok
[INFO] [stdout] test scoping::literal::tests::test_literal_scoping::case_3 ... ok
[INFO] [stdout] test scoping::literal::tests::test_literal_scoping::case_6 ... ok
[INFO] [stdout] test scoping::literal::tests::test_literal_scoping::case_5 ... ok
[INFO] [stdout] test scoping::literal::tests::test_literal_scoping::case_7 ... ok
[INFO] [stdout] test scoping::regex::tests::test_regex_scoping::case_01 ... ok
[INFO] [stdout] test scoping::regex::tests::test_regex_scoping::case_02 ... ok
[INFO] [stdout] test scoping::regex::tests::test_regex_scoping::case_03 ... ok
[INFO] [stdout] test scoping::regex::tests::test_regex_scoping::case_04 ... ok
[INFO] [stdout] test scoping::regex::tests::test_regex_scoping::case_05 ... ok
[INFO] [stdout] test scoping::regex::tests::test_regex_scoping::case_06 ... ok
[INFO] [stdout] test scoping::regex::tests::test_regex_scoping::case_07 ... ok
[INFO] [stdout] test scoping::regex::tests::test_regex_scoping::case_08 ... ok
[INFO] [stdout] test scoping::regex::tests::test_regex_scoping::case_09 ... ok
[INFO] [stdout] test scoping::regex::tests::test_regex_scoping::case_10 ... ok
[INFO] [stdout] test scoping::regex::tests::test_regex_scoping::case_11 ... ok
[INFO] [stdout] test scoping::regex::tests::test_regex_scoping::case_12 ... ok
[INFO] [stdout] test scoping::regex::tests::test_regex_scoping::case_13 ... ok
[INFO] [stdout] test scoping::regex::tests::test_regex_scoping::case_14 ... ok
[INFO] [stdout] test scoping::regex::tests::test_regex_scoping::case_15 ... ok
[INFO] [stdout] test actions::titlecase::tests::test_titlecasing::case_1 ... ok
[INFO] [stdout] test actions::titlecase::tests::test_titlecasing::case_4 ... ok
[INFO] [stdout] test actions::titlecase::tests::test_titlecasing::case_5 ... ok
[INFO] [stdout] test actions::titlecase::tests::test_titlecasing::case_3 ... ok
[INFO] [stdout] test actions::titlecase::tests::test_titlecasing::case_2 ... ok
[INFO] [stdout] test scoping::regex::tests::test_regex_scoping::case_21 ... ok
[INFO] [stdout] test scoping::regex::tests::test_regex_scoping::case_20 ... ok
[INFO] [stdout] test scoping::regex::tests::test_regex_scoping::case_18 ... ok
[INFO] [stdout] test scoping::regex::tests::test_regex_scoping::case_19 ... ok
[INFO] [stdout] test scoping::regex::tests::test_regex_scoping::case_17 ... ok
[INFO] [stdout] test scoping::scope::tests::test_scoped_view_str_equality::case_01 ... ok
[INFO] [stdout] test scoping::scope::tests::test_scoped_view_str_equality::case_02 ... ok
[INFO] [stdout] test scoping::scope::tests::test_scoped_view_str_equality::case_03 ... ok
[INFO] [stdout] test scoping::regex::tests::test_regex_scoping::case_16 ... ok
[INFO] [stdout] test scoping::scope::tests::test_scoped_view_str_equality::case_05 ... ok
[INFO] [stdout] test scoping::scope::tests::test_scoped_view_str_equality::case_04 ... ok
[INFO] [stdout] test scoping::scope::tests::test_scoped_view_str_equality::case_06 ... ok
[INFO] [stdout] test scoping::scope::tests::test_scoped_view_str_equality::case_07 ... ok
[INFO] [stdout] test scoping::scope::tests::test_scoped_view_str_equality::case_08 ... ok
[INFO] [stdout] test scoping::scope::tests::test_scoped_view_str_equality::case_09 ... ok
[INFO] [stdout] test scoping::scope::tests::test_scoped_view_str_equality::case_10 ... ok
[INFO] [stdout] test scoping::scope::tests::test_scoped_view_str_equality::case_11 ... ok
[INFO] [stdout] test scoping::scope::tests::test_scoped_view_str_equality::case_12 ... ok
[INFO] [stdout] test scoping::scope::tests::test_scoped_view_str_equality::case_13 ... ok
[INFO] [stdout] test scoping::scope::tests::test_scoped_view_str_equality::case_14 ... ok
[INFO] [stdout] test scoping::scope::tests::test_scoped_view_str_equality::case_15 ... ok
[INFO] [stdout] test scoping::regex::tests::test_regex_scoping::case_22 ... ok
[INFO] [stdout] test scoping::scope::tests::test_scoped_view_str_equality::case_17 ... ok
[INFO] [stdout] test scoping::scope::tests::test_scoped_view_str_equality::case_16 ... ok
[INFO] [stdout] test scoping::regex::tests::test_regex_scoping::case_23 ... ok
[INFO] [stdout] test scoping::scope::tests::test_scoped_view_str_equality::case_18 ... ok
[INFO] [stdout] test scoping::scope::tests::test_scoped_view_str_equality::case_21 ... ok
[INFO] [stdout] test scoping::scope::tests::test_scoped_view_str_equality::case_19 ... ok
[INFO] [stdout] test scoping::scope::tests::test_scoped_view_str_equality::case_20 ... ok
[INFO] [stdout] test scoping::view::tests::test_squeeze::case_02 ... ok
[INFO] [stdout] test scoping::view::tests::test_squeeze::case_03 ... ok
[INFO] [stdout] test scoping::view::tests::test_squeeze::case_01 ... ok
[INFO] [stdout] test scoping::view::tests::test_squeeze::case_05 ... ok
[INFO] [stdout] test scoping::view::tests::test_squeeze::case_06 ... ok
[INFO] [stdout] test scoping::view::tests::test_squeeze::case_07 ... ok
[INFO] [stdout] test scoping::view::tests::test_squeeze::case_08 ... ok
[INFO] [stdout] test scoping::view::tests::test_squeeze::case_10 ... ok
[INFO] [stdout] test scoping::view::tests::test_squeeze::case_09 ... ok
[INFO] [stdout] test scoping::view::tests::test_squeeze::case_11 ... ok
[INFO] [stdout] test scoping::view::tests::test_squeeze::case_14 ... ok
[INFO] [stdout] test scoping::view::tests::test_squeeze::case_13 ... ok
[INFO] [stdout] test scoping::view::tests::test_squeeze::case_04 ... ok
[INFO] [stdout] test scoping::view::tests::test_squeeze::case_15 ... ok
[INFO] [stdout] test scoping::view::tests::test_squeeze::case_12 ... ok
[INFO] [stdout] test scoping::view::tests::test_squeeze::case_17 ... ok
[INFO] [stdout] test scoping::view::tests::test_squeeze::case_16 ... ok
[INFO] [stdout] test scoping::view::tests::test_squeeze::case_18 ... ok
[INFO] [stdout] test scoping::view::tests::test_squeeze::case_20 ... ok
[INFO] [stdout] test scoping::view::tests::test_squeeze::case_19 ... ok
[INFO] [stdout] test scoping::view::tests::test_squeeze::case_21 ... ok
[INFO] [stdout] test scoping::view::tests::test_squeeze::case_22 ... ok
[INFO] [stdout] test scoping::regex::tests::test_regex_scoping::case_25 ... ok
[INFO] [stdout] test scoping::view::tests::test_squeeze::case_24 ... ok
[INFO] [stdout] test scoping::view::tests::test_squeeze::case_26 ... ok
[INFO] [stdout] test scoping::view::tests::test_squeeze::case_23 ... ok
[INFO] [stdout] test scoping::regex::tests::test_regex_scoping::case_24 ... ok
[INFO] [stdout] test scoping::view::tests::test_squeeze::case_29 ... ok
[INFO] [stdout] test scoping::view::tests::test_squeeze::case_30 ... ok
[INFO] [stdout] test scoping::view::tests::test_squeeze::case_28 ... ok
[INFO] [stdout] test scoping::view::tests::test_squeeze::case_32 ... ok
[INFO] [stdout] test scoping::view::tests::test_squeeze::case_27 ... ok
[INFO] [stdout] test scoping::view::tests::test_squeeze::case_31 ... ok
[INFO] [stdout] test scoping::view::tests::test_squeeze::case_25 ... ok
[INFO] [stdout] test scoping::view::tests::test_squeeze::case_34 ... ok
[INFO] [stdout] test scoping::view::tests::test_squeeze::case_33 ... ok
[INFO] [stdout] test scoping::view::tests::test_squeeze::case_36 ... ok
[INFO] [stdout] test scoping::view::tests::test_squeeze::case_35 ... ok
[INFO] [stdout] test scoping::view::tests::test_squeeze::case_39 ... ok
[INFO] [stdout] test scoping::view::tests::test_squeeze::case_38 ... ok
[INFO] [stdout] test scoping::view::tests::test_squeeze::case_40 ... ok
[INFO] [stdout] test scoping::view::tests::test_squeeze::case_37 ... ok
[INFO] [stdout] test scoping::view::tests::test_squeeze::case_44 ... ok
[INFO] [stdout] test scoping::view::tests::test_squeeze::case_42 ... ok
[INFO] [stdout] test scoping::view::tests::test_squeeze::case_46 ... ok
[INFO] [stdout] test scoping::view::tests::test_squeeze::case_45 ... ok
[INFO] [stdout] test scoping::view::tests::test_squeeze::case_47 ... ok
[INFO] [stdout] test scoping::view::tests::test_squeeze::case_41 ... ok
[INFO] [stdout] test scoping::view::tests::test_squeeze::case_48 ... ok
[INFO] [stdout] test scoping::view::tests::test_squeeze::case_49 ... ok
[INFO] [stdout] test scoping::view::tests::test_squeeze::case_50 ... ok
[INFO] [stdout] test scoping::view::tests::test_squeeze::case_51 ... ok
[INFO] [stdout] test scoping::view::tests::test_squeeze::case_43 ... ok
[INFO] [stdout] test scoping::view::tests::test_squeeze::case_56 ... ok
[INFO] [stdout] test scoping::view::tests::test_squeeze::case_55 ... ok
[INFO] [stdout] test scoping::view::tests::test_squeeze::case_58 ... ok
[INFO] [stdout] test scoping::view::tests::test_squeeze::case_52 ... ok
[INFO] [stdout] test scoping::view::tests::test_squeeze::case_53 ... ok
[INFO] [stdout] test scoping::view::tests::test_squeeze::case_54 ... ok
[INFO] [stdout] test scoping::view::tests::test_squeeze::case_57 ... ok
[INFO] [stdout] test scoping::regex::tests::fuzzyish::test_regex_scoping_randomly ... ok
[INFO] [stdout] test actions::german::words::properties::test_wordcasing_does_not_panic ... ok
[INFO] [stdout] 
[INFO] [stdout] test result: ok. 354 passed; 0 failed; 0 ignored; 0 measured; 0 filtered out; finished in 1.04s
[INFO] [stdout] 
[INFO] [stderr]      Running unittests src/main.rs (/opt/rustwide/target/debug/deps/srgn-41e33fcf0860a20c)
[INFO] [stdout] 
[INFO] [stdout] running 40 tests
[INFO] [stdout] test tests::test_level_filter_from_env_and_verbosity::case_01 ... ok
[INFO] [stdout] test tests::test_level_filter_from_env_and_verbosity::case_04 ... ok
[INFO] [stdout] test tests::test_level_filter_from_env_and_verbosity::case_06 ... ok
[INFO] [stdout] test tests::test_level_filter_from_env_and_verbosity::case_05 ... ok
[INFO] [stdout] test tests::test_level_filter_from_env_and_verbosity::case_02 ... ok
[INFO] [stdout] test tests::test_level_filter_from_env_and_verbosity::case_03 ... ok
[INFO] [stdout] test tests::test_level_filter_from_env_and_verbosity::case_07 ... ok
[INFO] [stdout] test tests::test_level_filter_from_env_and_verbosity::case_10 ... ok
[INFO] [stdout] test tests::test_level_filter_from_env_and_verbosity::case_09 ... ok
[INFO] [stdout] test tests::test_level_filter_from_env_and_verbosity::case_08 ... ok
[INFO] [stdout] test tests::test_level_filter_from_env_and_verbosity::case_13 ... ok
[INFO] [stdout] test tests::test_level_filter_from_env_and_verbosity::case_15 ... ok
[INFO] [stdout] test tests::test_level_filter_from_env_and_verbosity::case_14 ... ok
[INFO] [stdout] test tests::test_level_filter_from_env_and_verbosity::case_17 ... ok
[INFO] [stdout] test tests::test_level_filter_from_env_and_verbosity::case_16 ... ok
[INFO] [stdout] test tests::test_level_filter_from_env_and_verbosity::case_19 ... ok
[INFO] [stdout] test tests::test_level_filter_from_env_and_verbosity::case_21 ... ok
[INFO] [stdout] test tests::test_level_filter_from_env_and_verbosity::case_24 ... ok
[INFO] [stdout] test tests::test_level_filter_from_env_and_verbosity::case_11 ... ok
[INFO] [stdout] test tests::test_level_filter_from_env_and_verbosity::case_25 ... ok
[INFO] [stdout] test tests::test_level_filter_from_env_and_verbosity::case_18 ... ok
[INFO] [stdout] test tests::test_level_filter_from_env_and_verbosity::case_20 ... ok
[INFO] [stdout] test tests::test_level_filter_from_env_and_verbosity::case_23 ... ok
[INFO] [stdout] test tests::test_level_filter_from_env_and_verbosity::case_27 ... ok
[INFO] [stdout] test tests::test_level_filter_from_env_and_verbosity::case_12 ... ok
[INFO] [stdout] test tests::test_level_filter_from_env_and_verbosity::case_26 ... ok
[INFO] [stdout] test tests::test_level_filter_from_env_and_verbosity::case_31 ... ok
[INFO] [stdout] test tests::test_level_filter_from_env_and_verbosity::case_28 ... ok
[INFO] [stdout] test tests::test_level_filter_from_env_and_verbosity::case_32 ... ok
[INFO] [stdout] test tests::test_level_filter_from_env_and_verbosity::case_33 ... ok
[INFO] [stdout] test tests::test_level_filter_from_env_and_verbosity::case_22 ... ok
[INFO] [stdout] test tests::test_level_filter_from_env_and_verbosity::case_29 ... ok
[INFO] [stdout] test tests::test_level_filter_from_env_and_verbosity::case_30 ... ok
[INFO] [stdout] test tests::test_level_filter_from_env_and_verbosity::case_34 ... ok
[INFO] [stdout] test tests::test_level_filter_from_env_and_verbosity::case_40 ... ok
[INFO] [stdout] test tests::test_level_filter_from_env_and_verbosity::case_36 ... ok
[INFO] [stdout] test tests::test_level_filter_from_env_and_verbosity::case_37 ... ok
[INFO] [stdout] test tests::test_level_filter_from_env_and_verbosity::case_38 ... ok
[INFO] [stdout] test tests::test_level_filter_from_env_and_verbosity::case_39 ... ok
[INFO] [stdout] test tests::test_level_filter_from_env_and_verbosity::case_35 ... ok
[INFO] [stdout] 
[INFO] [stdout] test result: ok. 40 passed; 0 failed; 0 ignored; 0 measured; 0 filtered out; finished in 0.00s
[INFO] [stdout] 
[INFO] [stderr]      Running tests/cli.rs (/opt/rustwide/target/debug/deps/cli-6b6d596e6fd9c6bd)
[INFO] [stdout] 
[INFO] [stdout] running 20 tests
[INFO] [stdout] test tests::test_cli_stdin::n_sample_1_1::args_4_______delete___r__p_Emoji_Presentation____ ... ok
[INFO] [stdout] test tests::test_cli_stdin::n_sample_1_1::args_5_______fail_any___r__d___ ... ok
[INFO] [stdout] test tests::test_cli_stdin::n_sample_1_1::args_1_______german___ ... ok
[INFO] [stdout] test tests::test_cli_stdin::n_sample_1_1::args_2_______symbols___ ... ok
[INFO] [stdout] test tests::test_cli_stdin::n_sample_1_1::args_3_______german_______symbols___ ... ok
[INFO] [stdout] test tests::test_cli_stdin::n_sample_2_2::args_3_______german_______symbols___ ... ok
[INFO] [stdout] test tests::test_cli_stdin::n_sample_2_2::args_1_______german___ ... ok
[INFO] [stdout] test tests::test_cli_stdin::n_sample_2_2::args_5_______fail_any___r__d___ ... ok
[INFO] [stdout] test tests::test_cli_stdin::n_sample_2_2::args_2_______symbols___ ... ok
[INFO] [stdout] test tests::test_cli_stdin::n_sample_2_2::args_4_______delete___r__p_Emoji_Presentation____ ... ok
[INFO] [stdout] test tests::test_cli_stdin::n_sample_3_3::args_2_______symbols___ ... ok
[INFO] [stdout] test tests::test_cli_stdin::n_sample_3_3::args_1_______german___ ... ok
[INFO] [stdout] test tests::test_cli_stdin::n_sample_3_3::args_4_______delete___r__p_Emoji_Presentation____ ... ok
[INFO] [stdout] test tests::test_cli_stdin::n_sample_3_3::args_3_______german_______symbols___ ... ok
[INFO] [stdout] test tests::test_cli_stdin::n_sample_3_3::args_6_______fail_none___r__d___ ... ok
[INFO] [stdout] test tests::test_cli_files::case_1 ... FAILED
[INFO] [stdout] test tests::test_cli_stdin::n_sample_1_1::args_6_______fail_none___r__d___ ... ok
[INFO] [stdout] test tests::test_cli_on_invalid_utf8 - should panic ... ok
[INFO] [stdout] test tests::test_cli_stdin::n_sample_2_2::args_6_______fail_none___r__d___ ... ok
[INFO] [stdout] test tests::test_cli_stdin::n_sample_3_3::args_5_______fail_any___r__d___ ... ok
[INFO] [stdout] 
[INFO] [stdout] failures:
[INFO] [stdout] 
[INFO] [stdout] ---- tests::test_cli_files::case_1 stdout ----
[INFO] [stdout] Running: "git" "restore" "tests/files-option/basic-python/in"
[INFO] [stdout] thread 'tests::test_cli_files::case_1' panicked at tests/cli.rs:106:24:
[INFO] [stdout] Head restoration to not fail: Custom { kind: Other, error: "File restoration failed for tests/files-option/basic-python/in (stderr: 'fatal: not a git repository (or any parent up to mount point /opt/rustwide)\nStopping at filesystem boundary (GIT_DISCOVERY_ACROSS_FILESYSTEM not set).\n', stdout: ''" }
[INFO] [stdout] stack backtrace:
[INFO] [stdout]    0:     0x5589a509f556 - std::backtrace_rs::backtrace::libunwind::trace::h261606ad26a499c1
[INFO] [stdout]                                at /rustc/0e09125c6c3c2fd70d7de961bcf0e51575235fad/library/std/src/../../backtrace/src/backtrace/libunwind.rs:104:5
[INFO] [stdout]    1:     0x5589a509f556 - std::backtrace_rs::backtrace::trace_unsynchronized::hd183f0625477fb28
[INFO] [stdout]                                at /rustc/0e09125c6c3c2fd70d7de961bcf0e51575235fad/library/std/src/../../backtrace/src/backtrace/mod.rs:66:5
[INFO] [stdout]    2:     0x5589a509f556 - std::sys_common::backtrace::_print_fmt::hd7f8fef21b4eda67
[INFO] [stdout]                                at /rustc/0e09125c6c3c2fd70d7de961bcf0e51575235fad/library/std/src/sys_common/backtrace.rs:68:5
[INFO] [stdout]    3:     0x5589a509f556 - <std::sys_common::backtrace::_print::DisplayBacktrace as core::fmt::Display>::fmt::h623d9b51f2f453f1
[INFO] [stdout]                                at /rustc/0e09125c6c3c2fd70d7de961bcf0e51575235fad/library/std/src/sys_common/backtrace.rs:44:22
[INFO] [stdout]    4:     0x5589a50cbb50 - core::fmt::rt::Argument::fmt::h9f417ac76a86f368
[INFO] [stdout]                                at /rustc/0e09125c6c3c2fd70d7de961bcf0e51575235fad/library/core/src/fmt/rt.rs:142:9
[INFO] [stdout]    5:     0x5589a50cbb50 - core::fmt::write::hc9b6faf4ac2aeff7
[INFO] [stdout]                                at /rustc/0e09125c6c3c2fd70d7de961bcf0e51575235fad/library/core/src/fmt/mod.rs:1120:17
[INFO] [stdout]    6:     0x5589a509bedf - std::io::Write::write_fmt::he04625a3a989fec3
[INFO] [stdout]                                at /rustc/0e09125c6c3c2fd70d7de961bcf0e51575235fad/library/std/src/io/mod.rs:1810:15
[INFO] [stdout]    7:     0x5589a509f334 - std::sys_common::backtrace::_print::hd5d66399c7df88a2
[INFO] [stdout]                                at /rustc/0e09125c6c3c2fd70d7de961bcf0e51575235fad/library/std/src/sys_common/backtrace.rs:47:5
[INFO] [stdout]    8:     0x5589a509f334 - std::sys_common::backtrace::print::he81ed2da642d37e5
[INFO] [stdout]                                at /rustc/0e09125c6c3c2fd70d7de961bcf0e51575235fad/library/std/src/sys_common/backtrace.rs:34:9
[INFO] [stdout]    9:     0x5589a50a1127 - std::panicking::default_hook::{{closure}}::h85773f4fa117163d
[INFO] [stdout]   10:     0x5589a50a0e0d - std::panicking::default_hook::h6a1694a91d09b278
[INFO] [stdout]                                at /rustc/0e09125c6c3c2fd70d7de961bcf0e51575235fad/library/std/src/panicking.rs:289:9
[INFO] [stdout]   11:     0x5589a4eb6a97 - <alloc::boxed::Box<F,A> as core::ops::function::Fn<Args>>::call::h616ac37fa3cd6c8f
[INFO] [stdout]                                at /rustc/0e09125c6c3c2fd70d7de961bcf0e51575235fad/library/alloc/src/boxed.rs:2029:9
[INFO] [stdout]   12:     0x5589a4eb6a97 - test::test_main::{{closure}}::h00d84697cefdcbb6
[INFO] [stdout]                                at /rustc/0e09125c6c3c2fd70d7de961bcf0e51575235fad/library/test/src/lib.rs:138:21
[INFO] [stdout]   13:     0x5589a50a1746 - <alloc::boxed::Box<F,A> as core::ops::function::Fn<Args>>::call::hcb3fe3b9bb537ba8
[INFO] [stdout]                                at /rustc/0e09125c6c3c2fd70d7de961bcf0e51575235fad/library/alloc/src/boxed.rs:2029:9
[INFO] [stdout]   14:     0x5589a50a1746 - std::panicking::rust_panic_with_hook::h0a7ad96e90f7145b
[INFO] [stdout]                                at /rustc/0e09125c6c3c2fd70d7de961bcf0e51575235fad/library/std/src/panicking.rs:783:13
[INFO] [stdout]   15:     0x5589a50a1492 - std::panicking::begin_panic_handler::{{closure}}::h7919090525c6485e
[INFO] [stdout]                                at /rustc/0e09125c6c3c2fd70d7de961bcf0e51575235fad/library/std/src/panicking.rs:657:13
[INFO] [stdout]   16:     0x5589a509fa56 - std::sys_common::backtrace::__rust_end_short_backtrace::hf3289479464f7dfe
[INFO] [stdout]                                at /rustc/0e09125c6c3c2fd70d7de961bcf0e51575235fad/library/std/src/sys_common/backtrace.rs:171:18
[INFO] [stdout]   17:     0x5589a50a11f0 - rust_begin_unwind
[INFO] [stdout]                                at /rustc/0e09125c6c3c2fd70d7de961bcf0e51575235fad/library/std/src/panicking.rs:645:5
[INFO] [stdout]   18:     0x5589a4e70025 - core::panicking::panic_fmt::hcc9f77c5c132af55
[INFO] [stdout]                                at /rustc/0e09125c6c3c2fd70d7de961bcf0e51575235fad/library/core/src/panicking.rs:72:14
[INFO] [stdout]   19:     0x5589a4e705c3 - core::result::unwrap_failed::hbe14f498be1452f9
[INFO] [stdout]                                at /rustc/0e09125c6c3c2fd70d7de961bcf0e51575235fad/library/core/src/result.rs:1649:5
[INFO] [stdout]   20:     0x5589a4e734bf - core::result::Result<T,E>::expect::ha3e8c6376c9b1bec
[INFO] [stdout]                                at /rustc/0e09125c6c3c2fd70d7de961bcf0e51575235fad/library/core/src/result.rs:1030:23
[INFO] [stdout]   21:     0x5589a4e7fb68 - cli::tests::test_cli_files::h3de74c0ad16f0820
[INFO] [stdout]                                at /opt/rustwide/workdir/tests/cli.rs:106:9
[INFO] [stdout]   22:     0x5589a4e777f0 - cli::tests::test_cli_files::case_1::hecb1aa2b0b8e3255
[INFO] [stdout]                                at /opt/rustwide/workdir/tests/cli.rs:99:5
[INFO] [stdout]   23:     0x5589a4e776f7 - cli::tests::test_cli_files::case_1::{{closure}}::h344ccc5cb26e9734
[INFO] [stdout]                                at /opt/rustwide/workdir/tests/cli.rs:99:14
[INFO] [stdout]   24:     0x5589a4e781f6 - core::ops::function::FnOnce::call_once::h8d045df4aa7694ae
[INFO] [stdout]                                at /rustc/0e09125c6c3c2fd70d7de961bcf0e51575235fad/library/core/src/ops/function.rs:250:5
[INFO] [stdout]   25:     0x5589a4ebc36f - core::ops::function::FnOnce::call_once::hd64d26f405258157
[INFO] [stdout]                                at /rustc/0e09125c6c3c2fd70d7de961bcf0e51575235fad/library/core/src/ops/function.rs:250:5
[INFO] [stdout]   26:     0x5589a4ebc36f - test::__rust_begin_short_backtrace::he21b0b7a6d731bf9
[INFO] [stdout]                                at /rustc/0e09125c6c3c2fd70d7de961bcf0e51575235fad/library/test/src/lib.rs:627:18
[INFO] [stdout]   27:     0x5589a4ebb0f1 - test::run_test_in_process::{{closure}}::hf5c73986d7bdfde2
[INFO] [stdout]                                at /rustc/0e09125c6c3c2fd70d7de961bcf0e51575235fad/library/test/src/lib.rs:650:60
[INFO] [stdout]   28:     0x5589a4ebb0f1 - <core::panic::unwind_safe::AssertUnwindSafe<F> as core::ops::function::FnOnce<()>>::call_once::h330011ad032aadc0
[INFO] [stdout]                                at /rustc/0e09125c6c3c2fd70d7de961bcf0e51575235fad/library/core/src/panic/unwind_safe.rs:272:9
[INFO] [stdout]   29:     0x5589a4ebb0f1 - std::panicking::try::do_call::he61b0a958b795a41
[INFO] [stdout]                                at /rustc/0e09125c6c3c2fd70d7de961bcf0e51575235fad/library/std/src/panicking.rs:552:40
[INFO] [stdout]   30:     0x5589a4ebb0f1 - std::panicking::try::h7309da130f906eb7
[INFO] [stdout]                                at /rustc/0e09125c6c3c2fd70d7de961bcf0e51575235fad/library/std/src/panicking.rs:516:19
[INFO] [stdout]   31:     0x5589a4ebb0f1 - std::panic::catch_unwind::hc5c3a06fdaf0a92a
[INFO] [stdout]                                at /rustc/0e09125c6c3c2fd70d7de961bcf0e51575235fad/library/std/src/panic.rs:142:14
[INFO] [stdout]   32:     0x5589a4ebb0f1 - test::run_test_in_process::h7e7b7c71c3324e0f
[INFO] [stdout]                                at /rustc/0e09125c6c3c2fd70d7de961bcf0e51575235fad/library/test/src/lib.rs:650:27
[INFO] [stdout]   33:     0x5589a4ebb0f1 - test::run_test::{{closure}}::h1f509f28f5cf20b1
[INFO] [stdout]                                at /rustc/0e09125c6c3c2fd70d7de961bcf0e51575235fad/library/test/src/lib.rs:573:43
[INFO] [stdout]   34:     0x5589a4e82426 - test::run_test::{{closure}}::h1754218abf443f6d
[INFO] [stdout]                                at /rustc/0e09125c6c3c2fd70d7de961bcf0e51575235fad/library/test/src/lib.rs:601:41
[INFO] [stdout]   35:     0x5589a4e82426 - std::sys_common::backtrace::__rust_begin_short_backtrace::h2ee174b9d5954948
[INFO] [stdout]                                at /rustc/0e09125c6c3c2fd70d7de961bcf0e51575235fad/library/std/src/sys_common/backtrace.rs:155:18
[INFO] [stdout]   36:     0x5589a4e87487 - std::thread::Builder::spawn_unchecked_::{{closure}}::{{closure}}::hf60bee9c1a17ef09
[INFO] [stdout]                                at /rustc/0e09125c6c3c2fd70d7de961bcf0e51575235fad/library/std/src/thread/mod.rs:529:17
[INFO] [stdout]   37:     0x5589a4e87487 - <core::panic::unwind_safe::AssertUnwindSafe<F> as core::ops::function::FnOnce<()>>::call_once::h33d0dddec5216160
[INFO] [stdout]                                at /rustc/0e09125c6c3c2fd70d7de961bcf0e51575235fad/library/core/src/panic/unwind_safe.rs:272:9
[INFO] [stdout]   38:     0x5589a4e87487 - std::panicking::try::do_call::h144b3048b546f835
[INFO] [stdout]                                at /rustc/0e09125c6c3c2fd70d7de961bcf0e51575235fad/library/std/src/panicking.rs:552:40
[INFO] [stdout]   39:     0x5589a4e87487 - std::panicking::try::h978244d04646189f
[INFO] [stdout]                                at /rustc/0e09125c6c3c2fd70d7de961bcf0e51575235fad/library/std/src/panicking.rs:516:19
[INFO] [stdout]   40:     0x5589a4e87487 - std::panic::catch_unwind::hdf436369d188fe86
[INFO] [stdout]                                at /rustc/0e09125c6c3c2fd70d7de961bcf0e51575235fad/library/std/src/panic.rs:142:14
[INFO] [stdout]   41:     0x5589a4e87487 - std::thread::Builder::spawn_unchecked_::{{closure}}::h87329cbdd33c79ec
[INFO] [stdout]                                at /rustc/0e09125c6c3c2fd70d7de961bcf0e51575235fad/library/std/src/thread/mod.rs:528:30
[INFO] [stdout]   42:     0x5589a4e87487 - core::ops::function::FnOnce::call_once{{vtable.shim}}::h401abbe67897d450
[INFO] [stdout]                                at /rustc/0e09125c6c3c2fd70d7de961bcf0e51575235fad/library/core/src/ops/function.rs:250:5
[INFO] [stdout]   43:     0x5589a50a73c5 - <alloc::boxed::Box<F,A> as core::ops::function::FnOnce<Args>>::call_once::h5d7c8f150ab9c84c
[INFO] [stdout]                                at /rustc/0e09125c6c3c2fd70d7de961bcf0e51575235fad/library/alloc/src/boxed.rs:2015:9
[INFO] [stdout]   44:     0x5589a50a73c5 - <alloc::boxed::Box<F,A> as core::ops::function::FnOnce<Args>>::call_once::h570d5b005c242c15
[INFO] [stdout]                                at /rustc/0e09125c6c3c2fd70d7de961bcf0e51575235fad/library/alloc/src/boxed.rs:2015:9
[INFO] [stdout]   45:     0x5589a50a73c5 - std::sys::unix::thread::Thread::new::thread_start::h36b0a20c0b2361ad
[INFO] [stdout]                                at /rustc/0e09125c6c3c2fd70d7de961bcf0e51575235fad/library/std/src/sys/unix/thread.rs:108:17
[INFO] [stdout]   46:     0x7fe2ddaf0ac3 - <unknown>
[INFO] [stdout]   47:     0x7fe2ddb81bf4 - __clone
[INFO] [stdout]   48:                0x0 - <unknown>
[INFO] [stdout] 
[INFO] [stdout] 
[INFO] [stdout] failures:
[INFO] [stdout]     tests::test_cli_files::case_1
[INFO] [stdout] 
[INFO] [stdout] test result: FAILED. 19 passed; 1 failed; 0 ignored; 0 measured; 0 filtered out; finished in 0.26s
[INFO] [stdout] 
[INFO] [stderr] error: test failed, to rerun pass `--test cli`
[INFO] running `Command { std: "docker" "inspect" "62cbfad49bebc72bfd8886ea8060014fe6d425c99f7f7e0fe6aa6f6e4fee2785", kill_on_drop: false }`
[INFO] running `Command { std: "docker" "rm" "-f" "62cbfad49bebc72bfd8886ea8060014fe6d425c99f7f7e0fe6aa6f6e4fee2785", kill_on_drop: false }`
[INFO] [stdout] 62cbfad49bebc72bfd8886ea8060014fe6d425c99f7f7e0fe6aa6f6e4fee2785
