[INFO] fetching crate sqlx_migrator 0.10.0...
[INFO] testing sqlx_migrator-0.10.0 against 1.75.0 for beta-1.76-1
[INFO] extracting crate sqlx_migrator 0.10.0 into /workspace/builds/worker-0-tc1/source
[INFO] validating manifest of crates.io crate sqlx_migrator 0.10.0 on toolchain 1.75.0
[INFO] running `Command { std: CARGO_HOME="/workspace/cargo-home" RUSTUP_HOME="/workspace/rustup-home" "/workspace/cargo-home/bin/cargo" "+1.75.0" "metadata" "--manifest-path" "Cargo.toml" "--no-deps", kill_on_drop: false }`
[INFO] started tweaking crates.io crate sqlx_migrator 0.10.0
[INFO] removed 0 missing examples
[INFO] finished tweaking crates.io crate sqlx_migrator 0.10.0
[INFO] tweaked toml for crates.io crate sqlx_migrator 0.10.0 written to /workspace/builds/worker-0-tc1/source/Cargo.toml
[INFO] crate crates.io crate sqlx_migrator 0.10.0 already has a lockfile, it will not be regenerated
[INFO] running `Command { std: CARGO_HOME="/workspace/cargo-home" RUSTUP_HOME="/workspace/rustup-home" "/workspace/cargo-home/bin/cargo" "+1.75.0" "fetch" "--manifest-path" "Cargo.toml", kill_on_drop: false }`
[INFO] [stderr]  Downloading crates ...
[INFO] [stderr]   Downloaded rsa v0.9.4
[INFO] [stderr]   Downloaded atomic-write-file v0.1.0
[INFO] running `Command { std: "docker" "create" "-v" "/var/lib/crater-agent-workspace/builds/worker-0-tc1/target:/opt/rustwide/target:rw,Z" "-v" "/var/lib/crater-agent-workspace/builds/worker-0-tc1/source:/opt/rustwide/workdir:ro,Z" "-v" "/var/lib/crater-agent-workspace/cargo-home:/opt/rustwide/cargo-home:ro,Z" "-v" "/var/lib/crater-agent-workspace/rustup-home:/opt/rustwide/rustup-home:ro,Z" "-e" "SOURCE_DIR=/opt/rustwide/workdir" "-e" "CARGO_TARGET_DIR=/opt/rustwide/target" "-e" "CARGO_HOME=/opt/rustwide/cargo-home" "-e" "RUSTUP_HOME=/opt/rustwide/rustup-home" "-w" "/opt/rustwide/workdir" "-m" "1610612736" "--user" "0:0" "--network" "none" "ghcr.io/rust-lang/crates-build-env/linux@sha256:2788e3201cd34a07e3172128adcd8b3090168a8e3bcc40d7c032b9dda1df7d1c" "/opt/rustwide/cargo-home/bin/cargo" "+1.75.0" "metadata" "--no-deps" "--format-version=1", kill_on_drop: false }`
[INFO] [stdout] 24839226ba228c7bf6cbe154787f8af78689b61031f25be1c2251dfb5a7d71a8
[INFO] running `Command { std: "docker" "start" "-a" "24839226ba228c7bf6cbe154787f8af78689b61031f25be1c2251dfb5a7d71a8", kill_on_drop: false }`
[INFO] running `Command { std: "docker" "inspect" "24839226ba228c7bf6cbe154787f8af78689b61031f25be1c2251dfb5a7d71a8", kill_on_drop: false }`
[INFO] running `Command { std: "docker" "rm" "-f" "24839226ba228c7bf6cbe154787f8af78689b61031f25be1c2251dfb5a7d71a8", kill_on_drop: false }`
[INFO] [stdout] 24839226ba228c7bf6cbe154787f8af78689b61031f25be1c2251dfb5a7d71a8
[INFO] running `Command { std: "docker" "create" "-v" "/var/lib/crater-agent-workspace/builds/worker-0-tc1/target:/opt/rustwide/target:rw,Z" "-v" "/var/lib/crater-agent-workspace/builds/worker-0-tc1/source:/opt/rustwide/workdir:ro,Z" "-v" "/var/lib/crater-agent-workspace/cargo-home:/opt/rustwide/cargo-home:ro,Z" "-v" "/var/lib/crater-agent-workspace/rustup-home:/opt/rustwide/rustup-home:ro,Z" "-e" "SOURCE_DIR=/opt/rustwide/workdir" "-e" "CARGO_TARGET_DIR=/opt/rustwide/target" "-e" "CARGO_INCREMENTAL=0" "-e" "RUST_BACKTRACE=full" "-e" "RUSTFLAGS=--cap-lints=warn" "-e" "RUSTDOCFLAGS=--cap-lints=warn" "-e" "CARGO_HOME=/opt/rustwide/cargo-home" "-e" "RUSTUP_HOME=/opt/rustwide/rustup-home" "-w" "/opt/rustwide/workdir" "-m" "1610612736" "--user" "0:0" "--network" "none" "ghcr.io/rust-lang/crates-build-env/linux@sha256:2788e3201cd34a07e3172128adcd8b3090168a8e3bcc40d7c032b9dda1df7d1c" "/opt/rustwide/cargo-home/bin/cargo" "+1.75.0" "build" "--frozen" "--message-format=json", kill_on_drop: false }`
[INFO] [stdout] ef6fd7eafdd8969f0424fa7e9ecd83ee5dbb83ce378c0f9c69798ba5a6c1d9e3
[INFO] running `Command { std: "docker" "start" "-a" "ef6fd7eafdd8969f0424fa7e9ecd83ee5dbb83ce378c0f9c69798ba5a6c1d9e3", kill_on_drop: false }`
[INFO] [stderr]    Compiling cfg-if v1.0.0
[INFO] [stderr]    Compiling autocfg v1.1.0
[INFO] [stderr]    Compiling version_check v0.9.4
[INFO] [stderr]    Compiling proc-macro2 v1.0.69
[INFO] [stderr]    Compiling unicode-ident v1.0.12
[INFO] [stderr]    Compiling libc v0.2.150
[INFO] [stderr]    Compiling once_cell v1.18.0
[INFO] [stderr]    Compiling typenum v1.17.0
[INFO] [stderr]    Compiling zerocopy v0.7.26
[INFO] [stderr]    Compiling parking_lot_core v0.9.9
[INFO] [stderr]    Compiling futures-core v0.3.29
[INFO] [stderr]    Compiling smallvec v1.11.2
[INFO] [stderr]    Compiling allocator-api2 v0.2.16
[INFO] [stderr]    Compiling serde v1.0.193
[INFO] [stderr]    Compiling scopeguard v1.2.0
[INFO] [stderr]    Compiling tinyvec_macros v0.1.1
[INFO] [stderr]    Compiling memchr v2.6.4
[INFO] [stderr]    Compiling tinyvec v1.6.0
[INFO] [stderr]    Compiling futures-task v0.3.29
[INFO] [stderr]    Compiling crossbeam-utils v0.8.16
[INFO] [stderr]    Compiling pin-utils v0.1.0
[INFO] [stderr]    Compiling unicode-bidi v0.3.13
[INFO] [stderr]    Compiling equivalent v1.0.1
[INFO] [stderr]    Compiling ahash v0.8.6
[INFO] [stderr]    Compiling generic-array v0.14.7
[INFO] [stderr]    Compiling crossbeam-queue v0.3.8
[INFO] [stderr]    Compiling lock_api v0.4.11
[INFO] [stderr]    Compiling num-traits v0.2.17
[INFO] [stderr]    Compiling slab v0.4.9
[INFO] [stderr]    Compiling memoffset v0.7.1
[INFO] [stderr]    Compiling thiserror v1.0.50
[INFO] [stderr]    Compiling paste v1.0.14
[INFO] [stderr]    Compiling futures-channel v0.3.29
[INFO] [stderr]    Compiling percent-encoding v2.3.1
[INFO] [stderr]    Compiling futures-sink v0.3.29
[INFO] [stderr]    Compiling quote v1.0.33
[INFO] [stderr]    Compiling futures-util v0.3.29
[INFO] [stderr]    Compiling minimal-lexical v0.2.1
[INFO] [stderr]    Compiling pin-project-lite v0.2.13
[INFO] [stderr]    Compiling syn v2.0.39
[INFO] [stderr]    Compiling form_urlencoded v1.2.1
[INFO] [stderr]    Compiling unicode-normalization v0.1.22
[INFO] [stderr]    Compiling nom v7.1.3
[INFO] [stderr]    Compiling tracing-core v0.1.32
[INFO] [stderr]    Compiling futures-io v0.3.29
[INFO] [stderr]    Compiling rustix v0.38.25
[INFO] [stderr]    Compiling unicode_categories v0.1.1
[INFO] [stderr]    Compiling getrandom v0.2.11
[INFO] [stderr]    Compiling cpufeatures v0.2.11
[INFO] [stderr]    Compiling log v0.4.20
[INFO] [stderr]    Compiling unicode-segmentation v1.10.1
[INFO] [stderr]    Compiling ppv-lite86 v0.2.17
[INFO] [stderr]    Compiling idna v0.5.0
[INFO] [stderr]    Compiling byteorder v1.5.0
[INFO] [stderr]    Compiling heck v0.4.1
[INFO] [stderr]    Compiling syn v1.0.109
[INFO] [stderr]    Compiling hex v0.4.3
[INFO] [stderr]    Compiling bytes v1.5.0
[INFO] [stderr]    Compiling event-listener v2.5.3
[INFO] [stderr]    Compiling url v2.5.0
[INFO] [stderr]    Compiling atoi v2.0.0
[INFO] [stderr]    Compiling serde_json v1.0.108
[INFO] [stderr]    Compiling linux-raw-sys v0.4.11
[INFO] [stderr]    Compiling block-buffer v0.10.4
[INFO] [stderr]    Compiling rand_core v0.6.4
[INFO] [stderr]    Compiling crypto-common v0.1.6
[INFO] [stderr]    Compiling parking_lot v0.12.1
[INFO] [stderr]    Compiling dotenvy v0.15.7
[INFO] [stderr]    Compiling bitflags v2.4.1
[INFO] [stderr]    Compiling bitflags v1.3.2
[INFO] [stderr]    Compiling rand_chacha v0.3.1
[INFO] [stderr]    Compiling futures-intrusive v0.5.0
[INFO] [stderr]    Compiling nix v0.26.4
[INFO] [stderr]    Compiling hashbrown v0.14.2
[INFO] [stderr]    Compiling digest v0.10.7
[INFO] [stderr]    Compiling ryu v1.0.15
[INFO] [stderr]    Compiling rand v0.8.5
[INFO] [stderr]    Compiling utf8parse v0.2.1
[INFO] [stderr]    Compiling fastrand v2.0.1
[INFO] [stderr]    Compiling itoa v1.0.9
[INFO] [stderr]    Compiling anstyle-parse v0.2.2
[INFO] [stderr]    Compiling sha2 v0.10.8
[INFO] [stderr]    Compiling colorchoice v1.0.0
[INFO] [stderr]    Compiling crc-catalog v2.4.0
[INFO] [stderr]    Compiling anstyle-query v1.0.0
[INFO] [stderr]    Compiling anstyle v1.0.4
[INFO] [stderr]    Compiling crc v3.0.1
[INFO] [stderr]    Compiling indexmap v2.1.0
[INFO] [stderr]    Compiling hashlink v0.8.4
[INFO] [stderr]    Compiling anstream v0.6.4
[INFO] [stderr]    Compiling strsim v0.10.0
[INFO] [stderr]    Compiling async-trait v0.1.74
[INFO] [stderr]    Compiling clap_lex v0.6.0
[INFO] [stderr]    Compiling clap_builder v4.4.8
[INFO] [stderr]    Compiling tempfile v3.8.1
[INFO] [stderr]    Compiling serde_derive v1.0.193
[INFO] [stderr]    Compiling thiserror-impl v1.0.50
[INFO] [stderr]    Compiling tracing-attributes v0.1.27
[INFO] [stderr]    Compiling clap_derive v4.4.7
[INFO] [stderr]    Compiling atomic-write-file v0.1.0
[INFO] [stderr]    Compiling tracing v0.1.40
[INFO] [stderr]    Compiling clap v4.4.8
[INFO] [stderr]    Compiling either v1.9.0
[INFO] [stderr]    Compiling itertools v0.11.0
[INFO] [stderr]    Compiling sqlformat v0.2.2
[INFO] [stderr]    Compiling sqlx-core v0.7.3
[INFO] [stderr]    Compiling sqlx-macros-core v0.7.3
[INFO] [stderr]    Compiling sqlx-macros v0.7.3
[INFO] [stderr]    Compiling sqlx v0.7.3
[INFO] [stderr]    Compiling sqlx_migrator v0.10.0 (/opt/rustwide/workdir)
[INFO] [stderr]     Finished dev [unoptimized + debuginfo] target(s) in 22.83s
[INFO] running `Command { std: "docker" "inspect" "ef6fd7eafdd8969f0424fa7e9ecd83ee5dbb83ce378c0f9c69798ba5a6c1d9e3", kill_on_drop: false }`
[INFO] running `Command { std: "docker" "rm" "-f" "ef6fd7eafdd8969f0424fa7e9ecd83ee5dbb83ce378c0f9c69798ba5a6c1d9e3", kill_on_drop: false }`
[INFO] [stdout] ef6fd7eafdd8969f0424fa7e9ecd83ee5dbb83ce378c0f9c69798ba5a6c1d9e3
[INFO] running `Command { std: "docker" "create" "-v" "/var/lib/crater-agent-workspace/builds/worker-0-tc1/target:/opt/rustwide/target:rw,Z" "-v" "/var/lib/crater-agent-workspace/builds/worker-0-tc1/source:/opt/rustwide/workdir:ro,Z" "-v" "/var/lib/crater-agent-workspace/cargo-home:/opt/rustwide/cargo-home:ro,Z" "-v" "/var/lib/crater-agent-workspace/rustup-home:/opt/rustwide/rustup-home:ro,Z" "-e" "SOURCE_DIR=/opt/rustwide/workdir" "-e" "CARGO_TARGET_DIR=/opt/rustwide/target" "-e" "CARGO_INCREMENTAL=0" "-e" "RUST_BACKTRACE=full" "-e" "RUSTFLAGS=--cap-lints=warn" "-e" "RUSTDOCFLAGS=--cap-lints=warn" "-e" "CARGO_HOME=/opt/rustwide/cargo-home" "-e" "RUSTUP_HOME=/opt/rustwide/rustup-home" "-w" "/opt/rustwide/workdir" "-m" "1610612736" "--user" "0:0" "--network" "none" "ghcr.io/rust-lang/crates-build-env/linux@sha256:2788e3201cd34a07e3172128adcd8b3090168a8e3bcc40d7c032b9dda1df7d1c" "/opt/rustwide/cargo-home/bin/cargo" "+1.75.0" "test" "--frozen" "--no-run" "--message-format=json", kill_on_drop: false }`
[INFO] [stdout] dd2905c3ca4e3e972a73cadb9000a7c6776cc747c273989ba8536a75dd933995
[INFO] running `Command { std: "docker" "start" "-a" "dd2905c3ca4e3e972a73cadb9000a7c6776cc747c273989ba8536a75dd933995", kill_on_drop: false }`
[INFO] [stderr]    Compiling spin v0.9.8
[INFO] [stderr]    Compiling untrusted v0.9.0
[INFO] [stderr]    Compiling futures-core v0.3.29
[INFO] [stderr]    Compiling cc v1.0.83
[INFO] [stderr]    Compiling rustls v0.21.9
[INFO] [stderr]    Compiling mio v0.8.9
[INFO] [stderr]    Compiling socket2 v0.5.5
[INFO] [stderr]    Compiling serde_json v1.0.108
[INFO] [stderr]    Compiling base64 v0.21.5
[INFO] [stderr]    Compiling webpki-roots v0.25.3
[INFO] [stderr]    Compiling tokio-macros v2.2.0
[INFO] [stderr]    Compiling num_cpus v1.16.0
[INFO] [stderr]    Compiling rustls-pemfile v1.0.4
[INFO] [stderr]    Compiling futures-channel v0.3.29
[INFO] [stderr]    Compiling futures-util v0.3.29
[INFO] [stderr]    Compiling futures-intrusive v0.5.0
[INFO] [stderr]    Compiling tokio v1.34.0
[INFO] [stderr]    Compiling ring v0.17.5
[INFO] [stderr]    Compiling tokio-stream v0.1.14
[INFO] [stderr]    Compiling sct v0.7.1
[INFO] [stderr]    Compiling rustls-webpki v0.101.7
[INFO] [stderr]    Compiling sqlx-core v0.7.3
[INFO] [stderr]    Compiling sqlx-macros-core v0.7.3
[INFO] [stderr]    Compiling sqlx-macros v0.7.3
[INFO] [stderr]    Compiling sqlx v0.7.3
[INFO] [stderr]    Compiling sqlx_migrator v0.10.0 (/opt/rustwide/workdir)
[INFO] [stdout] warning: external crate `tokio` unused in `sqlx_migrator`: remove the dependency or add `use tokio as _;`
[INFO] [stdout]   |
[INFO] [stdout]   = note: requested on the command line with `-W unused-crate-dependencies`
[INFO] [stdout] 
[INFO] [stdout] 
[INFO] [stdout] warning: 1 warning emitted
[INFO] [stdout] 
[INFO] [stdout] 
[INFO] [stderr]     Finished test [unoptimized + debuginfo] target(s) in 16.29s
[INFO] running `Command { std: "docker" "inspect" "dd2905c3ca4e3e972a73cadb9000a7c6776cc747c273989ba8536a75dd933995", kill_on_drop: false }`
[INFO] running `Command { std: "docker" "rm" "-f" "dd2905c3ca4e3e972a73cadb9000a7c6776cc747c273989ba8536a75dd933995", kill_on_drop: false }`
[INFO] [stdout] dd2905c3ca4e3e972a73cadb9000a7c6776cc747c273989ba8536a75dd933995
[INFO] running `Command { std: "docker" "create" "-v" "/var/lib/crater-agent-workspace/builds/worker-0-tc1/target:/opt/rustwide/target:rw,Z" "-v" "/var/lib/crater-agent-workspace/builds/worker-0-tc1/source:/opt/rustwide/workdir:ro,Z" "-v" "/var/lib/crater-agent-workspace/cargo-home:/opt/rustwide/cargo-home:ro,Z" "-v" "/var/lib/crater-agent-workspace/rustup-home:/opt/rustwide/rustup-home:ro,Z" "-e" "SOURCE_DIR=/opt/rustwide/workdir" "-e" "CARGO_TARGET_DIR=/opt/rustwide/target" "-e" "CARGO_INCREMENTAL=0" "-e" "RUST_BACKTRACE=full" "-e" "RUSTFLAGS=--cap-lints=warn" "-e" "RUSTDOCFLAGS=--cap-lints=warn" "-e" "CARGO_HOME=/opt/rustwide/cargo-home" "-e" "RUSTUP_HOME=/opt/rustwide/rustup-home" "-w" "/opt/rustwide/workdir" "-m" "1610612736" "--user" "0:0" "--network" "none" "ghcr.io/rust-lang/crates-build-env/linux@sha256:2788e3201cd34a07e3172128adcd8b3090168a8e3bcc40d7c032b9dda1df7d1c" "/opt/rustwide/cargo-home/bin/cargo" "+1.75.0" "test" "--frozen", kill_on_drop: false }`
[INFO] [stdout] 5e075d165c9971693067f2e7cb2b2988884910f58cf061b50c8025c1030e0c9e
[INFO] running `Command { std: "docker" "start" "-a" "5e075d165c9971693067f2e7cb2b2988884910f58cf061b50c8025c1030e0c9e", kill_on_drop: false }`
[INFO] [stderr] warning: external crate `tokio` unused in `sqlx_migrator`: remove the dependency or add `use tokio as _;`
[INFO] [stderr]   |
[INFO] [stderr]   = note: requested on the command line with `-W unused-crate-dependencies`
[INFO] [stderr] 
[INFO] [stderr] warning: `sqlx_migrator` (lib test) generated 1 warning
[INFO] [stderr]     Finished test [unoptimized + debuginfo] target(s) in 0.13s
[INFO] [stderr]      Running unittests src/lib.rs (/opt/rustwide/target/debug/deps/sqlx_migrator-cb31496406719018)
[INFO] [stdout] 
[INFO] [stdout] running 0 tests
[INFO] [stdout] 
[INFO] [stdout] test result: ok. 0 passed; 0 failed; 0 ignored; 0 measured; 0 filtered out; finished in 0.00s
[INFO] [stdout] 
[INFO] [stderr]    Doc-tests sqlx_migrator
[INFO] [stdout] 
[INFO] [stdout] running 3 tests
[INFO] [stdout] test src/operation.rs - operation (line 7) - compile ... FAILED
[INFO] [stdout] test src/migration.rs - migration (line 7) - compile ... FAILED
[INFO] [stdout] test src/migrator/mod.rs - migrator (line 13) - compile ... FAILED
[INFO] [stdout] 
[INFO] [stdout] failures:
[INFO] [stdout] 
[INFO] [stdout] ---- src/operation.rs - operation (line 7) stdout ----
[INFO] [stdout] error[E0432]: unresolved import `sqlx_migrator::sqlx::Sqlite`
[INFO] [stdout]   --> src/operation.rs:11:5
[INFO] [stdout]    |
[INFO] [stdout] 7  | use sqlx_migrator::sqlx::Sqlite;
[INFO] [stdout]    |     ^^^^^^^^^^^^^^^^^^^^^^^^^^^ no `Sqlite` in the root
[INFO] [stdout]    |
[INFO] [stdout] note: found an item that was configured out
[INFO] [stdout]   --> /opt/rustwide/cargo-home/registry/src/index.crates.io-6f17d22bba15001f/sqlx-0.7.3/src/lib.rs:45:39
[INFO] [stdout]    |
[INFO] [stdout] 45 | pub use sqlx_sqlite::{self as sqlite, Sqlite, SqliteConnection, SqliteExecutor, SqlitePool};
[INFO] [stdout]    |                                       ^^^^^^
[INFO] [stdout]    = note: the item is gated behind the `sqlite` feature
[INFO] [stdout] 
[INFO] [stdout] error[E0412]: cannot find type `SqliteConnection` in crate `sqlx`
[INFO] [stdout]   --> src/operation.rs:16:47
[INFO] [stdout]    |
[INFO] [stdout] 12 |     async fn up(&self, connection: &mut sqlx::SqliteConnection) -> Result<(), Error> {
[INFO] [stdout]    |                                               ^^^^^^^^^^^^^^^^ not found in `sqlx`
[INFO] [stdout]    |
[INFO] [stdout] note: found an item that was configured out
[INFO] [stdout]   --> /opt/rustwide/cargo-home/registry/src/index.crates.io-6f17d22bba15001f/sqlx-0.7.3/src/lib.rs:45:47
[INFO] [stdout]    |
[INFO] [stdout] 45 | pub use sqlx_sqlite::{self as sqlite, Sqlite, SqliteConnection, SqliteExecutor, SqlitePool};
[INFO] [stdout]    |                                               ^^^^^^^^^^^^^^^^
[INFO] [stdout]    = note: the item is gated behind the `sqlite` feature
[INFO] [stdout] 
[INFO] [stdout] error[E0412]: cannot find type `SqliteConnection` in crate `sqlx`
[INFO] [stdout]   --> src/operation.rs:23:49
[INFO] [stdout]    |
[INFO] [stdout] 19 |     async fn down(&self, connection: &mut sqlx::SqliteConnection) -> Result<(), Error> {
[INFO] [stdout]    |                                                 ^^^^^^^^^^^^^^^^ not found in `sqlx`
[INFO] [stdout]    |
[INFO] [stdout] note: found an item that was configured out
[INFO] [stdout]   --> /opt/rustwide/cargo-home/registry/src/index.crates.io-6f17d22bba15001f/sqlx-0.7.3/src/lib.rs:45:47
[INFO] [stdout]    |
[INFO] [stdout] 45 | pub use sqlx_sqlite::{self as sqlite, Sqlite, SqliteConnection, SqliteExecutor, SqlitePool};
[INFO] [stdout]    |                                               ^^^^^^^^^^^^^^^^
[INFO] [stdout]    = note: the item is gated behind the `sqlite` feature
[INFO] [stdout] 
[INFO] [stdout] error: aborting due to 3 previous errors
[INFO] [stdout] 
[INFO] [stdout] Some errors have detailed explanations: E0412, E0432.
[INFO] [stdout] For more information about an error, try `rustc --explain E0412`.
[INFO] [stdout] Couldn't compile the test.
[INFO] [stdout] ---- src/migration.rs - migration (line 7) stdout ----
[INFO] [stdout] error[E0432]: unresolved import `sqlx_migrator::sqlx::Sqlite`
[INFO] [stdout]   --> src/migration.rs:12:5
[INFO] [stdout]    |
[INFO] [stdout] 8  | use sqlx_migrator::sqlx::Sqlite;
[INFO] [stdout]    |     ^^^^^^^^^^^^^^^^^^^^^^^^^^^ no `Sqlite` in the root
[INFO] [stdout]    |
[INFO] [stdout] note: found an item that was configured out
[INFO] [stdout]   --> /opt/rustwide/cargo-home/registry/src/index.crates.io-6f17d22bba15001f/sqlx-0.7.3/src/lib.rs:45:39
[INFO] [stdout]    |
[INFO] [stdout] 45 | pub use sqlx_sqlite::{self as sqlite, Sqlite, SqliteConnection, SqliteExecutor, SqlitePool};
[INFO] [stdout]    |                                       ^^^^^^
[INFO] [stdout]    = note: the item is gated behind the `sqlite` feature
[INFO] [stdout] 
[INFO] [stdout] error: aborting due to previous error
[INFO] [stdout] 
[INFO] [stdout] For more information about this error, try `rustc --explain E0432`.
[INFO] [stdout] Couldn't compile the test.
[INFO] [stdout] ---- src/migrator/mod.rs - migrator (line 13) stdout ----
[INFO] [stdout] error[E0432]: unresolved import `sqlx::Postgres`
[INFO] [stdout]   --> src/migrator/mod.rs:17:18
[INFO] [stdout]    |
[INFO] [stdout] 7  | use sqlx::{Pool, Postgres};
[INFO] [stdout]    |                  ^^^^^^^^ no `Postgres` in the root
[INFO] [stdout]    |
[INFO] [stdout] note: found an item that was configured out
[INFO] [stdout]   --> /opt/rustwide/cargo-home/registry/src/index.crates.io-6f17d22bba15001f/sqlx-0.7.3/src/lib.rs:40:77
[INFO] [stdout]    |
[INFO] [stdout] 40 | pub use sqlx_postgres::{self as postgres, PgConnection, PgExecutor, PgPool, Postgres};
[INFO] [stdout]    |                                                                             ^^^^^^^^
[INFO] [stdout]    = note: the item is gated behind the `postgres` feature
[INFO] [stdout] 
[INFO] [stdout] error[E0433]: failed to resolve: use of undeclared crate or module `crc32fast`
[INFO] [stdout]    --> src/migrator/mod.rs:110:33
[INFO] [stdout]     |
[INFO] [stdout] 100 |         let lock_id = i64::from(crc32fast::hash(database_name.as_bytes()));
[INFO] [stdout]     |                                 ^^^^^^^^^ use of undeclared crate or module `crc32fast`
[INFO] [stdout] 
[INFO] [stdout] error[E0433]: failed to resolve: use of undeclared crate or module `crc32fast`
[INFO] [stdout]    --> src/migrator/mod.rs:125:33
[INFO] [stdout]     |
[INFO] [stdout] 115 |         let lock_id = i64::from(crc32fast::hash(database_name.as_bytes()));
[INFO] [stdout]     |                                 ^^^^^^^^^ use of undeclared crate or module `crc32fast`
[INFO] [stdout] 
[INFO] [stdout] error: aborting due to 3 previous errors
[INFO] [stdout] 
[INFO] [stdout] Some errors have detailed explanations: E0432, E0433.
[INFO] [stdout] For more information about an error, try `rustc --explain E0432`.
[INFO] [stdout] Couldn't compile the test.
[INFO] [stdout] 
[INFO] [stdout] failures:
[INFO] [stdout]     src/migration.rs - migration (line 7)
[INFO] [stdout]     src/migrator/mod.rs - migrator (line 13)
[INFO] [stdout]     src/operation.rs - operation (line 7)
[INFO] [stdout] 
[INFO] [stdout] test result: FAILED. 0 passed; 3 failed; 0 ignored; 0 measured; 0 filtered out; finished in 0.11s
[INFO] [stdout] 
[INFO] [stderr] error: doctest failed, to rerun pass `--doc`
[INFO] running `Command { std: "docker" "inspect" "5e075d165c9971693067f2e7cb2b2988884910f58cf061b50c8025c1030e0c9e", kill_on_drop: false }`
[INFO] running `Command { std: "docker" "rm" "-f" "5e075d165c9971693067f2e7cb2b2988884910f58cf061b50c8025c1030e0c9e", kill_on_drop: false }`
[INFO] [stdout] 5e075d165c9971693067f2e7cb2b2988884910f58cf061b50c8025c1030e0c9e
