[INFO] fetching crate sqlx-sqlhelper 0.1.0...
[INFO] testing sqlx-sqlhelper-0.1.0 against 1.75.0 for beta-1.76-1
[INFO] extracting crate sqlx-sqlhelper 0.1.0 into /workspace/builds/worker-1-tc1/source
[INFO] validating manifest of crates.io crate sqlx-sqlhelper 0.1.0 on toolchain 1.75.0
[INFO] running `Command { std: CARGO_HOME="/workspace/cargo-home" RUSTUP_HOME="/workspace/rustup-home" "/workspace/cargo-home/bin/cargo" "+1.75.0" "metadata" "--manifest-path" "Cargo.toml" "--no-deps", kill_on_drop: false }`
[INFO] started tweaking crates.io crate sqlx-sqlhelper 0.1.0
[INFO] finished tweaking crates.io crate sqlx-sqlhelper 0.1.0
[INFO] tweaked toml for crates.io crate sqlx-sqlhelper 0.1.0 written to /workspace/builds/worker-1-tc1/source/Cargo.toml
[INFO] running `Command { std: CARGO_HOME="/workspace/cargo-home" RUSTUP_HOME="/workspace/rustup-home" "/workspace/cargo-home/bin/cargo" "+1.75.0" "generate-lockfile" "--manifest-path" "Cargo.toml", kill_on_drop: false }`
[INFO] [stderr]     Updating crates.io index
[INFO] running `Command { std: CARGO_HOME="/workspace/cargo-home" RUSTUP_HOME="/workspace/rustup-home" "/workspace/cargo-home/bin/cargo" "+1.75.0" "fetch" "--manifest-path" "Cargo.toml", kill_on_drop: false }`
[INFO] [stderr]  Downloading crates ...
[INFO] [stderr]   Downloaded sqlx-sqlhelper-proc-macros v0.1.0
[INFO] running `Command { std: "docker" "create" "-v" "/var/lib/crater-agent-workspace/builds/worker-1-tc1/target:/opt/rustwide/target:rw,Z" "-v" "/var/lib/crater-agent-workspace/builds/worker-1-tc1/source:/opt/rustwide/workdir:ro,Z" "-v" "/var/lib/crater-agent-workspace/cargo-home:/opt/rustwide/cargo-home:ro,Z" "-v" "/var/lib/crater-agent-workspace/rustup-home:/opt/rustwide/rustup-home:ro,Z" "-e" "SOURCE_DIR=/opt/rustwide/workdir" "-e" "CARGO_TARGET_DIR=/opt/rustwide/target" "-e" "CARGO_HOME=/opt/rustwide/cargo-home" "-e" "RUSTUP_HOME=/opt/rustwide/rustup-home" "-w" "/opt/rustwide/workdir" "-m" "1610612736" "--user" "0:0" "--network" "none" "ghcr.io/rust-lang/crates-build-env/linux@sha256:2788e3201cd34a07e3172128adcd8b3090168a8e3bcc40d7c032b9dda1df7d1c" "/opt/rustwide/cargo-home/bin/cargo" "+1.75.0" "metadata" "--no-deps" "--format-version=1", kill_on_drop: false }`
[INFO] [stdout] dc49abaabe985b22c659c984afb11c0080a598f0d4f16ec7414eb91e7808f8f9
[INFO] running `Command { std: "docker" "start" "-a" "dc49abaabe985b22c659c984afb11c0080a598f0d4f16ec7414eb91e7808f8f9", kill_on_drop: false }`
[INFO] running `Command { std: "docker" "inspect" "dc49abaabe985b22c659c984afb11c0080a598f0d4f16ec7414eb91e7808f8f9", kill_on_drop: false }`
[INFO] running `Command { std: "docker" "rm" "-f" "dc49abaabe985b22c659c984afb11c0080a598f0d4f16ec7414eb91e7808f8f9", kill_on_drop: false }`
[INFO] [stdout] dc49abaabe985b22c659c984afb11c0080a598f0d4f16ec7414eb91e7808f8f9
[INFO] running `Command { std: "docker" "create" "-v" "/var/lib/crater-agent-workspace/builds/worker-1-tc1/target:/opt/rustwide/target:rw,Z" "-v" "/var/lib/crater-agent-workspace/builds/worker-1-tc1/source:/opt/rustwide/workdir:ro,Z" "-v" "/var/lib/crater-agent-workspace/cargo-home:/opt/rustwide/cargo-home:ro,Z" "-v" "/var/lib/crater-agent-workspace/rustup-home:/opt/rustwide/rustup-home:ro,Z" "-e" "SOURCE_DIR=/opt/rustwide/workdir" "-e" "CARGO_TARGET_DIR=/opt/rustwide/target" "-e" "CARGO_INCREMENTAL=0" "-e" "RUST_BACKTRACE=full" "-e" "RUSTFLAGS=--cap-lints=warn" "-e" "RUSTDOCFLAGS=--cap-lints=warn" "-e" "CARGO_HOME=/opt/rustwide/cargo-home" "-e" "RUSTUP_HOME=/opt/rustwide/rustup-home" "-w" "/opt/rustwide/workdir" "-m" "1610612736" "--user" "0:0" "--network" "none" "ghcr.io/rust-lang/crates-build-env/linux@sha256:2788e3201cd34a07e3172128adcd8b3090168a8e3bcc40d7c032b9dda1df7d1c" "/opt/rustwide/cargo-home/bin/cargo" "+1.75.0" "build" "--frozen" "--message-format=json", kill_on_drop: false }`
[INFO] [stdout] db3f9901a49e3d9aa3de856c05124851c42da32777d73c345489201e42587e45
[INFO] running `Command { std: "docker" "start" "-a" "db3f9901a49e3d9aa3de856c05124851c42da32777d73c345489201e42587e45", kill_on_drop: false }`
[INFO] [stderr]    Compiling proc-macro2 v1.0.75
[INFO] [stderr]    Compiling unicode-ident v1.0.12
[INFO] [stderr]    Compiling syn v1.0.109
[INFO] [stderr]    Compiling Inflector v0.11.4
[INFO] [stderr]    Compiling quote v1.0.35
[INFO] [stderr]    Compiling sqlx-sqlhelper-proc-macros v0.1.0
[INFO] [stderr]    Compiling sqlx-sqlhelper v0.1.0 (/opt/rustwide/workdir)
[INFO] [stderr]     Finished dev [unoptimized + debuginfo] target(s) in 3.26s
[INFO] running `Command { std: "docker" "inspect" "db3f9901a49e3d9aa3de856c05124851c42da32777d73c345489201e42587e45", kill_on_drop: false }`
[INFO] running `Command { std: "docker" "rm" "-f" "db3f9901a49e3d9aa3de856c05124851c42da32777d73c345489201e42587e45", kill_on_drop: false }`
[INFO] [stdout] db3f9901a49e3d9aa3de856c05124851c42da32777d73c345489201e42587e45
[INFO] running `Command { std: "docker" "create" "-v" "/var/lib/crater-agent-workspace/builds/worker-1-tc1/target:/opt/rustwide/target:rw,Z" "-v" "/var/lib/crater-agent-workspace/builds/worker-1-tc1/source:/opt/rustwide/workdir:ro,Z" "-v" "/var/lib/crater-agent-workspace/cargo-home:/opt/rustwide/cargo-home:ro,Z" "-v" "/var/lib/crater-agent-workspace/rustup-home:/opt/rustwide/rustup-home:ro,Z" "-e" "SOURCE_DIR=/opt/rustwide/workdir" "-e" "CARGO_TARGET_DIR=/opt/rustwide/target" "-e" "CARGO_INCREMENTAL=0" "-e" "RUST_BACKTRACE=full" "-e" "RUSTFLAGS=--cap-lints=warn" "-e" "RUSTDOCFLAGS=--cap-lints=warn" "-e" "CARGO_HOME=/opt/rustwide/cargo-home" "-e" "RUSTUP_HOME=/opt/rustwide/rustup-home" "-w" "/opt/rustwide/workdir" "-m" "1610612736" "--user" "0:0" "--network" "none" "ghcr.io/rust-lang/crates-build-env/linux@sha256:2788e3201cd34a07e3172128adcd8b3090168a8e3bcc40d7c032b9dda1df7d1c" "/opt/rustwide/cargo-home/bin/cargo" "+1.75.0" "test" "--frozen" "--no-run" "--message-format=json", kill_on_drop: false }`
[INFO] [stdout] f89566ec27601a24a76b5b01477bb0e6a60ed42a59da97955eb717d42702e583
[INFO] running `Command { std: "docker" "start" "-a" "f89566ec27601a24a76b5b01477bb0e6a60ed42a59da97955eb717d42702e583", kill_on_drop: false }`
[INFO] [stderr]    Compiling sqlx-sqlhelper v0.1.0 (/opt/rustwide/workdir)
[INFO] [stderr]     Finished test [unoptimized + debuginfo] target(s) in 0.18s
[INFO] running `Command { std: "docker" "inspect" "f89566ec27601a24a76b5b01477bb0e6a60ed42a59da97955eb717d42702e583", kill_on_drop: false }`
[INFO] running `Command { std: "docker" "rm" "-f" "f89566ec27601a24a76b5b01477bb0e6a60ed42a59da97955eb717d42702e583", kill_on_drop: false }`
[INFO] [stdout] f89566ec27601a24a76b5b01477bb0e6a60ed42a59da97955eb717d42702e583
[INFO] running `Command { std: "docker" "create" "-v" "/var/lib/crater-agent-workspace/builds/worker-1-tc1/target:/opt/rustwide/target:rw,Z" "-v" "/var/lib/crater-agent-workspace/builds/worker-1-tc1/source:/opt/rustwide/workdir:ro,Z" "-v" "/var/lib/crater-agent-workspace/cargo-home:/opt/rustwide/cargo-home:ro,Z" "-v" "/var/lib/crater-agent-workspace/rustup-home:/opt/rustwide/rustup-home:ro,Z" "-e" "SOURCE_DIR=/opt/rustwide/workdir" "-e" "CARGO_TARGET_DIR=/opt/rustwide/target" "-e" "CARGO_INCREMENTAL=0" "-e" "RUST_BACKTRACE=full" "-e" "RUSTFLAGS=--cap-lints=warn" "-e" "RUSTDOCFLAGS=--cap-lints=warn" "-e" "CARGO_HOME=/opt/rustwide/cargo-home" "-e" "RUSTUP_HOME=/opt/rustwide/rustup-home" "-w" "/opt/rustwide/workdir" "-m" "1610612736" "--user" "0:0" "--network" "none" "ghcr.io/rust-lang/crates-build-env/linux@sha256:2788e3201cd34a07e3172128adcd8b3090168a8e3bcc40d7c032b9dda1df7d1c" "/opt/rustwide/cargo-home/bin/cargo" "+1.75.0" "test" "--frozen", kill_on_drop: false }`
[INFO] [stdout] 9099c6167236fc0ef1436aa197f87c619f671e09ca29759fd3116024c10cf178
[INFO] running `Command { std: "docker" "start" "-a" "9099c6167236fc0ef1436aa197f87c619f671e09ca29759fd3116024c10cf178", kill_on_drop: false }`
[INFO] [stderr]     Finished test [unoptimized + debuginfo] target(s) in 0.01s
[INFO] [stderr]      Running unittests src/lib.rs (/opt/rustwide/target/debug/deps/sqlx_sqlhelper-86950d89825a5fa1)
[INFO] [stdout] 
[INFO] [stdout] running 0 tests
[INFO] [stdout] 
[INFO] [stdout] test result: ok. 0 passed; 0 failed; 0 ignored; 0 measured; 0 filtered out; finished in 0.00s
[INFO] [stdout] 
[INFO] [stderr]    Doc-tests sqlx-sqlhelper
[INFO] [stdout] 
[INFO] [stdout] running 2 tests
[INFO] [stdout] test src/sql_macros.rs - sql_macros::sql_args (line 5) ... FAILED
[INFO] [stdout] test src/sql_macros.rs - sql_macros::sql_args (line 11) ... FAILED
[INFO] [stdout] 
[INFO] [stdout] failures:
[INFO] [stdout] 
[INFO] [stdout] ---- src/sql_macros.rs - sql_macros::sql_args (line 5) stdout ----
[INFO] [stdout] error[E0432]: unresolved import `sqlx`
[INFO] [stdout]  --> src/sql_macros.rs:6:5
[INFO] [stdout]   |
[INFO] [stdout] 3 | use sqlx::Arguments;
[INFO] [stdout]   |     ^^^^ use of undeclared crate or module `sqlx`
[INFO] [stdout] 
[INFO] [stdout] error: aborting due to previous error
[INFO] [stdout] 
[INFO] [stdout] For more information about this error, try `rustc --explain E0432`.
[INFO] [stdout] Couldn't compile the test.
[INFO] [stdout] ---- src/sql_macros.rs - sql_macros::sql_args (line 11) stdout ----
[INFO] [stdout] error[E0432]: unresolved import `sqlx`
[INFO] [stdout]  --> src/sql_macros.rs:12:5
[INFO] [stdout]   |
[INFO] [stdout] 3 | use sqlx::Arguments;
[INFO] [stdout]   |     ^^^^ use of undeclared crate or module `sqlx`
[INFO] [stdout] 
[INFO] [stdout] error: cannot find macro `sql_args` in this scope
[INFO] [stdout]  --> src/sql_macros.rs:13:19
[INFO] [stdout]   |
[INFO] [stdout] 4 | let (sql, args) = sql_args!("id = ? AND name = ? AND age = ?", id, &name, age);
[INFO] [stdout]   |                   ^^^^^^^^
[INFO] [stdout]   |
[INFO] [stdout] help: consider importing this macro
[INFO] [stdout]   |
[INFO] [stdout] 2 + use sqlx_sqlhelper::sql_args;
[INFO] [stdout]   |
[INFO] [stdout] 
[INFO] [stdout] error: aborting due to 2 previous errors
[INFO] [stdout] 
[INFO] [stdout] For more information about this error, try `rustc --explain E0432`.
[INFO] [stdout] Couldn't compile the test.
[INFO] [stdout] 
[INFO] [stdout] failures:
[INFO] [stdout]     src/sql_macros.rs - sql_macros::sql_args (line 11)
[INFO] [stdout]     src/sql_macros.rs - sql_macros::sql_args (line 5)
[INFO] [stdout] 
[INFO] [stdout] test result: FAILED. 0 passed; 2 failed; 0 ignored; 0 measured; 0 filtered out; finished in 0.05s
[INFO] [stdout] 
[INFO] [stderr] error: doctest failed, to rerun pass `--doc`
[INFO] running `Command { std: "docker" "inspect" "9099c6167236fc0ef1436aa197f87c619f671e09ca29759fd3116024c10cf178", kill_on_drop: false }`
[INFO] running `Command { std: "docker" "rm" "-f" "9099c6167236fc0ef1436aa197f87c619f671e09ca29759fd3116024c10cf178", kill_on_drop: false }`
[INFO] [stdout] 9099c6167236fc0ef1436aa197f87c619f671e09ca29759fd3116024c10cf178
[INFO] testing sqlx-sqlhelper-0.1.0 against beta-2023-12-22 for beta-1.76-1
[INFO] extracting crate sqlx-sqlhelper 0.1.0 into /workspace/builds/worker-1-tc2/source
[INFO] validating manifest of crates.io crate sqlx-sqlhelper 0.1.0 on toolchain beta-2023-12-22
[INFO] running `Command { std: CARGO_HOME="/workspace/cargo-home" RUSTUP_HOME="/workspace/rustup-home" "/workspace/cargo-home/bin/cargo" "+beta-2023-12-22" "metadata" "--manifest-path" "Cargo.toml" "--no-deps", kill_on_drop: false }`
[INFO] started tweaking crates.io crate sqlx-sqlhelper 0.1.0
[INFO] finished tweaking crates.io crate sqlx-sqlhelper 0.1.0
[INFO] tweaked toml for crates.io crate sqlx-sqlhelper 0.1.0 written to /workspace/builds/worker-1-tc2/source/Cargo.toml
[INFO] running `Command { std: CARGO_HOME="/workspace/cargo-home" RUSTUP_HOME="/workspace/rustup-home" "/workspace/cargo-home/bin/cargo" "+beta-2023-12-22" "generate-lockfile" "--manifest-path" "Cargo.toml", kill_on_drop: false }`
[INFO] [stderr]     Updating crates.io index
[INFO] running `Command { std: CARGO_HOME="/workspace/cargo-home" RUSTUP_HOME="/workspace/rustup-home" "/workspace/cargo-home/bin/cargo" "+beta-2023-12-22" "fetch" "--manifest-path" "Cargo.toml", kill_on_drop: false }`
[INFO] running `Command { std: "docker" "create" "-v" "/var/lib/crater-agent-workspace/builds/worker-1-tc2/target:/opt/rustwide/target:rw,Z" "-v" "/var/lib/crater-agent-workspace/builds/worker-1-tc2/source:/opt/rustwide/workdir:ro,Z" "-v" "/var/lib/crater-agent-workspace/cargo-home:/opt/rustwide/cargo-home:ro,Z" "-v" "/var/lib/crater-agent-workspace/rustup-home:/opt/rustwide/rustup-home:ro,Z" "-e" "SOURCE_DIR=/opt/rustwide/workdir" "-e" "CARGO_TARGET_DIR=/opt/rustwide/target" "-e" "CARGO_HOME=/opt/rustwide/cargo-home" "-e" "RUSTUP_HOME=/opt/rustwide/rustup-home" "-w" "/opt/rustwide/workdir" "-m" "1610612736" "--user" "0:0" "--network" "none" "ghcr.io/rust-lang/crates-build-env/linux@sha256:2788e3201cd34a07e3172128adcd8b3090168a8e3bcc40d7c032b9dda1df7d1c" "/opt/rustwide/cargo-home/bin/cargo" "+beta-2023-12-22" "metadata" "--no-deps" "--format-version=1", kill_on_drop: false }`
[INFO] [stdout] c4fe4d5def6e47da4070f3f66b4523b158acc355b2504f25cdfacf351f2db0e2
[INFO] running `Command { std: "docker" "start" "-a" "c4fe4d5def6e47da4070f3f66b4523b158acc355b2504f25cdfacf351f2db0e2", kill_on_drop: false }`
[INFO] running `Command { std: "docker" "inspect" "c4fe4d5def6e47da4070f3f66b4523b158acc355b2504f25cdfacf351f2db0e2", kill_on_drop: false }`
[INFO] running `Command { std: "docker" "rm" "-f" "c4fe4d5def6e47da4070f3f66b4523b158acc355b2504f25cdfacf351f2db0e2", kill_on_drop: false }`
[INFO] [stdout] c4fe4d5def6e47da4070f3f66b4523b158acc355b2504f25cdfacf351f2db0e2
[INFO] running `Command { std: "docker" "create" "-v" "/var/lib/crater-agent-workspace/builds/worker-1-tc2/target:/opt/rustwide/target:rw,Z" "-v" "/var/lib/crater-agent-workspace/builds/worker-1-tc2/source:/opt/rustwide/workdir:ro,Z" "-v" "/var/lib/crater-agent-workspace/cargo-home:/opt/rustwide/cargo-home:ro,Z" "-v" "/var/lib/crater-agent-workspace/rustup-home:/opt/rustwide/rustup-home:ro,Z" "-e" "SOURCE_DIR=/opt/rustwide/workdir" "-e" "CARGO_TARGET_DIR=/opt/rustwide/target" "-e" "CARGO_INCREMENTAL=0" "-e" "RUST_BACKTRACE=full" "-e" "RUSTFLAGS=--cap-lints=warn" "-e" "RUSTDOCFLAGS=--cap-lints=warn" "-e" "CARGO_HOME=/opt/rustwide/cargo-home" "-e" "RUSTUP_HOME=/opt/rustwide/rustup-home" "-w" "/opt/rustwide/workdir" "-m" "1610612736" "--user" "0:0" "--network" "none" "ghcr.io/rust-lang/crates-build-env/linux@sha256:2788e3201cd34a07e3172128adcd8b3090168a8e3bcc40d7c032b9dda1df7d1c" "/opt/rustwide/cargo-home/bin/cargo" "+beta-2023-12-22" "build" "--frozen" "--message-format=json", kill_on_drop: false }`
[INFO] [stdout] 71bc4134e7444ae22ef810d47d789ceff592b498e77fc8ed312bbbdbadbac38c
[INFO] running `Command { std: "docker" "start" "-a" "71bc4134e7444ae22ef810d47d789ceff592b498e77fc8ed312bbbdbadbac38c", kill_on_drop: false }`
[INFO] [stderr]    Compiling proc-macro2 v1.0.75
[INFO] [stderr]    Compiling unicode-ident v1.0.12
[INFO] [stderr]    Compiling syn v1.0.109
[INFO] [stderr]    Compiling Inflector v0.11.4
[INFO] [stderr]    Compiling quote v1.0.35
[INFO] [stderr]    Compiling sqlx-sqlhelper-proc-macros v0.1.0
[INFO] [stderr]    Compiling sqlx-sqlhelper v0.1.0 (/opt/rustwide/workdir)
[INFO] [stderr]     Finished dev [unoptimized + debuginfo] target(s) in 3.38s
[INFO] running `Command { std: "docker" "inspect" "71bc4134e7444ae22ef810d47d789ceff592b498e77fc8ed312bbbdbadbac38c", kill_on_drop: false }`
[INFO] running `Command { std: "docker" "rm" "-f" "71bc4134e7444ae22ef810d47d789ceff592b498e77fc8ed312bbbdbadbac38c", kill_on_drop: false }`
[INFO] [stdout] 71bc4134e7444ae22ef810d47d789ceff592b498e77fc8ed312bbbdbadbac38c
[INFO] running `Command { std: "docker" "create" "-v" "/var/lib/crater-agent-workspace/builds/worker-1-tc2/target:/opt/rustwide/target:rw,Z" "-v" "/var/lib/crater-agent-workspace/builds/worker-1-tc2/source:/opt/rustwide/workdir:ro,Z" "-v" "/var/lib/crater-agent-workspace/cargo-home:/opt/rustwide/cargo-home:ro,Z" "-v" "/var/lib/crater-agent-workspace/rustup-home:/opt/rustwide/rustup-home:ro,Z" "-e" "SOURCE_DIR=/opt/rustwide/workdir" "-e" "CARGO_TARGET_DIR=/opt/rustwide/target" "-e" "CARGO_INCREMENTAL=0" "-e" "RUST_BACKTRACE=full" "-e" "RUSTFLAGS=--cap-lints=warn" "-e" "RUSTDOCFLAGS=--cap-lints=warn" "-e" "CARGO_HOME=/opt/rustwide/cargo-home" "-e" "RUSTUP_HOME=/opt/rustwide/rustup-home" "-w" "/opt/rustwide/workdir" "-m" "1610612736" "--user" "0:0" "--network" "none" "ghcr.io/rust-lang/crates-build-env/linux@sha256:2788e3201cd34a07e3172128adcd8b3090168a8e3bcc40d7c032b9dda1df7d1c" "/opt/rustwide/cargo-home/bin/cargo" "+beta-2023-12-22" "test" "--frozen" "--no-run" "--message-format=json", kill_on_drop: false }`
[INFO] [stdout] 55db1a47d00d5d77437be5f779bf5c26d7d24edbc358f9533acc11bd5e758b3f
[INFO] running `Command { std: "docker" "start" "-a" "55db1a47d00d5d77437be5f779bf5c26d7d24edbc358f9533acc11bd5e758b3f", kill_on_drop: false }`
[INFO] [stderr]    Compiling sqlx-sqlhelper v0.1.0 (/opt/rustwide/workdir)
[INFO] [stderr]     Finished test [unoptimized + debuginfo] target(s) in 0.19s
[INFO] running `Command { std: "docker" "inspect" "55db1a47d00d5d77437be5f779bf5c26d7d24edbc358f9533acc11bd5e758b3f", kill_on_drop: false }`
[INFO] running `Command { std: "docker" "rm" "-f" "55db1a47d00d5d77437be5f779bf5c26d7d24edbc358f9533acc11bd5e758b3f", kill_on_drop: false }`
[INFO] [stdout] 55db1a47d00d5d77437be5f779bf5c26d7d24edbc358f9533acc11bd5e758b3f
[INFO] running `Command { std: "docker" "create" "-v" "/var/lib/crater-agent-workspace/builds/worker-1-tc2/target:/opt/rustwide/target:rw,Z" "-v" "/var/lib/crater-agent-workspace/builds/worker-1-tc2/source:/opt/rustwide/workdir:ro,Z" "-v" "/var/lib/crater-agent-workspace/cargo-home:/opt/rustwide/cargo-home:ro,Z" "-v" "/var/lib/crater-agent-workspace/rustup-home:/opt/rustwide/rustup-home:ro,Z" "-e" "SOURCE_DIR=/opt/rustwide/workdir" "-e" "CARGO_TARGET_DIR=/opt/rustwide/target" "-e" "CARGO_INCREMENTAL=0" "-e" "RUST_BACKTRACE=full" "-e" "RUSTFLAGS=--cap-lints=warn" "-e" "RUSTDOCFLAGS=--cap-lints=warn" "-e" "CARGO_HOME=/opt/rustwide/cargo-home" "-e" "RUSTUP_HOME=/opt/rustwide/rustup-home" "-w" "/opt/rustwide/workdir" "-m" "1610612736" "--user" "0:0" "--network" "none" "ghcr.io/rust-lang/crates-build-env/linux@sha256:2788e3201cd34a07e3172128adcd8b3090168a8e3bcc40d7c032b9dda1df7d1c" "/opt/rustwide/cargo-home/bin/cargo" "+beta-2023-12-22" "test" "--frozen", kill_on_drop: false }`
[INFO] [stdout] e2dd76abaf26b1bd4e8c494d39e38dad5535f02aed816ea45b9b140a53308480
[INFO] running `Command { std: "docker" "start" "-a" "e2dd76abaf26b1bd4e8c494d39e38dad5535f02aed816ea45b9b140a53308480", kill_on_drop: false }`
[INFO] [stderr]     Finished test [unoptimized + debuginfo] target(s) in 0.01s
[INFO] [stderr]      Running unittests src/lib.rs (/opt/rustwide/target/debug/deps/sqlx_sqlhelper-90ef390bf8173886)
[INFO] [stdout] 
[INFO] [stdout] running 0 tests
[INFO] [stdout] 
[INFO] [stdout] test result: ok. 0 passed; 0 failed; 0 ignored; 0 measured; 0 filtered out; finished in 0.00s
[INFO] [stdout] 
[INFO] [stderr]    Doc-tests sqlx-sqlhelper
[INFO] [stdout] 
[INFO] [stdout] running 2 tests
[INFO] [stdout] test src/sql_macros.rs - sql_macros::sql_args (line 5) ... FAILED
[INFO] [stdout] test src/sql_macros.rs - sql_macros::sql_args (line 11) ... FAILED
[INFO] [stdout] 
[INFO] [stdout] failures:
[INFO] [stdout] 
[INFO] [stdout] ---- src/sql_macros.rs - sql_macros::sql_args (line 5) stdout ----
[INFO] [stdout] error[E0432]: unresolved import `sqlx`
[INFO] [stdout]  --> src/sql_macros.rs:6:5
[INFO] [stdout]   |
[INFO] [stdout] 3 | use sqlx::Arguments;
[INFO] [stdout]   |     ^^^^ use of undeclared crate or module `sqlx`
[INFO] [stdout] 
[INFO] [stdout] error: aborting due to 1 previous error
[INFO] [stdout] 
[INFO] [stdout] For more information about this error, try `rustc --explain E0432`.
[INFO] [stdout] Couldn't compile the test.
[INFO] [stdout] ---- src/sql_macros.rs - sql_macros::sql_args (line 11) stdout ----
[INFO] [stdout] error[E0432]: unresolved import `sqlx`
[INFO] [stdout]  --> src/sql_macros.rs:12:5
[INFO] [stdout]   |
[INFO] [stdout] 3 | use sqlx::Arguments;
[INFO] [stdout]   |     ^^^^ use of undeclared crate or module `sqlx`
[INFO] [stdout] 
[INFO] [stdout] error: cannot find macro `sql_args` in this scope
[INFO] [stdout]  --> src/sql_macros.rs:13:19
[INFO] [stdout]   |
[INFO] [stdout] 4 | let (sql, args) = sql_args!("id = ? AND name = ? AND age = ?", id, &name, age);
[INFO] [stdout]   |                   ^^^^^^^^
[INFO] [stdout]   |
[INFO] [stdout] help: consider importing this macro
[INFO] [stdout]   |
[INFO] [stdout] 2 + use sqlx_sqlhelper::sql_args;
[INFO] [stdout]   |
[INFO] [stdout] 
[INFO] [stdout] error: aborting due to 2 previous errors
[INFO] [stdout] 
[INFO] [stdout] For more information about this error, try `rustc --explain E0432`.
[INFO] [stdout] Couldn't compile the test.
[INFO] [stdout] 
[INFO] [stdout] failures:
[INFO] [stdout]     src/sql_macros.rs - sql_macros::sql_args (line 11)
[INFO] [stdout]     src/sql_macros.rs - sql_macros::sql_args (line 5)
[INFO] [stdout] 
[INFO] [stdout] test result: FAILED. 0 passed; 2 failed; 0 ignored; 0 measured; 0 filtered out; finished in 0.04s
[INFO] [stdout] 
[INFO] [stderr] error: doctest failed, to rerun pass `--doc`
[INFO] running `Command { std: "docker" "inspect" "e2dd76abaf26b1bd4e8c494d39e38dad5535f02aed816ea45b9b140a53308480", kill_on_drop: false }`
[INFO] running `Command { std: "docker" "rm" "-f" "e2dd76abaf26b1bd4e8c494d39e38dad5535f02aed816ea45b9b140a53308480", kill_on_drop: false }`
[INFO] [stdout] e2dd76abaf26b1bd4e8c494d39e38dad5535f02aed816ea45b9b140a53308480
