[INFO] fetching crate sqlx-sqlhelper-proc-macros 0.1.0...
[INFO] testing sqlx-sqlhelper-proc-macros-0.1.0 against 1.75.0 for beta-1.76-1
[INFO] extracting crate sqlx-sqlhelper-proc-macros 0.1.0 into /workspace/builds/worker-4-tc1/source
[INFO] validating manifest of crates.io crate sqlx-sqlhelper-proc-macros 0.1.0 on toolchain 1.75.0
[INFO] running `Command { std: CARGO_HOME="/workspace/cargo-home" RUSTUP_HOME="/workspace/rustup-home" "/workspace/cargo-home/bin/cargo" "+1.75.0" "metadata" "--manifest-path" "Cargo.toml" "--no-deps", kill_on_drop: false }`
[INFO] started tweaking crates.io crate sqlx-sqlhelper-proc-macros 0.1.0
[INFO] finished tweaking crates.io crate sqlx-sqlhelper-proc-macros 0.1.0
[INFO] tweaked toml for crates.io crate sqlx-sqlhelper-proc-macros 0.1.0 written to /workspace/builds/worker-4-tc1/source/Cargo.toml
[INFO] running `Command { std: CARGO_HOME="/workspace/cargo-home" RUSTUP_HOME="/workspace/rustup-home" "/workspace/cargo-home/bin/cargo" "+1.75.0" "generate-lockfile" "--manifest-path" "Cargo.toml", kill_on_drop: false }`
[INFO] [stderr]     Updating crates.io index
[INFO] running `Command { std: CARGO_HOME="/workspace/cargo-home" RUSTUP_HOME="/workspace/rustup-home" "/workspace/cargo-home/bin/cargo" "+1.75.0" "fetch" "--manifest-path" "Cargo.toml", kill_on_drop: false }`
[INFO] running `Command { std: "docker" "create" "-v" "/var/lib/crater-agent-workspace/builds/worker-4-tc1/target:/opt/rustwide/target:rw,Z" "-v" "/var/lib/crater-agent-workspace/builds/worker-4-tc1/source:/opt/rustwide/workdir:ro,Z" "-v" "/var/lib/crater-agent-workspace/cargo-home:/opt/rustwide/cargo-home:ro,Z" "-v" "/var/lib/crater-agent-workspace/rustup-home:/opt/rustwide/rustup-home:ro,Z" "-e" "SOURCE_DIR=/opt/rustwide/workdir" "-e" "CARGO_TARGET_DIR=/opt/rustwide/target" "-e" "CARGO_HOME=/opt/rustwide/cargo-home" "-e" "RUSTUP_HOME=/opt/rustwide/rustup-home" "-w" "/opt/rustwide/workdir" "-m" "1610612736" "--user" "0:0" "--network" "none" "ghcr.io/rust-lang/crates-build-env/linux@sha256:2788e3201cd34a07e3172128adcd8b3090168a8e3bcc40d7c032b9dda1df7d1c" "/opt/rustwide/cargo-home/bin/cargo" "+1.75.0" "metadata" "--no-deps" "--format-version=1", kill_on_drop: false }`
[INFO] [stdout] d65000acbb55620a7ed74b8c45981cd547e8eb1b142094248f5257c2382cf14f
[INFO] running `Command { std: "docker" "start" "-a" "d65000acbb55620a7ed74b8c45981cd547e8eb1b142094248f5257c2382cf14f", kill_on_drop: false }`
[INFO] running `Command { std: "docker" "inspect" "d65000acbb55620a7ed74b8c45981cd547e8eb1b142094248f5257c2382cf14f", kill_on_drop: false }`
[INFO] running `Command { std: "docker" "rm" "-f" "d65000acbb55620a7ed74b8c45981cd547e8eb1b142094248f5257c2382cf14f", kill_on_drop: false }`
[INFO] [stdout] d65000acbb55620a7ed74b8c45981cd547e8eb1b142094248f5257c2382cf14f
[INFO] running `Command { std: "docker" "create" "-v" "/var/lib/crater-agent-workspace/builds/worker-4-tc1/target:/opt/rustwide/target:rw,Z" "-v" "/var/lib/crater-agent-workspace/builds/worker-4-tc1/source:/opt/rustwide/workdir:ro,Z" "-v" "/var/lib/crater-agent-workspace/cargo-home:/opt/rustwide/cargo-home:ro,Z" "-v" "/var/lib/crater-agent-workspace/rustup-home:/opt/rustwide/rustup-home:ro,Z" "-e" "SOURCE_DIR=/opt/rustwide/workdir" "-e" "CARGO_TARGET_DIR=/opt/rustwide/target" "-e" "CARGO_INCREMENTAL=0" "-e" "RUST_BACKTRACE=full" "-e" "RUSTFLAGS=--cap-lints=warn" "-e" "RUSTDOCFLAGS=--cap-lints=warn" "-e" "CARGO_HOME=/opt/rustwide/cargo-home" "-e" "RUSTUP_HOME=/opt/rustwide/rustup-home" "-w" "/opt/rustwide/workdir" "-m" "1610612736" "--user" "0:0" "--network" "none" "ghcr.io/rust-lang/crates-build-env/linux@sha256:2788e3201cd34a07e3172128adcd8b3090168a8e3bcc40d7c032b9dda1df7d1c" "/opt/rustwide/cargo-home/bin/cargo" "+1.75.0" "build" "--frozen" "--message-format=json", kill_on_drop: false }`
[INFO] [stdout] 403b83c7e50c1c3cfa703b55cd862fb9dbf8ad575d2eabf21657543fe231edf7
[INFO] running `Command { std: "docker" "start" "-a" "403b83c7e50c1c3cfa703b55cd862fb9dbf8ad575d2eabf21657543fe231edf7", kill_on_drop: false }`
[INFO] [stderr]    Compiling proc-macro2 v1.0.75
[INFO] [stderr]    Compiling Inflector v0.11.4
[INFO] [stderr]    Compiling quote v1.0.35
[INFO] [stderr]    Compiling syn v1.0.109
[INFO] [stderr]    Compiling sqlx-sqlhelper-proc-macros v0.1.0 (/opt/rustwide/workdir)
[INFO] [stderr]     Finished dev [unoptimized + debuginfo] target(s) in 6.40s
[INFO] running `Command { std: "docker" "inspect" "403b83c7e50c1c3cfa703b55cd862fb9dbf8ad575d2eabf21657543fe231edf7", kill_on_drop: false }`
[INFO] running `Command { std: "docker" "rm" "-f" "403b83c7e50c1c3cfa703b55cd862fb9dbf8ad575d2eabf21657543fe231edf7", kill_on_drop: false }`
[INFO] [stdout] 403b83c7e50c1c3cfa703b55cd862fb9dbf8ad575d2eabf21657543fe231edf7
[INFO] running `Command { std: "docker" "create" "-v" "/var/lib/crater-agent-workspace/builds/worker-4-tc1/target:/opt/rustwide/target:rw,Z" "-v" "/var/lib/crater-agent-workspace/builds/worker-4-tc1/source:/opt/rustwide/workdir:ro,Z" "-v" "/var/lib/crater-agent-workspace/cargo-home:/opt/rustwide/cargo-home:ro,Z" "-v" "/var/lib/crater-agent-workspace/rustup-home:/opt/rustwide/rustup-home:ro,Z" "-e" "SOURCE_DIR=/opt/rustwide/workdir" "-e" "CARGO_TARGET_DIR=/opt/rustwide/target" "-e" "CARGO_INCREMENTAL=0" "-e" "RUST_BACKTRACE=full" "-e" "RUSTFLAGS=--cap-lints=warn" "-e" "RUSTDOCFLAGS=--cap-lints=warn" "-e" "CARGO_HOME=/opt/rustwide/cargo-home" "-e" "RUSTUP_HOME=/opt/rustwide/rustup-home" "-w" "/opt/rustwide/workdir" "-m" "1610612736" "--user" "0:0" "--network" "none" "ghcr.io/rust-lang/crates-build-env/linux@sha256:2788e3201cd34a07e3172128adcd8b3090168a8e3bcc40d7c032b9dda1df7d1c" "/opt/rustwide/cargo-home/bin/cargo" "+1.75.0" "test" "--frozen" "--no-run" "--message-format=json", kill_on_drop: false }`
[INFO] [stdout] 75e4acd970e4e3702dd9ff3cd353cd8425692603bcd5752e6ef678f0fac0e49a
[INFO] running `Command { std: "docker" "start" "-a" "75e4acd970e4e3702dd9ff3cd353cd8425692603bcd5752e6ef678f0fac0e49a", kill_on_drop: false }`
[INFO] [stderr]    Compiling sqlx-sqlhelper-proc-macros v0.1.0 (/opt/rustwide/workdir)
[INFO] [stderr]     Finished test [unoptimized + debuginfo] target(s) in 1.07s
[INFO] running `Command { std: "docker" "inspect" "75e4acd970e4e3702dd9ff3cd353cd8425692603bcd5752e6ef678f0fac0e49a", kill_on_drop: false }`
[INFO] running `Command { std: "docker" "rm" "-f" "75e4acd970e4e3702dd9ff3cd353cd8425692603bcd5752e6ef678f0fac0e49a", kill_on_drop: false }`
[INFO] [stdout] 75e4acd970e4e3702dd9ff3cd353cd8425692603bcd5752e6ef678f0fac0e49a
[INFO] running `Command { std: "docker" "create" "-v" "/var/lib/crater-agent-workspace/builds/worker-4-tc1/target:/opt/rustwide/target:rw,Z" "-v" "/var/lib/crater-agent-workspace/builds/worker-4-tc1/source:/opt/rustwide/workdir:ro,Z" "-v" "/var/lib/crater-agent-workspace/cargo-home:/opt/rustwide/cargo-home:ro,Z" "-v" "/var/lib/crater-agent-workspace/rustup-home:/opt/rustwide/rustup-home:ro,Z" "-e" "SOURCE_DIR=/opt/rustwide/workdir" "-e" "CARGO_TARGET_DIR=/opt/rustwide/target" "-e" "CARGO_INCREMENTAL=0" "-e" "RUST_BACKTRACE=full" "-e" "RUSTFLAGS=--cap-lints=warn" "-e" "RUSTDOCFLAGS=--cap-lints=warn" "-e" "CARGO_HOME=/opt/rustwide/cargo-home" "-e" "RUSTUP_HOME=/opt/rustwide/rustup-home" "-w" "/opt/rustwide/workdir" "-m" "1610612736" "--user" "0:0" "--network" "none" "ghcr.io/rust-lang/crates-build-env/linux@sha256:2788e3201cd34a07e3172128adcd8b3090168a8e3bcc40d7c032b9dda1df7d1c" "/opt/rustwide/cargo-home/bin/cargo" "+1.75.0" "test" "--frozen", kill_on_drop: false }`
[INFO] [stdout] 3adc9e1ed283e59eb7202b396870ae9e842df9e8060862908dac9112f76c80a3
[INFO] running `Command { std: "docker" "start" "-a" "3adc9e1ed283e59eb7202b396870ae9e842df9e8060862908dac9112f76c80a3", kill_on_drop: false }`
[INFO] [stderr]     Finished test [unoptimized + debuginfo] target(s) in 0.03s
[INFO] [stderr]      Running unittests src/lib.rs (/opt/rustwide/target/debug/deps/sqlx_sqlhelper_proc_macros-4fc98ace62a89016)
[INFO] [stderr]    Doc-tests sqlx-sqlhelper-proc-macros
[INFO] [stdout] 
[INFO] [stdout] running 0 tests
[INFO] [stdout] 
[INFO] [stdout] test result: ok. 0 passed; 0 failed; 0 ignored; 0 measured; 0 filtered out; finished in 0.00s
[INFO] [stdout] 
[INFO] [stdout] 
[INFO] [stdout] running 3 tests
[INFO] [stdout] test src/lib.rs - derive_sql_helper (line 18) ... FAILED
[INFO] [stdout] test src/lib.rs - common_fields (line 50) ... FAILED
[INFO] [stdout] test src/lib.rs - derive_sql_helper (line 24) ... FAILED
[INFO] [stdout] 
[INFO] [stdout] failures:
[INFO] [stdout] 
[INFO] [stdout] ---- src/lib.rs - derive_sql_helper (line 18) stdout ----
[INFO] [stdout] error[E0433]: failed to resolve: there are too many leading `super` keywords
[INFO] [stdout]  --> src/lib.rs:19:5
[INFO] [stdout]   |
[INFO] [stdout] 3 | use super::db;
[INFO] [stdout]   |     ^^^^^ there are too many leading `super` keywords
[INFO] [stdout] 
[INFO] [stdout] error: aborting due to previous error
[INFO] [stdout] 
[INFO] [stdout] For more information about this error, try `rustc --explain E0433`.
[INFO] [stdout] Couldn't compile the test.
[INFO] [stdout] ---- src/lib.rs - common_fields (line 50) stdout ----
[INFO] [stdout] error: cannot find derive macro `SqlHelper` in this scope
[INFO] [stdout]  --> src/lib.rs:52:10
[INFO] [stdout]   |
[INFO] [stdout] 4 | #[derive(SqlHelper)]
[INFO] [stdout]   |          ^^^^^^^^^
[INFO] [stdout]   |
[INFO] [stdout] help: consider importing this derive macro
[INFO] [stdout]   |
[INFO] [stdout] 2 + use sqlx_sqlhelper_proc_macros::SqlHelper;
[INFO] [stdout]   |
[INFO] [stdout] 
[INFO] [stdout] error: cannot find attribute `common_fields` in this scope
[INFO] [stdout]  --> src/lib.rs:51:3
[INFO] [stdout]   |
[INFO] [stdout] 3 | #[common_fields]
[INFO] [stdout]   |   ^^^^^^^^^^^^^
[INFO] [stdout]   |
[INFO] [stdout] help: consider importing this attribute macro
[INFO] [stdout]   |
[INFO] [stdout] 2 + use sqlx_sqlhelper_proc_macros::common_fields;
[INFO] [stdout]   |
[INFO] [stdout] 
[INFO] [stdout] error: aborting due to 2 previous errors
[INFO] [stdout] 
[INFO] [stdout] Couldn't compile the test.
[INFO] [stdout] ---- src/lib.rs - derive_sql_helper (line 24) stdout ----
[INFO] [stdout] error: cannot find derive macro `SqlHelper` in this scope
[INFO] [stdout]  --> src/lib.rs:25:10
[INFO] [stdout]   |
[INFO] [stdout] 3 | #[derive(SqlHelper)]
[INFO] [stdout]   |          ^^^^^^^^^
[INFO] [stdout]   |
[INFO] [stdout] help: consider importing this derive macro
[INFO] [stdout]   |
[INFO] [stdout] 2 + use sqlx_sqlhelper_proc_macros::SqlHelper;
[INFO] [stdout]   |
[INFO] [stdout] 
[INFO] [stdout] error: cannot find attribute `id` in this scope
[INFO] [stdout]  --> src/lib.rs:27:7
[INFO] [stdout]   |
[INFO] [stdout] 5 |     #[id]
[INFO] [stdout]   |       ^^
[INFO] [stdout] 
[INFO] [stdout] error: cannot find attribute `create_time` in this scope
[INFO] [stdout]   --> src/lib.rs:32:7
[INFO] [stdout]    |
[INFO] [stdout] 10 |     #[create_time]
[INFO] [stdout]    |       ^^^^^^^^^^^ help: a built-in attribute with a similar name exists: `crate_name`
[INFO] [stdout] 
[INFO] [stdout] error: cannot find attribute `update_time` in this scope
[INFO] [stdout]   --> src/lib.rs:34:7
[INFO] [stdout]    |
[INFO] [stdout] 12 |     #[update_time]
[INFO] [stdout]    |       ^^^^^^^^^^^
[INFO] [stdout] 
[INFO] [stdout] error[E0412]: cannot find type `NaiveDateTime` in this scope
[INFO] [stdout]   --> src/lib.rs:33:22
[INFO] [stdout]    |
[INFO] [stdout] 11 |     pub create_time: NaiveDateTime,
[INFO] [stdout]    |                      ^^^^^^^^^^^^^ not found in this scope
[INFO] [stdout] 
[INFO] [stdout] error[E0412]: cannot find type `NaiveDateTime` in this scope
[INFO] [stdout]   --> src/lib.rs:35:22
[INFO] [stdout]    |
[INFO] [stdout] 13 |     pub update_time: NaiveDateTime,
[INFO] [stdout]    |                      ^^^^^^^^^^^^^ not found in this scope
[INFO] [stdout] 
[INFO] [stdout] error: aborting due to 6 previous errors
[INFO] [stdout] 
[INFO] [stdout] For more information about this error, try `rustc --explain E0412`.
[INFO] [stdout] Couldn't compile the test.
[INFO] [stdout] 
[INFO] [stdout] failures:
[INFO] [stdout]     src/lib.rs - common_fields (line 50)
[INFO] [stdout]     src/lib.rs - derive_sql_helper (line 18)
[INFO] [stdout]     src/lib.rs - derive_sql_helper (line 24)
[INFO] [stdout] 
[INFO] [stdout] test result: FAILED. 0 passed; 3 failed; 0 ignored; 0 measured; 0 filtered out; finished in 0.11s
[INFO] [stdout] 
[INFO] [stderr] error: doctest failed, to rerun pass `--doc`
[INFO] running `Command { std: "docker" "inspect" "3adc9e1ed283e59eb7202b396870ae9e842df9e8060862908dac9112f76c80a3", kill_on_drop: false }`
[INFO] running `Command { std: "docker" "rm" "-f" "3adc9e1ed283e59eb7202b396870ae9e842df9e8060862908dac9112f76c80a3", kill_on_drop: false }`
[INFO] [stdout] 3adc9e1ed283e59eb7202b396870ae9e842df9e8060862908dac9112f76c80a3
