[INFO] fetching crate sqlx-postgres 0.7.3...
[INFO] testing sqlx-postgres-0.7.3 against 1.75.0 for beta-1.76-1
[INFO] extracting crate sqlx-postgres 0.7.3 into /workspace/builds/worker-4-tc1/source
[INFO] validating manifest of crates.io crate sqlx-postgres 0.7.3 on toolchain 1.75.0
[INFO] running `Command { std: CARGO_HOME="/workspace/cargo-home" RUSTUP_HOME="/workspace/rustup-home" "/workspace/cargo-home/bin/cargo" "+1.75.0" "metadata" "--manifest-path" "Cargo.toml" "--no-deps", kill_on_drop: false }`
[INFO] started tweaking crates.io crate sqlx-postgres 0.7.3
[INFO] finished tweaking crates.io crate sqlx-postgres 0.7.3
[INFO] tweaked toml for crates.io crate sqlx-postgres 0.7.3 written to /workspace/builds/worker-4-tc1/source/Cargo.toml
[INFO] running `Command { std: CARGO_HOME="/workspace/cargo-home" RUSTUP_HOME="/workspace/rustup-home" "/workspace/cargo-home/bin/cargo" "+1.75.0" "generate-lockfile" "--manifest-path" "Cargo.toml", kill_on_drop: false }`
[INFO] [stderr]     Updating crates.io index
[INFO] running `Command { std: CARGO_HOME="/workspace/cargo-home" RUSTUP_HOME="/workspace/rustup-home" "/workspace/cargo-home/bin/cargo" "+1.75.0" "fetch" "--manifest-path" "Cargo.toml", kill_on_drop: false }`
[INFO] running `Command { std: "docker" "create" "-v" "/var/lib/crater-agent-workspace/builds/worker-4-tc1/target:/opt/rustwide/target:rw,Z" "-v" "/var/lib/crater-agent-workspace/builds/worker-4-tc1/source:/opt/rustwide/workdir:ro,Z" "-v" "/var/lib/crater-agent-workspace/cargo-home:/opt/rustwide/cargo-home:ro,Z" "-v" "/var/lib/crater-agent-workspace/rustup-home:/opt/rustwide/rustup-home:ro,Z" "-e" "SOURCE_DIR=/opt/rustwide/workdir" "-e" "CARGO_TARGET_DIR=/opt/rustwide/target" "-e" "CARGO_HOME=/opt/rustwide/cargo-home" "-e" "RUSTUP_HOME=/opt/rustwide/rustup-home" "-w" "/opt/rustwide/workdir" "-m" "1610612736" "--user" "0:0" "--network" "none" "ghcr.io/rust-lang/crates-build-env/linux@sha256:2788e3201cd34a07e3172128adcd8b3090168a8e3bcc40d7c032b9dda1df7d1c" "/opt/rustwide/cargo-home/bin/cargo" "+1.75.0" "metadata" "--no-deps" "--format-version=1", kill_on_drop: false }`
[INFO] [stdout] 3de2eae04d72b042bfa3fb25c9d250d65f0ecfa74315e816a88dfae42616d5f7
[INFO] running `Command { std: "docker" "start" "-a" "3de2eae04d72b042bfa3fb25c9d250d65f0ecfa74315e816a88dfae42616d5f7", kill_on_drop: false }`
[INFO] running `Command { std: "docker" "inspect" "3de2eae04d72b042bfa3fb25c9d250d65f0ecfa74315e816a88dfae42616d5f7", kill_on_drop: false }`
[INFO] running `Command { std: "docker" "rm" "-f" "3de2eae04d72b042bfa3fb25c9d250d65f0ecfa74315e816a88dfae42616d5f7", kill_on_drop: false }`
[INFO] [stdout] 3de2eae04d72b042bfa3fb25c9d250d65f0ecfa74315e816a88dfae42616d5f7
[INFO] running `Command { std: "docker" "create" "-v" "/var/lib/crater-agent-workspace/builds/worker-4-tc1/target:/opt/rustwide/target:rw,Z" "-v" "/var/lib/crater-agent-workspace/builds/worker-4-tc1/source:/opt/rustwide/workdir:ro,Z" "-v" "/var/lib/crater-agent-workspace/cargo-home:/opt/rustwide/cargo-home:ro,Z" "-v" "/var/lib/crater-agent-workspace/rustup-home:/opt/rustwide/rustup-home:ro,Z" "-e" "SOURCE_DIR=/opt/rustwide/workdir" "-e" "CARGO_TARGET_DIR=/opt/rustwide/target" "-e" "CARGO_INCREMENTAL=0" "-e" "RUST_BACKTRACE=full" "-e" "RUSTFLAGS=--cap-lints=warn" "-e" "RUSTDOCFLAGS=--cap-lints=warn" "-e" "CARGO_HOME=/opt/rustwide/cargo-home" "-e" "RUSTUP_HOME=/opt/rustwide/rustup-home" "-w" "/opt/rustwide/workdir" "-m" "1610612736" "--user" "0:0" "--network" "none" "ghcr.io/rust-lang/crates-build-env/linux@sha256:2788e3201cd34a07e3172128adcd8b3090168a8e3bcc40d7c032b9dda1df7d1c" "/opt/rustwide/cargo-home/bin/cargo" "+1.75.0" "build" "--frozen" "--message-format=json", kill_on_drop: false }`
[INFO] [stdout] 8fca79d071a852c99de72e6c29b6b12e3a7b93c7c1ecf80624575f22c4f76ee7
[INFO] running `Command { std: "docker" "start" "-a" "8fca79d071a852c99de72e6c29b6b12e3a7b93c7c1ecf80624575f22c4f76ee7", kill_on_drop: false }`
[INFO] [stderr]    Compiling version_check v0.9.4
[INFO] [stderr]    Compiling cfg-if v1.0.0
[INFO] [stderr]    Compiling libc v0.2.151
[INFO] [stderr]    Compiling autocfg v1.1.0
[INFO] [stderr]    Compiling proc-macro2 v1.0.75
[INFO] [stderr]    Compiling unicode-ident v1.0.12
[INFO] [stderr]    Compiling typenum v1.17.0
[INFO] [stderr]    Compiling once_cell v1.19.0
[INFO] [stderr]    Compiling tinyvec_macros v0.1.1
[INFO] [stderr]    Compiling subtle v2.5.0
[INFO] [stderr]    Compiling parking_lot_core v0.9.9
[INFO] [stderr]    Compiling zerocopy v0.7.32
[INFO] [stderr]    Compiling scopeguard v1.2.0
[INFO] [stderr]    Compiling unicode-bidi v0.3.14
[INFO] [stderr]    Compiling allocator-api2 v0.2.16
[INFO] [stderr]    Compiling smallvec v1.11.2
[INFO] [stderr]    Compiling tinyvec v1.6.0
[INFO] [stderr]    Compiling serde v1.0.194
[INFO] [stderr]    Compiling futures-core v0.3.30
[INFO] [stderr]    Compiling crossbeam-utils v0.8.18
[INFO] [stderr]    Compiling memchr v2.7.1
[INFO] [stderr]    Compiling percent-encoding v2.3.1
[INFO] [stderr]    Compiling serde_json v1.0.111
[INFO] [stderr]    Compiling pin-project-lite v0.2.13
[INFO] [stderr]    Compiling either v1.9.0
[INFO] [stderr]    Compiling futures-sink v0.3.30
[INFO] [stderr]    Compiling generic-array v0.14.7
[INFO] [stderr]    Compiling ahash v0.8.7
[INFO] [stderr]    Compiling paste v1.0.14
[INFO] [stderr]    Compiling minimal-lexical v0.2.1
[INFO] [stderr]    Compiling lock_api v0.4.11
[INFO] [stderr]    Compiling num-traits v0.2.17
[INFO] [stderr]    Compiling slab v0.4.9
[INFO] [stderr]    Compiling thiserror v1.0.56
[INFO] [stderr]    Compiling itertools v0.12.0
[INFO] [stderr]    Compiling form_urlencoded v1.2.1
[INFO] [stderr]    Compiling tracing-core v0.1.32
[INFO] [stderr]    Compiling nom v7.1.3
[INFO] [stderr]    Compiling log v0.4.20
[INFO] [stderr]    Compiling equivalent v1.0.1
[INFO] [stderr]    Compiling futures-task v0.3.30
[INFO] [stderr]    Compiling quote v1.0.35
[INFO] [stderr]    Compiling pin-utils v0.1.0
[INFO] [stderr]    Compiling ppv-lite86 v0.2.17
[INFO] [stderr]    Compiling unicode_categories v0.1.1
[INFO] [stderr]    Compiling ryu v1.0.16
[INFO] [stderr]    Compiling cpufeatures v0.2.12
[INFO] [stderr]    Compiling unicode-normalization v0.1.22
[INFO] [stderr]    Compiling itoa v1.0.10
[INFO] [stderr]    Compiling futures-io v0.3.30
[INFO] [stderr]    Compiling syn v2.0.48
[INFO] [stderr]    Compiling futures-util v0.3.30
[INFO] [stderr]    Compiling crossbeam-queue v0.3.10
[INFO] [stderr]    Compiling getrandom v0.2.11
[INFO] [stderr]    Compiling futures-channel v0.3.30
[INFO] [stderr]    Compiling finl_unicode v1.2.0
[INFO] [stderr]    Compiling byteorder v1.5.0
[INFO] [stderr]    Compiling parking_lot v0.12.1
[INFO] [stderr]    Compiling rand_core v0.6.4
[INFO] [stderr]    Compiling idna v0.5.0
[INFO] [stderr]    Compiling bytes v1.5.0
[INFO] [stderr]    Compiling hex v0.4.3
[INFO] [stderr]    Compiling hashbrown v0.14.3
[INFO] [stderr]    Compiling rand_chacha v0.3.1
[INFO] [stderr]    Compiling futures-intrusive v0.5.0
[INFO] [stderr]    Compiling dotenvy v0.15.7
[INFO] [stderr]    Compiling event-listener v2.5.3
[INFO] [stderr]    Compiling crc-catalog v2.4.0
[INFO] [stderr]    Compiling crc v3.0.1
[INFO] [stderr]    Compiling rand v0.8.5
[INFO] [stderr]    Compiling stringprep v0.1.4
[INFO] [stderr]    Compiling whoami v1.4.1
[INFO] [stderr]    Compiling atoi v2.0.0
[INFO] [stderr]    Compiling block-buffer v0.10.4
[INFO] [stderr]    Compiling crypto-common v0.1.6
[INFO] [stderr]    Compiling url v2.5.0
[INFO] [stderr]    Compiling digest v0.10.7
[INFO] [stderr]    Compiling home v0.5.9
[INFO] [stderr]    Compiling base64 v0.21.5
[INFO] [stderr]    Compiling bitflags v2.4.1
[INFO] [stderr]    Compiling indexmap v2.1.0
[INFO] [stderr]    Compiling hashlink v0.8.4
[INFO] [stderr]    Compiling hmac v0.12.1
[INFO] [stderr]    Compiling md-5 v0.10.6
[INFO] [stderr]    Compiling sha1 v0.10.6
[INFO] [stderr]    Compiling sha2 v0.10.8
[INFO] [stderr]    Compiling hkdf v0.12.4
[INFO] [stderr]    Compiling sqlformat v0.2.3
[INFO] [stderr]    Compiling serde_derive v1.0.194
[INFO] [stderr]    Compiling thiserror-impl v1.0.56
[INFO] [stderr]    Compiling tracing-attributes v0.1.27
[INFO] [stderr]    Compiling tracing v0.1.40
[INFO] [stderr]    Compiling sqlx-core v0.7.3
[INFO] [stderr]    Compiling sqlx-postgres v0.7.3 (/opt/rustwide/workdir)
[INFO] [stdout] warning: unused import: `flush::Flush`
[INFO] [stdout]   --> src/message/mod.rs:40:9
[INFO] [stdout]    |
[INFO] [stdout] 40 | pub use flush::Flush;
[INFO] [stdout]    |         ^^^^^^^^^^^^
[INFO] [stdout]    |
[INFO] [stdout]    = note: `#[warn(unused_imports)]` on by default
[INFO] [stdout] 
[INFO] [stdout] 
[INFO] [stdout] warning: 1 warning emitted
[INFO] [stdout] 
[INFO] [stdout] 
[INFO] [stderr]     Finished dev [unoptimized + debuginfo] target(s) in 12.09s
[INFO] running `Command { std: "docker" "inspect" "8fca79d071a852c99de72e6c29b6b12e3a7b93c7c1ecf80624575f22c4f76ee7", kill_on_drop: false }`
[INFO] running `Command { std: "docker" "rm" "-f" "8fca79d071a852c99de72e6c29b6b12e3a7b93c7c1ecf80624575f22c4f76ee7", kill_on_drop: false }`
[INFO] [stdout] 8fca79d071a852c99de72e6c29b6b12e3a7b93c7c1ecf80624575f22c4f76ee7
[INFO] running `Command { std: "docker" "create" "-v" "/var/lib/crater-agent-workspace/builds/worker-4-tc1/target:/opt/rustwide/target:rw,Z" "-v" "/var/lib/crater-agent-workspace/builds/worker-4-tc1/source:/opt/rustwide/workdir:ro,Z" "-v" "/var/lib/crater-agent-workspace/cargo-home:/opt/rustwide/cargo-home:ro,Z" "-v" "/var/lib/crater-agent-workspace/rustup-home:/opt/rustwide/rustup-home:ro,Z" "-e" "SOURCE_DIR=/opt/rustwide/workdir" "-e" "CARGO_TARGET_DIR=/opt/rustwide/target" "-e" "CARGO_INCREMENTAL=0" "-e" "RUST_BACKTRACE=full" "-e" "RUSTFLAGS=--cap-lints=warn" "-e" "RUSTDOCFLAGS=--cap-lints=warn" "-e" "CARGO_HOME=/opt/rustwide/cargo-home" "-e" "RUSTUP_HOME=/opt/rustwide/rustup-home" "-w" "/opt/rustwide/workdir" "-m" "1610612736" "--user" "0:0" "--network" "none" "ghcr.io/rust-lang/crates-build-env/linux@sha256:2788e3201cd34a07e3172128adcd8b3090168a8e3bcc40d7c032b9dda1df7d1c" "/opt/rustwide/cargo-home/bin/cargo" "+1.75.0" "test" "--frozen" "--no-run" "--message-format=json", kill_on_drop: false }`
[INFO] [stdout] e5b7df3c404acdc49ca14acc661b486c8e1030b3ef89f0fc1cb9cd537d69034b
[INFO] running `Command { std: "docker" "start" "-a" "e5b7df3c404acdc49ca14acc661b486c8e1030b3ef89f0fc1cb9cd537d69034b", kill_on_drop: false }`
[INFO] [stdout] warning: unused import: `flush::Flush`
[INFO] [stdout]   --> src/message/mod.rs:40:9
[INFO] [stdout]    |
[INFO] [stdout] 40 | pub use flush::Flush;
[INFO] [stdout]    |         ^^^^^^^^^^^^
[INFO] [stdout]    |
[INFO] [stdout]    = note: `#[warn(unused_imports)]` on by default
[INFO] [stdout] 
[INFO] [stdout] 
[INFO] [stderr]    Compiling sqlx-postgres v0.7.3 (/opt/rustwide/workdir)
[INFO] [stdout] warning: 1 warning emitted
[INFO] [stdout] 
[INFO] [stdout] 
[INFO] [stdout] warning: unused import: `flush::Flush`
[INFO] [stdout]   --> src/message/mod.rs:40:9
[INFO] [stdout]    |
[INFO] [stdout] 40 | pub use flush::Flush;
[INFO] [stdout]    |         ^^^^^^^^^^^^
[INFO] [stdout]    |
[INFO] [stdout]    = note: `#[warn(unused_imports)]` on by default
[INFO] [stdout] 
[INFO] [stdout] 
[INFO] [stdout] warning: 1 warning emitted
[INFO] [stdout] 
[INFO] [stdout] 
[INFO] [stderr]     Finished test [unoptimized + debuginfo] target(s) in 2.14s
[INFO] running `Command { std: "docker" "inspect" "e5b7df3c404acdc49ca14acc661b486c8e1030b3ef89f0fc1cb9cd537d69034b", kill_on_drop: false }`
[INFO] running `Command { std: "docker" "rm" "-f" "e5b7df3c404acdc49ca14acc661b486c8e1030b3ef89f0fc1cb9cd537d69034b", kill_on_drop: false }`
[INFO] [stdout] e5b7df3c404acdc49ca14acc661b486c8e1030b3ef89f0fc1cb9cd537d69034b
[INFO] running `Command { std: "docker" "create" "-v" "/var/lib/crater-agent-workspace/builds/worker-4-tc1/target:/opt/rustwide/target:rw,Z" "-v" "/var/lib/crater-agent-workspace/builds/worker-4-tc1/source:/opt/rustwide/workdir:ro,Z" "-v" "/var/lib/crater-agent-workspace/cargo-home:/opt/rustwide/cargo-home:ro,Z" "-v" "/var/lib/crater-agent-workspace/rustup-home:/opt/rustwide/rustup-home:ro,Z" "-e" "SOURCE_DIR=/opt/rustwide/workdir" "-e" "CARGO_TARGET_DIR=/opt/rustwide/target" "-e" "CARGO_INCREMENTAL=0" "-e" "RUST_BACKTRACE=full" "-e" "RUSTFLAGS=--cap-lints=warn" "-e" "RUSTDOCFLAGS=--cap-lints=warn" "-e" "CARGO_HOME=/opt/rustwide/cargo-home" "-e" "RUSTUP_HOME=/opt/rustwide/rustup-home" "-w" "/opt/rustwide/workdir" "-m" "1610612736" "--user" "0:0" "--network" "none" "ghcr.io/rust-lang/crates-build-env/linux@sha256:2788e3201cd34a07e3172128adcd8b3090168a8e3bcc40d7c032b9dda1df7d1c" "/opt/rustwide/cargo-home/bin/cargo" "+1.75.0" "test" "--frozen", kill_on_drop: false }`
[INFO] [stdout] 4586a88dc91d8bea67a98ca120d8d619c9f248820414f5d276c3239cf7327ef1
[INFO] running `Command { std: "docker" "start" "-a" "4586a88dc91d8bea67a98ca120d8d619c9f248820414f5d276c3239cf7327ef1", kill_on_drop: false }`
[INFO] [stderr] warning: unused import: `flush::Flush`
[INFO] [stderr]   --> src/message/mod.rs:40:9
[INFO] [stderr]    |
[INFO] [stderr] 40 | pub use flush::Flush;
[INFO] [stderr]    |         ^^^^^^^^^^^^
[INFO] [stderr]    |
[INFO] [stderr]    = note: `#[warn(unused_imports)]` on by default
[INFO] [stderr] 
[INFO] [stderr] warning: `sqlx-postgres` (lib) generated 1 warning (run `cargo fix --lib -p sqlx-postgres` to apply 1 suggestion)
[INFO] [stderr] warning: `sqlx-postgres` (lib test) generated 1 warning (1 duplicate)
[INFO] [stderr]     Finished test [unoptimized + debuginfo] target(s) in 0.06s
[INFO] [stderr]      Running unittests src/lib.rs (/opt/rustwide/target/debug/deps/sqlx_postgres-a352c0504fec77b5)
[INFO] [stdout] 
[INFO] [stdout] running 56 tests
[INFO] [stdout] test connection::stream::tests::test_parse_server_version_num ... ok
[INFO] [stdout] test connection::describe::explain_parsing ... ok
[INFO] [stdout] test listener::test_build_listen_all_query_with_multiple_channels ... ok
[INFO] [stdout] test listener::test_build_listen_all_query_with_single_channel ... ok
[INFO] [stdout] test message::backend_key_data::test_decode_backend_key_data ... ok
[INFO] [stdout] test message::command_complete::test_decode_command_complete_for_insert ... ok
[INFO] [stdout] test message::command_complete::test_decode_command_complete_for_begin ... ok
[INFO] [stdout] test message::command_complete::test_decode_command_complete_for_update ... ok
[INFO] [stdout] test message::data_row::test_decode_data_row ... ok
[INFO] [stdout] test message::describe::test_encode_describe_portal ... ok
[INFO] [stdout] test message::describe::test_encode_describe_statement ... ok
[INFO] [stdout] test message::describe::test_encode_describe_unnamed_portal ... ok
[INFO] [stdout] test message::describe::test_encode_describe_unnamed_statement ... ok
[INFO] [stdout] test message::execute::test_encode_execute ... ok
[INFO] [stdout] test message::notification::test_decode_notification_response ... ok
[INFO] [stdout] test message::parameter_description::test_decode_empty_parameter_description ... ok
[INFO] [stdout] test message::parameter_description::test_decode_parameter_description ... ok
[INFO] [stdout] test message::parameter_status::test_decode_empty_parameter_status ... ok
[INFO] [stdout] test message::parameter_status::test_decode_parameter_status ... ok
[INFO] [stdout] test message::parameter_status::test_decode_parameter_status_response ... ok
[INFO] [stdout] test message::parse::test_encode_parse ... ok
[INFO] [stdout] test message::password::test_encode_clear_password ... ok
[INFO] [stdout] test message::password::test_encode_md5_password ... ok
[INFO] [stdout] test message::query::test_encode_query ... ok
[INFO] [stdout] test message::ready_for_query::test_decode_ready_for_query ... ok
[INFO] [stdout] test message::response::test_decode_error_response ... ok
[INFO] [stdout] test message::ssl_request::test_encode_ssl_request ... ok
[INFO] [stdout] test message::startup::test_encode_startup ... ok
[INFO] [stdout] test options::pgpass::tests::test_load_password_from_line ... ok
[INFO] [stdout] test options::pgpass::tests::test_find_next_field ... ok
[INFO] [stdout] test options::pgpass::tests::test_load_password_from_reader ... ok
[INFO] [stdout] test types::interval::test_encode_interval ... ok
[INFO] [stdout] test types::interval::test_pginterval_std ... ok
[INFO] [stdout] test options::parse::it_parses_password_with_non_ascii_chars_correctly ... ok
[INFO] [stdout] test options::parse::it_parses_username_with_at_sign_correctly ... ok
[INFO] [stdout] test options::parse::it_parses_hostaddr_correctly_from_parameter ... ok
[INFO] [stdout] test options::parse::it_parses_port_correctly_from_parameter ... ok
[INFO] [stdout] test options::parse::it_parses_libpq_options_correctly ... ok
[INFO] [stdout] test options::parse::it_parses_password_correctly_from_parameter ... ok
[INFO] [stdout] test options::parse::it_parses_dbname_correctly_from_parameter ... ok
[INFO] [stdout] test options::parse::it_parses_socket_correctly_with_username_percent_encoded ... ok
[INFO] [stdout] test options::parse::it_parses_socket_correctly_from_parameter ... ok
[INFO] [stdout] test options::parse::it_parses_socket_correctly_percent_encoded ... ok
[INFO] [stdout] test options::parse::it_parses_sqlx_options_correctly ... ok
[INFO] [stdout] test options::parse::it_parses_user_correctly_from_parameter ... ok
[INFO] [stdout] test options::parse::it_parses_application_name_correctly_from_parameter ... ok
[INFO] [stdout] test options::parse::it_parses_host_correctly_from_parameter ... ok
[INFO] [stdout] test options::test_options_formatting ... ok
[INFO] [stdout] test types::money::tests::sub_assign_works ... ok
[INFO] [stdout] test types::money::tests::add_assign_works ... ok
[INFO] [stdout] test types::money::tests::adding_works ... ok
[INFO] [stdout] test types::money::tests::subtracting_works ... ok
[INFO] [stdout] test types::money::tests::add_assign_overflow_panics - should panic ... ok
[INFO] [stdout] test types::money::tests::sub_overflow_panics - should panic ... ok
[INFO] [stdout] test types::money::tests::add_overflow_panics - should panic ... ok
[INFO] [stdout] test types::money::tests::sub_assign_overflow_panics - should panic ... ok
[INFO] [stdout] 
[INFO] [stdout] test result: ok. 56 passed; 0 failed; 0 ignored; 0 measured; 0 filtered out; finished in 0.02s
[INFO] [stdout] 
[INFO] [stderr]    Doc-tests sqlx-postgres
[INFO] [stdout] 
[INFO] [stdout] running 31 tests
[INFO] [stdout] test src/listener.rs - listener::PgListener::recv (line 190) - compile ... FAILED
[INFO] [stdout] test src/listener.rs - listener::PgListener::try_recv (line 221) - compile ... FAILED
[INFO] [stdout] test src/options/mod.rs - options::PgConnectOptions::host (line 198) ... FAILED
[INFO] [stdout] test src/options/mod.rs - options::PgConnectOptions::application_name (line 460) ... FAILED
[INFO] [stdout] test src/options/mod.rs - options::PgConnectOptions::database (line 283) ... FAILED
[INFO] [stdout] test src/options/mod.rs - options::PgConnectOptions::extra_float_digits (line 507) ... FAILED
[INFO] [stdout] test src/options/mod.rs - options::PgConnectOptions::ssl_client_cert (line 349) ... FAILED
[INFO] [stdout] test src/options/mod.rs - options::PgConnectOptions::new (line 132) ... FAILED
[INFO] [stdout] test src/advisory_lock.rs - advisory_lock::PgAdvisoryLock::new (line 100) ... FAILED
[INFO] [stdout] test src/types/array.rs - types::array::PgHasArrayType (line 22) ... ignored
[INFO] [stdout] test src/options/mod.rs - options::PgConnectOptions::get_host (line 212) ... FAILED
[INFO] [stdout] test src/options/mod.rs - options::PgConnectOptions::options (line 527) ... FAILED
[INFO] [stdout] test src/types/array.rs - types::array::PgHasArrayType (line 35) ... ignored
[INFO] [stdout] test src/options/mod.rs - options::PgConnectOptions::password (line 268) ... FAILED
[INFO] [stdout] test src/options/mod.rs - options::PgConnectOptions::ssl_client_cert_from_pem (line 369) ... FAILED
[INFO] [stdout] test src/options/mod.rs - options::PgConnectOptions::get_database (line 297) ... FAILED
[INFO] [stdout] test src/options/mod.rs - options::PgConnectOptions::port (line 228) ... FAILED
[INFO] [stdout] test src/types/array.rs - types::array::PgHasArrayType (line 44) ... ignored
[INFO] [stdout] test src/types/citext.rs - types::citext::PgCiText (line 27) ... ignored
[INFO] [stdout] test src/types/lquery.rs - types::lquery::PgLQuery (line 48) ... ignored
[INFO] [stdout] test src/types/ltree.rs - types::ltree::PgLTree (line 84) ... ignored
[INFO] [stdout] test src/types/mod.rs - types (line 133) ... ignored
[INFO] [stdout] test src/types/mod.rs - types (line 158) ... ignored
[INFO] [stdout] test src/types/mod.rs - types (line 168) ... ignored
[INFO] [stdout] test src/options/mod.rs - options::PgConnectOptions::ssl_root_cert_from_pem (line 433) ... FAILED
[INFO] [stdout] test src/options/mod.rs - options::PgConnectOptions::ssl_mode (line 317) ... FAILED
[INFO] [stdout] test src/options/mod.rs - options::PgConnectOptions::ssl_client_key_from_pem (line 411) ... FAILED
[INFO] [stdout] test src/options/mod.rs - options::PgConnectOptions::username (line 254) ... FAILED
[INFO] [stdout] test src/options/mod.rs - options::PgConnectOptions::ssl_root_cert (line 333) ... FAILED
[INFO] [stdout] test src/options/mod.rs - options::PgConnectOptions::ssl_client_key (line 391) ... FAILED
[INFO] [stdout] test src/options/mod.rs - options::PgConnectOptions (line 60) - compile ... FAILED
[INFO] [stdout] 
[INFO] [stdout] failures:
[INFO] [stdout] 
[INFO] [stdout] ---- src/listener.rs - listener::PgListener::recv (line 190) stdout ----
[INFO] [stdout] error[E0432]: unresolved import `sqlx_core::postgres`
[INFO] [stdout]  --> src/listener.rs:191:16
[INFO] [stdout]   |
[INFO] [stdout] 3 | use sqlx_core::postgres::PgListener;
[INFO] [stdout]   |                ^^^^^^^^ could not find `postgres` in `sqlx_core`
[INFO] [stdout] 
[INFO] [stdout] error: aborting due to previous error
[INFO] [stdout] 
[INFO] [stdout] For more information about this error, try `rustc --explain E0432`.
[INFO] [stdout] Couldn't compile the test.
[INFO] [stdout] ---- src/listener.rs - listener::PgListener::try_recv (line 221) stdout ----
[INFO] [stdout] error[E0432]: unresolved import `sqlx_core::postgres`
[INFO] [stdout]  --> src/listener.rs:222:16
[INFO] [stdout]   |
[INFO] [stdout] 3 | use sqlx_core::postgres::PgListener;
[INFO] [stdout]   |                ^^^^^^^^ could not find `postgres` in `sqlx_core`
[INFO] [stdout] 
[INFO] [stdout] error: aborting due to previous error
[INFO] [stdout] 
[INFO] [stdout] For more information about this error, try `rustc --explain E0432`.
[INFO] [stdout] Couldn't compile the test.
[INFO] [stdout] ---- src/options/mod.rs - options::PgConnectOptions::host (line 198) stdout ----
[INFO] [stdout] error[E0432]: unresolved import `sqlx_core::postgres`
[INFO] [stdout]  --> src/options/mod.rs:199:16
[INFO] [stdout]   |
[INFO] [stdout] 3 | use sqlx_core::postgres::PgConnectOptions;
[INFO] [stdout]   |                ^^^^^^^^ could not find `postgres` in `sqlx_core`
[INFO] [stdout] 
[INFO] [stdout] error: aborting due to previous error
[INFO] [stdout] 
[INFO] [stdout] For more information about this error, try `rustc --explain E0432`.
[INFO] [stdout] Couldn't compile the test.
[INFO] [stdout] ---- src/options/mod.rs - options::PgConnectOptions::application_name (line 460) stdout ----
[INFO] [stdout] error[E0432]: unresolved import `sqlx_core::postgres`
[INFO] [stdout]  --> src/options/mod.rs:461:16
[INFO] [stdout]   |
[INFO] [stdout] 3 | use sqlx_core::postgres::PgConnectOptions;
[INFO] [stdout]   |                ^^^^^^^^ could not find `postgres` in `sqlx_core`
[INFO] [stdout] 
[INFO] [stdout] error: aborting due to previous error
[INFO] [stdout] 
[INFO] [stdout] For more information about this error, try `rustc --explain E0432`.
[INFO] [stdout] Couldn't compile the test.
[INFO] [stdout] ---- src/options/mod.rs - options::PgConnectOptions::database (line 283) stdout ----
[INFO] [stdout] error[E0432]: unresolved import `sqlx_core::postgres`
[INFO] [stdout]  --> src/options/mod.rs:284:16
[INFO] [stdout]   |
[INFO] [stdout] 3 | use sqlx_core::postgres::PgConnectOptions;
[INFO] [stdout]   |                ^^^^^^^^ could not find `postgres` in `sqlx_core`
[INFO] [stdout] 
[INFO] [stdout] error: aborting due to previous error
[INFO] [stdout] 
[INFO] [stdout] For more information about this error, try `rustc --explain E0432`.
[INFO] [stdout] Couldn't compile the test.
[INFO] [stdout] ---- src/options/mod.rs - options::PgConnectOptions::extra_float_digits (line 507) stdout ----
[INFO] [stdout] error[E0432]: unresolved import `sqlx_core::postgres`
[INFO] [stdout]  --> src/options/mod.rs:508:16
[INFO] [stdout]   |
[INFO] [stdout] 3 | use sqlx_core::postgres::PgConnectOptions;
[INFO] [stdout]   |                ^^^^^^^^ could not find `postgres` in `sqlx_core`
[INFO] [stdout] 
[INFO] [stdout] error: aborting due to previous error
[INFO] [stdout] 
[INFO] [stdout] For more information about this error, try `rustc --explain E0432`.
[INFO] [stdout] Couldn't compile the test.
[INFO] [stdout] ---- src/options/mod.rs - options::PgConnectOptions::ssl_client_cert (line 349) stdout ----
[INFO] [stdout] error[E0432]: unresolved import `sqlx_core::postgres`
[INFO] [stdout]  --> src/options/mod.rs:350:16
[INFO] [stdout]   |
[INFO] [stdout] 3 | use sqlx_core::postgres::{PgSslMode, PgConnectOptions};
[INFO] [stdout]   |                ^^^^^^^^ could not find `postgres` in `sqlx_core`
[INFO] [stdout] 
[INFO] [stdout] error: aborting due to previous error
[INFO] [stdout] 
[INFO] [stdout] For more information about this error, try `rustc --explain E0432`.
[INFO] [stdout] Couldn't compile the test.
[INFO] [stdout] ---- src/options/mod.rs - options::PgConnectOptions::new (line 132) stdout ----
[INFO] [stdout] error[E0432]: unresolved import `sqlx_core::postgres`
[INFO] [stdout]  --> src/options/mod.rs:133:16
[INFO] [stdout]   |
[INFO] [stdout] 3 | use sqlx_core::postgres::PgConnectOptions;
[INFO] [stdout]   |                ^^^^^^^^ could not find `postgres` in `sqlx_core`
[INFO] [stdout] 
[INFO] [stdout] error: aborting due to previous error
[INFO] [stdout] 
[INFO] [stdout] For more information about this error, try `rustc --explain E0432`.
[INFO] [stdout] Couldn't compile the test.
[INFO] [stdout] ---- src/advisory_lock.rs - advisory_lock::PgAdvisoryLock::new (line 100) stdout ----
[INFO] [stdout] error[E0432]: unresolved import `sqlx::postgres`
[INFO] [stdout]  --> src/advisory_lock.rs:102:11
[INFO] [stdout]   |
[INFO] [stdout] 4 | use sqlx::postgres::{PgAdvisoryLock, PgAdvisoryLockKey};
[INFO] [stdout]   |           ^^^^^^^^ could not find `postgres` in `sqlx`
[INFO] [stdout] 
[INFO] [stdout] error: aborting due to previous error
[INFO] [stdout] 
[INFO] [stdout] For more information about this error, try `rustc --explain E0432`.
[INFO] [stdout] Couldn't compile the test.
[INFO] [stdout] ---- src/options/mod.rs - options::PgConnectOptions::get_host (line 212) stdout ----
[INFO] [stdout] error[E0432]: unresolved import `sqlx_core::postgres`
[INFO] [stdout]  --> src/options/mod.rs:213:16
[INFO] [stdout]   |
[INFO] [stdout] 3 | use sqlx_core::postgres::PgConnectOptions;
[INFO] [stdout]   |                ^^^^^^^^ could not find `postgres` in `sqlx_core`
[INFO] [stdout] 
[INFO] [stdout] error: aborting due to previous error
[INFO] [stdout] 
[INFO] [stdout] For more information about this error, try `rustc --explain E0432`.
[INFO] [stdout] Couldn't compile the test.
[INFO] [stdout] ---- src/options/mod.rs - options::PgConnectOptions::options (line 527) stdout ----
[INFO] [stdout] error[E0432]: unresolved import `sqlx_core::postgres`
[INFO] [stdout]  --> src/options/mod.rs:528:16
[INFO] [stdout]   |
[INFO] [stdout] 3 | use sqlx_core::postgres::PgConnectOptions;
[INFO] [stdout]   |                ^^^^^^^^ could not find `postgres` in `sqlx_core`
[INFO] [stdout] 
[INFO] [stdout] error: aborting due to previous error
[INFO] [stdout] 
[INFO] [stdout] For more information about this error, try `rustc --explain E0432`.
[INFO] [stdout] Couldn't compile the test.
[INFO] [stdout] ---- src/options/mod.rs - options::PgConnectOptions::password (line 268) stdout ----
[INFO] [stdout] error[E0432]: unresolved import `sqlx_core::postgres`
[INFO] [stdout]  --> src/options/mod.rs:269:16
[INFO] [stdout]   |
[INFO] [stdout] 3 | use sqlx_core::postgres::PgConnectOptions;
[INFO] [stdout]   |                ^^^^^^^^ could not find `postgres` in `sqlx_core`
[INFO] [stdout] 
[INFO] [stdout] error: aborting due to previous error
[INFO] [stdout] 
[INFO] [stdout] For more information about this error, try `rustc --explain E0432`.
[INFO] [stdout] Couldn't compile the test.
[INFO] [stdout] ---- src/options/mod.rs - options::PgConnectOptions::ssl_client_cert_from_pem (line 369) stdout ----
[INFO] [stdout] error[E0432]: unresolved import `sqlx_core::postgres`
[INFO] [stdout]  --> src/options/mod.rs:370:16
[INFO] [stdout]   |
[INFO] [stdout] 3 | use sqlx_core::postgres::{PgSslMode, PgConnectOptions};
[INFO] [stdout]   |                ^^^^^^^^ could not find `postgres` in `sqlx_core`
[INFO] [stdout] 
[INFO] [stdout] error: aborting due to previous error
[INFO] [stdout] 
[INFO] [stdout] For more information about this error, try `rustc --explain E0432`.
[INFO] [stdout] Couldn't compile the test.
[INFO] [stdout] ---- src/options/mod.rs - options::PgConnectOptions::get_database (line 297) stdout ----
[INFO] [stdout] error[E0432]: unresolved import `sqlx_core::postgres`
[INFO] [stdout]  --> src/options/mod.rs:298:16
[INFO] [stdout]   |
[INFO] [stdout] 3 | use sqlx_core::postgres::PgConnectOptions;
[INFO] [stdout]   |                ^^^^^^^^ could not find `postgres` in `sqlx_core`
[INFO] [stdout] 
[INFO] [stdout] error: aborting due to previous error
[INFO] [stdout] 
[INFO] [stdout] For more information about this error, try `rustc --explain E0432`.
[INFO] [stdout] Couldn't compile the test.
[INFO] [stdout] ---- src/options/mod.rs - options::PgConnectOptions::port (line 228) stdout ----
[INFO] [stdout] error[E0432]: unresolved import `sqlx_core::postgres`
[INFO] [stdout]  --> src/options/mod.rs:229:16
[INFO] [stdout]   |
[INFO] [stdout] 3 | use sqlx_core::postgres::PgConnectOptions;
[INFO] [stdout]   |                ^^^^^^^^ could not find `postgres` in `sqlx_core`
[INFO] [stdout] 
[INFO] [stdout] error: aborting due to previous error
[INFO] [stdout] 
[INFO] [stdout] For more information about this error, try `rustc --explain E0432`.
[INFO] [stdout] Couldn't compile the test.
[INFO] [stdout] ---- src/options/mod.rs - options::PgConnectOptions::ssl_root_cert_from_pem (line 433) stdout ----
[INFO] [stdout] error[E0432]: unresolved import `sqlx_core::postgres`
[INFO] [stdout]  --> src/options/mod.rs:434:16
[INFO] [stdout]   |
[INFO] [stdout] 3 | use sqlx_core::postgres::{PgSslMode, PgConnectOptions};
[INFO] [stdout]   |                ^^^^^^^^ could not find `postgres` in `sqlx_core`
[INFO] [stdout] 
[INFO] [stdout] error: aborting due to previous error
[INFO] [stdout] 
[INFO] [stdout] For more information about this error, try `rustc --explain E0432`.
[INFO] [stdout] Couldn't compile the test.
[INFO] [stdout] ---- src/options/mod.rs - options::PgConnectOptions::ssl_mode (line 317) stdout ----
[INFO] [stdout] error[E0432]: unresolved import `sqlx_core::postgres`
[INFO] [stdout]  --> src/options/mod.rs:318:16
[INFO] [stdout]   |
[INFO] [stdout] 3 | use sqlx_core::postgres::{PgSslMode, PgConnectOptions};
[INFO] [stdout]   |                ^^^^^^^^ could not find `postgres` in `sqlx_core`
[INFO] [stdout] 
[INFO] [stdout] error: aborting due to previous error
[INFO] [stdout] 
[INFO] [stdout] For more information about this error, try `rustc --explain E0432`.
[INFO] [stdout] Couldn't compile the test.
[INFO] [stdout] ---- src/options/mod.rs - options::PgConnectOptions::ssl_client_key_from_pem (line 411) stdout ----
[INFO] [stdout] error[E0432]: unresolved import `sqlx_core::postgres`
[INFO] [stdout]  --> src/options/mod.rs:412:16
[INFO] [stdout]   |
[INFO] [stdout] 3 | use sqlx_core::postgres::{PgSslMode, PgConnectOptions};
[INFO] [stdout]   |                ^^^^^^^^ could not find `postgres` in `sqlx_core`
[INFO] [stdout] 
[INFO] [stdout] error: aborting due to previous error
[INFO] [stdout] 
[INFO] [stdout] For more information about this error, try `rustc --explain E0432`.
[INFO] [stdout] Couldn't compile the test.
[INFO] [stdout] ---- src/options/mod.rs - options::PgConnectOptions::username (line 254) stdout ----
[INFO] [stdout] error[E0432]: unresolved import `sqlx_core::postgres`
[INFO] [stdout]  --> src/options/mod.rs:255:16
[INFO] [stdout]   |
[INFO] [stdout] 3 | use sqlx_core::postgres::PgConnectOptions;
[INFO] [stdout]   |                ^^^^^^^^ could not find `postgres` in `sqlx_core`
[INFO] [stdout] 
[INFO] [stdout] error: aborting due to previous error
[INFO] [stdout] 
[INFO] [stdout] For more information about this error, try `rustc --explain E0432`.
[INFO] [stdout] Couldn't compile the test.
[INFO] [stdout] ---- src/options/mod.rs - options::PgConnectOptions::ssl_root_cert (line 333) stdout ----
[INFO] [stdout] error[E0432]: unresolved import `sqlx_core::postgres`
[INFO] [stdout]  --> src/options/mod.rs:334:16
[INFO] [stdout]   |
[INFO] [stdout] 3 | use sqlx_core::postgres::{PgSslMode, PgConnectOptions};
[INFO] [stdout]   |                ^^^^^^^^ could not find `postgres` in `sqlx_core`
[INFO] [stdout] 
[INFO] [stdout] error: aborting due to previous error
[INFO] [stdout] 
[INFO] [stdout] For more information about this error, try `rustc --explain E0432`.
[INFO] [stdout] Couldn't compile the test.
[INFO] [stdout] ---- src/options/mod.rs - options::PgConnectOptions::ssl_client_key (line 391) stdout ----
[INFO] [stdout] error[E0432]: unresolved import `sqlx_core::postgres`
[INFO] [stdout]  --> src/options/mod.rs:392:16
[INFO] [stdout]   |
[INFO] [stdout] 3 | use sqlx_core::postgres::{PgSslMode, PgConnectOptions};
[INFO] [stdout]   |                ^^^^^^^^ could not find `postgres` in `sqlx_core`
[INFO] [stdout] 
[INFO] [stdout] error: aborting due to previous error
[INFO] [stdout] 
[INFO] [stdout] For more information about this error, try `rustc --explain E0432`.
[INFO] [stdout] Couldn't compile the test.
[INFO] [stdout] ---- src/options/mod.rs - options::PgConnectOptions (line 60) stdout ----
[INFO] [stdout] error[E0433]: failed to resolve: use of undeclared crate or module `sqlx`
[INFO] [stdout]  --> src/options/mod.rs:62:5
[INFO] [stdout]   |
[INFO] [stdout] 4 | use sqlx::postgres::{PgConnectOptions, PgConnection, PgPool, PgSslMode};
[INFO] [stdout]   |     ^^^^ use of undeclared crate or module `sqlx`
[INFO] [stdout] 
[INFO] [stdout] error[E0432]: unresolved import `sqlx`
[INFO] [stdout]  --> src/options/mod.rs:61:5
[INFO] [stdout]   |
[INFO] [stdout] 3 | use sqlx::{Connection, ConnectOptions};
[INFO] [stdout]   |     ^^^^ use of undeclared crate or module `sqlx`
[INFO] [stdout] 
[INFO] [stdout] error[E0277]: the `?` operator can only be used in an async function that returns `Result` or `Option` (or another type that implements `FromResidual`)
[INFO] [stdout]   --> src/options/mod.rs:66:68
[INFO] [stdout]    |
[INFO] [stdout] 6  |   async fn example() -> sqlx::Result<()> {
[INFO] [stdout]    |  ________________________________________-
[INFO] [stdout] 7  | | // URL connection string
[INFO] [stdout] 8  | | let conn = PgConnection::connect("postgres://localhost/mydb").await?;
[INFO] [stdout]    | |                                                                    ^ cannot use the `?` operator in an async function that returns `()`
[INFO] [stdout] 9  | |
[INFO] [stdout] ...  |
[INFO] [stdout] 27 | | let pool = PgPool::connect_with(&opts).await?;
[INFO] [stdout] 28 | | }
[INFO] [stdout]    | |_- this function should return `Result` or `Option` to accept `?`
[INFO] [stdout]    |
[INFO] [stdout]    = help: the trait `FromResidual<_>` is not implemented for `()`
[INFO] [stdout] 
[INFO] [stdout] error[E0277]: the `?` operator can only be used in an async function that returns `Result` or `Option` (or another type that implements `FromResidual`)
[INFO] [stdout]   --> src/options/mod.rs:76:11
[INFO] [stdout]    |
[INFO] [stdout] 6  |   async fn example() -> sqlx::Result<()> {
[INFO] [stdout]    |  ________________________________________-
[INFO] [stdout] 7  | | // URL connection string
[INFO] [stdout] 8  | | let conn = PgConnection::connect("postgres://localhost/mydb").await?;
[INFO] [stdout] 9  | |
[INFO] [stdout] ...  |
[INFO] [stdout] 18 | |     .await?;
[INFO] [stdout]    | |           ^ cannot use the `?` operator in an async function that returns `()`
[INFO] [stdout] ...  |
[INFO] [stdout] 27 | | let pool = PgPool::connect_with(&opts).await?;
[INFO] [stdout] 28 | | }
[INFO] [stdout]    | |_- this function should return `Result` or `Option` to accept `?`
[INFO] [stdout]    |
[INFO] [stdout]    = help: the trait `FromResidual<_>` is not implemented for `()`
[INFO] [stdout] 
[INFO] [stdout] error[E0277]: the `?` operator can only be used in an async function that returns `Result` or `Option` (or another type that implements `FromResidual`)
[INFO] [stdout]   --> src/options/mod.rs:79:69
[INFO] [stdout]    |
[INFO] [stdout] 6  |   async fn example() -> sqlx::Result<()> {
[INFO] [stdout]    |  ________________________________________-
[INFO] [stdout] 7  | | // URL connection string
[INFO] [stdout] 8  | | let conn = PgConnection::connect("postgres://localhost/mydb").await?;
[INFO] [stdout] 9  | |
[INFO] [stdout] ...  |
[INFO] [stdout] 21 | | let mut opts: PgConnectOptions = "postgres://localhost/mydb".parse()?;
[INFO] [stdout]    | |                                                                     ^ cannot use the `?` operator in an async function that returns `()`
[INFO] [stdout] ...  |
[INFO] [stdout] 27 | | let pool = PgPool::connect_with(&opts).await?;
[INFO] [stdout] 28 | | }
[INFO] [stdout]    | |_- this function should return `Result` or `Option` to accept `?`
[INFO] [stdout]    |
[INFO] [stdout]    = help: the trait `FromResidual<Result<Infallible, _>>` is not implemented for `()`
[INFO] [stdout] 
[INFO] [stdout] error[E0277]: the `?` operator can only be used in an async function that returns `Result` or `Option` (or another type that implements `FromResidual`)
[INFO] [stdout]   --> src/options/mod.rs:85:45
[INFO] [stdout]    |
[INFO] [stdout] 6  |   async fn example() -> sqlx::Result<()> {
[INFO] [stdout]    |  ________________________________________-
[INFO] [stdout] 7  | | // URL connection string
[INFO] [stdout] 8  | | let conn = PgConnection::connect("postgres://localhost/mydb").await?;
[INFO] [stdout] 9  | |
[INFO] [stdout] ...  |
[INFO] [stdout] 27 | | let pool = PgPool::connect_with(&opts).await?;
[INFO] [stdout]    | |                                             ^ cannot use the `?` operator in an async function that returns `()`
[INFO] [stdout] 28 | | }
[INFO] [stdout]    | |_- this function should return `Result` or `Option` to accept `?`
[INFO] [stdout]    |
[INFO] [stdout]    = help: the trait `FromResidual<_>` is not implemented for `()`
[INFO] [stdout] 
[INFO] [stdout] error[E0433]: failed to resolve: use of undeclared crate or module `sqlx`
[INFO] [stdout]  --> src/options/mod.rs:64:23
[INFO] [stdout]   |
[INFO] [stdout] 6 | async fn example() -> sqlx::Result<()> {
[INFO] [stdout]   |                       ^^^^ use of undeclared crate or module `sqlx`
[INFO] [stdout] 
[INFO] [stdout] error: aborting due to 7 previous errors
[INFO] [stdout] 
[INFO] [stdout] Some errors have detailed explanations: E0277, E0432, E0433.
[INFO] [stdout] For more information about an error, try `rustc --explain E0277`.
[INFO] [stdout] Couldn't compile the test.
[INFO] [stdout] 
[INFO] [stdout] failures:
[INFO] [stdout]     src/advisory_lock.rs - advisory_lock::PgAdvisoryLock::new (line 100)
[INFO] [stdout]     src/listener.rs - listener::PgListener::recv (line 190)
[INFO] [stdout]     src/listener.rs - listener::PgListener::try_recv (line 221)
[INFO] [stdout]     src/options/mod.rs - options::PgConnectOptions (line 60)
[INFO] [stdout]     src/options/mod.rs - options::PgConnectOptions::application_name (line 460)
[INFO] [stdout]     src/options/mod.rs - options::PgConnectOptions::database (line 283)
[INFO] [stdout]     src/options/mod.rs - options::PgConnectOptions::extra_float_digits (line 507)
[INFO] [stdout]     src/options/mod.rs - options::PgConnectOptions::get_database (line 297)
[INFO] [stdout]     src/options/mod.rs - options::PgConnectOptions::get_host (line 212)
[INFO] [stdout]     src/options/mod.rs - options::PgConnectOptions::host (line 198)
[INFO] [stdout]     src/options/mod.rs - options::PgConnectOptions::new (line 132)
[INFO] [stdout]     src/options/mod.rs - options::PgConnectOptions::options (line 527)
[INFO] [stdout]     src/options/mod.rs - options::PgConnectOptions::password (line 268)
[INFO] [stdout]     src/options/mod.rs - options::PgConnectOptions::port (line 228)
[INFO] [stdout]     src/options/mod.rs - options::PgConnectOptions::ssl_client_cert (line 349)
[INFO] [stdout]     src/options/mod.rs - options::PgConnectOptions::ssl_client_cert_from_pem (line 369)
[INFO] [stdout]     src/options/mod.rs - options::PgConnectOptions::ssl_client_key (line 391)
[INFO] [stdout]     src/options/mod.rs - options::PgConnectOptions::ssl_client_key_from_pem (line 411)
[INFO] [stdout]     src/options/mod.rs - options::PgConnectOptions::ssl_mode (line 317)
[INFO] [stdout]     src/options/mod.rs - options::PgConnectOptions::ssl_root_cert (line 333)
[INFO] [stdout]     src/options/mod.rs - options::PgConnectOptions::ssl_root_cert_from_pem (line 433)
[INFO] [stdout]     src/options/mod.rs - options::PgConnectOptions::username (line 254)
[INFO] [stdout] 
[INFO] [stdout] test result: FAILED. 0 passed; 22 failed; 9 ignored; 0 measured; 0 filtered out; finished in 0.10s
[INFO] [stdout] 
[INFO] [stderr] error: doctest failed, to rerun pass `--doc`
[INFO] running `Command { std: "docker" "inspect" "4586a88dc91d8bea67a98ca120d8d619c9f248820414f5d276c3239cf7327ef1", kill_on_drop: false }`
[INFO] running `Command { std: "docker" "rm" "-f" "4586a88dc91d8bea67a98ca120d8d619c9f248820414f5d276c3239cf7327ef1", kill_on_drop: false }`
[INFO] [stdout] 4586a88dc91d8bea67a98ca120d8d619c9f248820414f5d276c3239cf7327ef1
[INFO] testing sqlx-postgres-0.7.3 against beta-2023-12-22 for beta-1.76-1
[INFO] extracting crate sqlx-postgres 0.7.3 into /workspace/builds/worker-4-tc2/source
[INFO] validating manifest of crates.io crate sqlx-postgres 0.7.3 on toolchain beta-2023-12-22
[INFO] running `Command { std: CARGO_HOME="/workspace/cargo-home" RUSTUP_HOME="/workspace/rustup-home" "/workspace/cargo-home/bin/cargo" "+beta-2023-12-22" "metadata" "--manifest-path" "Cargo.toml" "--no-deps", kill_on_drop: false }`
[INFO] started tweaking crates.io crate sqlx-postgres 0.7.3
[INFO] finished tweaking crates.io crate sqlx-postgres 0.7.3
[INFO] tweaked toml for crates.io crate sqlx-postgres 0.7.3 written to /workspace/builds/worker-4-tc2/source/Cargo.toml
[INFO] running `Command { std: CARGO_HOME="/workspace/cargo-home" RUSTUP_HOME="/workspace/rustup-home" "/workspace/cargo-home/bin/cargo" "+beta-2023-12-22" "generate-lockfile" "--manifest-path" "Cargo.toml", kill_on_drop: false }`
[INFO] [stderr]     Updating crates.io index
[INFO] running `Command { std: CARGO_HOME="/workspace/cargo-home" RUSTUP_HOME="/workspace/rustup-home" "/workspace/cargo-home/bin/cargo" "+beta-2023-12-22" "fetch" "--manifest-path" "Cargo.toml", kill_on_drop: false }`
[INFO] running `Command { std: "docker" "create" "-v" "/var/lib/crater-agent-workspace/builds/worker-4-tc2/target:/opt/rustwide/target:rw,Z" "-v" "/var/lib/crater-agent-workspace/builds/worker-4-tc2/source:/opt/rustwide/workdir:ro,Z" "-v" "/var/lib/crater-agent-workspace/cargo-home:/opt/rustwide/cargo-home:ro,Z" "-v" "/var/lib/crater-agent-workspace/rustup-home:/opt/rustwide/rustup-home:ro,Z" "-e" "SOURCE_DIR=/opt/rustwide/workdir" "-e" "CARGO_TARGET_DIR=/opt/rustwide/target" "-e" "CARGO_HOME=/opt/rustwide/cargo-home" "-e" "RUSTUP_HOME=/opt/rustwide/rustup-home" "-w" "/opt/rustwide/workdir" "-m" "1610612736" "--user" "0:0" "--network" "none" "ghcr.io/rust-lang/crates-build-env/linux@sha256:2788e3201cd34a07e3172128adcd8b3090168a8e3bcc40d7c032b9dda1df7d1c" "/opt/rustwide/cargo-home/bin/cargo" "+beta-2023-12-22" "metadata" "--no-deps" "--format-version=1", kill_on_drop: false }`
[INFO] [stdout] 2ca234b323c02110fa45317dcf750fdf0bab55d2f76d1f7e1dc44a13ef17a15d
[INFO] running `Command { std: "docker" "start" "-a" "2ca234b323c02110fa45317dcf750fdf0bab55d2f76d1f7e1dc44a13ef17a15d", kill_on_drop: false }`
[INFO] running `Command { std: "docker" "inspect" "2ca234b323c02110fa45317dcf750fdf0bab55d2f76d1f7e1dc44a13ef17a15d", kill_on_drop: false }`
[INFO] running `Command { std: "docker" "rm" "-f" "2ca234b323c02110fa45317dcf750fdf0bab55d2f76d1f7e1dc44a13ef17a15d", kill_on_drop: false }`
[INFO] [stdout] 2ca234b323c02110fa45317dcf750fdf0bab55d2f76d1f7e1dc44a13ef17a15d
[INFO] running `Command { std: "docker" "create" "-v" "/var/lib/crater-agent-workspace/builds/worker-4-tc2/target:/opt/rustwide/target:rw,Z" "-v" "/var/lib/crater-agent-workspace/builds/worker-4-tc2/source:/opt/rustwide/workdir:ro,Z" "-v" "/var/lib/crater-agent-workspace/cargo-home:/opt/rustwide/cargo-home:ro,Z" "-v" "/var/lib/crater-agent-workspace/rustup-home:/opt/rustwide/rustup-home:ro,Z" "-e" "SOURCE_DIR=/opt/rustwide/workdir" "-e" "CARGO_TARGET_DIR=/opt/rustwide/target" "-e" "CARGO_INCREMENTAL=0" "-e" "RUST_BACKTRACE=full" "-e" "RUSTFLAGS=--cap-lints=warn" "-e" "RUSTDOCFLAGS=--cap-lints=warn" "-e" "CARGO_HOME=/opt/rustwide/cargo-home" "-e" "RUSTUP_HOME=/opt/rustwide/rustup-home" "-w" "/opt/rustwide/workdir" "-m" "1610612736" "--user" "0:0" "--network" "none" "ghcr.io/rust-lang/crates-build-env/linux@sha256:2788e3201cd34a07e3172128adcd8b3090168a8e3bcc40d7c032b9dda1df7d1c" "/opt/rustwide/cargo-home/bin/cargo" "+beta-2023-12-22" "build" "--frozen" "--message-format=json", kill_on_drop: false }`
[INFO] [stdout] ec9c689fbdcb31993e07d2ae679b39276b10b003c88716801fbd1580523430a2
[INFO] running `Command { std: "docker" "start" "-a" "ec9c689fbdcb31993e07d2ae679b39276b10b003c88716801fbd1580523430a2", kill_on_drop: false }`
[INFO] [stderr]    Compiling version_check v0.9.4
[INFO] [stderr]    Compiling cfg-if v1.0.0
[INFO] [stderr]    Compiling libc v0.2.151
[INFO] [stderr]    Compiling autocfg v1.1.0
[INFO] [stderr]    Compiling proc-macro2 v1.0.75
[INFO] [stderr]    Compiling unicode-ident v1.0.12
[INFO] [stderr]    Compiling typenum v1.17.0
[INFO] [stderr]    Compiling once_cell v1.19.0
[INFO] [stderr]    Compiling tinyvec_macros v0.1.1
[INFO] [stderr]    Compiling subtle v2.5.0
[INFO] [stderr]    Compiling zerocopy v0.7.32
[INFO] [stderr]    Compiling parking_lot_core v0.9.9
[INFO] [stderr]    Compiling serde v1.0.194
[INFO] [stderr]    Compiling scopeguard v1.2.0
[INFO] [stderr]    Compiling smallvec v1.11.2
[INFO] [stderr]    Compiling futures-core v0.3.30
[INFO] [stderr]    Compiling tinyvec v1.6.0
[INFO] [stderr]    Compiling unicode-bidi v0.3.14
[INFO] [stderr]    Compiling allocator-api2 v0.2.16
[INFO] [stderr]    Compiling memchr v2.7.1
[INFO] [stderr]    Compiling crossbeam-utils v0.8.18
[INFO] [stderr]    Compiling pin-project-lite v0.2.13
[INFO] [stderr]    Compiling either v1.9.0
[INFO] [stderr]    Compiling minimal-lexical v0.2.1
[INFO] [stderr]    Compiling thiserror v1.0.56
[INFO] [stderr]    Compiling futures-sink v0.3.30
[INFO] [stderr]    Compiling paste v1.0.14
[INFO] [stderr]    Compiling percent-encoding v2.3.1
[INFO] [stderr]    Compiling generic-array v0.14.7
[INFO] [stderr]    Compiling ahash v0.8.7
[INFO] [stderr]    Compiling lock_api v0.4.11
[INFO] [stderr]    Compiling num-traits v0.2.17
[INFO] [stderr]    Compiling slab v0.4.9
[INFO] [stderr]    Compiling serde_json v1.0.111
[INFO] [stderr]    Compiling form_urlencoded v1.2.1
[INFO] [stderr]    Compiling itertools v0.12.0
[INFO] [stderr]    Compiling tracing-core v0.1.32
[INFO] [stderr]    Compiling nom v7.1.3
[INFO] [stderr]    Compiling futures-task v0.3.30
[INFO] [stderr]    Compiling log v0.4.20
[INFO] [stderr]    Compiling ryu v1.0.16
[INFO] [stderr]    Compiling equivalent v1.0.1
[INFO] [stderr]    Compiling quote v1.0.35
[INFO] [stderr]    Compiling cpufeatures v0.2.12
[INFO] [stderr]    Compiling ppv-lite86 v0.2.17
[INFO] [stderr]    Compiling itoa v1.0.10
[INFO] [stderr]    Compiling futures-io v0.3.30
[INFO] [stderr]    Compiling unicode-normalization v0.1.22
[INFO] [stderr]    Compiling pin-utils v0.1.0
[INFO] [stderr]    Compiling unicode_categories v0.1.1
[INFO] [stderr]    Compiling syn v2.0.48
[INFO] [stderr]    Compiling futures-util v0.3.30
[INFO] [stderr]    Compiling crossbeam-queue v0.3.10
[INFO] [stderr]    Compiling getrandom v0.2.11
[INFO] [stderr]    Compiling futures-channel v0.3.30
[INFO] [stderr]    Compiling hex v0.4.3
[INFO] [stderr]    Compiling byteorder v1.5.0
[INFO] [stderr]    Compiling bytes v1.5.0
[INFO] [stderr]    Compiling finl_unicode v1.2.0
[INFO] [stderr]    Compiling parking_lot v0.12.1
[INFO] [stderr]    Compiling idna v0.5.0
[INFO] [stderr]    Compiling rand_core v0.6.4
[INFO] [stderr]    Compiling crc-catalog v2.4.0
[INFO] [stderr]    Compiling event-listener v2.5.3
[INFO] [stderr]    Compiling dotenvy v0.15.7
[INFO] [stderr]    Compiling stringprep v0.1.4
[INFO] [stderr]    Compiling hashbrown v0.14.3
[INFO] [stderr]    Compiling rand_chacha v0.3.1
[INFO] [stderr]    Compiling futures-intrusive v0.5.0
[INFO] [stderr]    Compiling crc v3.0.1
[INFO] [stderr]    Compiling home v0.5.9
[INFO] [stderr]    Compiling rand v0.8.5
[INFO] [stderr]    Compiling bitflags v2.4.1
[INFO] [stderr]    Compiling url v2.5.0
[INFO] [stderr]    Compiling atoi v2.0.0
[INFO] [stderr]    Compiling base64 v0.21.5
[INFO] [stderr]    Compiling whoami v1.4.1
[INFO] [stderr]    Compiling block-buffer v0.10.4
[INFO] [stderr]    Compiling crypto-common v0.1.6
[INFO] [stderr]    Compiling digest v0.10.7
[INFO] [stderr]    Compiling indexmap v2.1.0
[INFO] [stderr]    Compiling hashlink v0.8.4
[INFO] [stderr]    Compiling hmac v0.12.1
[INFO] [stderr]    Compiling sha1 v0.10.6
[INFO] [stderr]    Compiling md-5 v0.10.6
[INFO] [stderr]    Compiling sha2 v0.10.8
[INFO] [stderr]    Compiling hkdf v0.12.4
[INFO] [stderr]    Compiling sqlformat v0.2.3
[INFO] [stderr]    Compiling serde_derive v1.0.194
[INFO] [stderr]    Compiling thiserror-impl v1.0.56
[INFO] [stderr]    Compiling tracing-attributes v0.1.27
[INFO] [stderr]    Compiling tracing v0.1.40
[INFO] [stderr]    Compiling sqlx-core v0.7.3
[INFO] [stderr]    Compiling sqlx-postgres v0.7.3 (/opt/rustwide/workdir)
[INFO] [stdout] warning: unused import: `flush::Flush`
[INFO] [stdout]   --> src/message/mod.rs:40:9
[INFO] [stdout]    |
[INFO] [stdout] 40 | pub use flush::Flush;
[INFO] [stdout]    |         ^^^^^^^^^^^^
[INFO] [stdout]    |
[INFO] [stdout]    = note: `#[warn(unused_imports)]` on by default
[INFO] [stdout] 
[INFO] [stdout] 
[INFO] [stdout] warning: 1 warning emitted
[INFO] [stdout] 
[INFO] [stdout] 
[INFO] [stderr]     Finished dev [unoptimized + debuginfo] target(s) in 11.83s
[INFO] running `Command { std: "docker" "inspect" "ec9c689fbdcb31993e07d2ae679b39276b10b003c88716801fbd1580523430a2", kill_on_drop: false }`
[INFO] running `Command { std: "docker" "rm" "-f" "ec9c689fbdcb31993e07d2ae679b39276b10b003c88716801fbd1580523430a2", kill_on_drop: false }`
[INFO] [stdout] ec9c689fbdcb31993e07d2ae679b39276b10b003c88716801fbd1580523430a2
[INFO] running `Command { std: "docker" "create" "-v" "/var/lib/crater-agent-workspace/builds/worker-4-tc2/target:/opt/rustwide/target:rw,Z" "-v" "/var/lib/crater-agent-workspace/builds/worker-4-tc2/source:/opt/rustwide/workdir:ro,Z" "-v" "/var/lib/crater-agent-workspace/cargo-home:/opt/rustwide/cargo-home:ro,Z" "-v" "/var/lib/crater-agent-workspace/rustup-home:/opt/rustwide/rustup-home:ro,Z" "-e" "SOURCE_DIR=/opt/rustwide/workdir" "-e" "CARGO_TARGET_DIR=/opt/rustwide/target" "-e" "CARGO_INCREMENTAL=0" "-e" "RUST_BACKTRACE=full" "-e" "RUSTFLAGS=--cap-lints=warn" "-e" "RUSTDOCFLAGS=--cap-lints=warn" "-e" "CARGO_HOME=/opt/rustwide/cargo-home" "-e" "RUSTUP_HOME=/opt/rustwide/rustup-home" "-w" "/opt/rustwide/workdir" "-m" "1610612736" "--user" "0:0" "--network" "none" "ghcr.io/rust-lang/crates-build-env/linux@sha256:2788e3201cd34a07e3172128adcd8b3090168a8e3bcc40d7c032b9dda1df7d1c" "/opt/rustwide/cargo-home/bin/cargo" "+beta-2023-12-22" "test" "--frozen" "--no-run" "--message-format=json", kill_on_drop: false }`
[INFO] [stdout] fb726741b03aff1734ab99afb166bd698682f8a42d954d352fc8dda6df1b0b4c
[INFO] running `Command { std: "docker" "start" "-a" "fb726741b03aff1734ab99afb166bd698682f8a42d954d352fc8dda6df1b0b4c", kill_on_drop: false }`
[INFO] [stderr]    Compiling sqlx-postgres v0.7.3 (/opt/rustwide/workdir)
[INFO] [stdout] warning: unused import: `flush::Flush`
[INFO] [stdout]   --> src/message/mod.rs:40:9
[INFO] [stdout]    |
[INFO] [stdout] 40 | pub use flush::Flush;
[INFO] [stdout]    |         ^^^^^^^^^^^^
[INFO] [stdout]    |
[INFO] [stdout]    = note: `#[warn(unused_imports)]` on by default
[INFO] [stdout] 
[INFO] [stdout] 
[INFO] [stdout] warning: 1 warning emitted
[INFO] [stdout] 
[INFO] [stdout] 
[INFO] [stdout] warning: unused import: `flush::Flush`
[INFO] [stdout]   --> src/message/mod.rs:40:9
[INFO] [stdout]    |
[INFO] [stdout] 40 | pub use flush::Flush;
[INFO] [stdout]    |         ^^^^^^^^^^^^
[INFO] [stdout]    |
[INFO] [stdout]    = note: `#[warn(unused_imports)]` on by default
[INFO] [stdout] 
[INFO] [stdout] 
[INFO] [stdout] warning: 1 warning emitted
[INFO] [stdout] 
[INFO] [stdout] 
[INFO] [stderr]     Finished test [unoptimized + debuginfo] target(s) in 2.63s
[INFO] running `Command { std: "docker" "inspect" "fb726741b03aff1734ab99afb166bd698682f8a42d954d352fc8dda6df1b0b4c", kill_on_drop: false }`
[INFO] running `Command { std: "docker" "rm" "-f" "fb726741b03aff1734ab99afb166bd698682f8a42d954d352fc8dda6df1b0b4c", kill_on_drop: false }`
[INFO] [stdout] fb726741b03aff1734ab99afb166bd698682f8a42d954d352fc8dda6df1b0b4c
[INFO] running `Command { std: "docker" "create" "-v" "/var/lib/crater-agent-workspace/builds/worker-4-tc2/target:/opt/rustwide/target:rw,Z" "-v" "/var/lib/crater-agent-workspace/builds/worker-4-tc2/source:/opt/rustwide/workdir:ro,Z" "-v" "/var/lib/crater-agent-workspace/cargo-home:/opt/rustwide/cargo-home:ro,Z" "-v" "/var/lib/crater-agent-workspace/rustup-home:/opt/rustwide/rustup-home:ro,Z" "-e" "SOURCE_DIR=/opt/rustwide/workdir" "-e" "CARGO_TARGET_DIR=/opt/rustwide/target" "-e" "CARGO_INCREMENTAL=0" "-e" "RUST_BACKTRACE=full" "-e" "RUSTFLAGS=--cap-lints=warn" "-e" "RUSTDOCFLAGS=--cap-lints=warn" "-e" "CARGO_HOME=/opt/rustwide/cargo-home" "-e" "RUSTUP_HOME=/opt/rustwide/rustup-home" "-w" "/opt/rustwide/workdir" "-m" "1610612736" "--user" "0:0" "--network" "none" "ghcr.io/rust-lang/crates-build-env/linux@sha256:2788e3201cd34a07e3172128adcd8b3090168a8e3bcc40d7c032b9dda1df7d1c" "/opt/rustwide/cargo-home/bin/cargo" "+beta-2023-12-22" "test" "--frozen", kill_on_drop: false }`
[INFO] [stdout] 291ccb569f7679eca8e6808bb69548b0eb0bc0d69c1a7fe577a82ba047b3c68b
[INFO] running `Command { std: "docker" "start" "-a" "291ccb569f7679eca8e6808bb69548b0eb0bc0d69c1a7fe577a82ba047b3c68b", kill_on_drop: false }`
[INFO] [stderr] warning: unused import: `flush::Flush`
[INFO] [stderr]   --> src/message/mod.rs:40:9
[INFO] [stderr]    |
[INFO] [stderr] 40 | pub use flush::Flush;
[INFO] [stderr]    |         ^^^^^^^^^^^^
[INFO] [stderr]    |
[INFO] [stderr]    = note: `#[warn(unused_imports)]` on by default
[INFO] [stderr] 
[INFO] [stderr] warning: `sqlx-postgres` (lib) generated 1 warning (run `cargo fix --lib -p sqlx-postgres` to apply 1 suggestion)
[INFO] [stderr] warning: `sqlx-postgres` (lib test) generated 1 warning (1 duplicate)
[INFO] [stderr]     Finished test [unoptimized + debuginfo] target(s) in 0.06s
[INFO] [stderr]      Running unittests src/lib.rs (/opt/rustwide/target/debug/deps/sqlx_postgres-9550f9864dfe335b)
[INFO] [stdout] 
[INFO] [stdout] running 56 tests
[INFO] [stdout] test listener::test_build_listen_all_query_with_multiple_channels ... ok
[INFO] [stdout] test listener::test_build_listen_all_query_with_single_channel ... ok
[INFO] [stdout] test connection::describe::explain_parsing ... ok
[INFO] [stdout] test connection::stream::tests::test_parse_server_version_num ... ok
[INFO] [stdout] test message::backend_key_data::test_decode_backend_key_data ... ok
[INFO] [stdout] test message::command_complete::test_decode_command_complete_for_begin ... ok
[INFO] [stdout] test message::command_complete::test_decode_command_complete_for_insert ... ok
[INFO] [stdout] test message::command_complete::test_decode_command_complete_for_update ... ok
[INFO] [stdout] test message::data_row::test_decode_data_row ... ok
[INFO] [stdout] test message::describe::test_encode_describe_portal ... ok
[INFO] [stdout] test message::describe::test_encode_describe_statement ... ok
[INFO] [stdout] test message::describe::test_encode_describe_unnamed_portal ... ok
[INFO] [stdout] test message::describe::test_encode_describe_unnamed_statement ... ok
[INFO] [stdout] test message::execute::test_encode_execute ... ok
[INFO] [stdout] test message::notification::test_decode_notification_response ... ok
[INFO] [stdout] test message::parameter_description::test_decode_empty_parameter_description ... ok
[INFO] [stdout] test message::parameter_description::test_decode_parameter_description ... ok
[INFO] [stdout] test message::parameter_status::test_decode_empty_parameter_status ... ok
[INFO] [stdout] test message::parameter_status::test_decode_parameter_status ... ok
[INFO] [stdout] test message::parameter_status::test_decode_parameter_status_response ... ok
[INFO] [stdout] test message::parse::test_encode_parse ... ok
[INFO] [stdout] test message::password::test_encode_clear_password ... ok
[INFO] [stdout] test message::password::test_encode_md5_password ... ok
[INFO] [stdout] test message::query::test_encode_query ... ok
[INFO] [stdout] test message::ready_for_query::test_decode_ready_for_query ... ok
[INFO] [stdout] test message::response::test_decode_error_response ... ok
[INFO] [stdout] test message::ssl_request::test_encode_ssl_request ... ok
[INFO] [stdout] test message::startup::test_encode_startup ... ok
[INFO] [stdout] test options::pgpass::tests::test_find_next_field ... ok
[INFO] [stdout] test options::pgpass::tests::test_load_password_from_reader ... ok
[INFO] [stdout] test options::parse::it_parses_sqlx_options_correctly ... ok
[INFO] [stdout] test options::parse::it_parses_socket_correctly_with_username_percent_encoded ... ok
[INFO] [stdout] test options::parse::it_parses_host_correctly_from_parameter ... ok
[INFO] [stdout] test options::parse::it_parses_application_name_correctly_from_parameter ... ok
[INFO] [stdout] test options::parse::it_parses_password_with_non_ascii_chars_correctly ... ok
[INFO] [stdout] test options::parse::it_parses_username_with_at_sign_correctly ... ok
[INFO] [stdout] test options::parse::it_parses_dbname_correctly_from_parameter ... ok
[INFO] [stdout] test options::parse::it_parses_user_correctly_from_parameter ... ok
[INFO] [stdout] test options::pgpass::tests::test_load_password_from_line ... ok
[INFO] [stdout] test options::parse::it_parses_hostaddr_correctly_from_parameter ... ok
[INFO] [stdout] test options::parse::it_parses_port_correctly_from_parameter ... ok
[INFO] [stdout] test types::interval::test_pginterval_std ... ok
[INFO] [stdout] test types::interval::test_encode_interval ... ok
[INFO] [stdout] test options::parse::it_parses_password_correctly_from_parameter ... ok
[INFO] [stdout] test options::parse::it_parses_socket_correctly_from_parameter ... ok
[INFO] [stdout] test options::parse::it_parses_socket_correctly_percent_encoded ... ok
[INFO] [stdout] test options::parse::it_parses_libpq_options_correctly ... ok
[INFO] [stdout] test types::money::tests::adding_works ... ok
[INFO] [stdout] test types::money::tests::add_assign_works ... ok
[INFO] [stdout] test types::money::tests::sub_assign_works ... ok
[INFO] [stdout] test options::test_options_formatting ... ok
[INFO] [stdout] test types::money::tests::subtracting_works ... ok
[INFO] [stdout] test types::money::tests::add_assign_overflow_panics - should panic ... ok
[INFO] [stdout] test types::money::tests::add_overflow_panics - should panic ... ok
[INFO] [stdout] test types::money::tests::sub_overflow_panics - should panic ... ok
[INFO] [stdout] test types::money::tests::sub_assign_overflow_panics - should panic ... ok
[INFO] [stdout] 
[INFO] [stdout] test result: ok. 56 passed; 0 failed; 0 ignored; 0 measured; 0 filtered out; finished in 0.03s
[INFO] [stdout] 
[INFO] [stderr]    Doc-tests sqlx-postgres
[INFO] [stdout] 
[INFO] [stdout] running 31 tests
[INFO] [stdout] test src/listener.rs - listener::PgListener::recv (line 190) - compile ... FAILED
[INFO] [stdout] test src/options/mod.rs - options::PgConnectOptions::application_name (line 460) ... FAILED
[INFO] [stdout] test src/options/mod.rs - options::PgConnectOptions::ssl_client_cert_from_pem (line 369) ... FAILED
[INFO] [stdout] test src/options/mod.rs - options::PgConnectOptions::get_host (line 212) ... FAILED
[INFO] [stdout] test src/options/mod.rs - options::PgConnectOptions::password (line 268) ... FAILED
[INFO] [stdout] test src/advisory_lock.rs - advisory_lock::PgAdvisoryLock::new (line 100) ... FAILED
[INFO] [stdout] test src/options/mod.rs - options::PgConnectOptions::extra_float_digits (line 507) ... FAILED
[INFO] [stdout] test src/types/array.rs - types::array::PgHasArrayType (line 22) ... ignored
[INFO] [stdout] test src/types/array.rs - types::array::PgHasArrayType (line 35) ... ignored
[INFO] [stdout] test src/types/array.rs - types::array::PgHasArrayType (line 44) ... ignored
[INFO] [stdout] test src/types/citext.rs - types::citext::PgCiText (line 27) ... ignored
[INFO] [stdout] test src/types/lquery.rs - types::lquery::PgLQuery (line 48) ... ignored
[INFO] [stdout] test src/types/ltree.rs - types::ltree::PgLTree (line 84) ... ignored
[INFO] [stdout] test src/types/mod.rs - types (line 133) ... ignored
[INFO] [stdout] test src/types/mod.rs - types (line 158) ... ignored
[INFO] [stdout] test src/types/mod.rs - types (line 168) ... ignored
[INFO] [stdout] test src/options/mod.rs - options::PgConnectOptions::host (line 198) ... FAILED
[INFO] [stdout] test src/options/mod.rs - options::PgConnectOptions::get_database (line 297) ... FAILED
[INFO] [stdout] test src/listener.rs - listener::PgListener::try_recv (line 221) - compile ... FAILED
[INFO] [stdout] test src/options/mod.rs - options::PgConnectOptions::new (line 132) ... FAILED
[INFO] [stdout] test src/options/mod.rs - options::PgConnectOptions::options (line 527) ... FAILED
[INFO] [stdout] test src/options/mod.rs - options::PgConnectOptions::port (line 228) ... FAILED
[INFO] [stdout] test src/options/mod.rs - options::PgConnectOptions::database (line 283) ... FAILED
[INFO] [stdout] test src/options/mod.rs - options::PgConnectOptions::ssl_client_cert (line 349) ... FAILED
[INFO] [stdout] test src/options/mod.rs - options::PgConnectOptions::ssl_root_cert (line 333) ... FAILED
[INFO] [stdout] test src/options/mod.rs - options::PgConnectOptions (line 60) - compile ... FAILED
[INFO] [stdout] test src/options/mod.rs - options::PgConnectOptions::ssl_mode (line 317) ... FAILED
[INFO] [stdout] test src/options/mod.rs - options::PgConnectOptions::ssl_client_key_from_pem (line 411) ... FAILED
[INFO] [stdout] test src/options/mod.rs - options::PgConnectOptions::ssl_client_key (line 391) ... FAILED
[INFO] [stdout] test src/options/mod.rs - options::PgConnectOptions::username (line 254) ... FAILED
[INFO] [stdout] test src/options/mod.rs - options::PgConnectOptions::ssl_root_cert_from_pem (line 433) ... FAILED
[INFO] [stdout] 
[INFO] [stdout] failures:
[INFO] [stdout] 
[INFO] [stdout] ---- src/listener.rs - listener::PgListener::recv (line 190) stdout ----
[INFO] [stdout] error[E0432]: unresolved import `sqlx_core::postgres`
[INFO] [stdout]  --> src/listener.rs:191:16
[INFO] [stdout]   |
[INFO] [stdout] 3 | use sqlx_core::postgres::PgListener;
[INFO] [stdout]   |                ^^^^^^^^ could not find `postgres` in `sqlx_core`
[INFO] [stdout] 
[INFO] [stdout] error: aborting due to 1 previous error
[INFO] [stdout] 
[INFO] [stdout] For more information about this error, try `rustc --explain E0432`.
[INFO] [stdout] Couldn't compile the test.
[INFO] [stdout] ---- src/options/mod.rs - options::PgConnectOptions::application_name (line 460) stdout ----
[INFO] [stdout] error[E0432]: unresolved import `sqlx_core::postgres`
[INFO] [stdout]  --> src/options/mod.rs:461:16
[INFO] [stdout]   |
[INFO] [stdout] 3 | use sqlx_core::postgres::PgConnectOptions;
[INFO] [stdout]   |                ^^^^^^^^ could not find `postgres` in `sqlx_core`
[INFO] [stdout] 
[INFO] [stdout] error: aborting due to 1 previous error
[INFO] [stdout] 
[INFO] [stdout] For more information about this error, try `rustc --explain E0432`.
[INFO] [stdout] Couldn't compile the test.
[INFO] [stdout] ---- src/options/mod.rs - options::PgConnectOptions::ssl_client_cert_from_pem (line 369) stdout ----
[INFO] [stdout] error[E0432]: unresolved import `sqlx_core::postgres`
[INFO] [stdout]  --> src/options/mod.rs:370:16
[INFO] [stdout]   |
[INFO] [stdout] 3 | use sqlx_core::postgres::{PgSslMode, PgConnectOptions};
[INFO] [stdout]   |                ^^^^^^^^ could not find `postgres` in `sqlx_core`
[INFO] [stdout] 
[INFO] [stdout] error: aborting due to 1 previous error
[INFO] [stdout] 
[INFO] [stdout] For more information about this error, try `rustc --explain E0432`.
[INFO] [stdout] Couldn't compile the test.
[INFO] [stdout] ---- src/options/mod.rs - options::PgConnectOptions::get_host (line 212) stdout ----
[INFO] [stdout] error[E0432]: unresolved import `sqlx_core::postgres`
[INFO] [stdout]  --> src/options/mod.rs:213:16
[INFO] [stdout]   |
[INFO] [stdout] 3 | use sqlx_core::postgres::PgConnectOptions;
[INFO] [stdout]   |                ^^^^^^^^ could not find `postgres` in `sqlx_core`
[INFO] [stdout] 
[INFO] [stdout] error: aborting due to 1 previous error
[INFO] [stdout] 
[INFO] [stdout] For more information about this error, try `rustc --explain E0432`.
[INFO] [stdout] Couldn't compile the test.
[INFO] [stdout] ---- src/options/mod.rs - options::PgConnectOptions::password (line 268) stdout ----
[INFO] [stdout] error[E0432]: unresolved import `sqlx_core::postgres`
[INFO] [stdout]  --> src/options/mod.rs:269:16
[INFO] [stdout]   |
[INFO] [stdout] 3 | use sqlx_core::postgres::PgConnectOptions;
[INFO] [stdout]   |                ^^^^^^^^ could not find `postgres` in `sqlx_core`
[INFO] [stdout] 
[INFO] [stdout] error: aborting due to 1 previous error
[INFO] [stdout] 
[INFO] [stdout] For more information about this error, try `rustc --explain E0432`.
[INFO] [stdout] Couldn't compile the test.
[INFO] [stdout] ---- src/advisory_lock.rs - advisory_lock::PgAdvisoryLock::new (line 100) stdout ----
[INFO] [stdout] error[E0432]: unresolved import `sqlx::postgres`
[INFO] [stdout]  --> src/advisory_lock.rs:102:11
[INFO] [stdout]   |
[INFO] [stdout] 4 | use sqlx::postgres::{PgAdvisoryLock, PgAdvisoryLockKey};
[INFO] [stdout]   |           ^^^^^^^^ could not find `postgres` in `sqlx`
[INFO] [stdout] 
[INFO] [stdout] error: aborting due to 1 previous error
[INFO] [stdout] 
[INFO] [stdout] For more information about this error, try `rustc --explain E0432`.
[INFO] [stdout] Couldn't compile the test.
[INFO] [stdout] ---- src/options/mod.rs - options::PgConnectOptions::extra_float_digits (line 507) stdout ----
[INFO] [stdout] error[E0432]: unresolved import `sqlx_core::postgres`
[INFO] [stdout]  --> src/options/mod.rs:508:16
[INFO] [stdout]   |
[INFO] [stdout] 3 | use sqlx_core::postgres::PgConnectOptions;
[INFO] [stdout]   |                ^^^^^^^^ could not find `postgres` in `sqlx_core`
[INFO] [stdout] 
[INFO] [stdout] error: aborting due to 1 previous error
[INFO] [stdout] 
[INFO] [stdout] For more information about this error, try `rustc --explain E0432`.
[INFO] [stdout] Couldn't compile the test.
[INFO] [stdout] ---- src/options/mod.rs - options::PgConnectOptions::host (line 198) stdout ----
[INFO] [stdout] error[E0432]: unresolved import `sqlx_core::postgres`
[INFO] [stdout]  --> src/options/mod.rs:199:16
[INFO] [stdout]   |
[INFO] [stdout] 3 | use sqlx_core::postgres::PgConnectOptions;
[INFO] [stdout]   |                ^^^^^^^^ could not find `postgres` in `sqlx_core`
[INFO] [stdout] 
[INFO] [stdout] error: aborting due to 1 previous error
[INFO] [stdout] 
[INFO] [stdout] For more information about this error, try `rustc --explain E0432`.
[INFO] [stdout] Couldn't compile the test.
[INFO] [stdout] ---- src/options/mod.rs - options::PgConnectOptions::get_database (line 297) stdout ----
[INFO] [stdout] error[E0432]: unresolved import `sqlx_core::postgres`
[INFO] [stdout]  --> src/options/mod.rs:298:16
[INFO] [stdout]   |
[INFO] [stdout] 3 | use sqlx_core::postgres::PgConnectOptions;
[INFO] [stdout]   |                ^^^^^^^^ could not find `postgres` in `sqlx_core`
[INFO] [stdout] 
[INFO] [stdout] error: aborting due to 1 previous error
[INFO] [stdout] 
[INFO] [stdout] For more information about this error, try `rustc --explain E0432`.
[INFO] [stdout] Couldn't compile the test.
[INFO] [stdout] ---- src/listener.rs - listener::PgListener::try_recv (line 221) stdout ----
[INFO] [stdout] error[E0432]: unresolved import `sqlx_core::postgres`
[INFO] [stdout]  --> src/listener.rs:222:16
[INFO] [stdout]   |
[INFO] [stdout] 3 | use sqlx_core::postgres::PgListener;
[INFO] [stdout]   |                ^^^^^^^^ could not find `postgres` in `sqlx_core`
[INFO] [stdout] 
[INFO] [stdout] error: aborting due to 1 previous error
[INFO] [stdout] 
[INFO] [stdout] For more information about this error, try `rustc --explain E0432`.
[INFO] [stdout] Couldn't compile the test.
[INFO] [stdout] ---- src/options/mod.rs - options::PgConnectOptions::new (line 132) stdout ----
[INFO] [stdout] error[E0432]: unresolved import `sqlx_core::postgres`
[INFO] [stdout]  --> src/options/mod.rs:133:16
[INFO] [stdout]   |
[INFO] [stdout] 3 | use sqlx_core::postgres::PgConnectOptions;
[INFO] [stdout]   |                ^^^^^^^^ could not find `postgres` in `sqlx_core`
[INFO] [stdout] 
[INFO] [stdout] error: aborting due to 1 previous error
[INFO] [stdout] 
[INFO] [stdout] For more information about this error, try `rustc --explain E0432`.
[INFO] [stdout] Couldn't compile the test.
[INFO] [stdout] ---- src/options/mod.rs - options::PgConnectOptions::options (line 527) stdout ----
[INFO] [stdout] error[E0432]: unresolved import `sqlx_core::postgres`
[INFO] [stdout]  --> src/options/mod.rs:528:16
[INFO] [stdout]   |
[INFO] [stdout] 3 | use sqlx_core::postgres::PgConnectOptions;
[INFO] [stdout]   |                ^^^^^^^^ could not find `postgres` in `sqlx_core`
[INFO] [stdout] 
[INFO] [stdout] error: aborting due to 1 previous error
[INFO] [stdout] 
[INFO] [stdout] For more information about this error, try `rustc --explain E0432`.
[INFO] [stdout] Couldn't compile the test.
[INFO] [stdout] ---- src/options/mod.rs - options::PgConnectOptions::port (line 228) stdout ----
[INFO] [stdout] error[E0432]: unresolved import `sqlx_core::postgres`
[INFO] [stdout]  --> src/options/mod.rs:229:16
[INFO] [stdout]   |
[INFO] [stdout] 3 | use sqlx_core::postgres::PgConnectOptions;
[INFO] [stdout]   |                ^^^^^^^^ could not find `postgres` in `sqlx_core`
[INFO] [stdout] 
[INFO] [stdout] error: aborting due to 1 previous error
[INFO] [stdout] 
[INFO] [stdout] For more information about this error, try `rustc --explain E0432`.
[INFO] [stdout] Couldn't compile the test.
[INFO] [stdout] ---- src/options/mod.rs - options::PgConnectOptions::database (line 283) stdout ----
[INFO] [stdout] error[E0432]: unresolved import `sqlx_core::postgres`
[INFO] [stdout]  --> src/options/mod.rs:284:16
[INFO] [stdout]   |
[INFO] [stdout] 3 | use sqlx_core::postgres::PgConnectOptions;
[INFO] [stdout]   |                ^^^^^^^^ could not find `postgres` in `sqlx_core`
[INFO] [stdout] 
[INFO] [stdout] error: aborting due to 1 previous error
[INFO] [stdout] 
[INFO] [stdout] For more information about this error, try `rustc --explain E0432`.
[INFO] [stdout] Couldn't compile the test.
[INFO] [stdout] ---- src/options/mod.rs - options::PgConnectOptions::ssl_client_cert (line 349) stdout ----
[INFO] [stdout] error[E0432]: unresolved import `sqlx_core::postgres`
[INFO] [stdout]  --> src/options/mod.rs:350:16
[INFO] [stdout]   |
[INFO] [stdout] 3 | use sqlx_core::postgres::{PgSslMode, PgConnectOptions};
[INFO] [stdout]   |                ^^^^^^^^ could not find `postgres` in `sqlx_core`
[INFO] [stdout] 
[INFO] [stdout] error: aborting due to 1 previous error
[INFO] [stdout] 
[INFO] [stdout] For more information about this error, try `rustc --explain E0432`.
[INFO] [stdout] Couldn't compile the test.
[INFO] [stdout] ---- src/options/mod.rs - options::PgConnectOptions::ssl_root_cert (line 333) stdout ----
[INFO] [stdout] error[E0432]: unresolved import `sqlx_core::postgres`
[INFO] [stdout]  --> src/options/mod.rs:334:16
[INFO] [stdout]   |
[INFO] [stdout] 3 | use sqlx_core::postgres::{PgSslMode, PgConnectOptions};
[INFO] [stdout]   |                ^^^^^^^^ could not find `postgres` in `sqlx_core`
[INFO] [stdout] 
[INFO] [stdout] error: aborting due to 1 previous error
[INFO] [stdout] 
[INFO] [stdout] For more information about this error, try `rustc --explain E0432`.
[INFO] [stdout] Couldn't compile the test.
[INFO] [stdout] ---- src/options/mod.rs - options::PgConnectOptions (line 60) stdout ----
[INFO] [stdout] error[E0433]: failed to resolve: use of undeclared crate or module `sqlx`
[INFO] [stdout]  --> src/options/mod.rs:62:5
[INFO] [stdout]   |
[INFO] [stdout] 4 | use sqlx::postgres::{PgConnectOptions, PgConnection, PgPool, PgSslMode};
[INFO] [stdout]   |     ^^^^ use of undeclared crate or module `sqlx`
[INFO] [stdout] 
[INFO] [stdout] error[E0432]: unresolved import `sqlx`
[INFO] [stdout]  --> src/options/mod.rs:61:5
[INFO] [stdout]   |
[INFO] [stdout] 3 | use sqlx::{Connection, ConnectOptions};
[INFO] [stdout]   |     ^^^^ use of undeclared crate or module `sqlx`
[INFO] [stdout] 
[INFO] [stdout] error[E0277]: the `?` operator can only be used in an async function that returns `Result` or `Option` (or another type that implements `FromResidual`)
[INFO] [stdout]   --> src/options/mod.rs:66:68
[INFO] [stdout]    |
[INFO] [stdout] 6  |   async fn example() -> sqlx::Result<()> {
[INFO] [stdout]    |  ________________________________________-
[INFO] [stdout] 7  | | // URL connection string
[INFO] [stdout] 8  | | let conn = PgConnection::connect("postgres://localhost/mydb").await?;
[INFO] [stdout]    | |                                                                    ^ cannot use the `?` operator in an async function that returns `()`
[INFO] [stdout] 9  | |
[INFO] [stdout] ...  |
[INFO] [stdout] 27 | | let pool = PgPool::connect_with(&opts).await?;
[INFO] [stdout] 28 | | }
[INFO] [stdout]    | |_- this function should return `Result` or `Option` to accept `?`
[INFO] [stdout]    |
[INFO] [stdout]    = help: the trait `FromResidual<_>` is not implemented for `()`
[INFO] [stdout] 
[INFO] [stdout] error[E0277]: the `?` operator can only be used in an async function that returns `Result` or `Option` (or another type that implements `FromResidual`)
[INFO] [stdout]   --> src/options/mod.rs:76:11
[INFO] [stdout]    |
[INFO] [stdout] 6  |   async fn example() -> sqlx::Result<()> {
[INFO] [stdout]    |  ________________________________________-
[INFO] [stdout] 7  | | // URL connection string
[INFO] [stdout] 8  | | let conn = PgConnection::connect("postgres://localhost/mydb").await?;
[INFO] [stdout] 9  | |
[INFO] [stdout] ...  |
[INFO] [stdout] 18 | |     .await?;
[INFO] [stdout]    | |           ^ cannot use the `?` operator in an async function that returns `()`
[INFO] [stdout] ...  |
[INFO] [stdout] 27 | | let pool = PgPool::connect_with(&opts).await?;
[INFO] [stdout] 28 | | }
[INFO] [stdout]    | |_- this function should return `Result` or `Option` to accept `?`
[INFO] [stdout]    |
[INFO] [stdout]    = help: the trait `FromResidual<_>` is not implemented for `()`
[INFO] [stdout] 
[INFO] [stdout] error[E0277]: the `?` operator can only be used in an async function that returns `Result` or `Option` (or another type that implements `FromResidual`)
[INFO] [stdout]   --> src/options/mod.rs:79:69
[INFO] [stdout]    |
[INFO] [stdout] 6  |   async fn example() -> sqlx::Result<()> {
[INFO] [stdout]    |  ________________________________________-
[INFO] [stdout] 7  | | // URL connection string
[INFO] [stdout] 8  | | let conn = PgConnection::connect("postgres://localhost/mydb").await?;
[INFO] [stdout] 9  | |
[INFO] [stdout] ...  |
[INFO] [stdout] 21 | | let mut opts: PgConnectOptions = "postgres://localhost/mydb".parse()?;
[INFO] [stdout]    | |                                                                     ^ cannot use the `?` operator in an async function that returns `()`
[INFO] [stdout] ...  |
[INFO] [stdout] 27 | | let pool = PgPool::connect_with(&opts).await?;
[INFO] [stdout] 28 | | }
[INFO] [stdout]    | |_- this function should return `Result` or `Option` to accept `?`
[INFO] [stdout]    |
[INFO] [stdout]    = help: the trait `FromResidual<Result<Infallible, _>>` is not implemented for `()`
[INFO] [stdout] 
[INFO] [stdout] error[E0277]: the `?` operator can only be used in an async function that returns `Result` or `Option` (or another type that implements `FromResidual`)
[INFO] [stdout]   --> src/options/mod.rs:85:45
[INFO] [stdout]    |
[INFO] [stdout] 6  |   async fn example() -> sqlx::Result<()> {
[INFO] [stdout]    |  ________________________________________-
[INFO] [stdout] 7  | | // URL connection string
[INFO] [stdout] 8  | | let conn = PgConnection::connect("postgres://localhost/mydb").await?;
[INFO] [stdout] 9  | |
[INFO] [stdout] ...  |
[INFO] [stdout] 27 | | let pool = PgPool::connect_with(&opts).await?;
[INFO] [stdout]    | |                                             ^ cannot use the `?` operator in an async function that returns `()`
[INFO] [stdout] 28 | | }
[INFO] [stdout]    | |_- this function should return `Result` or `Option` to accept `?`
[INFO] [stdout]    |
[INFO] [stdout]    = help: the trait `FromResidual<_>` is not implemented for `()`
[INFO] [stdout] 
[INFO] [stdout] error[E0433]: failed to resolve: use of undeclared crate or module `sqlx`
[INFO] [stdout]  --> src/options/mod.rs:64:23
[INFO] [stdout]   |
[INFO] [stdout] 6 | async fn example() -> sqlx::Result<()> {
[INFO] [stdout]   |                       ^^^^ use of undeclared crate or module `sqlx`
[INFO] [stdout] 
[INFO] [stdout] error: aborting due to 7 previous errors
[INFO] [stdout] 
[INFO] [stdout] Some errors have detailed explanations: E0277, E0432, E0433.
[INFO] [stdout] For more information about an error, try `rustc --explain E0277`.
[INFO] [stdout] Couldn't compile the test.
[INFO] [stdout] ---- src/options/mod.rs - options::PgConnectOptions::ssl_mode (line 317) stdout ----
[INFO] [stdout] error[E0432]: unresolved import `sqlx_core::postgres`
[INFO] [stdout]  --> src/options/mod.rs:318:16
[INFO] [stdout]   |
[INFO] [stdout] 3 | use sqlx_core::postgres::{PgSslMode, PgConnectOptions};
[INFO] [stdout]   |                ^^^^^^^^ could not find `postgres` in `sqlx_core`
[INFO] [stdout] 
[INFO] [stdout] error: aborting due to 1 previous error
[INFO] [stdout] 
[INFO] [stdout] For more information about this error, try `rustc --explain E0432`.
[INFO] [stdout] Couldn't compile the test.
[INFO] [stdout] ---- src/options/mod.rs - options::PgConnectOptions::ssl_client_key_from_pem (line 411) stdout ----
[INFO] [stdout] error[E0432]: unresolved import `sqlx_core::postgres`
[INFO] [stdout]  --> src/options/mod.rs:412:16
[INFO] [stdout]   |
[INFO] [stdout] 3 | use sqlx_core::postgres::{PgSslMode, PgConnectOptions};
[INFO] [stdout]   |                ^^^^^^^^ could not find `postgres` in `sqlx_core`
[INFO] [stdout] 
[INFO] [stdout] error: aborting due to 1 previous error
[INFO] [stdout] 
[INFO] [stdout] For more information about this error, try `rustc --explain E0432`.
[INFO] [stdout] Couldn't compile the test.
[INFO] [stdout] ---- src/options/mod.rs - options::PgConnectOptions::ssl_client_key (line 391) stdout ----
[INFO] [stdout] error[E0432]: unresolved import `sqlx_core::postgres`
[INFO] [stdout]  --> src/options/mod.rs:392:16
[INFO] [stdout]   |
[INFO] [stdout] 3 | use sqlx_core::postgres::{PgSslMode, PgConnectOptions};
[INFO] [stdout]   |                ^^^^^^^^ could not find `postgres` in `sqlx_core`
[INFO] [stdout] 
[INFO] [stdout] error: aborting due to 1 previous error
[INFO] [stdout] 
[INFO] [stdout] For more information about this error, try `rustc --explain E0432`.
[INFO] [stdout] Couldn't compile the test.
[INFO] [stdout] ---- src/options/mod.rs - options::PgConnectOptions::username (line 254) stdout ----
[INFO] [stdout] error[E0432]: unresolved import `sqlx_core::postgres`
[INFO] [stdout]  --> src/options/mod.rs:255:16
[INFO] [stdout]   |
[INFO] [stdout] 3 | use sqlx_core::postgres::PgConnectOptions;
[INFO] [stdout]   |                ^^^^^^^^ could not find `postgres` in `sqlx_core`
[INFO] [stdout] 
[INFO] [stdout] error: aborting due to 1 previous error
[INFO] [stdout] 
[INFO] [stdout] For more information about this error, try `rustc --explain E0432`.
[INFO] [stdout] Couldn't compile the test.
[INFO] [stdout] ---- src/options/mod.rs - options::PgConnectOptions::ssl_root_cert_from_pem (line 433) stdout ----
[INFO] [stdout] error[E0432]: unresolved import `sqlx_core::postgres`
[INFO] [stdout]  --> src/options/mod.rs:434:16
[INFO] [stdout]   |
[INFO] [stdout] 3 | use sqlx_core::postgres::{PgSslMode, PgConnectOptions};
[INFO] [stdout]   |                ^^^^^^^^ could not find `postgres` in `sqlx_core`
[INFO] [stdout] 
[INFO] [stdout] error: aborting due to 1 previous error
[INFO] [stdout] 
[INFO] [stdout] For more information about this error, try `rustc --explain E0432`.
[INFO] [stdout] Couldn't compile the test.
[INFO] [stdout] 
[INFO] [stdout] failures:
[INFO] [stdout]     src/advisory_lock.rs - advisory_lock::PgAdvisoryLock::new (line 100)
[INFO] [stdout]     src/listener.rs - listener::PgListener::recv (line 190)
[INFO] [stdout]     src/listener.rs - listener::PgListener::try_recv (line 221)
[INFO] [stdout]     src/options/mod.rs - options::PgConnectOptions (line 60)
[INFO] [stdout]     src/options/mod.rs - options::PgConnectOptions::application_name (line 460)
[INFO] [stdout]     src/options/mod.rs - options::PgConnectOptions::database (line 283)
[INFO] [stdout]     src/options/mod.rs - options::PgConnectOptions::extra_float_digits (line 507)
[INFO] [stdout]     src/options/mod.rs - options::PgConnectOptions::get_database (line 297)
[INFO] [stdout]     src/options/mod.rs - options::PgConnectOptions::get_host (line 212)
[INFO] [stdout]     src/options/mod.rs - options::PgConnectOptions::host (line 198)
[INFO] [stdout]     src/options/mod.rs - options::PgConnectOptions::new (line 132)
[INFO] [stdout]     src/options/mod.rs - options::PgConnectOptions::options (line 527)
[INFO] [stdout]     src/options/mod.rs - options::PgConnectOptions::password (line 268)
[INFO] [stdout]     src/options/mod.rs - options::PgConnectOptions::port (line 228)
[INFO] [stdout]     src/options/mod.rs - options::PgConnectOptions::ssl_client_cert (line 349)
[INFO] [stdout]     src/options/mod.rs - options::PgConnectOptions::ssl_client_cert_from_pem (line 369)
[INFO] [stdout]     src/options/mod.rs - options::PgConnectOptions::ssl_client_key (line 391)
[INFO] [stdout]     src/options/mod.rs - options::PgConnectOptions::ssl_client_key_from_pem (line 411)
[INFO] [stdout]     src/options/mod.rs - options::PgConnectOptions::ssl_mode (line 317)
[INFO] [stdout]     src/options/mod.rs - options::PgConnectOptions::ssl_root_cert (line 333)
[INFO] [stdout]     src/options/mod.rs - options::PgConnectOptions::ssl_root_cert_from_pem (line 433)
[INFO] [stdout]     src/options/mod.rs - options::PgConnectOptions::username (line 254)
[INFO] [stdout] 
[INFO] [stdout] test result: FAILED. 0 passed; 22 failed; 9 ignored; 0 measured; 0 filtered out; finished in 0.11s
[INFO] [stdout] 
[INFO] [stderr] error: doctest failed, to rerun pass `--doc`
[INFO] running `Command { std: "docker" "inspect" "291ccb569f7679eca8e6808bb69548b0eb0bc0d69c1a7fe577a82ba047b3c68b", kill_on_drop: false }`
[INFO] running `Command { std: "docker" "rm" "-f" "291ccb569f7679eca8e6808bb69548b0eb0bc0d69c1a7fe577a82ba047b3c68b", kill_on_drop: false }`
[INFO] [stdout] 291ccb569f7679eca8e6808bb69548b0eb0bc0d69c1a7fe577a82ba047b3c68b
