[INFO] fetching crate sqlx-mysql 0.7.3...
[INFO] testing sqlx-mysql-0.7.3 against 1.75.0 for beta-1.76-1
[INFO] extracting crate sqlx-mysql 0.7.3 into /workspace/builds/worker-6-tc1/source
[INFO] validating manifest of crates.io crate sqlx-mysql 0.7.3 on toolchain 1.75.0
[INFO] running `Command { std: CARGO_HOME="/workspace/cargo-home" RUSTUP_HOME="/workspace/rustup-home" "/workspace/cargo-home/bin/cargo" "+1.75.0" "metadata" "--manifest-path" "Cargo.toml" "--no-deps", kill_on_drop: false }`
[INFO] started tweaking crates.io crate sqlx-mysql 0.7.3
[INFO] finished tweaking crates.io crate sqlx-mysql 0.7.3
[INFO] tweaked toml for crates.io crate sqlx-mysql 0.7.3 written to /workspace/builds/worker-6-tc1/source/Cargo.toml
[INFO] running `Command { std: CARGO_HOME="/workspace/cargo-home" RUSTUP_HOME="/workspace/rustup-home" "/workspace/cargo-home/bin/cargo" "+1.75.0" "generate-lockfile" "--manifest-path" "Cargo.toml", kill_on_drop: false }`
[INFO] [stderr]     Updating crates.io index
[INFO] running `Command { std: CARGO_HOME="/workspace/cargo-home" RUSTUP_HOME="/workspace/rustup-home" "/workspace/cargo-home/bin/cargo" "+1.75.0" "fetch" "--manifest-path" "Cargo.toml", kill_on_drop: false }`
[INFO] running `Command { std: "docker" "create" "-v" "/var/lib/crater-agent-workspace/builds/worker-6-tc1/target:/opt/rustwide/target:rw,Z" "-v" "/var/lib/crater-agent-workspace/builds/worker-6-tc1/source:/opt/rustwide/workdir:ro,Z" "-v" "/var/lib/crater-agent-workspace/cargo-home:/opt/rustwide/cargo-home:ro,Z" "-v" "/var/lib/crater-agent-workspace/rustup-home:/opt/rustwide/rustup-home:ro,Z" "-e" "SOURCE_DIR=/opt/rustwide/workdir" "-e" "CARGO_TARGET_DIR=/opt/rustwide/target" "-e" "CARGO_HOME=/opt/rustwide/cargo-home" "-e" "RUSTUP_HOME=/opt/rustwide/rustup-home" "-w" "/opt/rustwide/workdir" "-m" "1610612736" "--user" "0:0" "--network" "none" "ghcr.io/rust-lang/crates-build-env/linux@sha256:2788e3201cd34a07e3172128adcd8b3090168a8e3bcc40d7c032b9dda1df7d1c" "/opt/rustwide/cargo-home/bin/cargo" "+1.75.0" "metadata" "--no-deps" "--format-version=1", kill_on_drop: false }`
[INFO] [stdout] bca3e88f29bee5fa2d2188e3cf952e34ed2462f380c2b82412700a05aa9f9478
[INFO] running `Command { std: "docker" "start" "-a" "bca3e88f29bee5fa2d2188e3cf952e34ed2462f380c2b82412700a05aa9f9478", kill_on_drop: false }`
[INFO] running `Command { std: "docker" "inspect" "bca3e88f29bee5fa2d2188e3cf952e34ed2462f380c2b82412700a05aa9f9478", kill_on_drop: false }`
[INFO] running `Command { std: "docker" "rm" "-f" "bca3e88f29bee5fa2d2188e3cf952e34ed2462f380c2b82412700a05aa9f9478", kill_on_drop: false }`
[INFO] [stdout] bca3e88f29bee5fa2d2188e3cf952e34ed2462f380c2b82412700a05aa9f9478
[INFO] running `Command { std: "docker" "create" "-v" "/var/lib/crater-agent-workspace/builds/worker-6-tc1/target:/opt/rustwide/target:rw,Z" "-v" "/var/lib/crater-agent-workspace/builds/worker-6-tc1/source:/opt/rustwide/workdir:ro,Z" "-v" "/var/lib/crater-agent-workspace/cargo-home:/opt/rustwide/cargo-home:ro,Z" "-v" "/var/lib/crater-agent-workspace/rustup-home:/opt/rustwide/rustup-home:ro,Z" "-e" "SOURCE_DIR=/opt/rustwide/workdir" "-e" "CARGO_TARGET_DIR=/opt/rustwide/target" "-e" "CARGO_INCREMENTAL=0" "-e" "RUST_BACKTRACE=full" "-e" "RUSTFLAGS=--cap-lints=warn" "-e" "RUSTDOCFLAGS=--cap-lints=warn" "-e" "CARGO_HOME=/opt/rustwide/cargo-home" "-e" "RUSTUP_HOME=/opt/rustwide/rustup-home" "-w" "/opt/rustwide/workdir" "-m" "1610612736" "--user" "0:0" "--network" "none" "ghcr.io/rust-lang/crates-build-env/linux@sha256:2788e3201cd34a07e3172128adcd8b3090168a8e3bcc40d7c032b9dda1df7d1c" "/opt/rustwide/cargo-home/bin/cargo" "+1.75.0" "build" "--frozen" "--message-format=json", kill_on_drop: false }`
[INFO] [stdout] b19168f5146048eab18a09630d0147e1553f6e52eebf7358e32a1545fe801570
[INFO] running `Command { std: "docker" "start" "-a" "b19168f5146048eab18a09630d0147e1553f6e52eebf7358e32a1545fe801570", kill_on_drop: false }`
[INFO] [stderr]    Compiling const-oid v0.9.6
[INFO] [stderr]    Compiling num-traits v0.2.17
[INFO] [stderr]    Compiling subtle v2.5.0
[INFO] [stderr]    Compiling base64ct v1.6.0
[INFO] [stderr]    Compiling zeroize v1.7.0
[INFO] [stderr]    Compiling generic-array v0.14.7
[INFO] [stderr]    Compiling num-integer v0.1.45
[INFO] [stderr]    Compiling parking_lot_core v0.9.9
[INFO] [stderr]    Compiling num-iter v0.1.43
[INFO] [stderr]    Compiling unicode-bidi v0.3.14
[INFO] [stderr]    Compiling crossbeam-utils v0.8.18
[INFO] [stderr]    Compiling syn v2.0.48
[INFO] [stderr]    Compiling ahash v0.8.7
[INFO] [stderr]    Compiling allocator-api2 v0.2.16
[INFO] [stderr]    Compiling byteorder v1.5.0
[INFO] [stderr]    Compiling minimal-lexical v0.2.1
[INFO] [stderr]    Compiling spin v0.5.2
[INFO] [stderr]    Compiling futures-sink v0.3.30
[INFO] [stderr]    Compiling serde v1.0.194
[INFO] [stderr]    Compiling num-bigint-dig v0.8.4
[INFO] [stderr]    Compiling pem-rfc7468 v0.7.0
[INFO] [stderr]    Compiling form_urlencoded v1.2.1
[INFO] [stderr]    Compiling itertools v0.12.0
[INFO] [stderr]    Compiling lazy_static v1.4.0
[INFO] [stderr]    Compiling hashbrown v0.14.3
[INFO] [stderr]    Compiling nom v7.1.3
[INFO] [stderr]    Compiling rand v0.8.5
[INFO] [stderr]    Compiling tracing-core v0.1.32
[INFO] [stderr]    Compiling der v0.7.8
[INFO] [stderr]    Compiling futures-io v0.3.30
[INFO] [stderr]    Compiling log v0.4.20
[INFO] [stderr]    Compiling unicode_categories v0.1.1
[INFO] [stderr]    Compiling parking_lot v0.12.1
[INFO] [stderr]    Compiling idna v0.5.0
[INFO] [stderr]    Compiling equivalent v1.0.1
[INFO] [stderr]    Compiling futures-util v0.3.30
[INFO] [stderr]    Compiling futures-intrusive v0.5.0
[INFO] [stderr]    Compiling block-buffer v0.10.4
[INFO] [stderr]    Compiling crypto-common v0.1.6
[INFO] [stderr]    Compiling digest v0.10.7
[INFO] [stderr]    Compiling hashlink v0.8.4
[INFO] [stderr]    Compiling signature v2.2.0
[INFO] [stderr]    Compiling hmac v0.12.1
[INFO] [stderr]    Compiling indexmap v2.1.0
[INFO] [stderr]    Compiling crossbeam-queue v0.3.10
[INFO] [stderr]    Compiling url v2.5.0
[INFO] [stderr]    Compiling futures-channel v0.3.30
[INFO] [stderr]    Compiling hex v0.4.3
[INFO] [stderr]    Compiling bytes v1.5.0
[INFO] [stderr]    Compiling finl_unicode v1.2.0
[INFO] [stderr]    Compiling spki v0.7.3
[INFO] [stderr]    Compiling atoi v2.0.0
[INFO] [stderr]    Compiling event-listener v2.5.3
[INFO] [stderr]    Compiling pkcs8 v0.10.2
[INFO] [stderr]    Compiling dotenvy v0.15.7
[INFO] [stderr]    Compiling crc-catalog v2.4.0
[INFO] [stderr]    Compiling stringprep v0.1.4
[INFO] [stderr]    Compiling pkcs1 v0.7.5
[INFO] [stderr]    Compiling crc v3.0.1
[INFO] [stderr]    Compiling hkdf v0.12.4
[INFO] [stderr]    Compiling sha1 v0.10.6
[INFO] [stderr]    Compiling md-5 v0.10.6
[INFO] [stderr]    Compiling sqlformat v0.2.3
[INFO] [stderr]    Compiling sha2 v0.10.8
[INFO] [stderr]    Compiling base64 v0.21.5
[INFO] [stderr]    Compiling whoami v1.4.1
[INFO] [stderr]    Compiling bitflags v2.4.1
[INFO] [stderr]    Compiling rsa v0.9.6
[INFO] [stderr]    Compiling thiserror-impl v1.0.56
[INFO] [stderr]    Compiling tracing-attributes v0.1.27
[INFO] [stderr]    Compiling thiserror v1.0.56
[INFO] [stderr]    Compiling tracing v0.1.40
[INFO] [stderr]    Compiling sqlx-core v0.7.3
[INFO] [stderr]    Compiling sqlx-mysql v0.7.3 (/opt/rustwide/workdir)
[INFO] [stderr]     Finished dev [unoptimized + debuginfo] target(s) in 10.07s
[INFO] running `Command { std: "docker" "inspect" "b19168f5146048eab18a09630d0147e1553f6e52eebf7358e32a1545fe801570", kill_on_drop: false }`
[INFO] running `Command { std: "docker" "rm" "-f" "b19168f5146048eab18a09630d0147e1553f6e52eebf7358e32a1545fe801570", kill_on_drop: false }`
[INFO] [stdout] b19168f5146048eab18a09630d0147e1553f6e52eebf7358e32a1545fe801570
[INFO] running `Command { std: "docker" "create" "-v" "/var/lib/crater-agent-workspace/builds/worker-6-tc1/target:/opt/rustwide/target:rw,Z" "-v" "/var/lib/crater-agent-workspace/builds/worker-6-tc1/source:/opt/rustwide/workdir:ro,Z" "-v" "/var/lib/crater-agent-workspace/cargo-home:/opt/rustwide/cargo-home:ro,Z" "-v" "/var/lib/crater-agent-workspace/rustup-home:/opt/rustwide/rustup-home:ro,Z" "-e" "SOURCE_DIR=/opt/rustwide/workdir" "-e" "CARGO_TARGET_DIR=/opt/rustwide/target" "-e" "CARGO_INCREMENTAL=0" "-e" "RUST_BACKTRACE=full" "-e" "RUSTFLAGS=--cap-lints=warn" "-e" "RUSTDOCFLAGS=--cap-lints=warn" "-e" "CARGO_HOME=/opt/rustwide/cargo-home" "-e" "RUSTUP_HOME=/opt/rustwide/rustup-home" "-w" "/opt/rustwide/workdir" "-m" "1610612736" "--user" "0:0" "--network" "none" "ghcr.io/rust-lang/crates-build-env/linux@sha256:2788e3201cd34a07e3172128adcd8b3090168a8e3bcc40d7c032b9dda1df7d1c" "/opt/rustwide/cargo-home/bin/cargo" "+1.75.0" "test" "--frozen" "--no-run" "--message-format=json", kill_on_drop: false }`
[INFO] [stdout] bb7d535947e18a7d2710f2ab21a42d2a949221d98b2b0d6ea0c055b2c289ee8c
[INFO] running `Command { std: "docker" "start" "-a" "bb7d535947e18a7d2710f2ab21a42d2a949221d98b2b0d6ea0c055b2c289ee8c", kill_on_drop: false }`
[INFO] [stderr]    Compiling sqlx-mysql v0.7.3 (/opt/rustwide/workdir)
[INFO] [stderr]     Finished test [unoptimized + debuginfo] target(s) in 3.07s
[INFO] running `Command { std: "docker" "inspect" "bb7d535947e18a7d2710f2ab21a42d2a949221d98b2b0d6ea0c055b2c289ee8c", kill_on_drop: false }`
[INFO] running `Command { std: "docker" "rm" "-f" "bb7d535947e18a7d2710f2ab21a42d2a949221d98b2b0d6ea0c055b2c289ee8c", kill_on_drop: false }`
[INFO] [stdout] bb7d535947e18a7d2710f2ab21a42d2a949221d98b2b0d6ea0c055b2c289ee8c
[INFO] running `Command { std: "docker" "create" "-v" "/var/lib/crater-agent-workspace/builds/worker-6-tc1/target:/opt/rustwide/target:rw,Z" "-v" "/var/lib/crater-agent-workspace/builds/worker-6-tc1/source:/opt/rustwide/workdir:ro,Z" "-v" "/var/lib/crater-agent-workspace/cargo-home:/opt/rustwide/cargo-home:ro,Z" "-v" "/var/lib/crater-agent-workspace/rustup-home:/opt/rustwide/rustup-home:ro,Z" "-e" "SOURCE_DIR=/opt/rustwide/workdir" "-e" "CARGO_TARGET_DIR=/opt/rustwide/target" "-e" "CARGO_INCREMENTAL=0" "-e" "RUST_BACKTRACE=full" "-e" "RUSTFLAGS=--cap-lints=warn" "-e" "RUSTDOCFLAGS=--cap-lints=warn" "-e" "CARGO_HOME=/opt/rustwide/cargo-home" "-e" "RUSTUP_HOME=/opt/rustwide/rustup-home" "-w" "/opt/rustwide/workdir" "-m" "1610612736" "--user" "0:0" "--network" "none" "ghcr.io/rust-lang/crates-build-env/linux@sha256:2788e3201cd34a07e3172128adcd8b3090168a8e3bcc40d7c032b9dda1df7d1c" "/opt/rustwide/cargo-home/bin/cargo" "+1.75.0" "test" "--frozen", kill_on_drop: false }`
[INFO] [stdout] 3c0cedf2c393d88d1b3084e6eccfa65ae6589ca14653661b8768489ca9c54992
[INFO] running `Command { std: "docker" "start" "-a" "3c0cedf2c393d88d1b3084e6eccfa65ae6589ca14653661b8768489ca9c54992", kill_on_drop: false }`
[INFO] [stderr]     Finished test [unoptimized + debuginfo] target(s) in 0.11s
[INFO] [stderr]      Running unittests src/lib.rs (/opt/rustwide/target/debug/deps/sqlx_mysql-90f2e7584b366e19)
[INFO] [stdout] 
[INFO] [stdout] running 21 tests
[INFO] [stdout] test io::buf_mut::test_encodes_int_lenenc_fb ... ok
[INFO] [stdout] test io::buf_mut::test_encodes_int_lenenc_fc ... ok
[INFO] [stdout] test io::buf_mut::test_encodes_int_lenenc_fd ... ok
[INFO] [stdout] test io::buf_mut::test_encodes_int_lenenc_fe ... ok
[INFO] [stdout] test io::buf_mut::test_encodes_byte_lenenc ... ok
[INFO] [stdout] test io::buf_mut::test_encodes_int_lenenc_ff ... ok
[INFO] [stdout] test io::buf_mut::test_encodes_int_lenenc_u16 ... ok
[INFO] [stdout] test io::buf_mut::test_encodes_int_lenenc_u24 ... ok
[INFO] [stdout] test io::buf_mut::test_encodes_int_lenenc_u64 ... ok
[INFO] [stdout] test io::buf_mut::test_encodes_int_lenenc_u8 ... ok
[INFO] [stdout] test io::buf_mut::test_encodes_string_lenenc ... ok
[INFO] [stdout] test options::parse::it_parses_password_with_non_ascii_chars_correctly ... ok
[INFO] [stdout] test options::parse::it_parses_username_with_at_sign_correctly ... ok
[INFO] [stdout] test protocol::connect::auth_switch::test_decode_auth_switch_packet_no_data ... ok
[INFO] [stdout] test protocol::connect::auth_switch::test_decode_auth_switch_cleartext_disabled ... ok
[INFO] [stdout] test protocol::connect::auth_switch::test_decode_auth_switch_packet_data ... ok
[INFO] [stdout] test protocol::response::err::test_decode_err_packet_out_of_order ... ok
[INFO] [stdout] test protocol::response::err::test_decode_err_packet_unknown_database ... ok
[INFO] [stdout] test protocol::response::ok::test_decode_ok_packet ... ok
[INFO] [stdout] test protocol::connect::handshake::test_decode_handshake_mariadb_10_4_7 ... ok
[INFO] [stdout] test protocol::connect::handshake::test_decode_handshake_mysql_8_0_18 ... ok
[INFO] [stdout] 
[INFO] [stdout] test result: ok. 21 passed; 0 failed; 0 ignored; 0 measured; 0 filtered out; finished in 0.00s
[INFO] [stdout] 
[INFO] [stderr]    Doc-tests sqlx-mysql
[INFO] [stdout] 
[INFO] [stdout] running 9 tests
[INFO] [stdout] test src/options/mod.rs - options::MySqlConnectOptions::ssl_client_key_from_pem (line 280) ... FAILED
[INFO] [stdout] test src/options/mod.rs - options::MySqlConnectOptions::get_database (line 159) ... FAILED
[INFO] [stdout] test src/options/mod.rs - options::MySqlConnectOptions::ssl_client_cert_from_pem (line 240) ... FAILED
[INFO] [stdout] test src/options/mod.rs - options::MySqlConnectOptions::ssl_mode (line 177) ... FAILED
[INFO] [stdout] test src/options/mod.rs - options::MySqlConnectOptions (line 35) - compile ... FAILED
[INFO] [stdout] test src/options/mod.rs - options::MySqlConnectOptions::ssl_client_key (line 261) ... FAILED
[INFO] [stdout] test src/options/mod.rs - options::MySqlConnectOptions::ssl_client_cert (line 221) ... FAILED
[INFO] [stdout] test src/options/mod.rs - options::MySqlConnectOptions::ssl_ca (line 191) ... FAILED
[INFO] [stdout] test src/options/mod.rs - options::MySqlConnectOptions::ssl_ca_from_pem (line 206) ... FAILED
[INFO] [stdout] 
[INFO] [stdout] failures:
[INFO] [stdout] 
[INFO] [stdout] ---- src/options/mod.rs - options::MySqlConnectOptions::ssl_client_key_from_pem (line 280) stdout ----
[INFO] [stdout] error[E0432]: unresolved import `sqlx_core::mysql`
[INFO] [stdout]  --> src/options/mod.rs:281:16
[INFO] [stdout]   |
[INFO] [stdout] 3 | use sqlx_core::mysql::{MySqlSslMode, MySqlConnectOptions};
[INFO] [stdout]   |                ^^^^^ could not find `mysql` in `sqlx_core`
[INFO] [stdout] 
[INFO] [stdout] error: aborting due to previous error
[INFO] [stdout] 
[INFO] [stdout] For more information about this error, try `rustc --explain E0432`.
[INFO] [stdout] Couldn't compile the test.
[INFO] [stdout] ---- src/options/mod.rs - options::MySqlConnectOptions::get_database (line 159) stdout ----
[INFO] [stdout] error[E0432]: unresolved import `sqlx_core::mysql`
[INFO] [stdout]  --> src/options/mod.rs:160:16
[INFO] [stdout]   |
[INFO] [stdout] 3 | use sqlx_core::mysql::MySqlConnectOptions;
[INFO] [stdout]   |                ^^^^^ could not find `mysql` in `sqlx_core`
[INFO] [stdout] 
[INFO] [stdout] error: aborting due to previous error
[INFO] [stdout] 
[INFO] [stdout] For more information about this error, try `rustc --explain E0432`.
[INFO] [stdout] Couldn't compile the test.
[INFO] [stdout] ---- src/options/mod.rs - options::MySqlConnectOptions::ssl_client_cert_from_pem (line 240) stdout ----
[INFO] [stdout] error[E0432]: unresolved import `sqlx_core::mysql`
[INFO] [stdout]  --> src/options/mod.rs:241:16
[INFO] [stdout]   |
[INFO] [stdout] 3 | use sqlx_core::mysql::{MySqlSslMode, MySqlConnectOptions};
[INFO] [stdout]   |                ^^^^^ could not find `mysql` in `sqlx_core`
[INFO] [stdout] 
[INFO] [stdout] error: aborting due to previous error
[INFO] [stdout] 
[INFO] [stdout] For more information about this error, try `rustc --explain E0432`.
[INFO] [stdout] Couldn't compile the test.
[INFO] [stdout] ---- src/options/mod.rs - options::MySqlConnectOptions::ssl_mode (line 177) stdout ----
[INFO] [stdout] error[E0432]: unresolved import `sqlx_core::mysql`
[INFO] [stdout]  --> src/options/mod.rs:178:16
[INFO] [stdout]   |
[INFO] [stdout] 3 | use sqlx_core::mysql::{MySqlSslMode, MySqlConnectOptions};
[INFO] [stdout]   |                ^^^^^ could not find `mysql` in `sqlx_core`
[INFO] [stdout] 
[INFO] [stdout] error: aborting due to previous error
[INFO] [stdout] 
[INFO] [stdout] For more information about this error, try `rustc --explain E0432`.
[INFO] [stdout] Couldn't compile the test.
[INFO] [stdout] ---- src/options/mod.rs - options::MySqlConnectOptions (line 35) stdout ----
[INFO] [stdout] error[E0433]: failed to resolve: use of undeclared crate or module `sqlx`
[INFO] [stdout]  --> src/options/mod.rs:38:5
[INFO] [stdout]   |
[INFO] [stdout] 5 | use sqlx::mysql::{MySqlConnectOptions, MySqlConnection, MySqlPool, MySqlSslMode};
[INFO] [stdout]   |     ^^^^ use of undeclared crate or module `sqlx`
[INFO] [stdout] 
[INFO] [stdout] error[E0432]: unresolved import `sqlx`
[INFO] [stdout]  --> src/options/mod.rs:37:5
[INFO] [stdout]   |
[INFO] [stdout] 4 | use sqlx::{Connection, ConnectOptions};
[INFO] [stdout]   |     ^^^^ use of undeclared crate or module `sqlx`
[INFO] [stdout] 
[INFO] [stdout] error[E0433]: failed to resolve: use of undeclared crate or module `sqlx`
[INFO] [stdout]  --> src/options/mod.rs:36:23
[INFO] [stdout]   |
[INFO] [stdout] 3 | async fn example() -> sqlx::Result<()> {
[INFO] [stdout]   |                       ^^^^ use of undeclared crate or module `sqlx`
[INFO] [stdout] 
[INFO] [stdout] error: aborting due to 3 previous errors
[INFO] [stdout] 
[INFO] [stdout] Some errors have detailed explanations: E0432, E0433.
[INFO] [stdout] For more information about an error, try `rustc --explain E0432`.
[INFO] [stdout] Couldn't compile the test.
[INFO] [stdout] ---- src/options/mod.rs - options::MySqlConnectOptions::ssl_client_key (line 261) stdout ----
[INFO] [stdout] error[E0432]: unresolved import `sqlx_core::mysql`
[INFO] [stdout]  --> src/options/mod.rs:262:16
[INFO] [stdout]   |
[INFO] [stdout] 3 | use sqlx_core::mysql::{MySqlSslMode, MySqlConnectOptions};
[INFO] [stdout]   |                ^^^^^ could not find `mysql` in `sqlx_core`
[INFO] [stdout] 
[INFO] [stdout] error: aborting due to previous error
[INFO] [stdout] 
[INFO] [stdout] For more information about this error, try `rustc --explain E0432`.
[INFO] [stdout] Couldn't compile the test.
[INFO] [stdout] ---- src/options/mod.rs - options::MySqlConnectOptions::ssl_client_cert (line 221) stdout ----
[INFO] [stdout] error[E0432]: unresolved import `sqlx_core::mysql`
[INFO] [stdout]  --> src/options/mod.rs:222:16
[INFO] [stdout]   |
[INFO] [stdout] 3 | use sqlx_core::mysql::{MySqlSslMode, MySqlConnectOptions};
[INFO] [stdout]   |                ^^^^^ could not find `mysql` in `sqlx_core`
[INFO] [stdout] 
[INFO] [stdout] error: aborting due to previous error
[INFO] [stdout] 
[INFO] [stdout] For more information about this error, try `rustc --explain E0432`.
[INFO] [stdout] Couldn't compile the test.
[INFO] [stdout] ---- src/options/mod.rs - options::MySqlConnectOptions::ssl_ca (line 191) stdout ----
[INFO] [stdout] error[E0432]: unresolved import `sqlx_core::mysql`
[INFO] [stdout]  --> src/options/mod.rs:192:16
[INFO] [stdout]   |
[INFO] [stdout] 3 | use sqlx_core::mysql::{MySqlSslMode, MySqlConnectOptions};
[INFO] [stdout]   |                ^^^^^ could not find `mysql` in `sqlx_core`
[INFO] [stdout] 
[INFO] [stdout] error: aborting due to previous error
[INFO] [stdout] 
[INFO] [stdout] For more information about this error, try `rustc --explain E0432`.
[INFO] [stdout] Couldn't compile the test.
[INFO] [stdout] ---- src/options/mod.rs - options::MySqlConnectOptions::ssl_ca_from_pem (line 206) stdout ----
[INFO] [stdout] error[E0432]: unresolved import `sqlx_core::mysql`
[INFO] [stdout]  --> src/options/mod.rs:207:16
[INFO] [stdout]   |
[INFO] [stdout] 3 | use sqlx_core::mysql::{MySqlSslMode, MySqlConnectOptions};
[INFO] [stdout]   |                ^^^^^ could not find `mysql` in `sqlx_core`
[INFO] [stdout] 
[INFO] [stdout] error: aborting due to previous error
[INFO] [stdout] 
[INFO] [stdout] For more information about this error, try `rustc --explain E0432`.
[INFO] [stdout] Couldn't compile the test.
[INFO] [stdout] 
[INFO] [stdout] failures:
[INFO] [stdout]     src/options/mod.rs - options::MySqlConnectOptions (line 35)
[INFO] [stdout]     src/options/mod.rs - options::MySqlConnectOptions::get_database (line 159)
[INFO] [stdout]     src/options/mod.rs - options::MySqlConnectOptions::ssl_ca (line 191)
[INFO] [stdout]     src/options/mod.rs - options::MySqlConnectOptions::ssl_ca_from_pem (line 206)
[INFO] [stdout]     src/options/mod.rs - options::MySqlConnectOptions::ssl_client_cert (line 221)
[INFO] [stdout]     src/options/mod.rs - options::MySqlConnectOptions::ssl_client_cert_from_pem (line 240)
[INFO] [stdout]     src/options/mod.rs - options::MySqlConnectOptions::ssl_client_key (line 261)
[INFO] [stdout]     src/options/mod.rs - options::MySqlConnectOptions::ssl_client_key_from_pem (line 280)
[INFO] [stdout]     src/options/mod.rs - options::MySqlConnectOptions::ssl_mode (line 177)
[INFO] [stdout] 
[INFO] [stdout] test result: FAILED. 0 passed; 9 failed; 0 ignored; 0 measured; 0 filtered out; finished in 0.26s
[INFO] [stdout] 
[INFO] [stderr] error: doctest failed, to rerun pass `--doc`
[INFO] running `Command { std: "docker" "inspect" "3c0cedf2c393d88d1b3084e6eccfa65ae6589ca14653661b8768489ca9c54992", kill_on_drop: false }`
[INFO] running `Command { std: "docker" "rm" "-f" "3c0cedf2c393d88d1b3084e6eccfa65ae6589ca14653661b8768489ca9c54992", kill_on_drop: false }`
[INFO] [stdout] 3c0cedf2c393d88d1b3084e6eccfa65ae6589ca14653661b8768489ca9c54992
[INFO] testing sqlx-mysql-0.7.3 against beta-2023-12-22 for beta-1.76-1
[INFO] extracting crate sqlx-mysql 0.7.3 into /workspace/builds/worker-6-tc2/source
[INFO] validating manifest of crates.io crate sqlx-mysql 0.7.3 on toolchain beta-2023-12-22
[INFO] running `Command { std: CARGO_HOME="/workspace/cargo-home" RUSTUP_HOME="/workspace/rustup-home" "/workspace/cargo-home/bin/cargo" "+beta-2023-12-22" "metadata" "--manifest-path" "Cargo.toml" "--no-deps", kill_on_drop: false }`
[INFO] started tweaking crates.io crate sqlx-mysql 0.7.3
[INFO] finished tweaking crates.io crate sqlx-mysql 0.7.3
[INFO] tweaked toml for crates.io crate sqlx-mysql 0.7.3 written to /workspace/builds/worker-6-tc2/source/Cargo.toml
[INFO] running `Command { std: CARGO_HOME="/workspace/cargo-home" RUSTUP_HOME="/workspace/rustup-home" "/workspace/cargo-home/bin/cargo" "+beta-2023-12-22" "generate-lockfile" "--manifest-path" "Cargo.toml", kill_on_drop: false }`
[INFO] [stderr]     Blocking waiting for file lock on package cache
[INFO] [stderr]     Updating crates.io index
[INFO] running `Command { std: CARGO_HOME="/workspace/cargo-home" RUSTUP_HOME="/workspace/rustup-home" "/workspace/cargo-home/bin/cargo" "+beta-2023-12-22" "fetch" "--manifest-path" "Cargo.toml", kill_on_drop: false }`
[INFO] [stderr]     Blocking waiting for file lock on package cache
[INFO] [stderr]     Blocking waiting for file lock on package cache
[INFO] running `Command { std: "docker" "create" "-v" "/var/lib/crater-agent-workspace/builds/worker-6-tc2/target:/opt/rustwide/target:rw,Z" "-v" "/var/lib/crater-agent-workspace/builds/worker-6-tc2/source:/opt/rustwide/workdir:ro,Z" "-v" "/var/lib/crater-agent-workspace/cargo-home:/opt/rustwide/cargo-home:ro,Z" "-v" "/var/lib/crater-agent-workspace/rustup-home:/opt/rustwide/rustup-home:ro,Z" "-e" "SOURCE_DIR=/opt/rustwide/workdir" "-e" "CARGO_TARGET_DIR=/opt/rustwide/target" "-e" "CARGO_HOME=/opt/rustwide/cargo-home" "-e" "RUSTUP_HOME=/opt/rustwide/rustup-home" "-w" "/opt/rustwide/workdir" "-m" "1610612736" "--user" "0:0" "--network" "none" "ghcr.io/rust-lang/crates-build-env/linux@sha256:2788e3201cd34a07e3172128adcd8b3090168a8e3bcc40d7c032b9dda1df7d1c" "/opt/rustwide/cargo-home/bin/cargo" "+beta-2023-12-22" "metadata" "--no-deps" "--format-version=1", kill_on_drop: false }`
[INFO] [stdout] 0d1148854b107dfd64650caf9141633c9b26beeeca0aa455d15510bf63c50862
[INFO] running `Command { std: "docker" "start" "-a" "0d1148854b107dfd64650caf9141633c9b26beeeca0aa455d15510bf63c50862", kill_on_drop: false }`
[INFO] running `Command { std: "docker" "inspect" "0d1148854b107dfd64650caf9141633c9b26beeeca0aa455d15510bf63c50862", kill_on_drop: false }`
[INFO] running `Command { std: "docker" "rm" "-f" "0d1148854b107dfd64650caf9141633c9b26beeeca0aa455d15510bf63c50862", kill_on_drop: false }`
[INFO] [stdout] 0d1148854b107dfd64650caf9141633c9b26beeeca0aa455d15510bf63c50862
[INFO] running `Command { std: "docker" "create" "-v" "/var/lib/crater-agent-workspace/builds/worker-6-tc2/target:/opt/rustwide/target:rw,Z" "-v" "/var/lib/crater-agent-workspace/builds/worker-6-tc2/source:/opt/rustwide/workdir:ro,Z" "-v" "/var/lib/crater-agent-workspace/cargo-home:/opt/rustwide/cargo-home:ro,Z" "-v" "/var/lib/crater-agent-workspace/rustup-home:/opt/rustwide/rustup-home:ro,Z" "-e" "SOURCE_DIR=/opt/rustwide/workdir" "-e" "CARGO_TARGET_DIR=/opt/rustwide/target" "-e" "CARGO_INCREMENTAL=0" "-e" "RUST_BACKTRACE=full" "-e" "RUSTFLAGS=--cap-lints=warn" "-e" "RUSTDOCFLAGS=--cap-lints=warn" "-e" "CARGO_HOME=/opt/rustwide/cargo-home" "-e" "RUSTUP_HOME=/opt/rustwide/rustup-home" "-w" "/opt/rustwide/workdir" "-m" "1610612736" "--user" "0:0" "--network" "none" "ghcr.io/rust-lang/crates-build-env/linux@sha256:2788e3201cd34a07e3172128adcd8b3090168a8e3bcc40d7c032b9dda1df7d1c" "/opt/rustwide/cargo-home/bin/cargo" "+beta-2023-12-22" "build" "--frozen" "--message-format=json", kill_on_drop: false }`
[INFO] [stdout] f1658f390418583287cac896fb9540ec3b366835d55e013b75f2883cfb6fb8ad
[INFO] running `Command { std: "docker" "start" "-a" "f1658f390418583287cac896fb9540ec3b366835d55e013b75f2883cfb6fb8ad", kill_on_drop: false }`
[INFO] [stderr]    Compiling generic-array v0.14.7
[INFO] [stderr]    Compiling const-oid v0.9.6
[INFO] [stderr]    Compiling num-traits v0.2.17
[INFO] [stderr]    Compiling subtle v2.5.0
[INFO] [stderr]    Compiling base64ct v1.6.0
[INFO] [stderr]    Compiling zeroize v1.7.0
[INFO] [stderr]    Compiling syn v2.0.48
[INFO] [stderr]    Compiling num-integer v0.1.45
[INFO] [stderr]    Compiling parking_lot_core v0.9.9
[INFO] [stderr]    Compiling ahash v0.8.7
[INFO] [stderr]    Compiling num-iter v0.1.43
[INFO] [stderr]    Compiling unicode-bidi v0.3.14
[INFO] [stderr]    Compiling crossbeam-utils v0.8.18
[INFO] [stderr]    Compiling allocator-api2 v0.2.16
[INFO] [stderr]    Compiling minimal-lexical v0.2.1
[INFO] [stderr]    Compiling futures-sink v0.3.30
[INFO] [stderr]    Compiling byteorder v1.5.0
[INFO] [stderr]    Compiling serde v1.0.194
[INFO] [stderr]    Compiling num-bigint-dig v0.8.4
[INFO] [stderr]    Compiling spin v0.5.2
[INFO] [stderr]    Compiling nom v7.1.3
[INFO] [stderr]    Compiling pem-rfc7468 v0.7.0
[INFO] [stderr]    Compiling lazy_static v1.4.0
[INFO] [stderr]    Compiling idna v0.5.0
[INFO] [stderr]    Compiling itertools v0.12.0
[INFO] [stderr]    Compiling form_urlencoded v1.2.1
[INFO] [stderr]    Compiling rand v0.8.5
[INFO] [stderr]    Compiling der v0.7.8
[INFO] [stderr]    Compiling hashbrown v0.14.3
[INFO] [stderr]    Compiling tracing-core v0.1.32
[INFO] [stderr]    Compiling futures-io v0.3.30
[INFO] [stderr]    Compiling crypto-common v0.1.6
[INFO] [stderr]    Compiling block-buffer v0.10.4
[INFO] [stderr]    Compiling parking_lot v0.12.1
[INFO] [stderr]    Compiling log v0.4.20
[INFO] [stderr]    Compiling digest v0.10.7
[INFO] [stderr]    Compiling equivalent v1.0.1
[INFO] [stderr]    Compiling unicode_categories v0.1.1
[INFO] [stderr]    Compiling futures-util v0.3.30
[INFO] [stderr]    Compiling futures-intrusive v0.5.0
[INFO] [stderr]    Compiling url v2.5.0
[INFO] [stderr]    Compiling crossbeam-queue v0.3.10
[INFO] [stderr]    Compiling hmac v0.12.1
[INFO] [stderr]    Compiling indexmap v2.1.0
[INFO] [stderr]    Compiling hashlink v0.8.4
[INFO] [stderr]    Compiling signature v2.2.0
[INFO] [stderr]    Compiling futures-channel v0.3.30
[INFO] [stderr]    Compiling bytes v1.5.0
[INFO] [stderr]    Compiling dotenvy v0.15.7
[INFO] [stderr]    Compiling crc-catalog v2.4.0
[INFO] [stderr]    Compiling finl_unicode v1.2.0
[INFO] [stderr]    Compiling hex v0.4.3
[INFO] [stderr]    Compiling event-listener v2.5.3
[INFO] [stderr]    Compiling crc v3.0.1
[INFO] [stderr]    Compiling hkdf v0.12.4
[INFO] [stderr]    Compiling sha1 v0.10.6
[INFO] [stderr]    Compiling md-5 v0.10.6
[INFO] [stderr]    Compiling spki v0.7.3
[INFO] [stderr]    Compiling stringprep v0.1.4
[INFO] [stderr]    Compiling sha2 v0.10.8
[INFO] [stderr]    Compiling whoami v1.4.1
[INFO] [stderr]    Compiling base64 v0.21.5
[INFO] [stderr]    Compiling pkcs8 v0.10.2
[INFO] [stderr]    Compiling sqlformat v0.2.3
[INFO] [stderr]    Compiling atoi v2.0.0
[INFO] [stderr]    Compiling pkcs1 v0.7.5
[INFO] [stderr]    Compiling bitflags v2.4.1
[INFO] [stderr]    Compiling rsa v0.9.6
[INFO] [stderr]    Compiling thiserror-impl v1.0.56
[INFO] [stderr]    Compiling tracing-attributes v0.1.27
[INFO] [stderr]    Compiling thiserror v1.0.56
[INFO] [stderr]    Compiling tracing v0.1.40
[INFO] [stderr]    Compiling sqlx-core v0.7.3
[INFO] [stderr]    Compiling sqlx-mysql v0.7.3 (/opt/rustwide/workdir)
[INFO] [stderr]     Finished dev [unoptimized + debuginfo] target(s) in 15.43s
[INFO] running `Command { std: "docker" "inspect" "f1658f390418583287cac896fb9540ec3b366835d55e013b75f2883cfb6fb8ad", kill_on_drop: false }`
[INFO] running `Command { std: "docker" "rm" "-f" "f1658f390418583287cac896fb9540ec3b366835d55e013b75f2883cfb6fb8ad", kill_on_drop: false }`
[INFO] [stdout] f1658f390418583287cac896fb9540ec3b366835d55e013b75f2883cfb6fb8ad
[INFO] running `Command { std: "docker" "create" "-v" "/var/lib/crater-agent-workspace/builds/worker-6-tc2/target:/opt/rustwide/target:rw,Z" "-v" "/var/lib/crater-agent-workspace/builds/worker-6-tc2/source:/opt/rustwide/workdir:ro,Z" "-v" "/var/lib/crater-agent-workspace/cargo-home:/opt/rustwide/cargo-home:ro,Z" "-v" "/var/lib/crater-agent-workspace/rustup-home:/opt/rustwide/rustup-home:ro,Z" "-e" "SOURCE_DIR=/opt/rustwide/workdir" "-e" "CARGO_TARGET_DIR=/opt/rustwide/target" "-e" "CARGO_INCREMENTAL=0" "-e" "RUST_BACKTRACE=full" "-e" "RUSTFLAGS=--cap-lints=warn" "-e" "RUSTDOCFLAGS=--cap-lints=warn" "-e" "CARGO_HOME=/opt/rustwide/cargo-home" "-e" "RUSTUP_HOME=/opt/rustwide/rustup-home" "-w" "/opt/rustwide/workdir" "-m" "1610612736" "--user" "0:0" "--network" "none" "ghcr.io/rust-lang/crates-build-env/linux@sha256:2788e3201cd34a07e3172128adcd8b3090168a8e3bcc40d7c032b9dda1df7d1c" "/opt/rustwide/cargo-home/bin/cargo" "+beta-2023-12-22" "test" "--frozen" "--no-run" "--message-format=json", kill_on_drop: false }`
[INFO] [stdout] 768472d90dfddec75dd5bf39313072639d8379f6790022bcfe2b4dbc779665b1
[INFO] running `Command { std: "docker" "start" "-a" "768472d90dfddec75dd5bf39313072639d8379f6790022bcfe2b4dbc779665b1", kill_on_drop: false }`
[INFO] [stderr]    Compiling sqlx-mysql v0.7.3 (/opt/rustwide/workdir)
[INFO] [stderr]     Finished test [unoptimized + debuginfo] target(s) in 3.45s
[INFO] running `Command { std: "docker" "inspect" "768472d90dfddec75dd5bf39313072639d8379f6790022bcfe2b4dbc779665b1", kill_on_drop: false }`
[INFO] running `Command { std: "docker" "rm" "-f" "768472d90dfddec75dd5bf39313072639d8379f6790022bcfe2b4dbc779665b1", kill_on_drop: false }`
[INFO] [stdout] 768472d90dfddec75dd5bf39313072639d8379f6790022bcfe2b4dbc779665b1
[INFO] running `Command { std: "docker" "create" "-v" "/var/lib/crater-agent-workspace/builds/worker-6-tc2/target:/opt/rustwide/target:rw,Z" "-v" "/var/lib/crater-agent-workspace/builds/worker-6-tc2/source:/opt/rustwide/workdir:ro,Z" "-v" "/var/lib/crater-agent-workspace/cargo-home:/opt/rustwide/cargo-home:ro,Z" "-v" "/var/lib/crater-agent-workspace/rustup-home:/opt/rustwide/rustup-home:ro,Z" "-e" "SOURCE_DIR=/opt/rustwide/workdir" "-e" "CARGO_TARGET_DIR=/opt/rustwide/target" "-e" "CARGO_INCREMENTAL=0" "-e" "RUST_BACKTRACE=full" "-e" "RUSTFLAGS=--cap-lints=warn" "-e" "RUSTDOCFLAGS=--cap-lints=warn" "-e" "CARGO_HOME=/opt/rustwide/cargo-home" "-e" "RUSTUP_HOME=/opt/rustwide/rustup-home" "-w" "/opt/rustwide/workdir" "-m" "1610612736" "--user" "0:0" "--network" "none" "ghcr.io/rust-lang/crates-build-env/linux@sha256:2788e3201cd34a07e3172128adcd8b3090168a8e3bcc40d7c032b9dda1df7d1c" "/opt/rustwide/cargo-home/bin/cargo" "+beta-2023-12-22" "test" "--frozen", kill_on_drop: false }`
[INFO] [stdout] 273ed16a17c716a5f77c263318cb3d3c451a206613c78373ef014abe999e7144
[INFO] running `Command { std: "docker" "start" "-a" "273ed16a17c716a5f77c263318cb3d3c451a206613c78373ef014abe999e7144", kill_on_drop: false }`
[INFO] [stderr]     Finished test [unoptimized + debuginfo] target(s) in 0.10s
[INFO] [stderr]      Running unittests src/lib.rs (/opt/rustwide/target/debug/deps/sqlx_mysql-957078e2327eb921)
[INFO] [stdout] 
[INFO] [stdout] running 21 tests
[INFO] [stdout] test io::buf_mut::test_encodes_int_lenenc_fb ... ok
[INFO] [stdout] test io::buf_mut::test_encodes_byte_lenenc ... ok
[INFO] [stdout] test io::buf_mut::test_encodes_int_lenenc_fd ... ok
[INFO] [stdout] test io::buf_mut::test_encodes_int_lenenc_u64 ... ok
[INFO] [stdout] test io::buf_mut::test_encodes_int_lenenc_u24 ... ok
[INFO] [stdout] test io::buf_mut::test_encodes_int_lenenc_ff ... ok
[INFO] [stdout] test io::buf_mut::test_encodes_int_lenenc_fc ... ok
[INFO] [stdout] test io::buf_mut::test_encodes_int_lenenc_u16 ... ok
[INFO] [stdout] test io::buf_mut::test_encodes_int_lenenc_u8 ... ok
[INFO] [stdout] test io::buf_mut::test_encodes_string_lenenc ... ok
[INFO] [stdout] test options::parse::it_parses_username_with_at_sign_correctly ... ok
[INFO] [stdout] test protocol::connect::auth_switch::test_decode_auth_switch_cleartext_disabled ... ok
[INFO] [stdout] test io::buf_mut::test_encodes_int_lenenc_fe ... ok
[INFO] [stdout] test options::parse::it_parses_password_with_non_ascii_chars_correctly ... ok
[INFO] [stdout] test protocol::connect::auth_switch::test_decode_auth_switch_packet_data ... ok
[INFO] [stdout] test protocol::connect::handshake::test_decode_handshake_mysql_8_0_18 ... ok
[INFO] [stdout] test protocol::connect::handshake::test_decode_handshake_mariadb_10_4_7 ... ok
[INFO] [stdout] test protocol::connect::auth_switch::test_decode_auth_switch_packet_no_data ... ok
[INFO] [stdout] test protocol::response::err::test_decode_err_packet_unknown_database ... ok
[INFO] [stdout] test protocol::response::ok::test_decode_ok_packet ... ok
[INFO] [stderr]    Doc-tests sqlx-mysql
[INFO] [stdout] test protocol::response::err::test_decode_err_packet_out_of_order ... ok
[INFO] [stdout] 
[INFO] [stdout] test result: ok. 21 passed; 0 failed; 0 ignored; 0 measured; 0 filtered out; finished in 0.01s
[INFO] [stdout] 
[INFO] [stdout] 
[INFO] [stdout] running 9 tests
[INFO] [stdout] test src/options/mod.rs - options::MySqlConnectOptions::ssl_client_key (line 261) ... FAILED
[INFO] [stdout] test src/options/mod.rs - options::MySqlConnectOptions::ssl_client_cert (line 221) ... FAILED
[INFO] [stdout] test src/options/mod.rs - options::MySqlConnectOptions::get_database (line 159) ... FAILED
[INFO] [stdout] test src/options/mod.rs - options::MySqlConnectOptions::ssl_client_cert_from_pem (line 240) ... FAILED
[INFO] [stdout] test src/options/mod.rs - options::MySqlConnectOptions::ssl_ca (line 191) ... FAILED
[INFO] [stdout] test src/options/mod.rs - options::MySqlConnectOptions::ssl_mode (line 177) ... FAILED
[INFO] [stdout] test src/options/mod.rs - options::MySqlConnectOptions::ssl_ca_from_pem (line 206) ... FAILED
[INFO] [stdout] test src/options/mod.rs - options::MySqlConnectOptions::ssl_client_key_from_pem (line 280) ... FAILED
[INFO] [stdout] test src/options/mod.rs - options::MySqlConnectOptions (line 35) - compile ... FAILED
[INFO] [stdout] 
[INFO] [stderr] error: doctest failed, to rerun pass `--doc`
[INFO] [stdout] failures:
[INFO] [stdout] 
[INFO] [stdout] ---- src/options/mod.rs - options::MySqlConnectOptions::ssl_client_key (line 261) stdout ----
[INFO] [stdout] error[E0432]: unresolved import `sqlx_core::mysql`
[INFO] [stdout]  --> src/options/mod.rs:262:16
[INFO] [stdout]   |
[INFO] [stdout] 3 | use sqlx_core::mysql::{MySqlSslMode, MySqlConnectOptions};
[INFO] [stdout]   |                ^^^^^ could not find `mysql` in `sqlx_core`
[INFO] [stdout] 
[INFO] [stdout] error: aborting due to 1 previous error
[INFO] [stdout] 
[INFO] [stdout] For more information about this error, try `rustc --explain E0432`.
[INFO] [stdout] Couldn't compile the test.
[INFO] [stdout] ---- src/options/mod.rs - options::MySqlConnectOptions::ssl_client_cert (line 221) stdout ----
[INFO] [stdout] error[E0432]: unresolved import `sqlx_core::mysql`
[INFO] [stdout]  --> src/options/mod.rs:222:16
[INFO] [stdout]   |
[INFO] [stdout] 3 | use sqlx_core::mysql::{MySqlSslMode, MySqlConnectOptions};
[INFO] [stdout]   |                ^^^^^ could not find `mysql` in `sqlx_core`
[INFO] [stdout] 
[INFO] [stdout] error: aborting due to 1 previous error
[INFO] [stdout] 
[INFO] [stdout] For more information about this error, try `rustc --explain E0432`.
[INFO] [stdout] Couldn't compile the test.
[INFO] [stdout] ---- src/options/mod.rs - options::MySqlConnectOptions::get_database (line 159) stdout ----
[INFO] [stdout] error[E0432]: unresolved import `sqlx_core::mysql`
[INFO] [stdout]  --> src/options/mod.rs:160:16
[INFO] [stdout]   |
[INFO] [stdout] 3 | use sqlx_core::mysql::MySqlConnectOptions;
[INFO] [stdout]   |                ^^^^^ could not find `mysql` in `sqlx_core`
[INFO] [stdout] 
[INFO] [stdout] error: aborting due to 1 previous error
[INFO] [stdout] 
[INFO] [stdout] For more information about this error, try `rustc --explain E0432`.
[INFO] [stdout] Couldn't compile the test.
[INFO] [stdout] ---- src/options/mod.rs - options::MySqlConnectOptions::ssl_client_cert_from_pem (line 240) stdout ----
[INFO] [stdout] error[E0432]: unresolved import `sqlx_core::mysql`
[INFO] [stdout]  --> src/options/mod.rs:241:16
[INFO] [stdout]   |
[INFO] [stdout] 3 | use sqlx_core::mysql::{MySqlSslMode, MySqlConnectOptions};
[INFO] [stdout]   |                ^^^^^ could not find `mysql` in `sqlx_core`
[INFO] [stdout] 
[INFO] [stdout] error: aborting due to 1 previous error
[INFO] [stdout] 
[INFO] [stdout] For more information about this error, try `rustc --explain E0432`.
[INFO] [stdout] Couldn't compile the test.
[INFO] [stdout] ---- src/options/mod.rs - options::MySqlConnectOptions::ssl_ca (line 191) stdout ----
[INFO] [stdout] error[E0432]: unresolved import `sqlx_core::mysql`
[INFO] [stdout]  --> src/options/mod.rs:192:16
[INFO] [stdout]   |
[INFO] [stdout] 3 | use sqlx_core::mysql::{MySqlSslMode, MySqlConnectOptions};
[INFO] [stdout]   |                ^^^^^ could not find `mysql` in `sqlx_core`
[INFO] [stdout] 
[INFO] [stdout] error: aborting due to 1 previous error
[INFO] [stdout] 
[INFO] [stdout] For more information about this error, try `rustc --explain E0432`.
[INFO] [stdout] Couldn't compile the test.
[INFO] [stdout] ---- src/options/mod.rs - options::MySqlConnectOptions::ssl_mode (line 177) stdout ----
[INFO] [stdout] error[E0432]: unresolved import `sqlx_core::mysql`
[INFO] [stdout]  --> src/options/mod.rs:178:16
[INFO] [stdout]   |
[INFO] [stdout] 3 | use sqlx_core::mysql::{MySqlSslMode, MySqlConnectOptions};
[INFO] [stdout]   |                ^^^^^ could not find `mysql` in `sqlx_core`
[INFO] [stdout] 
[INFO] [stdout] error: aborting due to 1 previous error
[INFO] [stdout] 
[INFO] [stdout] For more information about this error, try `rustc --explain E0432`.
[INFO] [stdout] Couldn't compile the test.
[INFO] [stdout] ---- src/options/mod.rs - options::MySqlConnectOptions::ssl_ca_from_pem (line 206) stdout ----
[INFO] [stdout] error[E0432]: unresolved import `sqlx_core::mysql`
[INFO] [stdout]  --> src/options/mod.rs:207:16
[INFO] [stdout]   |
[INFO] [stdout] 3 | use sqlx_core::mysql::{MySqlSslMode, MySqlConnectOptions};
[INFO] [stdout]   |                ^^^^^ could not find `mysql` in `sqlx_core`
[INFO] [stdout] 
[INFO] [stdout] error: aborting due to 1 previous error
[INFO] [stdout] 
[INFO] [stdout] For more information about this error, try `rustc --explain E0432`.
[INFO] [stdout] Couldn't compile the test.
[INFO] [stdout] ---- src/options/mod.rs - options::MySqlConnectOptions::ssl_client_key_from_pem (line 280) stdout ----
[INFO] [stdout] error[E0432]: unresolved import `sqlx_core::mysql`
[INFO] [stdout]  --> src/options/mod.rs:281:16
[INFO] [stdout]   |
[INFO] [stdout] 3 | use sqlx_core::mysql::{MySqlSslMode, MySqlConnectOptions};
[INFO] [stdout]   |                ^^^^^ could not find `mysql` in `sqlx_core`
[INFO] [stdout] 
[INFO] [stdout] error: aborting due to 1 previous error
[INFO] [stdout] 
[INFO] [stdout] For more information about this error, try `rustc --explain E0432`.
[INFO] [stdout] Couldn't compile the test.
[INFO] [stdout] ---- src/options/mod.rs - options::MySqlConnectOptions (line 35) stdout ----
[INFO] [stdout] error[E0433]: failed to resolve: use of undeclared crate or module `sqlx`
[INFO] [stdout]  --> src/options/mod.rs:38:5
[INFO] [stdout]   |
[INFO] [stdout] 5 | use sqlx::mysql::{MySqlConnectOptions, MySqlConnection, MySqlPool, MySqlSslMode};
[INFO] [stdout]   |     ^^^^ use of undeclared crate or module `sqlx`
[INFO] [stdout] 
[INFO] [stdout] error[E0432]: unresolved import `sqlx`
[INFO] [stdout]  --> src/options/mod.rs:37:5
[INFO] [stdout]   |
[INFO] [stdout] 4 | use sqlx::{Connection, ConnectOptions};
[INFO] [stdout]   |     ^^^^ use of undeclared crate or module `sqlx`
[INFO] [stdout] 
[INFO] [stdout] error[E0433]: failed to resolve: use of undeclared crate or module `sqlx`
[INFO] [stdout]  --> src/options/mod.rs:36:23
[INFO] [stdout]   |
[INFO] [stdout] 3 | async fn example() -> sqlx::Result<()> {
[INFO] [stdout]   |                       ^^^^ use of undeclared crate or module `sqlx`
[INFO] [stdout] 
[INFO] [stdout] error: aborting due to 3 previous errors
[INFO] [stdout] 
[INFO] [stdout] Some errors have detailed explanations: E0432, E0433.
[INFO] [stdout] For more information about an error, try `rustc --explain E0432`.
[INFO] [stdout] Couldn't compile the test.
[INFO] [stdout] 
[INFO] [stdout] failures:
[INFO] [stdout]     src/options/mod.rs - options::MySqlConnectOptions (line 35)
[INFO] [stdout]     src/options/mod.rs - options::MySqlConnectOptions::get_database (line 159)
[INFO] [stdout]     src/options/mod.rs - options::MySqlConnectOptions::ssl_ca (line 191)
[INFO] [stdout]     src/options/mod.rs - options::MySqlConnectOptions::ssl_ca_from_pem (line 206)
[INFO] [stdout]     src/options/mod.rs - options::MySqlConnectOptions::ssl_client_cert (line 221)
[INFO] [stdout]     src/options/mod.rs - options::MySqlConnectOptions::ssl_client_cert_from_pem (line 240)
[INFO] [stdout]     src/options/mod.rs - options::MySqlConnectOptions::ssl_client_key (line 261)
[INFO] [stdout]     src/options/mod.rs - options::MySqlConnectOptions::ssl_client_key_from_pem (line 280)
[INFO] [stdout]     src/options/mod.rs - options::MySqlConnectOptions::ssl_mode (line 177)
[INFO] [stdout] 
[INFO] [stdout] test result: FAILED. 0 passed; 9 failed; 0 ignored; 0 measured; 0 filtered out; finished in 0.21s
[INFO] [stdout] 
[INFO] running `Command { std: "docker" "inspect" "273ed16a17c716a5f77c263318cb3d3c451a206613c78373ef014abe999e7144", kill_on_drop: false }`
[INFO] running `Command { std: "docker" "rm" "-f" "273ed16a17c716a5f77c263318cb3d3c451a206613c78373ef014abe999e7144", kill_on_drop: false }`
[INFO] [stdout] 273ed16a17c716a5f77c263318cb3d3c451a206613c78373ef014abe999e7144
