[INFO] fetching crate sqlighters 0.1.0...
[INFO] testing sqlighters-0.1.0 against 1.75.0 for beta-1.76-1
[INFO] extracting crate sqlighters 0.1.0 into /workspace/builds/worker-2-tc1/source
[INFO] validating manifest of crates.io crate sqlighters 0.1.0 on toolchain 1.75.0
[INFO] running `Command { std: CARGO_HOME="/workspace/cargo-home" RUSTUP_HOME="/workspace/rustup-home" "/workspace/cargo-home/bin/cargo" "+1.75.0" "metadata" "--manifest-path" "Cargo.toml" "--no-deps", kill_on_drop: false }`
[INFO] started tweaking crates.io crate sqlighters 0.1.0
[INFO] finished tweaking crates.io crate sqlighters 0.1.0
[INFO] tweaked toml for crates.io crate sqlighters 0.1.0 written to /workspace/builds/worker-2-tc1/source/Cargo.toml
[INFO] running `Command { std: CARGO_HOME="/workspace/cargo-home" RUSTUP_HOME="/workspace/rustup-home" "/workspace/cargo-home/bin/cargo" "+1.75.0" "generate-lockfile" "--manifest-path" "Cargo.toml", kill_on_drop: false }`
[INFO] [stderr]     Updating crates.io index
[INFO] running `Command { std: CARGO_HOME="/workspace/cargo-home" RUSTUP_HOME="/workspace/rustup-home" "/workspace/cargo-home/bin/cargo" "+1.75.0" "fetch" "--manifest-path" "Cargo.toml", kill_on_drop: false }`
[INFO] running `Command { std: "docker" "create" "-v" "/var/lib/crater-agent-workspace/builds/worker-2-tc1/target:/opt/rustwide/target:rw,Z" "-v" "/var/lib/crater-agent-workspace/builds/worker-2-tc1/source:/opt/rustwide/workdir:ro,Z" "-v" "/var/lib/crater-agent-workspace/cargo-home:/opt/rustwide/cargo-home:ro,Z" "-v" "/var/lib/crater-agent-workspace/rustup-home:/opt/rustwide/rustup-home:ro,Z" "-e" "SOURCE_DIR=/opt/rustwide/workdir" "-e" "CARGO_TARGET_DIR=/opt/rustwide/target" "-e" "CARGO_HOME=/opt/rustwide/cargo-home" "-e" "RUSTUP_HOME=/opt/rustwide/rustup-home" "-w" "/opt/rustwide/workdir" "-m" "1610612736" "--user" "0:0" "--network" "none" "ghcr.io/rust-lang/crates-build-env/linux@sha256:2788e3201cd34a07e3172128adcd8b3090168a8e3bcc40d7c032b9dda1df7d1c" "/opt/rustwide/cargo-home/bin/cargo" "+1.75.0" "metadata" "--no-deps" "--format-version=1", kill_on_drop: false }`
[INFO] [stdout] 74eeabaa93dbee8c21c30e5dfddd876a5af34b99f9c2f33d77dc1293fab7c184
[INFO] running `Command { std: "docker" "start" "-a" "74eeabaa93dbee8c21c30e5dfddd876a5af34b99f9c2f33d77dc1293fab7c184", kill_on_drop: false }`
[INFO] running `Command { std: "docker" "inspect" "74eeabaa93dbee8c21c30e5dfddd876a5af34b99f9c2f33d77dc1293fab7c184", kill_on_drop: false }`
[INFO] running `Command { std: "docker" "rm" "-f" "74eeabaa93dbee8c21c30e5dfddd876a5af34b99f9c2f33d77dc1293fab7c184", kill_on_drop: false }`
[INFO] [stdout] 74eeabaa93dbee8c21c30e5dfddd876a5af34b99f9c2f33d77dc1293fab7c184
[INFO] running `Command { std: "docker" "create" "-v" "/var/lib/crater-agent-workspace/builds/worker-2-tc1/target:/opt/rustwide/target:rw,Z" "-v" "/var/lib/crater-agent-workspace/builds/worker-2-tc1/source:/opt/rustwide/workdir:ro,Z" "-v" "/var/lib/crater-agent-workspace/cargo-home:/opt/rustwide/cargo-home:ro,Z" "-v" "/var/lib/crater-agent-workspace/rustup-home:/opt/rustwide/rustup-home:ro,Z" "-e" "SOURCE_DIR=/opt/rustwide/workdir" "-e" "CARGO_TARGET_DIR=/opt/rustwide/target" "-e" "CARGO_INCREMENTAL=0" "-e" "RUST_BACKTRACE=full" "-e" "RUSTFLAGS=--cap-lints=warn" "-e" "RUSTDOCFLAGS=--cap-lints=warn" "-e" "CARGO_HOME=/opt/rustwide/cargo-home" "-e" "RUSTUP_HOME=/opt/rustwide/rustup-home" "-w" "/opt/rustwide/workdir" "-m" "1610612736" "--user" "0:0" "--network" "none" "ghcr.io/rust-lang/crates-build-env/linux@sha256:2788e3201cd34a07e3172128adcd8b3090168a8e3bcc40d7c032b9dda1df7d1c" "/opt/rustwide/cargo-home/bin/cargo" "+1.75.0" "build" "--frozen" "--message-format=json", kill_on_drop: false }`
[INFO] [stdout] c490aeeafe5aa23bb170b9dc24e73fe75d2c36679aec0dd8fd7a8bf292f71186
[INFO] running `Command { std: "docker" "start" "-a" "c490aeeafe5aa23bb170b9dc24e73fe75d2c36679aec0dd8fd7a8bf292f71186", kill_on_drop: false }`
[INFO] [stderr]    Compiling byteorder v1.5.0
[INFO] [stderr]    Compiling sqlighters v0.1.0 (/opt/rustwide/workdir)
[INFO] [stderr]     Finished dev [unoptimized + debuginfo] target(s) in 0.68s
[INFO] running `Command { std: "docker" "inspect" "c490aeeafe5aa23bb170b9dc24e73fe75d2c36679aec0dd8fd7a8bf292f71186", kill_on_drop: false }`
[INFO] running `Command { std: "docker" "rm" "-f" "c490aeeafe5aa23bb170b9dc24e73fe75d2c36679aec0dd8fd7a8bf292f71186", kill_on_drop: false }`
[INFO] [stdout] c490aeeafe5aa23bb170b9dc24e73fe75d2c36679aec0dd8fd7a8bf292f71186
[INFO] running `Command { std: "docker" "create" "-v" "/var/lib/crater-agent-workspace/builds/worker-2-tc1/target:/opt/rustwide/target:rw,Z" "-v" "/var/lib/crater-agent-workspace/builds/worker-2-tc1/source:/opt/rustwide/workdir:ro,Z" "-v" "/var/lib/crater-agent-workspace/cargo-home:/opt/rustwide/cargo-home:ro,Z" "-v" "/var/lib/crater-agent-workspace/rustup-home:/opt/rustwide/rustup-home:ro,Z" "-e" "SOURCE_DIR=/opt/rustwide/workdir" "-e" "CARGO_TARGET_DIR=/opt/rustwide/target" "-e" "CARGO_INCREMENTAL=0" "-e" "RUST_BACKTRACE=full" "-e" "RUSTFLAGS=--cap-lints=warn" "-e" "RUSTDOCFLAGS=--cap-lints=warn" "-e" "CARGO_HOME=/opt/rustwide/cargo-home" "-e" "RUSTUP_HOME=/opt/rustwide/rustup-home" "-w" "/opt/rustwide/workdir" "-m" "1610612736" "--user" "0:0" "--network" "none" "ghcr.io/rust-lang/crates-build-env/linux@sha256:2788e3201cd34a07e3172128adcd8b3090168a8e3bcc40d7c032b9dda1df7d1c" "/opt/rustwide/cargo-home/bin/cargo" "+1.75.0" "test" "--frozen" "--no-run" "--message-format=json", kill_on_drop: false }`
[INFO] [stdout] a9ddcdc09c2fbc1046fc58febafca8d2b043ffd8a799553350c03a7f750fe427
[INFO] running `Command { std: "docker" "start" "-a" "a9ddcdc09c2fbc1046fc58febafca8d2b043ffd8a799553350c03a7f750fe427", kill_on_drop: false }`
[INFO] [stderr]    Compiling sqlighters v0.1.0 (/opt/rustwide/workdir)
[INFO] [stderr]     Finished test [unoptimized + debuginfo] target(s) in 0.96s
[INFO] running `Command { std: "docker" "inspect" "a9ddcdc09c2fbc1046fc58febafca8d2b043ffd8a799553350c03a7f750fe427", kill_on_drop: false }`
[INFO] running `Command { std: "docker" "rm" "-f" "a9ddcdc09c2fbc1046fc58febafca8d2b043ffd8a799553350c03a7f750fe427", kill_on_drop: false }`
[INFO] [stdout] a9ddcdc09c2fbc1046fc58febafca8d2b043ffd8a799553350c03a7f750fe427
[INFO] running `Command { std: "docker" "create" "-v" "/var/lib/crater-agent-workspace/builds/worker-2-tc1/target:/opt/rustwide/target:rw,Z" "-v" "/var/lib/crater-agent-workspace/builds/worker-2-tc1/source:/opt/rustwide/workdir:ro,Z" "-v" "/var/lib/crater-agent-workspace/cargo-home:/opt/rustwide/cargo-home:ro,Z" "-v" "/var/lib/crater-agent-workspace/rustup-home:/opt/rustwide/rustup-home:ro,Z" "-e" "SOURCE_DIR=/opt/rustwide/workdir" "-e" "CARGO_TARGET_DIR=/opt/rustwide/target" "-e" "CARGO_INCREMENTAL=0" "-e" "RUST_BACKTRACE=full" "-e" "RUSTFLAGS=--cap-lints=warn" "-e" "RUSTDOCFLAGS=--cap-lints=warn" "-e" "CARGO_HOME=/opt/rustwide/cargo-home" "-e" "RUSTUP_HOME=/opt/rustwide/rustup-home" "-w" "/opt/rustwide/workdir" "-m" "1610612736" "--user" "0:0" "--network" "none" "ghcr.io/rust-lang/crates-build-env/linux@sha256:2788e3201cd34a07e3172128adcd8b3090168a8e3bcc40d7c032b9dda1df7d1c" "/opt/rustwide/cargo-home/bin/cargo" "+1.75.0" "test" "--frozen", kill_on_drop: false }`
[INFO] [stdout] 4c828453e6e6379863796a97b17e92d3d212e3d35dd81b0f29b279058d4e0ea0
[INFO] running `Command { std: "docker" "start" "-a" "4c828453e6e6379863796a97b17e92d3d212e3d35dd81b0f29b279058d4e0ea0", kill_on_drop: false }`
[INFO] [stderr]     Finished test [unoptimized + debuginfo] target(s) in 0.02s
[INFO] [stderr]      Running unittests src/lib.rs (/opt/rustwide/target/debug/deps/sqlighters-6be3fdb3f8877225)
[INFO] [stdout] 
[INFO] [stdout] running 20 tests
[INFO] [stdout] test page::tests::test_u16 ... ok
[INFO] [stdout] test page::tests::test_u16_2_directions ... ok
[INFO] [stdout] test page::tests::test_u16_backwards ... ok
[INFO] [stdout] test page::tests::test_u16_position ... ok
[INFO] [stdout] test page::tests::test_u32_2_directions ... ok
[INFO] [stdout] test page::tests::test_u8a ... ok
[INFO] [stdout] test record::tests::test ... ok
[INFO] [stdout] test page::tests::test_u32 ... ok
[INFO] [stdout] test values::tests::test_integer1 ... ok
[INFO] [stdout] test values::tests::test_blob ... ok
[INFO] [stdout] test values::tests::test_float ... ok
[INFO] [stdout] test values::tests::test_integer0 ... ok
[INFO] [stdout] test values::tests::test_integer2 ... ok
[INFO] [stdout] test page::tests::test_u8 ... ok
[INFO] [stdout] test values::tests::test_string ... ok
[INFO] [stdout] test values::tests::test_integer128 ... ok
[INFO] [stdout] test varint::tests::test ... ok
[INFO] [stdout] test varint::tests::test_write0 ... ok
[INFO] [stdout] test varint::tests::test_write1 ... ok
[INFO] [stdout] test tests::test_build ... FAILED
[INFO] [stdout] 
[INFO] [stdout] failures:
[INFO] [stdout] 
[INFO] [stdout] ---- tests::test_build stdout ----
[INFO] [stdout] Error: Os { code: 30, kind: ReadOnlyFilesystem, message: "Read-only file system" }
[INFO] [stdout] 
[INFO] [stdout] 
[INFO] [stdout] failures:
[INFO] [stdout]     tests::test_build
[INFO] [stdout] 
[INFO] [stdout] test result: FAILED. 19 passed; 1 failed; 0 ignored; 0 measured; 0 filtered out; finished in 0.07s
[INFO] [stdout] 
[INFO] [stderr] error: test failed, to rerun pass `--lib`
[INFO] running `Command { std: "docker" "inspect" "4c828453e6e6379863796a97b17e92d3d212e3d35dd81b0f29b279058d4e0ea0", kill_on_drop: false }`
[INFO] running `Command { std: "docker" "rm" "-f" "4c828453e6e6379863796a97b17e92d3d212e3d35dd81b0f29b279058d4e0ea0", kill_on_drop: false }`
[INFO] [stdout] 4c828453e6e6379863796a97b17e92d3d212e3d35dd81b0f29b279058d4e0ea0
[INFO] testing sqlighters-0.1.0 against beta-2023-12-22 for beta-1.76-1
[INFO] extracting crate sqlighters 0.1.0 into /workspace/builds/worker-2-tc2/source
[INFO] validating manifest of crates.io crate sqlighters 0.1.0 on toolchain beta-2023-12-22
[INFO] running `Command { std: CARGO_HOME="/workspace/cargo-home" RUSTUP_HOME="/workspace/rustup-home" "/workspace/cargo-home/bin/cargo" "+beta-2023-12-22" "metadata" "--manifest-path" "Cargo.toml" "--no-deps", kill_on_drop: false }`
[INFO] started tweaking crates.io crate sqlighters 0.1.0
[INFO] finished tweaking crates.io crate sqlighters 0.1.0
[INFO] tweaked toml for crates.io crate sqlighters 0.1.0 written to /workspace/builds/worker-2-tc2/source/Cargo.toml
[INFO] running `Command { std: CARGO_HOME="/workspace/cargo-home" RUSTUP_HOME="/workspace/rustup-home" "/workspace/cargo-home/bin/cargo" "+beta-2023-12-22" "generate-lockfile" "--manifest-path" "Cargo.toml", kill_on_drop: false }`
[INFO] [stderr]     Updating crates.io index
[INFO] running `Command { std: CARGO_HOME="/workspace/cargo-home" RUSTUP_HOME="/workspace/rustup-home" "/workspace/cargo-home/bin/cargo" "+beta-2023-12-22" "fetch" "--manifest-path" "Cargo.toml", kill_on_drop: false }`
[INFO] running `Command { std: "docker" "create" "-v" "/var/lib/crater-agent-workspace/builds/worker-2-tc2/target:/opt/rustwide/target:rw,Z" "-v" "/var/lib/crater-agent-workspace/builds/worker-2-tc2/source:/opt/rustwide/workdir:ro,Z" "-v" "/var/lib/crater-agent-workspace/cargo-home:/opt/rustwide/cargo-home:ro,Z" "-v" "/var/lib/crater-agent-workspace/rustup-home:/opt/rustwide/rustup-home:ro,Z" "-e" "SOURCE_DIR=/opt/rustwide/workdir" "-e" "CARGO_TARGET_DIR=/opt/rustwide/target" "-e" "CARGO_HOME=/opt/rustwide/cargo-home" "-e" "RUSTUP_HOME=/opt/rustwide/rustup-home" "-w" "/opt/rustwide/workdir" "-m" "1610612736" "--user" "0:0" "--network" "none" "ghcr.io/rust-lang/crates-build-env/linux@sha256:2788e3201cd34a07e3172128adcd8b3090168a8e3bcc40d7c032b9dda1df7d1c" "/opt/rustwide/cargo-home/bin/cargo" "+beta-2023-12-22" "metadata" "--no-deps" "--format-version=1", kill_on_drop: false }`
[INFO] [stdout] c56168e05c5b0532c70cd36e4bca3f40f31808d58286accc2dadb6154c5de038
[INFO] running `Command { std: "docker" "start" "-a" "c56168e05c5b0532c70cd36e4bca3f40f31808d58286accc2dadb6154c5de038", kill_on_drop: false }`
[INFO] running `Command { std: "docker" "inspect" "c56168e05c5b0532c70cd36e4bca3f40f31808d58286accc2dadb6154c5de038", kill_on_drop: false }`
[INFO] running `Command { std: "docker" "rm" "-f" "c56168e05c5b0532c70cd36e4bca3f40f31808d58286accc2dadb6154c5de038", kill_on_drop: false }`
[INFO] [stdout] c56168e05c5b0532c70cd36e4bca3f40f31808d58286accc2dadb6154c5de038
[INFO] running `Command { std: "docker" "create" "-v" "/var/lib/crater-agent-workspace/builds/worker-2-tc2/target:/opt/rustwide/target:rw,Z" "-v" "/var/lib/crater-agent-workspace/builds/worker-2-tc2/source:/opt/rustwide/workdir:ro,Z" "-v" "/var/lib/crater-agent-workspace/cargo-home:/opt/rustwide/cargo-home:ro,Z" "-v" "/var/lib/crater-agent-workspace/rustup-home:/opt/rustwide/rustup-home:ro,Z" "-e" "SOURCE_DIR=/opt/rustwide/workdir" "-e" "CARGO_TARGET_DIR=/opt/rustwide/target" "-e" "CARGO_INCREMENTAL=0" "-e" "RUST_BACKTRACE=full" "-e" "RUSTFLAGS=--cap-lints=warn" "-e" "RUSTDOCFLAGS=--cap-lints=warn" "-e" "CARGO_HOME=/opt/rustwide/cargo-home" "-e" "RUSTUP_HOME=/opt/rustwide/rustup-home" "-w" "/opt/rustwide/workdir" "-m" "1610612736" "--user" "0:0" "--network" "none" "ghcr.io/rust-lang/crates-build-env/linux@sha256:2788e3201cd34a07e3172128adcd8b3090168a8e3bcc40d7c032b9dda1df7d1c" "/opt/rustwide/cargo-home/bin/cargo" "+beta-2023-12-22" "build" "--frozen" "--message-format=json", kill_on_drop: false }`
[INFO] [stdout] fe70db210e6055fa21d942f8c21136acf8d5c57ea55a546e16013623b075c6b5
[INFO] running `Command { std: "docker" "start" "-a" "fe70db210e6055fa21d942f8c21136acf8d5c57ea55a546e16013623b075c6b5", kill_on_drop: false }`
[INFO] [stderr]    Compiling byteorder v1.5.0
[INFO] [stderr]    Compiling sqlighters v0.1.0 (/opt/rustwide/workdir)
[INFO] [stderr]     Finished dev [unoptimized + debuginfo] target(s) in 0.60s
[INFO] running `Command { std: "docker" "inspect" "fe70db210e6055fa21d942f8c21136acf8d5c57ea55a546e16013623b075c6b5", kill_on_drop: false }`
[INFO] running `Command { std: "docker" "rm" "-f" "fe70db210e6055fa21d942f8c21136acf8d5c57ea55a546e16013623b075c6b5", kill_on_drop: false }`
[INFO] [stdout] fe70db210e6055fa21d942f8c21136acf8d5c57ea55a546e16013623b075c6b5
[INFO] running `Command { std: "docker" "create" "-v" "/var/lib/crater-agent-workspace/builds/worker-2-tc2/target:/opt/rustwide/target:rw,Z" "-v" "/var/lib/crater-agent-workspace/builds/worker-2-tc2/source:/opt/rustwide/workdir:ro,Z" "-v" "/var/lib/crater-agent-workspace/cargo-home:/opt/rustwide/cargo-home:ro,Z" "-v" "/var/lib/crater-agent-workspace/rustup-home:/opt/rustwide/rustup-home:ro,Z" "-e" "SOURCE_DIR=/opt/rustwide/workdir" "-e" "CARGO_TARGET_DIR=/opt/rustwide/target" "-e" "CARGO_INCREMENTAL=0" "-e" "RUST_BACKTRACE=full" "-e" "RUSTFLAGS=--cap-lints=warn" "-e" "RUSTDOCFLAGS=--cap-lints=warn" "-e" "CARGO_HOME=/opt/rustwide/cargo-home" "-e" "RUSTUP_HOME=/opt/rustwide/rustup-home" "-w" "/opt/rustwide/workdir" "-m" "1610612736" "--user" "0:0" "--network" "none" "ghcr.io/rust-lang/crates-build-env/linux@sha256:2788e3201cd34a07e3172128adcd8b3090168a8e3bcc40d7c032b9dda1df7d1c" "/opt/rustwide/cargo-home/bin/cargo" "+beta-2023-12-22" "test" "--frozen" "--no-run" "--message-format=json", kill_on_drop: false }`
[INFO] [stdout] be8b870174a1b4412ac3cf32d910eadfe09193777f25cd735d30f050e4f46b64
[INFO] running `Command { std: "docker" "start" "-a" "be8b870174a1b4412ac3cf32d910eadfe09193777f25cd735d30f050e4f46b64", kill_on_drop: false }`
[INFO] [stderr]    Compiling sqlighters v0.1.0 (/opt/rustwide/workdir)
[INFO] [stderr]     Finished test [unoptimized + debuginfo] target(s) in 0.96s
[INFO] running `Command { std: "docker" "inspect" "be8b870174a1b4412ac3cf32d910eadfe09193777f25cd735d30f050e4f46b64", kill_on_drop: false }`
[INFO] running `Command { std: "docker" "rm" "-f" "be8b870174a1b4412ac3cf32d910eadfe09193777f25cd735d30f050e4f46b64", kill_on_drop: false }`
[INFO] [stdout] be8b870174a1b4412ac3cf32d910eadfe09193777f25cd735d30f050e4f46b64
[INFO] running `Command { std: "docker" "create" "-v" "/var/lib/crater-agent-workspace/builds/worker-2-tc2/target:/opt/rustwide/target:rw,Z" "-v" "/var/lib/crater-agent-workspace/builds/worker-2-tc2/source:/opt/rustwide/workdir:ro,Z" "-v" "/var/lib/crater-agent-workspace/cargo-home:/opt/rustwide/cargo-home:ro,Z" "-v" "/var/lib/crater-agent-workspace/rustup-home:/opt/rustwide/rustup-home:ro,Z" "-e" "SOURCE_DIR=/opt/rustwide/workdir" "-e" "CARGO_TARGET_DIR=/opt/rustwide/target" "-e" "CARGO_INCREMENTAL=0" "-e" "RUST_BACKTRACE=full" "-e" "RUSTFLAGS=--cap-lints=warn" "-e" "RUSTDOCFLAGS=--cap-lints=warn" "-e" "CARGO_HOME=/opt/rustwide/cargo-home" "-e" "RUSTUP_HOME=/opt/rustwide/rustup-home" "-w" "/opt/rustwide/workdir" "-m" "1610612736" "--user" "0:0" "--network" "none" "ghcr.io/rust-lang/crates-build-env/linux@sha256:2788e3201cd34a07e3172128adcd8b3090168a8e3bcc40d7c032b9dda1df7d1c" "/opt/rustwide/cargo-home/bin/cargo" "+beta-2023-12-22" "test" "--frozen", kill_on_drop: false }`
[INFO] [stdout] 5aee21880da5ec44e0f624f6bac3afce6fed07248d790820c9be18a9ecc433d5
[INFO] running `Command { std: "docker" "start" "-a" "5aee21880da5ec44e0f624f6bac3afce6fed07248d790820c9be18a9ecc433d5", kill_on_drop: false }`
[INFO] [stderr]     Finished test [unoptimized + debuginfo] target(s) in 0.02s
[INFO] [stderr]      Running unittests src/lib.rs (/opt/rustwide/target/debug/deps/sqlighters-6cc8c703e997bc61)
[INFO] [stdout] 
[INFO] [stdout] running 20 tests
[INFO] [stdout] test page::tests::test_u16_backwards ... ok
[INFO] [stdout] test page::tests::test_u16_position ... ok
[INFO] [stdout] test page::tests::test_u16 ... ok
[INFO] [stdout] test page::tests::test_u32 ... ok
[INFO] [stdout] test page::tests::test_u16_2_directions ... ok
[INFO] [stdout] test record::tests::test ... ok
[INFO] [stdout] test values::tests::test_integer0 ... ok
[INFO] [stdout] test values::tests::test_integer1 ... ok
[INFO] [stdout] test values::tests::test_float ... ok
[INFO] [stdout] test values::tests::test_blob ... ok
[INFO] [stdout] test values::tests::test_integer2 ... ok
[INFO] [stdout] test values::tests::test_integer128 ... ok
[INFO] [stdout] test values::tests::test_string ... ok
[INFO] [stdout] test page::tests::test_u8a ... ok
[INFO] [stdout] test page::tests::test_u8 ... ok
[INFO] [stdout] test page::tests::test_u32_2_directions ... ok
[INFO] [stdout] test varint::tests::test_write0 ... ok
[INFO] [stdout] test varint::tests::test_write1 ... ok
[INFO] [stdout] test varint::tests::test ... ok
[INFO] [stdout] test tests::test_build ... FAILED
[INFO] [stdout] 
[INFO] [stdout] failures:
[INFO] [stdout] 
[INFO] [stdout] ---- tests::test_build stdout ----
[INFO] [stdout] Error: Os { code: 30, kind: ReadOnlyFilesystem, message: "Read-only file system" }
[INFO] [stdout] 
[INFO] [stdout] 
[INFO] [stdout] failures:
[INFO] [stdout]     tests::test_build
[INFO] [stdout] 
[INFO] [stdout] test result: FAILED. 19 passed; 1 failed; 0 ignored; 0 measured; 0 filtered out; finished in 0.09s
[INFO] [stdout] 
[INFO] [stderr] error: test failed, to rerun pass `--lib`
[INFO] running `Command { std: "docker" "inspect" "5aee21880da5ec44e0f624f6bac3afce6fed07248d790820c9be18a9ecc433d5", kill_on_drop: false }`
[INFO] running `Command { std: "docker" "rm" "-f" "5aee21880da5ec44e0f624f6bac3afce6fed07248d790820c9be18a9ecc433d5", kill_on_drop: false }`
[INFO] [stdout] 5aee21880da5ec44e0f624f6bac3afce6fed07248d790820c9be18a9ecc433d5
