[INFO] fetching crate sql_from_models-parser 0.2.0...
[INFO] testing sql_from_models-parser-0.2.0 against 1.75.0 for beta-1.76-1
[INFO] extracting crate sql_from_models-parser 0.2.0 into /workspace/builds/worker-5-tc1/source
[INFO] validating manifest of crates.io crate sql_from_models-parser 0.2.0 on toolchain 1.75.0
[INFO] running `Command { std: CARGO_HOME="/workspace/cargo-home" RUSTUP_HOME="/workspace/rustup-home" "/workspace/cargo-home/bin/cargo" "+1.75.0" "metadata" "--manifest-path" "Cargo.toml" "--no-deps", kill_on_drop: false }`
[INFO] started tweaking crates.io crate sql_from_models-parser 0.2.0
[INFO] finished tweaking crates.io crate sql_from_models-parser 0.2.0
[INFO] tweaked toml for crates.io crate sql_from_models-parser 0.2.0 written to /workspace/builds/worker-5-tc1/source/Cargo.toml
[INFO] running `Command { std: CARGO_HOME="/workspace/cargo-home" RUSTUP_HOME="/workspace/rustup-home" "/workspace/cargo-home/bin/cargo" "+1.75.0" "generate-lockfile" "--manifest-path" "Cargo.toml", kill_on_drop: false }`
[INFO] [stderr]     Updating crates.io index
[INFO] running `Command { std: CARGO_HOME="/workspace/cargo-home" RUSTUP_HOME="/workspace/rustup-home" "/workspace/cargo-home/bin/cargo" "+1.75.0" "fetch" "--manifest-path" "Cargo.toml", kill_on_drop: false }`
[INFO] running `Command { std: "docker" "create" "-v" "/var/lib/crater-agent-workspace/builds/worker-5-tc1/target:/opt/rustwide/target:rw,Z" "-v" "/var/lib/crater-agent-workspace/builds/worker-5-tc1/source:/opt/rustwide/workdir:ro,Z" "-v" "/var/lib/crater-agent-workspace/cargo-home:/opt/rustwide/cargo-home:ro,Z" "-v" "/var/lib/crater-agent-workspace/rustup-home:/opt/rustwide/rustup-home:ro,Z" "-e" "SOURCE_DIR=/opt/rustwide/workdir" "-e" "CARGO_TARGET_DIR=/opt/rustwide/target" "-e" "CARGO_HOME=/opt/rustwide/cargo-home" "-e" "RUSTUP_HOME=/opt/rustwide/rustup-home" "-w" "/opt/rustwide/workdir" "-m" "1610612736" "--user" "0:0" "--network" "none" "ghcr.io/rust-lang/crates-build-env/linux@sha256:2788e3201cd34a07e3172128adcd8b3090168a8e3bcc40d7c032b9dda1df7d1c" "/opt/rustwide/cargo-home/bin/cargo" "+1.75.0" "metadata" "--no-deps" "--format-version=1", kill_on_drop: false }`
[INFO] [stdout] 7a40ae540d0b9b47fb4cf47467fbe36a93c53058fae12fb7d8b1cfe39511fd1c
[INFO] running `Command { std: "docker" "start" "-a" "7a40ae540d0b9b47fb4cf47467fbe36a93c53058fae12fb7d8b1cfe39511fd1c", kill_on_drop: false }`
[INFO] running `Command { std: "docker" "inspect" "7a40ae540d0b9b47fb4cf47467fbe36a93c53058fae12fb7d8b1cfe39511fd1c", kill_on_drop: false }`
[INFO] running `Command { std: "docker" "rm" "-f" "7a40ae540d0b9b47fb4cf47467fbe36a93c53058fae12fb7d8b1cfe39511fd1c", kill_on_drop: false }`
[INFO] [stdout] 7a40ae540d0b9b47fb4cf47467fbe36a93c53058fae12fb7d8b1cfe39511fd1c
[INFO] running `Command { std: "docker" "create" "-v" "/var/lib/crater-agent-workspace/builds/worker-5-tc1/target:/opt/rustwide/target:rw,Z" "-v" "/var/lib/crater-agent-workspace/builds/worker-5-tc1/source:/opt/rustwide/workdir:ro,Z" "-v" "/var/lib/crater-agent-workspace/cargo-home:/opt/rustwide/cargo-home:ro,Z" "-v" "/var/lib/crater-agent-workspace/rustup-home:/opt/rustwide/rustup-home:ro,Z" "-e" "SOURCE_DIR=/opt/rustwide/workdir" "-e" "CARGO_TARGET_DIR=/opt/rustwide/target" "-e" "CARGO_INCREMENTAL=0" "-e" "RUST_BACKTRACE=full" "-e" "RUSTFLAGS=--cap-lints=warn" "-e" "RUSTDOCFLAGS=--cap-lints=warn" "-e" "CARGO_HOME=/opt/rustwide/cargo-home" "-e" "RUSTUP_HOME=/opt/rustwide/rustup-home" "-w" "/opt/rustwide/workdir" "-m" "1610612736" "--user" "0:0" "--network" "none" "ghcr.io/rust-lang/crates-build-env/linux@sha256:2788e3201cd34a07e3172128adcd8b3090168a8e3bcc40d7c032b9dda1df7d1c" "/opt/rustwide/cargo-home/bin/cargo" "+1.75.0" "build" "--frozen" "--message-format=json", kill_on_drop: false }`
[INFO] [stdout] 4fd7eb3a6ffa27b0821a198a8cd89fd8c0171a402183598cca4bac2e11bfd51f
[INFO] running `Command { std: "docker" "start" "-a" "4fd7eb3a6ffa27b0821a198a8cd89fd8c0171a402183598cca4bac2e11bfd51f", kill_on_drop: false }`
[INFO] [stderr]    Compiling log v0.4.20
[INFO] [stderr]    Compiling sql_from_models-parser v0.2.0 (/opt/rustwide/workdir)
[INFO] [stderr]     Finished dev [unoptimized + debuginfo] target(s) in 2.21s
[INFO] running `Command { std: "docker" "inspect" "4fd7eb3a6ffa27b0821a198a8cd89fd8c0171a402183598cca4bac2e11bfd51f", kill_on_drop: false }`
[INFO] running `Command { std: "docker" "rm" "-f" "4fd7eb3a6ffa27b0821a198a8cd89fd8c0171a402183598cca4bac2e11bfd51f", kill_on_drop: false }`
[INFO] [stdout] 4fd7eb3a6ffa27b0821a198a8cd89fd8c0171a402183598cca4bac2e11bfd51f
[INFO] running `Command { std: "docker" "create" "-v" "/var/lib/crater-agent-workspace/builds/worker-5-tc1/target:/opt/rustwide/target:rw,Z" "-v" "/var/lib/crater-agent-workspace/builds/worker-5-tc1/source:/opt/rustwide/workdir:ro,Z" "-v" "/var/lib/crater-agent-workspace/cargo-home:/opt/rustwide/cargo-home:ro,Z" "-v" "/var/lib/crater-agent-workspace/rustup-home:/opt/rustwide/rustup-home:ro,Z" "-e" "SOURCE_DIR=/opt/rustwide/workdir" "-e" "CARGO_TARGET_DIR=/opt/rustwide/target" "-e" "CARGO_INCREMENTAL=0" "-e" "RUST_BACKTRACE=full" "-e" "RUSTFLAGS=--cap-lints=warn" "-e" "RUSTDOCFLAGS=--cap-lints=warn" "-e" "CARGO_HOME=/opt/rustwide/cargo-home" "-e" "RUSTUP_HOME=/opt/rustwide/rustup-home" "-w" "/opt/rustwide/workdir" "-m" "1610612736" "--user" "0:0" "--network" "none" "ghcr.io/rust-lang/crates-build-env/linux@sha256:2788e3201cd34a07e3172128adcd8b3090168a8e3bcc40d7c032b9dda1df7d1c" "/opt/rustwide/cargo-home/bin/cargo" "+1.75.0" "test" "--frozen" "--no-run" "--message-format=json", kill_on_drop: false }`
[INFO] [stdout] 2d858c68ccfc46d9eeeed79db2ced67acddfe4ae9527a7e91bb7f007e0dc4d95
[INFO] running `Command { std: "docker" "start" "-a" "2d858c68ccfc46d9eeeed79db2ced67acddfe4ae9527a7e91bb7f007e0dc4d95", kill_on_drop: false }`
[INFO] [stderr]    Compiling rustix v0.38.28
[INFO] [stderr]    Compiling libc v0.2.151
[INFO] [stderr]    Compiling bitflags v2.4.1
[INFO] [stderr]    Compiling linux-raw-sys v0.4.12
[INFO] [stderr]    Compiling time-core v0.1.2
[INFO] [stderr]    Compiling powerfmt v0.2.0
[INFO] [stderr]    Compiling num_threads v0.1.6
[INFO] [stderr]    Compiling matches v0.1.10
[INFO] [stderr]    Compiling time-macros v0.2.16
[INFO] [stderr]    Compiling deranged v0.3.11
[INFO] [stderr]    Compiling is-terminal v0.4.10
[INFO] [stderr]    Compiling colored v1.9.4
[INFO] [stderr]    Compiling time v0.3.31
[INFO] [stderr]    Compiling simple_logger v1.16.0
[INFO] [stderr]    Compiling sql_from_models-parser v0.2.0 (/opt/rustwide/workdir)
[INFO] [stderr]     Finished test [unoptimized + debuginfo] target(s) in 4.11s
[INFO] running `Command { std: "docker" "inspect" "2d858c68ccfc46d9eeeed79db2ced67acddfe4ae9527a7e91bb7f007e0dc4d95", kill_on_drop: false }`
[INFO] running `Command { std: "docker" "rm" "-f" "2d858c68ccfc46d9eeeed79db2ced67acddfe4ae9527a7e91bb7f007e0dc4d95", kill_on_drop: false }`
[INFO] [stdout] 2d858c68ccfc46d9eeeed79db2ced67acddfe4ae9527a7e91bb7f007e0dc4d95
[INFO] running `Command { std: "docker" "create" "-v" "/var/lib/crater-agent-workspace/builds/worker-5-tc1/target:/opt/rustwide/target:rw,Z" "-v" "/var/lib/crater-agent-workspace/builds/worker-5-tc1/source:/opt/rustwide/workdir:ro,Z" "-v" "/var/lib/crater-agent-workspace/cargo-home:/opt/rustwide/cargo-home:ro,Z" "-v" "/var/lib/crater-agent-workspace/rustup-home:/opt/rustwide/rustup-home:ro,Z" "-e" "SOURCE_DIR=/opt/rustwide/workdir" "-e" "CARGO_TARGET_DIR=/opt/rustwide/target" "-e" "CARGO_INCREMENTAL=0" "-e" "RUST_BACKTRACE=full" "-e" "RUSTFLAGS=--cap-lints=warn" "-e" "RUSTDOCFLAGS=--cap-lints=warn" "-e" "CARGO_HOME=/opt/rustwide/cargo-home" "-e" "RUSTUP_HOME=/opt/rustwide/rustup-home" "-w" "/opt/rustwide/workdir" "-m" "1610612736" "--user" "0:0" "--network" "none" "ghcr.io/rust-lang/crates-build-env/linux@sha256:2788e3201cd34a07e3172128adcd8b3090168a8e3bcc40d7c032b9dda1df7d1c" "/opt/rustwide/cargo-home/bin/cargo" "+1.75.0" "test" "--frozen", kill_on_drop: false }`
[INFO] [stdout] 832672549b31d011d8afd7f7af5957c912d5c9d1489b9b3ea5a232ec05d9434c
[INFO] running `Command { std: "docker" "start" "-a" "832672549b31d011d8afd7f7af5957c912d5c9d1489b9b3ea5a232ec05d9434c", kill_on_drop: false }`
[INFO] [stderr]     Finished test [unoptimized + debuginfo] target(s) in 0.02s
[INFO] [stderr]      Running unittests src/lib.rs (/opt/rustwide/target/debug/deps/sql_from_models_parser-ec65fbd3aee981ff)
[INFO] [stdout] 
[INFO] [stdout] running 26 tests
[INFO] [stdout] test ast::tests::test_window_frame_default ... ok
[INFO] [stdout] test dialect::tests::test_is_dialect ... ok
[INFO] [stdout] test parser::tests::test_prev_index ... ok
[INFO] [stdout] test tokenizer::tests::tokenize_bitwise_op ... ok
[INFO] [stdout] test tokenizer::tests::tokenize_comment ... ok
[INFO] [stdout] test tokenizer::tests::tokenize_comment_at_eof ... ok
[INFO] [stdout] test tokenizer::tests::tokenize_explain_select ... ok
[INFO] [stdout] test tokenizer::tests::tokenize_explain_analyze_select ... ok
[INFO] [stdout] test tokenizer::tests::tokenize_invalid_string ... ok
[INFO] [stdout] test tokenizer::tests::tokenize_invalid_string_cols ... ok
[INFO] [stdout] test tokenizer::tests::tokenize_mismatched_quotes ... ok
[INFO] [stdout] test tokenizer::tests::tokenize_is_null ... ok
[INFO] [stdout] test tokenizer::tests::tokenize_mssql_top ... ok
[INFO] [stdout] test tokenizer::tests::tokenize_multiline_comment ... ok
[INFO] [stdout] test tokenizer::tests::tokenize_multiline_comment_with_even_asterisks ... ok
[INFO] [stdout] test tokenizer::tests::tokenize_newline_in_string_literal ... ok
[INFO] [stdout] test tokenizer::tests::tokenize_newlines ... ok
[INFO] [stdout] test tokenizer::tests::tokenize_pg_regex_match ... ok
[INFO] [stdout] test tokenizer::tests::tokenize_right_arrow ... ok
[INFO] [stdout] test tokenizer::tests::tokenize_scalar_function ... ok
[INFO] [stdout] test tokenizer::tests::tokenize_select_1 ... ok
[INFO] [stdout] test tokenizer::tests::tokenize_select_float ... ok
[INFO] [stdout] test tokenizer::tests::tokenize_string_predicate ... ok
[INFO] [stdout] test tokenizer::tests::tokenize_simple_select ... ok
[INFO] [stdout] test tokenizer::tests::tokenize_string_string_concat ... ok
[INFO] [stdout] test tokenizer::tests::tokenize_unterminated_string_literal ... ok
[INFO] [stdout] 
[INFO] [stdout] test result: ok. 26 passed; 0 failed; 0 ignored; 0 measured; 0 filtered out; finished in 0.00s
[INFO] [stdout] 
[INFO] [stderr]      Running tests/common.rs (/opt/rustwide/target/debug/deps/common-4bc11fc4fbf9a026)
[INFO] [stdout] 
[INFO] [stdout] running 134 tests
[INFO] [stdout] test parse_aggregate_with_group_by ... ok
[INFO] [stdout] test parse_alter_table_drop_column ... ok
[INFO] [stdout] test parse_bad_constraint ... ok
[INFO] [stdout] test parse_alter_table_drop_constraint ... ok
[INFO] [stdout] test parse_alter_table ... ok
[INFO] [stdout] test parse_assert_message ... ok
[INFO] [stdout] test lateral_derived ... ok
[INFO] [stdout] test parse_between_with_expr ... ok
[INFO] [stdout] test parse_assert ... ok
[INFO] [stdout] test parse_compound_expr_2 ... ok
[INFO] [stdout] test parse_compound_expr_1 ... ok
[INFO] [stdout] test parse_bitwise_ops ... ok
[INFO] [stdout] test parse_commit ... ok
[INFO] [stdout] test parse_collate ... ok
[INFO] [stdout] test parse_create_index ... ok
[INFO] [stdout] test parse_create_external_table ... ok
[INFO] [stdout] test parse_between ... ok
[INFO] [stdout] test parse_create_materialized_view ... ok
[INFO] [stdout] test parse_create_or_replace_external_table ... ok
[INFO] [stdout] test parse_count_wildcard ... ok
[INFO] [stdout] test parse_column_aliases ... ok
[INFO] [stdout] test parse_create_external_table_lowercase ... ok
[INFO] [stdout] test parse_create_or_replace_materialized_view ... ok
[INFO] [stdout] test parse_complex_join ... ok
[INFO] [stdout] test parse_create_schema ... ok
[INFO] [stdout] test parse_create_or_replace_view ... ok
[INFO] [stdout] test parse_cast ... ok
[INFO] [stdout] test parse_alter_table_constraints ... ok
[INFO] [stdout] test parse_create_table_with_json_type ... ok
[INFO] [stdout] test parse_create_table_with_options ... ok
[INFO] [stdout] test parse_create_view_with_options ... ok
[INFO] [stdout] test parse_create_view ... ok
[INFO] [stdout] test parse_create_table_trailing_comma ... ok
[INFO] [stdout] test parse_create_table_with_multiple_on_delete_in_constraint_fails ... ok
[INFO] [stdout] test parse_create_or_replace_table ... ok
[INFO] [stdout] test parse_create_table_with_on_delete_on_update_2in_any_order ... ok
[INFO] [stdout] test parse_delete_statement ... ok
[INFO] [stdout] test parse_cross_join ... ok
[INFO] [stdout] test parse_create_view_with_columns ... ok
[INFO] [stdout] test parse_create_table_with_multiple_on_delete_fails ... ok
[INFO] [stdout] test parse_create_table_as ... ok
[INFO] [stdout] test parse_cte_renamed_columns ... ok
[INFO] [stdout] test parse_drop_index ... ok
[INFO] [stdout] test parse_drop_view ... ok
[INFO] [stdout] test parse_delimited_identifiers ... ok
[INFO] [stdout] test parse_drop_schema ... ok
[INFO] [stdout] test parse_drop_table ... ok
[INFO] [stdout] test parse_escaped_single_quote_string_predicate ... ok
[INFO] [stdout] test parse_from_advanced ... ok
[INFO] [stdout] test parse_create_table ... ok
[INFO] [stdout] test parse_in_list ... ok
[INFO] [stdout] test parse_extract ... ok
[INFO] [stdout] test parse_insert_invalid ... ok
[INFO] [stdout] test parse_fetch_variations ... ok
[INFO] [stdout] test parse_implicit_join ... ok
[INFO] [stdout] test parse_invalid_infix_not ... ok
[INFO] [stdout] test parse_ilike ... ok
[INFO] [stdout] test parse_invalid_subquery_without_parens ... ok
[INFO] [stdout] test parse_exists_subquery ... ok
[INFO] [stdout] test parse_explain_analyze_with_simple_select ... ok
[INFO] [stdout] test parse_insert_sqlite ... ok
[INFO] [stdout] test parse_invalid_table_name ... ok
[INFO] [stdout] test parse_derived_tables ... ok
[INFO] [stdout] test parse_ctes ... ok
[INFO] [stdout] test parse_in_subquery ... ok
[INFO] [stdout] test parse_is_null ... ok
[INFO] [stdout] test parse_literal_date ... ok
[INFO] [stdout] test parse_is_not_null ... ok
[INFO] [stdout] test parse_fetch ... ok
[INFO] [stdout] test parse_limit_accepts_all ... ok
[INFO] [stdout] test parse_like ... ok
[INFO] [stdout] test parse_literal_string ... ok
[INFO] [stdout] test parse_listagg ... ok
[INFO] [stdout] test parse_joins_on ... ok
[INFO] [stdout] test parse_join_syntax_variants ... ok
[INFO] [stdout] test parse_joins_using ... ok
[INFO] [stdout] test parse_no_table_name ... ok
[INFO] [stdout] test parse_limit_is_not_an_alias ... ok
[INFO] [stdout] test parse_literal_decimal ... ok
[INFO] [stdout] test parse_insert_values ... ok
[INFO] [stdout] test parse_literal_time ... ok
[INFO] [stdout] test parse_named_argument_function ... ok
[INFO] [stdout] test parse_not ... ok
[INFO] [stdout] test parse_number ... ok
[INFO] [stdout] test parse_natural_join ... ok
[INFO] [stdout] test parse_literal_timestamp ... ok
[INFO] [stdout] test parse_join_nesting ... ok
[INFO] [stdout] test parse_literal_interval ... ok
[INFO] [stdout] test parse_parens ... ok
[INFO] [stdout] test parse_not_precedence ... ok
[INFO] [stdout] test parse_rollback ... ok
[INFO] [stdout] test parse_null_in_select ... ok
[INFO] [stdout] test parse_select_all_distinct ... ok
[INFO] [stdout] test parse_searched_case_expr ... ok
[INFO] [stdout] test parse_select_all ... ok
[INFO] [stdout] test parse_scalar_function_in_projection ... ok
[INFO] [stdout] test parse_projection_nested_type ... ok
[INFO] [stdout] test parse_select_distinct ... ok
[INFO] [stdout] test parse_scalar_subqueries ... ok
[INFO] [stdout] test parse_select_group_by ... ok
[INFO] [stdout] test parse_select_having ... ok
[INFO] [stdout] test parse_select_count_distinct ... ok
[INFO] [stdout] test parse_offset ... ok
[INFO] [stdout] test parse_select_order_by ... ok
[INFO] [stdout] test parse_set_transaction ... ok
[INFO] [stdout] test parse_simple_case_expr ... ok
[INFO] [stdout] test parse_select_string_predicate ... ok
[INFO] [stdout] test parse_select_order_by_limit ... ok
[INFO] [stdout] test parse_select_wildcard ... ok
[INFO] [stdout] test parse_select_order_by_nulls_order ... ok
[INFO] [stdout] test parse_select_count_wildcard ... ok
[INFO] [stdout] test parse_recursive_cte ... ok
[INFO] [stdout] test parse_select_with_date_column_name ... ok
[INFO] [stdout] test parse_simple_math_expr_plus ... ok
[INFO] [stdout] test parse_unary_math ... ok
[INFO] [stdout] test parse_simple_math_expr_minus ... ok
[INFO] [stdout] test parse_table_function ... ok
[INFO] [stdout] test parse_simple_select ... ok
[INFO] [stdout] test parse_substring ... ok
[INFO] [stdout] test parse_start_transaction ... ok
[INFO] [stdout] test parse_string_agg ... ok
[INFO] [stdout] test parse_update ... ok
[INFO] [stdout] test parse_trim ... ok
[INFO] [stdout] test parse_where_delete_statement ... ok
[INFO] [stdout] test parse_multiple_statements ... ok
[INFO] [stdout] test parse_top_level ... ok
[INFO] [stdout] test parse_try_cast ... ok
[INFO] [stdout] test test_no_infix_error ... ok
[INFO] [stdout] test test_eof_after_as ... ok
[INFO] [stdout] test parse_values ... ok
[INFO] [stdout] test parse_window_functions ... ok
[INFO] [stdout] test parse_union ... ok
[INFO] [stdout] test all_keywords_sorted ... FAILED
[INFO] [stdout] test ensure_multiple_dialects_are_tested - should panic ... ok
[INFO] [stdout] 
[INFO] [stdout] failures:
[INFO] [stdout] 
[INFO] [stdout] ---- all_keywords_sorted stdout ----
[INFO] [stdout] thread 'all_keywords_sorted' panicked at tests/common.rs:3530:5:
[INFO] [stdout] assertion `left == right` failed
[INFO] [stdout]   left: ["ABORT", "ABS", "ACTION", "ADD", "ALL", "ALLOCATE", "ALTER", "ANALYZE", "AND", "ANY", "APPLY", "ARE", "ARRAY", "ARRAY_AGG", "ARRAY_MAX_CARDINALITY", "AS", "ASC", "ASENSITIVE", "ASSERT", "ASYMMETRIC", "AT", "ATOMIC", "AUTHORIZATION", "AUTOINCREMENT", "AUTO_INCREMENT", "AVG", "AVRO", "BEGIN", "BEGIN_FRAME", "BEGIN_PARTITION", "BETWEEN", "BIGINT", "BIGSERIAL", "BINARY", "BLOB", "BOOLEAN", "BOTH", "BY", "BYTEA", "CACHE", "CALL", "CALLED", "CARDINALITY", "CASCADE", "CASCADED", "CASE", "CAST", "CEIL", "CEILING", "CHAIN", "CHAR", "CHARACTER", "CHARACTER_LENGTH", "CHAR_LENGTH", "CHECK", "CLOB", "CLOSE", "CLUSTER", "COALESCE", "COLLATE", "COLLECT", "COLUMN", "COLUMNS", "COMMIT", "COMMITTED", "COMPUTE", "CONDITION", "CONNECT", "CONSTRAINT", "CONTAINS", "CONVERT", "COPY", "CORR", "CORRESPONDING", "COUNT", "COVAR_POP", "COVAR_SAMP", "CREATE", "CROSS", "CSV", "CUBE", "CUME_DIST", "CURRENT", "CURRENT_CATALOG", "CURRENT_DATE", "CURRENT_DEFAULT_TRANSFORM_GROUP", "CURRENT_PATH", "CURRENT_ROLE", "CURRENT_ROW", "CURRENT_SCHEMA", "CURRENT_TIME", "CURRENT_TIMESTAMP", "CURRENT_TRANSFORM_GROUP_FOR_TYPE", "CURRENT_USER", "CURSOR", "CYCLE", "DATABASE", "DATE", "DAY", "DEALLOCATE", "DEC", "DECIMAL", "DECLARE", "DEFAULT", "DELETE", "DELIMITED", "DENSE_RANK", "DEREF", "DESC", "DESCRIBE", "DETERMINISTIC", "DIRECTORY", "DISCONNECT", "DISTINCT", "DISTRIBUTE", "DOUBLE", "DROP", "DYNAMIC", "EACH", "ELEMENT", "ELSE", "END", "END-EXEC", "END_FRAME", "END_PARTITION", "EQUALS", "ERROR", "ESCAPE", "EVENT", "EVERY", "EXCEPT", "EXEC", "EXECUTE", "EXISTS", "EXP", "EXPLAIN", "EXTENDED", "EXTERNAL", "EXTRACT", "FAIL", "FALSE", "FETCH", "FIELDS", "FILTER", "FIRST", "FIRST_VALUE", "FLOAT", "FLOOR", "FOLLOWING", "FOR", "FOREIGN", "FORMAT", "FRAME_ROW", "FREE", "FROM", "FULL", "FUNCTION", "FUSION", "GET", "GLOBAL", "GRANT", "GROUP", "GROUPING", "GROUPS", "HAVING", "HEADER", "HIVEVAR", "HOLD", "HOUR", "IDENTITY", "IF", "IGNORE", "ILIKE", "IN", "INDEX", "INDICATOR", "INNER", "INOUT", "INPUTFORMAT", "INSENSITIVE", "INSERT", "INT", "INTEGER", "INTERSECT", "INTERSECTION", "INTERVAL", "INTO", "IS", "ISOLATION", "JOIN", "JSON", "JSONFILE", "KEY", "LAG", "LANGUAGE", "LARGE", "LAST", "LAST_VALUE", "LATERAL", "LEAD", "LEADING", "LEFT", "LEVEL", "LIKE", "LIKE_REGEX", "LIMIT", "LISTAGG", "LN", "LOCAL", "LOCALTIME", "LOCALTIMESTAMP", "LOCATION", "LOWER", "MANAGEDLOCATION", "MATCH", "MATERIALIZED", "MAX", "MEMBER", "MERGE", "METADATA", "METHOD", "MIN", "MINUTE", "MOD", "MODIFIES", "MODULE", "MONTH", "MSCK", "MULTISET", "NATIONAL", "NATURAL", "NCHAR", "NCLOB", "NEW", "NEXT", "NO", "NONE", "NORMALIZE", "NOSCAN", "NOT", "NTH_VALUE", "NTILE", "NULL", "NULLIF", "NULLS", "NUMERIC", "OBJECT", "OCCURRENCES_REGEX", "OCTET_LENGTH", "OF", "OFFSET", "OLD", "ON", "ONLY", "OPEN", "OR", "ORC", "ORDER", "OUT", "OUTER", "OUTPUTFORMAT", "OVER", "OVERFLOW", "OVERLAPS", "OVERLAY", "OVERWRITE", "PARAMETER", "PARQUET", "PARTITION", "PARTITIONED", "PARTITIONS", "PERCENT", "PERCENTILE_CONT", "PERCENTILE_DISC", "PERCENT_RANK", "PERIOD", "PORTION", "POSITION", "POSITION_REGEX", "POWER", "PRECEDES", "PRECEDING", "PRECISION", "PREPARE", "PRIMARY", "PROCEDURE", "PURGE", "RANGE", "RANK", "RCFILE", "READ", "READS", "REAL", "RECURSIVE", "REF", "REFERENCES", "REFERENCING", "REGCLASS", "REGR_AVGX", "REGR_AVGY", "REGR_COUNT", "REGR_INTERCEPT", "REGR_R2", "REGR_SLOPE", "REGR_SXX", "REGR_SXY", "REGR_SYY", "RELEASE", "RENAME", "REPAIR", "REPEATABLE", "REPLACE", "RESTRICT", "RESULT", "RETURN", "RETURNS", "REVOKE", "RIGHT", "ROLLBACK", "ROLLUP", "ROW", "ROWID", "ROWS", "ROW_NUMBER", "SAVEPOINT", "SCHEMA", "SCOPE", "SCROLL", "SEARCH", "SECOND", "SELECT", "SENSITIVE", "SEQUENCEFILE", "SERDE", "SERIAL", "SERIALIZABLE", "SESSION", "SESSION_USER", "SET", "SHOW", "SIMILAR", "SMALLINT", "SOME", "SORT", "SPECIFIC", "SPECIFICTYPE", "SQL", "SQLEXCEPTION", "SQLSTATE", "SQLWARNING", "SQRT", "START", "STATIC", "STATISTICS", "STDDEV_POP", "STDDEV_SAMP", "STDIN", "STORED", "STRING", "SUBMULTISET", "SUBSTRING", "SUBSTRING_REGEX", "SUCCEEDS", "SUM", "SYMMETRIC", "SYNC", "SYSTEM", "SYSTEM_TIME", "SYSTEM_USER", "TABLE", "TABLESAMPLE", "TBLPROPERTIES", "TEMP", "TEMPORARY", "TEXT", "TEXTFILE", "THEN", "TIES", "TIME", "TIMESTAMP", "TIMEZONE_HOUR", "TIMEZONE_MINUTE", "TINYINT", "TO", "TOP", "TRAILING", "TRANSACTION", "TRANSLATE", "TRANSLATE_REGEX", "TRANSLATION", "TREAT", "TRIGGER", "TRIM", "TRIM_ARRAY", "TRUE", "TRUNCATE", "TRY_CAST", "UESCAPE", "UNBOUNDED", "UNCOMMITTED", "UNION", "UNIQUE", "UNKNOWN", "UNNEST", "UPDATE", "UPPER", "USER", "USING", "UUID", "VALUE", "VALUES", "VALUE_OF", "VARBINARY", "VARCHAR", "VARYING", "VAR_POP", "VAR_SAMP", "VERBOSE", "VERSIONING", "VIEW", "VIRTUAL", "WHEN", "WHENEVER", "WHERE", "WIDTH_BUCKET", "WINDOW", "WITH", "WITHIN", "WITHOUT", "WORK", "WRITE", "YEAR", "ZONE"]
[INFO] [stdout]  right: ["ABORT", "ABS", "ACTION", "ADD", "ALL", "ALLOCATE", "ALTER", "ANALYZE", "AND", "ANY", "APPLY", "ARE", "ARRAY", "ARRAY_AGG", "ARRAY_MAX_CARDINALITY", "AS", "ASC", "ASENSITIVE", "ASSERT", "ASYMMETRIC", "AT", "ATOMIC", "AUTHORIZATION", "AUTOINCREMENT", "AUTO_INCREMENT", "AVG", "AVRO", "BEGIN", "BEGIN_FRAME", "BEGIN_PARTITION", "BETWEEN", "BIGINT", "BINARY", "BLOB", "BOOLEAN", "BOTH", "BY", "BYTEA", "CACHE", "CALL", "CALLED", "CARDINALITY", "CASCADE", "CASCADED", "CASE", "CAST", "CEIL", "CEILING", "CHAIN", "CHAR", "CHARACTER", "CHARACTER_LENGTH", "CHAR_LENGTH", "CHECK", "CLOB", "CLOSE", "CLUSTER", "COALESCE", "COLLATE", "COLLECT", "COLUMN", "COLUMNS", "COMMIT", "COMMITTED", "COMPUTE", "CONDITION", "CONNECT", "CONSTRAINT", "CONTAINS", "CONVERT", "COPY", "CORR", "CORRESPONDING", "COUNT", "COVAR_POP", "COVAR_SAMP", "CREATE", "CROSS", "CSV", "CUBE", "CUME_DIST", "CURRENT", "CURRENT_CATALOG", "CURRENT_DATE", "CURRENT_DEFAULT_TRANSFORM_GROUP", "CURRENT_PATH", "CURRENT_ROLE", "CURRENT_ROW", "CURRENT_SCHEMA", "CURRENT_TIME", "CURRENT_TIMESTAMP", "CURRENT_TRANSFORM_GROUP_FOR_TYPE", "CURRENT_USER", "CURSOR", "CYCLE", "DATABASE", "DATE", "DAY", "DEALLOCATE", "DEC", "DECIMAL", "DECLARE", "DEFAULT", "DELETE", "DELIMITED", "DENSE_RANK", "DEREF", "DESC", "DESCRIBE", "DETERMINISTIC", "DIRECTORY", "DISCONNECT", "DISTINCT", "DISTRIBUTE", "DOUBLE", "DROP", "DYNAMIC", "EACH", "ELEMENT", "ELSE", "END", "END-EXEC", "END_FRAME", "END_PARTITION", "EQUALS", "ERROR", "ESCAPE", "EVENT", "EVERY", "EXCEPT", "EXEC", "EXECUTE", "EXISTS", "EXP", "EXPLAIN", "EXTENDED", "EXTERNAL", "EXTRACT", "FAIL", "FALSE", "FETCH", "FIELDS", "FILTER", "FIRST", "FIRST_VALUE", "FLOAT", "FLOOR", "FOLLOWING", "FOR", "FOREIGN", "FORMAT", "FRAME_ROW", "FREE", "FROM", "FULL", "FUNCTION", "FUSION", "GET", "GLOBAL", "GRANT", "GROUP", "GROUPING", "GROUPS", "HAVING", "HEADER", "HIVEVAR", "HOLD", "HOUR", "IDENTITY", "IF", "IGNORE", "ILIKE", "IN", "INDEX", "INDICATOR", "INNER", "INOUT", "INPUTFORMAT", "INSENSITIVE", "INSERT", "INT", "INTEGER", "INTERSECT", "INTERSECTION", "INTERVAL", "INTO", "IS", "ISOLATION", "JOIN", "JSON", "JSONFILE", "KEY", "LAG", "LANGUAGE", "LARGE", "LAST", "LAST_VALUE", "LATERAL", "LEAD", "LEADING", "LEFT", "LEVEL", "LIKE", "LIKE_REGEX", "LIMIT", "LISTAGG", "LN", "LOCAL", "LOCALTIME", "LOCALTIMESTAMP", "LOCATION", "LOWER", "MANAGEDLOCATION", "MATCH", "MATERIALIZED", "MAX", "MEMBER", "MERGE", "METADATA", "METHOD", "MIN", "MINUTE", "MOD", "MODIFIES", "MODULE", "MONTH", "MSCK", "MULTISET", "NATIONAL", "NATURAL", "NCHAR", "NCLOB", "NEW", "NEXT", "NO", "NONE", "NORMALIZE", "NOSCAN", "NOT", "NTH_VALUE", "NTILE", "NULL", "NULLIF", "NULLS", "NUMERIC", "OBJECT", "OCCURRENCES_REGEX", "OCTET_LENGTH", "OF", "OFFSET", "OLD", "ON", "ONLY", "OPEN", "OR", "ORC", "ORDER", "OUT", "OUTER", "OUTPUTFORMAT", "OVER", "OVERFLOW", "OVERLAPS", "OVERLAY", "OVERWRITE", "PARAMETER", "PARQUET", "PARTITION", "PARTITIONED", "PARTITIONS", "PERCENT", "PERCENTILE_CONT", "PERCENTILE_DISC", "PERCENT_RANK", "PERIOD", "PORTION", "POSITION", "POSITION_REGEX", "POWER", "PRECEDES", "PRECEDING", "PRECISION", "PREPARE", "PRIMARY", "PROCEDURE", "PURGE", "RANGE", "RANK", "RCFILE", "READ", "READS", "REAL", "RECURSIVE", "REF", "REFERENCES", "REFERENCING", "REGCLASS", "REGR_AVGX", "REGR_AVGY", "REGR_COUNT", "REGR_INTERCEPT", "REGR_R2", "REGR_SLOPE", "REGR_SXX", "REGR_SXY", "REGR_SYY", "RELEASE", "RENAME", "REPAIR", "REPEATABLE", "REPLACE", "RESTRICT", "RESULT", "RETURN", "RETURNS", "REVOKE", "RIGHT", "ROLLBACK", "ROLLUP", "ROW", "ROWID", "ROWS", "ROW_NUMBER", "SAVEPOINT", "SCHEMA", "SCOPE", "SCROLL", "SEARCH", "SECOND", "SELECT", "SENSITIVE", "SEQUENCEFILE", "SERDE", "SERIAL", "SERIALIZABLE", "SESSION", "SESSION_USER", "SET", "SHOW", "SIMILAR", "SMALLINT", "SOME", "SORT", "SPECIFIC", "SPECIFICTYPE", "SQL", "SQLEXCEPTION", "SQLSTATE", "SQLWARNING", "SQRT", "START", "STATIC", "STATISTICS", "STDDEV_POP", "STDDEV_SAMP", "STDIN", "STORED", "STRING", "SUBMULTISET", "SUBSTRING", "SUBSTRING_REGEX", "SUCCEEDS", "SUM", "SYMMETRIC", "SYNC", "SYSTEM", "SYSTEM_TIME", "SYSTEM_USER", "TABLE", "TABLESAMPLE", "TBLPROPERTIES", "TEMP", "TEMPORARY", "TEXT", "TEXTFILE", "THEN", "TIES", "TIME", "TIMESTAMP", "TIMEZONE_HOUR", "TIMEZONE_MINUTE", "TINYINT", "TO", "TOP", "TRAILING", "TRANSACTION", "TRANSLATE", "TRANSLATE_REGEX", "TRANSLATION", "TREAT", "TRIGGER", "TRIM", "TRIM_ARRAY", "TRUE", "TRUNCATE", "TRY_CAST", "UESCAPE", "UNBOUNDED", "UNCOMMITTED", "UNION", "UNIQUE", "UNKNOWN", "UNNEST", "UPDATE", "UPPER", "USER", "USING", "UUID", "VALUE", "VALUES", "VALUE_OF", "VARBINARY", "VARCHAR", "VARYING", "VAR_POP", "VAR_SAMP", "VERBOSE", "VERSIONING", "VIEW", "VIRTUAL", "WHEN", "WHENEVER", "WHERE", "WIDTH_BUCKET", "WINDOW", "WITH", "WITHIN", "WITHOUT", "WORK", "WRITE", "YEAR", "ZONE", "BIGSERIAL"]
[INFO] [stdout] stack backtrace:
[INFO] [stdout]    0:     0x557351019a4c - std::backtrace_rs::backtrace::libunwind::trace::ha637c64ce894333a
[INFO] [stdout]                                at /rustc/82e1608dfa6e0b5569232559e3d385fea5a93112/library/std/src/../../backtrace/src/backtrace/libunwind.rs:104:5
[INFO] [stdout]    1:     0x557351019a4c - std::backtrace_rs::backtrace::trace_unsynchronized::h47f62dea28e0c88d
[INFO] [stdout]                                at /rustc/82e1608dfa6e0b5569232559e3d385fea5a93112/library/std/src/../../backtrace/src/backtrace/mod.rs:66:5
[INFO] [stdout]    2:     0x557351019a4c - std::sys_common::backtrace::_print_fmt::h9eef0abe20ede486
[INFO] [stdout]                                at /rustc/82e1608dfa6e0b5569232559e3d385fea5a93112/library/std/src/sys_common/backtrace.rs:67:5
[INFO] [stdout]    3:     0x557351019a4c - <std::sys_common::backtrace::_print::DisplayBacktrace as core::fmt::Display>::fmt::hed7f999df88cc644
[INFO] [stdout]                                at /rustc/82e1608dfa6e0b5569232559e3d385fea5a93112/library/std/src/sys_common/backtrace.rs:44:22
[INFO] [stdout]    4:     0x557351043a40 - core::fmt::rt::Argument::fmt::h1539a9308b8d058d
[INFO] [stdout]                                at /rustc/82e1608dfa6e0b5569232559e3d385fea5a93112/library/core/src/fmt/rt.rs:142:9
[INFO] [stdout]    5:     0x557351043a40 - core::fmt::write::h3a39390d8560d9c9
[INFO] [stdout]                                at /rustc/82e1608dfa6e0b5569232559e3d385fea5a93112/library/core/src/fmt/mod.rs:1120:17
[INFO] [stdout]    6:     0x5573510173ff - std::io::Write::write_fmt::h040b369f3a0f9cbc
[INFO] [stdout]                                at /rustc/82e1608dfa6e0b5569232559e3d385fea5a93112/library/std/src/io/mod.rs:1762:15
[INFO] [stdout]    7:     0x557351019834 - std::sys_common::backtrace::_print::h894006fb5c6f3d45
[INFO] [stdout]                                at /rustc/82e1608dfa6e0b5569232559e3d385fea5a93112/library/std/src/sys_common/backtrace.rs:47:5
[INFO] [stdout]    8:     0x557351019834 - std::sys_common::backtrace::print::h23a2d212c6fff936
[INFO] [stdout]                                at /rustc/82e1608dfa6e0b5569232559e3d385fea5a93112/library/std/src/sys_common/backtrace.rs:34:9
[INFO] [stdout]    9:     0x55735101b4f7 - std::panicking::default_hook::{{closure}}::h8a1d2ee00185001a
[INFO] [stdout]   10:     0x55735101b1e3 - std::panicking::default_hook::h6038f2eba384e475
[INFO] [stdout]                                at /rustc/82e1608dfa6e0b5569232559e3d385fea5a93112/library/std/src/panicking.rs:289:9
[INFO] [stdout]   11:     0x557350f3de17 - <alloc::boxed::Box<F,A> as core::ops::function::Fn<Args>>::call::h0ad024c9bdc6d768
[INFO] [stdout]                                at /rustc/82e1608dfa6e0b5569232559e3d385fea5a93112/library/alloc/src/boxed.rs:2021:9
[INFO] [stdout]   12:     0x557350f3de17 - test::test_main::{{closure}}::h7500b54257359db6
[INFO] [stdout]                                at /rustc/82e1608dfa6e0b5569232559e3d385fea5a93112/library/test/src/lib.rs:138:21
[INFO] [stdout]   13:     0x55735101bb08 - <alloc::boxed::Box<F,A> as core::ops::function::Fn<Args>>::call::h1f8f335eaa9cfaee
[INFO] [stdout]                                at /rustc/82e1608dfa6e0b5569232559e3d385fea5a93112/library/alloc/src/boxed.rs:2021:9
[INFO] [stdout]   14:     0x55735101bb08 - std::panicking::rust_panic_with_hook::h2b5517d590cab22e
[INFO] [stdout]                                at /rustc/82e1608dfa6e0b5569232559e3d385fea5a93112/library/std/src/panicking.rs:783:13
[INFO] [stdout]   15:     0x55735101b85e - std::panicking::begin_panic_handler::{{closure}}::h233112c06e0ef43e
[INFO] [stdout]                                at /rustc/82e1608dfa6e0b5569232559e3d385fea5a93112/library/std/src/panicking.rs:657:13
[INFO] [stdout]   16:     0x557351019f16 - std::sys_common::backtrace::__rust_end_short_backtrace::h6e893f24d7ebbff8
[INFO] [stdout]                                at /rustc/82e1608dfa6e0b5569232559e3d385fea5a93112/library/std/src/sys_common/backtrace.rs:170:18
[INFO] [stdout]   17:     0x55735101b5c2 - rust_begin_unwind
[INFO] [stdout]                                at /rustc/82e1608dfa6e0b5569232559e3d385fea5a93112/library/std/src/panicking.rs:645:5
[INFO] [stdout]   18:     0x557350e8dcf5 - core::panicking::panic_fmt::hbf0e066aabfa482c
[INFO] [stdout]                                at /rustc/82e1608dfa6e0b5569232559e3d385fea5a93112/library/core/src/panicking.rs:72:14
[INFO] [stdout]   19:     0x557350e8e14b - core::panicking::assert_failed_inner::h0bba8b7c26ee4492
[INFO] [stdout]   20:     0x557350ee9ce2 - core::panicking::assert_failed::h4b9373aa0484715a
[INFO] [stdout]                                at /rustc/82e1608dfa6e0b5569232559e3d385fea5a93112/library/core/src/panicking.rs:279:5
[INFO] [stdout]   21:     0x557350ed4d4b - common::all_keywords_sorted::h06ff700d214c79db
[INFO] [stdout]                                at /opt/rustwide/workdir/tests/common.rs:3530:5
[INFO] [stdout]   22:     0x557350ed4c47 - common::all_keywords_sorted::{{closure}}::h76c696c5482eaf53
[INFO] [stdout]                                at /opt/rustwide/workdir/tests/common.rs:3526:25
[INFO] [stdout]   23:     0x557350ee7bc6 - core::ops::function::FnOnce::call_once::hb4545ffcb20bf01c
[INFO] [stdout]                                at /rustc/82e1608dfa6e0b5569232559e3d385fea5a93112/library/core/src/ops/function.rs:250:5
[INFO] [stdout]   24:     0x557350f4346f - core::ops::function::FnOnce::call_once::h2b5d431d5046312d
[INFO] [stdout]                                at /rustc/82e1608dfa6e0b5569232559e3d385fea5a93112/library/core/src/ops/function.rs:250:5
[INFO] [stdout]   25:     0x557350f4346f - test::__rust_begin_short_backtrace::h7714669af176e207
[INFO] [stdout]                                at /rustc/82e1608dfa6e0b5569232559e3d385fea5a93112/library/test/src/lib.rs:628:18
[INFO] [stdout]   26:     0x557350f42485 - test::run_test_in_process::{{closure}}::h85218797dcbcec12
[INFO] [stdout]                                at /rustc/82e1608dfa6e0b5569232559e3d385fea5a93112/library/test/src/lib.rs:651:60
[INFO] [stdout]   27:     0x557350f42485 - <core::panic::unwind_safe::AssertUnwindSafe<F> as core::ops::function::FnOnce<()>>::call_once::h76c106ea31c14d7b
[INFO] [stdout]                                at /rustc/82e1608dfa6e0b5569232559e3d385fea5a93112/library/core/src/panic/unwind_safe.rs:272:9
[INFO] [stdout]   28:     0x557350f42485 - std::panicking::try::do_call::h3bd5d0f6620ee946
[INFO] [stdout]                                at /rustc/82e1608dfa6e0b5569232559e3d385fea5a93112/library/std/src/panicking.rs:552:40
[INFO] [stdout]   29:     0x557350f42485 - std::panicking::try::h232e535e4744fe31
[INFO] [stdout]                                at /rustc/82e1608dfa6e0b5569232559e3d385fea5a93112/library/std/src/panicking.rs:516:19
[INFO] [stdout]   30:     0x557350f42485 - std::panic::catch_unwind::h3ce3bd6ca8dbac68
[INFO] [stdout]                                at /rustc/82e1608dfa6e0b5569232559e3d385fea5a93112/library/std/src/panic.rs:142:14
[INFO] [stdout]   31:     0x557350f42485 - test::run_test_in_process::hc97b257c9621286a
[INFO] [stdout]                                at /rustc/82e1608dfa6e0b5569232559e3d385fea5a93112/library/test/src/lib.rs:651:27
[INFO] [stdout]   32:     0x557350f42485 - test::run_test::{{closure}}::h2aa798823a438d38
[INFO] [stdout]                                at /rustc/82e1608dfa6e0b5569232559e3d385fea5a93112/library/test/src/lib.rs:574:43
[INFO] [stdout]   33:     0x557350f0a746 - test::run_test::{{closure}}::h87d231c78fb59832
[INFO] [stdout]                                at /rustc/82e1608dfa6e0b5569232559e3d385fea5a93112/library/test/src/lib.rs:602:41
[INFO] [stdout]   34:     0x557350f0a746 - std::sys_common::backtrace::__rust_begin_short_backtrace::he6df152596625789
[INFO] [stdout]                                at /rustc/82e1608dfa6e0b5569232559e3d385fea5a93112/library/std/src/sys_common/backtrace.rs:154:18
[INFO] [stdout]   35:     0x557350f0f7f7 - std::thread::Builder::spawn_unchecked_::{{closure}}::{{closure}}::ha94be15d1e0acf36
[INFO] [stdout]                                at /rustc/82e1608dfa6e0b5569232559e3d385fea5a93112/library/std/src/thread/mod.rs:529:17
[INFO] [stdout]   36:     0x557350f0f7f7 - <core::panic::unwind_safe::AssertUnwindSafe<F> as core::ops::function::FnOnce<()>>::call_once::h9dc6bd6372f16606
[INFO] [stdout]                                at /rustc/82e1608dfa6e0b5569232559e3d385fea5a93112/library/core/src/panic/unwind_safe.rs:272:9
[INFO] [stdout]   37:     0x557350f0f7f7 - std::panicking::try::do_call::h9057517f80303cd4
[INFO] [stdout]                                at /rustc/82e1608dfa6e0b5569232559e3d385fea5a93112/library/std/src/panicking.rs:552:40
[INFO] [stdout]   38:     0x557350f0f7f7 - std::panicking::try::he3a30b11ee45340c
[INFO] [stdout]                                at /rustc/82e1608dfa6e0b5569232559e3d385fea5a93112/library/std/src/panicking.rs:516:19
[INFO] [stdout]   39:     0x557350f0f7f7 - std::panic::catch_unwind::h410458cfd3528b8b
[INFO] [stdout]                                at /rustc/82e1608dfa6e0b5569232559e3d385fea5a93112/library/std/src/panic.rs:142:14
[INFO] [stdout]   40:     0x557350f0f7f7 - std::thread::Builder::spawn_unchecked_::{{closure}}::h72ac3bdb567b737b
[INFO] [stdout]                                at /rustc/82e1608dfa6e0b5569232559e3d385fea5a93112/library/std/src/thread/mod.rs:528:30
[INFO] [stdout]   41:     0x557350f0f7f7 - core::ops::function::FnOnce::call_once{{vtable.shim}}::h38f34da3654a8344
[INFO] [stdout]                                at /rustc/82e1608dfa6e0b5569232559e3d385fea5a93112/library/core/src/ops/function.rs:250:5
[INFO] [stdout]   42:     0x557351020595 - <alloc::boxed::Box<F,A> as core::ops::function::FnOnce<Args>>::call_once::hc7eafaff61e32df9
[INFO] [stdout]                                at /rustc/82e1608dfa6e0b5569232559e3d385fea5a93112/library/alloc/src/boxed.rs:2007:9
[INFO] [stdout]   43:     0x557351020595 - <alloc::boxed::Box<F,A> as core::ops::function::FnOnce<Args>>::call_once::h6ba4a5de48dd2304
[INFO] [stdout]                                at /rustc/82e1608dfa6e0b5569232559e3d385fea5a93112/library/alloc/src/boxed.rs:2007:9
[INFO] [stdout]   44:     0x557351020595 - std::sys::unix::thread::Thread::new::thread_start::he469335aef763e45
[INFO] [stdout]                                at /rustc/82e1608dfa6e0b5569232559e3d385fea5a93112/library/std/src/sys/unix/thread.rs:108:17
[INFO] [stdout]   45:     0x7f2f51f3eac3 - <unknown>
[INFO] [stdout]   46:     0x7f2f51fcfbf4 - __clone
[INFO] [stdout]   47:                0x0 - <unknown>
[INFO] [stdout] 
[INFO] [stdout] 
[INFO] [stdout] failures:
[INFO] [stdout]     all_keywords_sorted
[INFO] [stdout] 
[INFO] [stdout] test result: FAILED. 133 passed; 1 failed; 0 ignored; 0 measured; 0 filtered out; finished in 0.05s
[INFO] [stdout] 
[INFO] [stderr] error: test failed, to rerun pass `--test common`
[INFO] running `Command { std: "docker" "inspect" "832672549b31d011d8afd7f7af5957c912d5c9d1489b9b3ea5a232ec05d9434c", kill_on_drop: false }`
[INFO] running `Command { std: "docker" "rm" "-f" "832672549b31d011d8afd7f7af5957c912d5c9d1489b9b3ea5a232ec05d9434c", kill_on_drop: false }`
[INFO] [stdout] 832672549b31d011d8afd7f7af5957c912d5c9d1489b9b3ea5a232ec05d9434c
