[INFO] fetching crate sql-parse 0.16.0...
[INFO] testing sql-parse-0.16.0 against 1.75.0 for beta-1.76-1
[INFO] extracting crate sql-parse 0.16.0 into /workspace/builds/worker-5-tc1/source
[INFO] validating manifest of crates.io crate sql-parse 0.16.0 on toolchain 1.75.0
[INFO] running `Command { std: CARGO_HOME="/workspace/cargo-home" RUSTUP_HOME="/workspace/rustup-home" "/workspace/cargo-home/bin/cargo" "+1.75.0" "metadata" "--manifest-path" "Cargo.toml" "--no-deps", kill_on_drop: false }`
[INFO] started tweaking crates.io crate sql-parse 0.16.0
[INFO] finished tweaking crates.io crate sql-parse 0.16.0
[INFO] tweaked toml for crates.io crate sql-parse 0.16.0 written to /workspace/builds/worker-5-tc1/source/Cargo.toml
[INFO] running `Command { std: CARGO_HOME="/workspace/cargo-home" RUSTUP_HOME="/workspace/rustup-home" "/workspace/cargo-home/bin/cargo" "+1.75.0" "generate-lockfile" "--manifest-path" "Cargo.toml", kill_on_drop: false }`
[INFO] running `Command { std: CARGO_HOME="/workspace/cargo-home" RUSTUP_HOME="/workspace/rustup-home" "/workspace/cargo-home/bin/cargo" "+1.75.0" "fetch" "--manifest-path" "Cargo.toml", kill_on_drop: false }`
[INFO] running `Command { std: "docker" "create" "-v" "/var/lib/crater-agent-workspace/builds/worker-5-tc1/target:/opt/rustwide/target:rw,Z" "-v" "/var/lib/crater-agent-workspace/builds/worker-5-tc1/source:/opt/rustwide/workdir:ro,Z" "-v" "/var/lib/crater-agent-workspace/cargo-home:/opt/rustwide/cargo-home:ro,Z" "-v" "/var/lib/crater-agent-workspace/rustup-home:/opt/rustwide/rustup-home:ro,Z" "-e" "SOURCE_DIR=/opt/rustwide/workdir" "-e" "CARGO_TARGET_DIR=/opt/rustwide/target" "-e" "CARGO_HOME=/opt/rustwide/cargo-home" "-e" "RUSTUP_HOME=/opt/rustwide/rustup-home" "-w" "/opt/rustwide/workdir" "-m" "1610612736" "--user" "0:0" "--network" "none" "ghcr.io/rust-lang/crates-build-env/linux@sha256:2788e3201cd34a07e3172128adcd8b3090168a8e3bcc40d7c032b9dda1df7d1c" "/opt/rustwide/cargo-home/bin/cargo" "+1.75.0" "metadata" "--no-deps" "--format-version=1", kill_on_drop: false }`
[INFO] [stdout] 9f5cc14154d873284f0b796b57698be1c2917ebd8074f879f1767d136edbcd42
[INFO] running `Command { std: "docker" "start" "-a" "9f5cc14154d873284f0b796b57698be1c2917ebd8074f879f1767d136edbcd42", kill_on_drop: false }`
[INFO] running `Command { std: "docker" "inspect" "9f5cc14154d873284f0b796b57698be1c2917ebd8074f879f1767d136edbcd42", kill_on_drop: false }`
[INFO] running `Command { std: "docker" "rm" "-f" "9f5cc14154d873284f0b796b57698be1c2917ebd8074f879f1767d136edbcd42", kill_on_drop: false }`
[INFO] [stdout] 9f5cc14154d873284f0b796b57698be1c2917ebd8074f879f1767d136edbcd42
[INFO] running `Command { std: "docker" "create" "-v" "/var/lib/crater-agent-workspace/builds/worker-5-tc1/target:/opt/rustwide/target:rw,Z" "-v" "/var/lib/crater-agent-workspace/builds/worker-5-tc1/source:/opt/rustwide/workdir:ro,Z" "-v" "/var/lib/crater-agent-workspace/cargo-home:/opt/rustwide/cargo-home:ro,Z" "-v" "/var/lib/crater-agent-workspace/rustup-home:/opt/rustwide/rustup-home:ro,Z" "-e" "SOURCE_DIR=/opt/rustwide/workdir" "-e" "CARGO_TARGET_DIR=/opt/rustwide/target" "-e" "CARGO_INCREMENTAL=0" "-e" "RUST_BACKTRACE=full" "-e" "RUSTFLAGS=--cap-lints=warn" "-e" "RUSTDOCFLAGS=--cap-lints=warn" "-e" "CARGO_HOME=/opt/rustwide/cargo-home" "-e" "RUSTUP_HOME=/opt/rustwide/rustup-home" "-w" "/opt/rustwide/workdir" "-m" "1610612736" "--user" "0:0" "--network" "none" "ghcr.io/rust-lang/crates-build-env/linux@sha256:2788e3201cd34a07e3172128adcd8b3090168a8e3bcc40d7c032b9dda1df7d1c" "/opt/rustwide/cargo-home/bin/cargo" "+1.75.0" "build" "--frozen" "--message-format=json", kill_on_drop: false }`
[INFO] [stdout] c484660dba08fa7e6e122946cbbedd0aa987aca7aa04d7da0cf831edf225e32a
[INFO] running `Command { std: "docker" "start" "-a" "c484660dba08fa7e6e122946cbbedd0aa987aca7aa04d7da0cf831edf225e32a", kill_on_drop: false }`
[INFO] [stderr]    Compiling sql-parse v0.16.0 (/opt/rustwide/workdir)
[INFO] [stderr]     Finished dev [unoptimized + debuginfo] target(s) in 2.59s
[INFO] running `Command { std: "docker" "inspect" "c484660dba08fa7e6e122946cbbedd0aa987aca7aa04d7da0cf831edf225e32a", kill_on_drop: false }`
[INFO] running `Command { std: "docker" "rm" "-f" "c484660dba08fa7e6e122946cbbedd0aa987aca7aa04d7da0cf831edf225e32a", kill_on_drop: false }`
[INFO] [stdout] c484660dba08fa7e6e122946cbbedd0aa987aca7aa04d7da0cf831edf225e32a
[INFO] running `Command { std: "docker" "create" "-v" "/var/lib/crater-agent-workspace/builds/worker-5-tc1/target:/opt/rustwide/target:rw,Z" "-v" "/var/lib/crater-agent-workspace/builds/worker-5-tc1/source:/opt/rustwide/workdir:ro,Z" "-v" "/var/lib/crater-agent-workspace/cargo-home:/opt/rustwide/cargo-home:ro,Z" "-v" "/var/lib/crater-agent-workspace/rustup-home:/opt/rustwide/rustup-home:ro,Z" "-e" "SOURCE_DIR=/opt/rustwide/workdir" "-e" "CARGO_TARGET_DIR=/opt/rustwide/target" "-e" "CARGO_INCREMENTAL=0" "-e" "RUST_BACKTRACE=full" "-e" "RUSTFLAGS=--cap-lints=warn" "-e" "RUSTDOCFLAGS=--cap-lints=warn" "-e" "CARGO_HOME=/opt/rustwide/cargo-home" "-e" "RUSTUP_HOME=/opt/rustwide/rustup-home" "-w" "/opt/rustwide/workdir" "-m" "1610612736" "--user" "0:0" "--network" "none" "ghcr.io/rust-lang/crates-build-env/linux@sha256:2788e3201cd34a07e3172128adcd8b3090168a8e3bcc40d7c032b9dda1df7d1c" "/opt/rustwide/cargo-home/bin/cargo" "+1.75.0" "test" "--frozen" "--no-run" "--message-format=json", kill_on_drop: false }`
[INFO] [stdout] 6dff93d041d959e5bd721406921b4ffaf4cffbd58b2d33d0c330f8b1d84b2373
[INFO] running `Command { std: "docker" "start" "-a" "6dff93d041d959e5bd721406921b4ffaf4cffbd58b2d33d0c330f8b1d84b2373", kill_on_drop: false }`
[INFO] [stderr]    Compiling sql-parse v0.16.0 (/opt/rustwide/workdir)
[INFO] [stderr]     Finished test [unoptimized + debuginfo] target(s) in 3.07s
[INFO] running `Command { std: "docker" "inspect" "6dff93d041d959e5bd721406921b4ffaf4cffbd58b2d33d0c330f8b1d84b2373", kill_on_drop: false }`
[INFO] running `Command { std: "docker" "rm" "-f" "6dff93d041d959e5bd721406921b4ffaf4cffbd58b2d33d0c330f8b1d84b2373", kill_on_drop: false }`
[INFO] [stdout] 6dff93d041d959e5bd721406921b4ffaf4cffbd58b2d33d0c330f8b1d84b2373
[INFO] running `Command { std: "docker" "create" "-v" "/var/lib/crater-agent-workspace/builds/worker-5-tc1/target:/opt/rustwide/target:rw,Z" "-v" "/var/lib/crater-agent-workspace/builds/worker-5-tc1/source:/opt/rustwide/workdir:ro,Z" "-v" "/var/lib/crater-agent-workspace/cargo-home:/opt/rustwide/cargo-home:ro,Z" "-v" "/var/lib/crater-agent-workspace/rustup-home:/opt/rustwide/rustup-home:ro,Z" "-e" "SOURCE_DIR=/opt/rustwide/workdir" "-e" "CARGO_TARGET_DIR=/opt/rustwide/target" "-e" "CARGO_INCREMENTAL=0" "-e" "RUST_BACKTRACE=full" "-e" "RUSTFLAGS=--cap-lints=warn" "-e" "RUSTDOCFLAGS=--cap-lints=warn" "-e" "CARGO_HOME=/opt/rustwide/cargo-home" "-e" "RUSTUP_HOME=/opt/rustwide/rustup-home" "-w" "/opt/rustwide/workdir" "-m" "1610612736" "--user" "0:0" "--network" "none" "ghcr.io/rust-lang/crates-build-env/linux@sha256:2788e3201cd34a07e3172128adcd8b3090168a8e3bcc40d7c032b9dda1df7d1c" "/opt/rustwide/cargo-home/bin/cargo" "+1.75.0" "test" "--frozen", kill_on_drop: false }`
[INFO] [stdout] 087b23c274195a3f2f1e539bb78a3f445005b2bcaec923bdda379cab488f8897
[INFO] running `Command { std: "docker" "start" "-a" "087b23c274195a3f2f1e539bb78a3f445005b2bcaec923bdda379cab488f8897", kill_on_drop: false }`
[INFO] [stderr]     Finished test [unoptimized + debuginfo] target(s) in 0.01s
[INFO] [stderr]      Running unittests src/lib.rs (/opt/rustwide/target/debug/deps/sql_parse-701bca07b01b806d)
[INFO] [stdout] 
[INFO] [stdout] running 2 tests
[INFO] [stdout] test test_parse_alter_sql ... ok
[INFO] [stderr]    Doc-tests sql-parse
[INFO] [stdout] test expression::tests::expressions ... ok
[INFO] [stdout] 
[INFO] [stdout] test result: ok. 2 passed; 0 failed; 0 ignored; 0 measured; 0 filtered out; finished in 0.01s
[INFO] [stdout] 
[INFO] [stdout] 
[INFO] [stdout] running 19 tests
[INFO] [stdout] test src/create.rs - create::CreateFunction (line 508) ... ignored
[INFO] [stdout] test src/insert_replace.rs - insert_replace::InsertReplace (line 124) ... FAILED
[INFO] [stdout] test src/create.rs - create::CreateTable (line 248) ... FAILED
[INFO] [stdout] test src/delete.rs - delete::Delete (line 44) ... FAILED
[INFO] [stdout] test src/alter.rs - alter::AlterTable (line 544) ... FAILED
[INFO] [stdout] test src/create.rs - create::CreateTrigger (line 764) ... ok
[INFO] [stdout] test src/create.rs - create::CreateView (line 305) ... ok
[INFO] [stdout] test src/drop.rs - drop::DropServer (line 271) ... ok
[INFO] [stdout] test src/select.rs - select::Select (line 453) ... ok
[INFO] [stdout] test src/drop.rs - drop::DropEvent (line 151) ... ok
[INFO] [stdout] test src/drop.rs - drop::DropTable (line 23) ... ok
[INFO] [stdout] test src/drop.rs - drop::DropDatabase (line 111) ... ok
[INFO] [stdout] test src/drop.rs - drop::DropProcedure (line 231) ... ok
[INFO] [stdout] test src/drop.rs - drop::DropTrigger (line 311) ... ok
[INFO] [stdout] test src/drop.rs - drop::DropFunction (line 191) ... ok
[INFO] [stdout] test src/update.rs - update::Update (line 44) ... ok
[INFO] [stdout] test src/drop.rs - drop::DropView (line 68) ... ok
[INFO] [stdout] test src/insert_replace.rs - insert_replace::InsertReplace (line 165) ... ok
[INFO] [stdout] test src/lib.rs - (line 21) ... ok
[INFO] [stdout] 
[INFO] [stdout] failures:
[INFO] [stdout] 
[INFO] [stdout] ---- src/insert_replace.rs - insert_replace::InsertReplace (line 124) stdout ----
[INFO] [stdout] error[E0608]: cannot index into a value of type `QualifiedName<'_>`
[INFO] [stdout]   --> src/insert_replace.rs:146:16
[INFO] [stdout]    |
[INFO] [stdout] 25 | assert!(i.table[0].as_str() == "person");
[INFO] [stdout]    |                ^^^
[INFO] [stdout] 
[INFO] [stdout] error[E0608]: cannot index into a value of type `QualifiedName<'_>`
[INFO] [stdout]   --> src/insert_replace.rs:161:16
[INFO] [stdout]    |
[INFO] [stdout] 40 | assert!(r.table[0].as_str() == "t2");
[INFO] [stdout]    |                ^^^
[INFO] [stdout] 
[INFO] [stdout] error: aborting due to 2 previous errors
[INFO] [stdout] 
[INFO] [stdout] For more information about this error, try `rustc --explain E0608`.
[INFO] [stdout] Couldn't compile the test.
[INFO] [stdout] ---- src/create.rs - create::CreateTable (line 248) stdout ----
[INFO] [stdout] error[E0599]: no method named `as_str` found for struct `QualifiedName` in the current scope
[INFO] [stdout]   --> src/create.rs:271:27
[INFO] [stdout]    |
[INFO] [stdout] 26 | assert!(create.identifier.as_str() == "parts");
[INFO] [stdout]    |                           ^^^^^^ method not found in `QualifiedName<'_>`
[INFO] [stdout]    |
[INFO] [stdout] help: one of the expressions' fields has a method of the same name
[INFO] [stdout]    |
[INFO] [stdout] 26 | assert!(create.identifier.identifier.as_str() == "parts");
[INFO] [stdout]    |                           +++++++++++
[INFO] [stdout] 
[INFO] [stdout] error: aborting due to previous error
[INFO] [stdout] 
[INFO] [stdout] For more information about this error, try `rustc --explain E0599`.
[INFO] [stdout] Couldn't compile the test.
[INFO] [stdout] ---- src/delete.rs - delete::Delete (line 44) stdout ----
[INFO] [stdout] error[E0608]: cannot index into a value of type `QualifiedName<'_>`
[INFO] [stdout]   --> src/delete.rs:61:25
[INFO] [stdout]    |
[INFO] [stdout] 20 | assert!(delete.tables[0][0].as_str() == "t1");
[INFO] [stdout]    |                         ^^^
[INFO] [stdout] 
[INFO] [stdout] error: aborting due to previous error
[INFO] [stdout] 
[INFO] [stdout] For more information about this error, try `rustc --explain E0608`.
[INFO] [stdout] Couldn't compile the test.
[INFO] [stdout] ---- src/alter.rs - alter::AlterTable (line 544) stdout ----
[INFO] [stdout] error[E0599]: no method named `as_str` found for struct `QualifiedName` in the current scope
[INFO] [stdout]   --> src/alter.rs:563:21
[INFO] [stdout]    |
[INFO] [stdout] 22 | assert!(alter.table.as_str() == "t1");
[INFO] [stdout]    |                     ^^^^^^ method not found in `QualifiedName<'_>`
[INFO] [stdout]    |
[INFO] [stdout] help: one of the expressions' fields has a method of the same name
[INFO] [stdout]    |
[INFO] [stdout] 22 | assert!(alter.table.identifier.as_str() == "t1");
[INFO] [stdout]    |                     +++++++++++
[INFO] [stdout] 
[INFO] [stdout] error: aborting due to previous error
[INFO] [stdout] 
[INFO] [stdout] For more information about this error, try `rustc --explain E0599`.
[INFO] [stdout] Couldn't compile the test.
[INFO] [stdout] 
[INFO] [stdout] failures:
[INFO] [stdout]     src/alter.rs - alter::AlterTable (line 544)
[INFO] [stdout]     src/create.rs - create::CreateTable (line 248)
[INFO] [stdout]     src/delete.rs - delete::Delete (line 44)
[INFO] [stdout]     src/insert_replace.rs - insert_replace::InsertReplace (line 124)
[INFO] [stdout] 
[INFO] [stdout] test result: FAILED. 14 passed; 4 failed; 1 ignored; 0 measured; 0 filtered out; finished in 2.20s
[INFO] [stdout] 
[INFO] [stderr] error: doctest failed, to rerun pass `--doc`
[INFO] running `Command { std: "docker" "inspect" "087b23c274195a3f2f1e539bb78a3f445005b2bcaec923bdda379cab488f8897", kill_on_drop: false }`
[INFO] running `Command { std: "docker" "rm" "-f" "087b23c274195a3f2f1e539bb78a3f445005b2bcaec923bdda379cab488f8897", kill_on_drop: false }`
[INFO] [stdout] 087b23c274195a3f2f1e539bb78a3f445005b2bcaec923bdda379cab488f8897
