[INFO] fetching crate spotify-launcher 0.5.2...
[INFO] testing spotify-launcher-0.5.2 against 1.75.0 for beta-1.76-1
[INFO] extracting crate spotify-launcher 0.5.2 into /workspace/builds/worker-3-tc1/source
[INFO] validating manifest of crates.io crate spotify-launcher 0.5.2 on toolchain 1.75.0
[INFO] running `Command { std: CARGO_HOME="/workspace/cargo-home" RUSTUP_HOME="/workspace/rustup-home" "/workspace/cargo-home/bin/cargo" "+1.75.0" "metadata" "--manifest-path" "Cargo.toml" "--no-deps", kill_on_drop: false }`
[INFO] started tweaking crates.io crate spotify-launcher 0.5.2
[INFO] finished tweaking crates.io crate spotify-launcher 0.5.2
[INFO] tweaked toml for crates.io crate spotify-launcher 0.5.2 written to /workspace/builds/worker-3-tc1/source/Cargo.toml
[INFO] crate crates.io crate spotify-launcher 0.5.2 already has a lockfile, it will not be regenerated
[INFO] running `Command { std: CARGO_HOME="/workspace/cargo-home" RUSTUP_HOME="/workspace/rustup-home" "/workspace/cargo-home/bin/cargo" "+1.75.0" "fetch" "--manifest-path" "Cargo.toml", kill_on_drop: false }`
[INFO] [stderr]     Updating crates.io index
[INFO] [stderr]  Downloading crates ...
[INFO] [stderr]   Downloaded xch v1.1.0
[INFO] running `Command { std: "docker" "create" "-v" "/var/lib/crater-agent-workspace/builds/worker-3-tc1/target:/opt/rustwide/target:rw,Z" "-v" "/var/lib/crater-agent-workspace/builds/worker-3-tc1/source:/opt/rustwide/workdir:ro,Z" "-v" "/var/lib/crater-agent-workspace/cargo-home:/opt/rustwide/cargo-home:ro,Z" "-v" "/var/lib/crater-agent-workspace/rustup-home:/opt/rustwide/rustup-home:ro,Z" "-e" "SOURCE_DIR=/opt/rustwide/workdir" "-e" "CARGO_TARGET_DIR=/opt/rustwide/target" "-e" "CARGO_HOME=/opt/rustwide/cargo-home" "-e" "RUSTUP_HOME=/opt/rustwide/rustup-home" "-w" "/opt/rustwide/workdir" "-m" "1610612736" "--user" "0:0" "--network" "none" "ghcr.io/rust-lang/crates-build-env/linux@sha256:2788e3201cd34a07e3172128adcd8b3090168a8e3bcc40d7c032b9dda1df7d1c" "/opt/rustwide/cargo-home/bin/cargo" "+1.75.0" "metadata" "--no-deps" "--format-version=1", kill_on_drop: false }`
[INFO] [stdout] 1d7df0948010027959f146586f92a6b96d5b04665c28502ecf9b2476d57d8f60
[INFO] running `Command { std: "docker" "start" "-a" "1d7df0948010027959f146586f92a6b96d5b04665c28502ecf9b2476d57d8f60", kill_on_drop: false }`
[INFO] running `Command { std: "docker" "inspect" "1d7df0948010027959f146586f92a6b96d5b04665c28502ecf9b2476d57d8f60", kill_on_drop: false }`
[INFO] running `Command { std: "docker" "rm" "-f" "1d7df0948010027959f146586f92a6b96d5b04665c28502ecf9b2476d57d8f60", kill_on_drop: false }`
[INFO] [stdout] 1d7df0948010027959f146586f92a6b96d5b04665c28502ecf9b2476d57d8f60
[INFO] running `Command { std: "docker" "create" "-v" "/var/lib/crater-agent-workspace/builds/worker-3-tc1/target:/opt/rustwide/target:rw,Z" "-v" "/var/lib/crater-agent-workspace/builds/worker-3-tc1/source:/opt/rustwide/workdir:ro,Z" "-v" "/var/lib/crater-agent-workspace/cargo-home:/opt/rustwide/cargo-home:ro,Z" "-v" "/var/lib/crater-agent-workspace/rustup-home:/opt/rustwide/rustup-home:ro,Z" "-e" "SOURCE_DIR=/opt/rustwide/workdir" "-e" "CARGO_TARGET_DIR=/opt/rustwide/target" "-e" "CARGO_INCREMENTAL=0" "-e" "RUST_BACKTRACE=full" "-e" "RUSTFLAGS=--cap-lints=warn" "-e" "RUSTDOCFLAGS=--cap-lints=warn" "-e" "CARGO_HOME=/opt/rustwide/cargo-home" "-e" "RUSTUP_HOME=/opt/rustwide/rustup-home" "-w" "/opt/rustwide/workdir" "-m" "1610612736" "--user" "0:0" "--network" "none" "ghcr.io/rust-lang/crates-build-env/linux@sha256:2788e3201cd34a07e3172128adcd8b3090168a8e3bcc40d7c032b9dda1df7d1c" "/opt/rustwide/cargo-home/bin/cargo" "+1.75.0" "build" "--frozen" "--message-format=json", kill_on_drop: false }`
[INFO] [stdout] 216d163fc3179793784be191de9b3a50c30feecddea8044f61325e83849cd7c7
[INFO] running `Command { std: "docker" "start" "-a" "216d163fc3179793784be191de9b3a50c30feecddea8044f61325e83849cd7c7", kill_on_drop: false }`
[INFO] [stderr]    Compiling libc v0.2.150
[INFO] [stderr]    Compiling proc-macro2 v1.0.69
[INFO] [stderr]    Compiling once_cell v1.18.0
[INFO] [stderr]    Compiling bitflags v2.4.1
[INFO] [stderr]    Compiling pkg-config v0.3.27
[INFO] [stderr]    Compiling vcpkg v0.2.15
[INFO] [stderr]    Compiling serde v1.0.193
[INFO] [stderr]    Compiling bytes v1.5.0
[INFO] [stderr]    Compiling futures-core v0.3.29
[INFO] [stderr]    Compiling itoa v1.0.9
[INFO] [stderr]    Compiling memchr v2.6.4
[INFO] [stderr]    Compiling equivalent v1.0.1
[INFO] [stderr]    Compiling hashbrown v0.14.2
[INFO] [stderr]    Compiling futures-task v0.3.29
[INFO] [stderr]    Compiling openssl v0.10.59
[INFO] [stderr]    Compiling fnv v1.0.7
[INFO] [stderr]    Compiling tracing-core v0.1.32
[INFO] [stderr]    Compiling futures-util v0.3.29
[INFO] [stderr]    Compiling foreign-types-shared v0.1.1
[INFO] [stderr]    Compiling ahash v0.8.6
[INFO] [stderr]    Compiling foreign-types v0.3.2
[INFO] [stderr]    Compiling httparse v1.8.0
[INFO] [stderr]    Compiling native-tls v0.2.11
[INFO] [stderr]    Compiling futures-sink v0.3.29
[INFO] [stderr]    Compiling rustix v0.38.25
[INFO] [stderr]    Compiling futures-channel v0.3.29
[INFO] [stderr]    Compiling tracing v0.1.40
[INFO] [stderr]    Compiling http v0.2.11
[INFO] [stderr]    Compiling try-lock v0.2.4
[INFO] [stderr]    Compiling linux-raw-sys v0.4.11
[INFO] [stderr]    Compiling utf8parse v0.2.1
[INFO] [stderr]    Compiling zerocopy v0.7.26
[INFO] [stderr]    Compiling openssl-probe v0.1.5
[INFO] [stderr]    Compiling indexmap v2.1.0
[INFO] [stderr]    Compiling anstyle-parse v0.2.2
[INFO] [stderr]    Compiling quote v1.0.33
[INFO] [stderr]    Compiling want v0.3.1
[INFO] [stderr]    Compiling aho-corasick v1.1.2
[INFO] [stderr]    Compiling anstyle v1.0.4
[INFO] [stderr]    Compiling anstyle-query v1.0.0
[INFO] [stderr]    Compiling colorchoice v1.0.0
[INFO] [stderr]    Compiling syn v2.0.39
[INFO] [stderr]    Compiling regex-syntax v0.8.2
[INFO] [stderr]    Compiling crc32fast v1.3.2
[INFO] [stderr]    Compiling ryu v1.0.15
[INFO] [stderr]    Compiling tower-service v0.3.2
[INFO] [stderr]    Compiling httpdate v1.0.3
[INFO] [stderr]    Compiling hashbrown v0.13.2
[INFO] [stderr]    Compiling cc v1.0.83
[INFO] [stderr]    Compiling anstream v0.6.4
[INFO] [stderr]    Compiling core2 v0.4.0
[INFO] [stderr]    Compiling option-ext v0.2.0
[INFO] [stderr]    Compiling http-body v0.4.5
[INFO] [stderr]    Compiling rle-decode-fast v1.0.3
[INFO] [stderr]    Compiling anyhow v1.0.75
[INFO] [stderr]    Compiling winnow v0.5.19
[INFO] [stderr]    Compiling clap_lex v0.6.0
[INFO] [stderr]    Compiling strsim v0.10.0
[INFO] [stderr]    Compiling serde_json v1.0.108
[INFO] [stderr]    Compiling encoding_rs v0.8.33
[INFO] [stderr]    Compiling clap_builder v4.4.8
[INFO] [stderr]    Compiling libflate_lz77 v2.0.0
[INFO] [stderr]    Compiling fastrand v2.0.1
[INFO] [stderr]    Compiling socket2 v0.5.5
[INFO] [stderr]    Compiling mio v0.8.9
[INFO] [stderr]    Compiling signal-hook-registry v1.4.1
[INFO] [stderr]    Compiling num_cpus v1.16.0
[INFO] [stderr]    Compiling socket2 v0.4.10
[INFO] [stderr]    Compiling getrandom v0.2.11
[INFO] [stderr]    Compiling xattr v1.0.1
[INFO] [stderr]    Compiling dirs-sys v0.4.1
[INFO] [stderr]    Compiling uuid v0.8.2
[INFO] [stderr]    Compiling filetime v0.2.22
[INFO] [stderr]    Compiling regex-automata v0.4.3
[INFO] [stderr]    Compiling errno v0.2.8
[INFO] [stderr]    Compiling cpufeatures v0.2.11
[INFO] [stderr]    Compiling termcolor v1.4.0
[INFO] [stderr]    Compiling ipnet v2.9.0
[INFO] [stderr]    Compiling mime v0.3.17
[INFO] [stderr]    Compiling openssl-sys v0.9.95
[INFO] [stderr]    Compiling xch v1.1.0
[INFO] [stderr]    Compiling adler32 v1.2.0
[INFO] [stderr]    Compiling base64 v0.21.5
[INFO] [stderr]    Compiling dary_heap v0.3.6
[INFO] [stderr]    Compiling humantime v2.1.0
[INFO] [stderr]    Compiling libflate v2.0.0
[INFO] [stderr]    Compiling sha2 v0.10.8
[INFO] [stderr]    Compiling tar v0.4.40
[INFO] [stderr]    Compiling is-terminal v0.4.9
[INFO] [stderr]    Compiling tempfile v3.8.1
[INFO] [stderr]    Compiling dirs v5.0.1
[INFO] [stderr]    Compiling nix v0.27.1
[INFO] [stderr]    Compiling ar v0.9.0
[INFO] [stderr]    Compiling serde_derive v1.0.193
[INFO] [stderr]    Compiling tokio-macros v2.2.0
[INFO] [stderr]    Compiling openssl-macros v0.1.1
[INFO] [stderr]    Compiling clap_derive v4.4.7
[INFO] [stderr]    Compiling regex v1.10.2
[INFO] [stderr]    Compiling env_logger v0.10.1
[INFO] [stderr]    Compiling tokio v1.34.0
[INFO] [stderr]    Compiling clap v4.4.8
[INFO] [stderr]    Compiling tokio-util v0.7.10
[INFO] [stderr]    Compiling tokio-native-tls v0.3.1
[INFO] [stderr]    Compiling h2 v0.3.22
[INFO] [stderr]    Compiling serde_spanned v0.6.4
[INFO] [stderr]    Compiling toml_datetime v0.6.5
[INFO] [stderr]    Compiling serde_urlencoded v0.7.1
[INFO] [stderr]    Compiling toml_edit v0.21.0
[INFO] [stderr]    Compiling toml v0.8.8
[INFO] [stderr]    Compiling hyper v0.14.27
[INFO] [stderr]    Compiling hyper-tls v0.5.0
[INFO] [stderr]    Compiling reqwest v0.11.22
[INFO] [stderr]    Compiling spotify-launcher v0.5.2 (/opt/rustwide/workdir)
[INFO] [stderr]     Finished dev [unoptimized + debuginfo] target(s) in 25.00s
[INFO] running `Command { std: "docker" "inspect" "216d163fc3179793784be191de9b3a50c30feecddea8044f61325e83849cd7c7", kill_on_drop: false }`
[INFO] running `Command { std: "docker" "rm" "-f" "216d163fc3179793784be191de9b3a50c30feecddea8044f61325e83849cd7c7", kill_on_drop: false }`
[INFO] [stdout] 216d163fc3179793784be191de9b3a50c30feecddea8044f61325e83849cd7c7
[INFO] running `Command { std: "docker" "create" "-v" "/var/lib/crater-agent-workspace/builds/worker-3-tc1/target:/opt/rustwide/target:rw,Z" "-v" "/var/lib/crater-agent-workspace/builds/worker-3-tc1/source:/opt/rustwide/workdir:ro,Z" "-v" "/var/lib/crater-agent-workspace/cargo-home:/opt/rustwide/cargo-home:ro,Z" "-v" "/var/lib/crater-agent-workspace/rustup-home:/opt/rustwide/rustup-home:ro,Z" "-e" "SOURCE_DIR=/opt/rustwide/workdir" "-e" "CARGO_TARGET_DIR=/opt/rustwide/target" "-e" "CARGO_INCREMENTAL=0" "-e" "RUST_BACKTRACE=full" "-e" "RUSTFLAGS=--cap-lints=warn" "-e" "RUSTDOCFLAGS=--cap-lints=warn" "-e" "CARGO_HOME=/opt/rustwide/cargo-home" "-e" "RUSTUP_HOME=/opt/rustwide/rustup-home" "-w" "/opt/rustwide/workdir" "-m" "1610612736" "--user" "0:0" "--network" "none" "ghcr.io/rust-lang/crates-build-env/linux@sha256:2788e3201cd34a07e3172128adcd8b3090168a8e3bcc40d7c032b9dda1df7d1c" "/opt/rustwide/cargo-home/bin/cargo" "+1.75.0" "test" "--frozen" "--no-run" "--message-format=json", kill_on_drop: false }`
[INFO] [stdout] 6af7217fae5fb8c134bf762a40c5765cd1f61769465de6c6d270f81d2467b795
[INFO] running `Command { std: "docker" "start" "-a" "6af7217fae5fb8c134bf762a40c5765cd1f61769465de6c6d270f81d2467b795", kill_on_drop: false }`
[INFO] [stderr]    Compiling spotify-launcher v0.5.2 (/opt/rustwide/workdir)
[INFO] [stderr]     Finished test [unoptimized + debuginfo] target(s) in 2.82s
[INFO] running `Command { std: "docker" "inspect" "6af7217fae5fb8c134bf762a40c5765cd1f61769465de6c6d270f81d2467b795", kill_on_drop: false }`
[INFO] running `Command { std: "docker" "rm" "-f" "6af7217fae5fb8c134bf762a40c5765cd1f61769465de6c6d270f81d2467b795", kill_on_drop: false }`
[INFO] [stdout] 6af7217fae5fb8c134bf762a40c5765cd1f61769465de6c6d270f81d2467b795
[INFO] running `Command { std: "docker" "create" "-v" "/var/lib/crater-agent-workspace/builds/worker-3-tc1/target:/opt/rustwide/target:rw,Z" "-v" "/var/lib/crater-agent-workspace/builds/worker-3-tc1/source:/opt/rustwide/workdir:ro,Z" "-v" "/var/lib/crater-agent-workspace/cargo-home:/opt/rustwide/cargo-home:ro,Z" "-v" "/var/lib/crater-agent-workspace/rustup-home:/opt/rustwide/rustup-home:ro,Z" "-e" "SOURCE_DIR=/opt/rustwide/workdir" "-e" "CARGO_TARGET_DIR=/opt/rustwide/target" "-e" "CARGO_INCREMENTAL=0" "-e" "RUST_BACKTRACE=full" "-e" "RUSTFLAGS=--cap-lints=warn" "-e" "RUSTDOCFLAGS=--cap-lints=warn" "-e" "CARGO_HOME=/opt/rustwide/cargo-home" "-e" "RUSTUP_HOME=/opt/rustwide/rustup-home" "-w" "/opt/rustwide/workdir" "-m" "1610612736" "--user" "0:0" "--network" "none" "ghcr.io/rust-lang/crates-build-env/linux@sha256:2788e3201cd34a07e3172128adcd8b3090168a8e3bcc40d7c032b9dda1df7d1c" "/opt/rustwide/cargo-home/bin/cargo" "+1.75.0" "test" "--frozen", kill_on_drop: false }`
[INFO] [stdout] ef316d2affc5e346b22f274cf70526e62a404dce8717a575aef77e9c11169eae
[INFO] running `Command { std: "docker" "start" "-a" "ef316d2affc5e346b22f274cf70526e62a404dce8717a575aef77e9c11169eae", kill_on_drop: false }`
[INFO] [stderr]     Finished test [unoptimized + debuginfo] target(s) in 0.09s
[INFO] [stderr]      Running unittests src/lib.rs (/opt/rustwide/target/debug/deps/spotify_launcher-9df15f0e89c67324)
[INFO] [stdout] 
[INFO] [stdout] running 5 tests
[INFO] [stdout] test config::tests::test_empty_spotify_config ... ok
[INFO] [stdout] test deb::tests::test_parse_package_index ... ok
[INFO] [stdout] test config::tests::test_empty_config ... ok
[INFO] [stdout] test deb::tests::test_parse_release ... ok
[INFO] [stdout] test pgp::tests::test_verify ... FAILED
[INFO] [stdout] 
[INFO] [stdout] failures:
[INFO] [stdout] 
[INFO] [stdout] ---- pgp::tests::test_verify stdout ----
[INFO] [stdout] Error: Failed to run `sqv`
[INFO] [stdout] 
[INFO] [stdout] Caused by:
[INFO] [stdout]     No such file or directory (os error 2)
[INFO] [stdout] 
[INFO] [stdout] 
[INFO] [stdout] failures:
[INFO] [stdout]     pgp::tests::test_verify
[INFO] [stdout] 
[INFO] [stdout] test result: FAILED. 4 passed; 1 failed; 0 ignored; 0 measured; 0 filtered out; finished in 0.00s
[INFO] [stdout] 
[INFO] [stderr] error: test failed, to rerun pass `--lib`
[INFO] running `Command { std: "docker" "inspect" "ef316d2affc5e346b22f274cf70526e62a404dce8717a575aef77e9c11169eae", kill_on_drop: false }`
[INFO] running `Command { std: "docker" "rm" "-f" "ef316d2affc5e346b22f274cf70526e62a404dce8717a575aef77e9c11169eae", kill_on_drop: false }`
[INFO] [stdout] ef316d2affc5e346b22f274cf70526e62a404dce8717a575aef77e9c11169eae
[INFO] testing spotify-launcher-0.5.2 against beta-2023-12-22 for beta-1.76-1
[INFO] extracting crate spotify-launcher 0.5.2 into /workspace/builds/worker-3-tc2/source
[INFO] validating manifest of crates.io crate spotify-launcher 0.5.2 on toolchain beta-2023-12-22
[INFO] running `Command { std: CARGO_HOME="/workspace/cargo-home" RUSTUP_HOME="/workspace/rustup-home" "/workspace/cargo-home/bin/cargo" "+beta-2023-12-22" "metadata" "--manifest-path" "Cargo.toml" "--no-deps", kill_on_drop: false }`
[INFO] started tweaking crates.io crate spotify-launcher 0.5.2
[INFO] finished tweaking crates.io crate spotify-launcher 0.5.2
[INFO] tweaked toml for crates.io crate spotify-launcher 0.5.2 written to /workspace/builds/worker-3-tc2/source/Cargo.toml
[INFO] crate crates.io crate spotify-launcher 0.5.2 already has a lockfile, it will not be regenerated
[INFO] running `Command { std: CARGO_HOME="/workspace/cargo-home" RUSTUP_HOME="/workspace/rustup-home" "/workspace/cargo-home/bin/cargo" "+beta-2023-12-22" "fetch" "--manifest-path" "Cargo.toml", kill_on_drop: false }`
[INFO] [stderr]     Blocking waiting for file lock on package cache
[INFO] [stderr]     Blocking waiting for file lock on package cache
[INFO] running `Command { std: "docker" "create" "-v" "/var/lib/crater-agent-workspace/builds/worker-3-tc2/target:/opt/rustwide/target:rw,Z" "-v" "/var/lib/crater-agent-workspace/builds/worker-3-tc2/source:/opt/rustwide/workdir:ro,Z" "-v" "/var/lib/crater-agent-workspace/cargo-home:/opt/rustwide/cargo-home:ro,Z" "-v" "/var/lib/crater-agent-workspace/rustup-home:/opt/rustwide/rustup-home:ro,Z" "-e" "SOURCE_DIR=/opt/rustwide/workdir" "-e" "CARGO_TARGET_DIR=/opt/rustwide/target" "-e" "CARGO_HOME=/opt/rustwide/cargo-home" "-e" "RUSTUP_HOME=/opt/rustwide/rustup-home" "-w" "/opt/rustwide/workdir" "-m" "1610612736" "--user" "0:0" "--network" "none" "ghcr.io/rust-lang/crates-build-env/linux@sha256:2788e3201cd34a07e3172128adcd8b3090168a8e3bcc40d7c032b9dda1df7d1c" "/opt/rustwide/cargo-home/bin/cargo" "+beta-2023-12-22" "metadata" "--no-deps" "--format-version=1", kill_on_drop: false }`
[INFO] [stdout] a0c2a5cc38709f65bb27eba2a1a1b5a356d0abe1299d9d090b7b52714fff6693
[INFO] running `Command { std: "docker" "start" "-a" "a0c2a5cc38709f65bb27eba2a1a1b5a356d0abe1299d9d090b7b52714fff6693", kill_on_drop: false }`
[INFO] running `Command { std: "docker" "inspect" "a0c2a5cc38709f65bb27eba2a1a1b5a356d0abe1299d9d090b7b52714fff6693", kill_on_drop: false }`
[INFO] running `Command { std: "docker" "rm" "-f" "a0c2a5cc38709f65bb27eba2a1a1b5a356d0abe1299d9d090b7b52714fff6693", kill_on_drop: false }`
[INFO] [stdout] a0c2a5cc38709f65bb27eba2a1a1b5a356d0abe1299d9d090b7b52714fff6693
[INFO] running `Command { std: "docker" "create" "-v" "/var/lib/crater-agent-workspace/builds/worker-3-tc2/target:/opt/rustwide/target:rw,Z" "-v" "/var/lib/crater-agent-workspace/builds/worker-3-tc2/source:/opt/rustwide/workdir:ro,Z" "-v" "/var/lib/crater-agent-workspace/cargo-home:/opt/rustwide/cargo-home:ro,Z" "-v" "/var/lib/crater-agent-workspace/rustup-home:/opt/rustwide/rustup-home:ro,Z" "-e" "SOURCE_DIR=/opt/rustwide/workdir" "-e" "CARGO_TARGET_DIR=/opt/rustwide/target" "-e" "CARGO_INCREMENTAL=0" "-e" "RUST_BACKTRACE=full" "-e" "RUSTFLAGS=--cap-lints=warn" "-e" "RUSTDOCFLAGS=--cap-lints=warn" "-e" "CARGO_HOME=/opt/rustwide/cargo-home" "-e" "RUSTUP_HOME=/opt/rustwide/rustup-home" "-w" "/opt/rustwide/workdir" "-m" "1610612736" "--user" "0:0" "--network" "none" "ghcr.io/rust-lang/crates-build-env/linux@sha256:2788e3201cd34a07e3172128adcd8b3090168a8e3bcc40d7c032b9dda1df7d1c" "/opt/rustwide/cargo-home/bin/cargo" "+beta-2023-12-22" "build" "--frozen" "--message-format=json", kill_on_drop: false }`
[INFO] [stdout] 007a8fb7895433d7f1c92e3d3cd94a6ed0ec155aeaafc4d249eeb0e959363073
[INFO] running `Command { std: "docker" "start" "-a" "007a8fb7895433d7f1c92e3d3cd94a6ed0ec155aeaafc4d249eeb0e959363073", kill_on_drop: false }`
[INFO] [stderr]    Compiling libc v0.2.150
[INFO] [stderr]    Compiling proc-macro2 v1.0.69
[INFO] [stderr]    Compiling once_cell v1.18.0
[INFO] [stderr]    Compiling bitflags v2.4.1
[INFO] [stderr]    Compiling vcpkg v0.2.15
[INFO] [stderr]    Compiling pkg-config v0.3.27
[INFO] [stderr]    Compiling bytes v1.5.0
[INFO] [stderr]    Compiling futures-core v0.3.29
[INFO] [stderr]    Compiling serde v1.0.193
[INFO] [stderr]    Compiling itoa v1.0.9
[INFO] [stderr]    Compiling futures-task v0.3.29
[INFO] [stderr]    Compiling equivalent v1.0.1
[INFO] [stderr]    Compiling memchr v2.6.4
[INFO] [stderr]    Compiling hashbrown v0.14.2
[INFO] [stderr]    Compiling fnv v1.0.7
[INFO] [stderr]    Compiling openssl v0.10.59
[INFO] [stderr]    Compiling futures-util v0.3.29
[INFO] [stderr]    Compiling tracing-core v0.1.32
[INFO] [stderr]    Compiling foreign-types-shared v0.1.1
[INFO] [stderr]    Compiling ahash v0.8.6
[INFO] [stderr]    Compiling foreign-types v0.3.2
[INFO] [stderr]    Compiling futures-sink v0.3.29
[INFO] [stderr]    Compiling native-tls v0.2.11
[INFO] [stderr]    Compiling rustix v0.38.25
[INFO] [stderr]    Compiling httparse v1.8.0
[INFO] [stderr]    Compiling futures-channel v0.3.29
[INFO] [stderr]    Compiling http v0.2.11
[INFO] [stderr]    Compiling tracing v0.1.40
[INFO] [stderr]    Compiling openssl-probe v0.1.5
[INFO] [stderr]    Compiling try-lock v0.2.4
[INFO] [stderr]    Compiling zerocopy v0.7.26
[INFO] [stderr]    Compiling utf8parse v0.2.1
[INFO] [stderr]    Compiling indexmap v2.1.0
[INFO] [stderr]    Compiling linux-raw-sys v0.4.11
[INFO] [stderr]    Compiling anstyle-parse v0.2.2
[INFO] [stderr]    Compiling want v0.3.1
[INFO] [stderr]    Compiling quote v1.0.33
[INFO] [stderr]    Compiling aho-corasick v1.1.2
[INFO] [stderr]    Compiling ryu v1.0.15
[INFO] [stderr]    Compiling httpdate v1.0.3
[INFO] [stderr]    Compiling cc v1.0.83
[INFO] [stderr]    Compiling syn v2.0.39
[INFO] [stderr]    Compiling tower-service v0.3.2
[INFO] [stderr]    Compiling anstyle-query v1.0.0
[INFO] [stderr]    Compiling colorchoice v1.0.0
[INFO] [stderr]    Compiling anstyle v1.0.4
[INFO] [stderr]    Compiling crc32fast v1.3.2
[INFO] [stderr]    Compiling http-body v0.4.5
[INFO] [stderr]    Compiling regex-syntax v0.8.2
[INFO] [stderr]    Compiling core2 v0.4.0
[INFO] [stderr]    Compiling clap_lex v0.6.0
[INFO] [stderr]    Compiling hashbrown v0.13.2
[INFO] [stderr]    Compiling winnow v0.5.19
[INFO] [stderr]    Compiling rle-decode-fast v1.0.3
[INFO] [stderr]    Compiling anstream v0.6.4
[INFO] [stderr]    Compiling serde_json v1.0.108
[INFO] [stderr]    Compiling strsim v0.10.0
[INFO] [stderr]    Compiling anyhow v1.0.75
[INFO] [stderr]    Compiling option-ext v0.2.0
[INFO] [stderr]    Compiling clap_builder v4.4.8
[INFO] [stderr]    Compiling encoding_rs v0.8.33
[INFO] [stderr]    Compiling adler32 v1.2.0
[INFO] [stderr]    Compiling mime v0.3.17
[INFO] [stderr]    Compiling dary_heap v0.3.6
[INFO] [stderr]    Compiling humantime v2.1.0
[INFO] [stderr]    Compiling libflate_lz77 v2.0.0
[INFO] [stderr]    Compiling fastrand v2.0.1
[INFO] [stderr]    Compiling termcolor v1.4.0
[INFO] [stderr]    Compiling mio v0.8.9
[INFO] [stderr]    Compiling socket2 v0.5.5
[INFO] [stderr]    Compiling signal-hook-registry v1.4.1
[INFO] [stderr]    Compiling num_cpus v1.16.0
[INFO] [stderr]    Compiling socket2 v0.4.10
[INFO] [stderr]    Compiling getrandom v0.2.11
[INFO] [stderr]    Compiling dirs-sys v0.4.1
[INFO] [stderr]    Compiling xattr v1.0.1
[INFO] [stderr]    Compiling uuid v0.8.2
[INFO] [stderr]    Compiling openssl-sys v0.9.95
[INFO] [stderr]    Compiling xch v1.1.0
[INFO] [stderr]    Compiling regex-automata v0.4.3
[INFO] [stderr]    Compiling errno v0.2.8
[INFO] [stderr]    Compiling filetime v0.2.22
[INFO] [stderr]    Compiling ipnet v2.9.0
[INFO] [stderr]    Compiling cpufeatures v0.2.11
[INFO] [stderr]    Compiling base64 v0.21.5
[INFO] [stderr]    Compiling tar v0.4.40
[INFO] [stderr]    Compiling sha2 v0.10.8
[INFO] [stderr]    Compiling dirs v5.0.1
[INFO] [stderr]    Compiling libflate v2.0.0
[INFO] [stderr]    Compiling nix v0.27.1
[INFO] [stderr]    Compiling is-terminal v0.4.9
[INFO] [stderr]    Compiling tempfile v3.8.1
[INFO] [stderr]    Compiling ar v0.9.0
[INFO] [stderr]    Compiling serde_derive v1.0.193
[INFO] [stderr]    Compiling tokio-macros v2.2.0
[INFO] [stderr]    Compiling openssl-macros v0.1.1
[INFO] [stderr]    Compiling clap_derive v4.4.7
[INFO] [stderr]    Compiling regex v1.10.2
[INFO] [stderr]    Compiling env_logger v0.10.1
[INFO] [stderr]    Compiling tokio v1.34.0
[INFO] [stderr]    Compiling clap v4.4.8
[INFO] [stderr]    Compiling tokio-util v0.7.10
[INFO] [stderr]    Compiling tokio-native-tls v0.3.1
[INFO] [stderr]    Compiling h2 v0.3.22
[INFO] [stderr]    Compiling serde_spanned v0.6.4
[INFO] [stderr]    Compiling toml_datetime v0.6.5
[INFO] [stderr]    Compiling serde_urlencoded v0.7.1
[INFO] [stderr]    Compiling toml_edit v0.21.0
[INFO] [stderr]    Compiling toml v0.8.8
[INFO] [stderr]    Compiling hyper v0.14.27
[INFO] [stderr]    Compiling hyper-tls v0.5.0
[INFO] [stderr]    Compiling reqwest v0.11.22
[INFO] [stderr]    Compiling spotify-launcher v0.5.2 (/opt/rustwide/workdir)
[INFO] [stderr]     Finished dev [unoptimized + debuginfo] target(s) in 25.21s
[INFO] running `Command { std: "docker" "inspect" "007a8fb7895433d7f1c92e3d3cd94a6ed0ec155aeaafc4d249eeb0e959363073", kill_on_drop: false }`
[INFO] running `Command { std: "docker" "rm" "-f" "007a8fb7895433d7f1c92e3d3cd94a6ed0ec155aeaafc4d249eeb0e959363073", kill_on_drop: false }`
[INFO] [stdout] 007a8fb7895433d7f1c92e3d3cd94a6ed0ec155aeaafc4d249eeb0e959363073
[INFO] running `Command { std: "docker" "create" "-v" "/var/lib/crater-agent-workspace/builds/worker-3-tc2/target:/opt/rustwide/target:rw,Z" "-v" "/var/lib/crater-agent-workspace/builds/worker-3-tc2/source:/opt/rustwide/workdir:ro,Z" "-v" "/var/lib/crater-agent-workspace/cargo-home:/opt/rustwide/cargo-home:ro,Z" "-v" "/var/lib/crater-agent-workspace/rustup-home:/opt/rustwide/rustup-home:ro,Z" "-e" "SOURCE_DIR=/opt/rustwide/workdir" "-e" "CARGO_TARGET_DIR=/opt/rustwide/target" "-e" "CARGO_INCREMENTAL=0" "-e" "RUST_BACKTRACE=full" "-e" "RUSTFLAGS=--cap-lints=warn" "-e" "RUSTDOCFLAGS=--cap-lints=warn" "-e" "CARGO_HOME=/opt/rustwide/cargo-home" "-e" "RUSTUP_HOME=/opt/rustwide/rustup-home" "-w" "/opt/rustwide/workdir" "-m" "1610612736" "--user" "0:0" "--network" "none" "ghcr.io/rust-lang/crates-build-env/linux@sha256:2788e3201cd34a07e3172128adcd8b3090168a8e3bcc40d7c032b9dda1df7d1c" "/opt/rustwide/cargo-home/bin/cargo" "+beta-2023-12-22" "test" "--frozen" "--no-run" "--message-format=json", kill_on_drop: false }`
[INFO] [stdout] 92d0af20bfa7460d8892e25b305a2e6286d14a140e7ff5596ec7b308983087eb
[INFO] running `Command { std: "docker" "start" "-a" "92d0af20bfa7460d8892e25b305a2e6286d14a140e7ff5596ec7b308983087eb", kill_on_drop: false }`
[INFO] [stderr]    Compiling spotify-launcher v0.5.2 (/opt/rustwide/workdir)
[INFO] [stderr]     Finished test [unoptimized + debuginfo] target(s) in 3.89s
[INFO] running `Command { std: "docker" "inspect" "92d0af20bfa7460d8892e25b305a2e6286d14a140e7ff5596ec7b308983087eb", kill_on_drop: false }`
[INFO] running `Command { std: "docker" "rm" "-f" "92d0af20bfa7460d8892e25b305a2e6286d14a140e7ff5596ec7b308983087eb", kill_on_drop: false }`
[INFO] [stdout] 92d0af20bfa7460d8892e25b305a2e6286d14a140e7ff5596ec7b308983087eb
[INFO] running `Command { std: "docker" "create" "-v" "/var/lib/crater-agent-workspace/builds/worker-3-tc2/target:/opt/rustwide/target:rw,Z" "-v" "/var/lib/crater-agent-workspace/builds/worker-3-tc2/source:/opt/rustwide/workdir:ro,Z" "-v" "/var/lib/crater-agent-workspace/cargo-home:/opt/rustwide/cargo-home:ro,Z" "-v" "/var/lib/crater-agent-workspace/rustup-home:/opt/rustwide/rustup-home:ro,Z" "-e" "SOURCE_DIR=/opt/rustwide/workdir" "-e" "CARGO_TARGET_DIR=/opt/rustwide/target" "-e" "CARGO_INCREMENTAL=0" "-e" "RUST_BACKTRACE=full" "-e" "RUSTFLAGS=--cap-lints=warn" "-e" "RUSTDOCFLAGS=--cap-lints=warn" "-e" "CARGO_HOME=/opt/rustwide/cargo-home" "-e" "RUSTUP_HOME=/opt/rustwide/rustup-home" "-w" "/opt/rustwide/workdir" "-m" "1610612736" "--user" "0:0" "--network" "none" "ghcr.io/rust-lang/crates-build-env/linux@sha256:2788e3201cd34a07e3172128adcd8b3090168a8e3bcc40d7c032b9dda1df7d1c" "/opt/rustwide/cargo-home/bin/cargo" "+beta-2023-12-22" "test" "--frozen", kill_on_drop: false }`
[INFO] [stdout] fb38661f2c6452c0a8fdb9605085b9615576c6a803f346db15bfaed91b56dbcf
[INFO] running `Command { std: "docker" "start" "-a" "fb38661f2c6452c0a8fdb9605085b9615576c6a803f346db15bfaed91b56dbcf", kill_on_drop: false }`
[INFO] [stderr]     Finished test [unoptimized + debuginfo] target(s) in 0.19s
[INFO] [stderr]      Running unittests src/lib.rs (/opt/rustwide/target/debug/deps/spotify_launcher-46a9b94f51c77a45)
[INFO] [stdout] 
[INFO] [stdout] running 5 tests
[INFO] [stdout] test deb::tests::test_parse_package_index ... ok
[INFO] [stdout] test deb::tests::test_parse_release ... ok
[INFO] [stdout] test config::tests::test_empty_config ... ok
[INFO] [stdout] test config::tests::test_empty_spotify_config ... ok
[INFO] [stdout] test pgp::tests::test_verify ... FAILED
[INFO] [stdout] 
[INFO] [stdout] failures:
[INFO] [stdout] 
[INFO] [stdout] ---- pgp::tests::test_verify stdout ----
[INFO] [stdout] Error: Failed to run `sqv`
[INFO] [stdout] 
[INFO] [stdout] Caused by:
[INFO] [stdout]     No such file or directory (os error 2)
[INFO] [stdout] 
[INFO] [stdout] 
[INFO] [stdout] failures:
[INFO] [stdout]     pgp::tests::test_verify
[INFO] [stdout] 
[INFO] [stdout] test result: FAILED. 4 passed; 1 failed; 0 ignored; 0 measured; 0 filtered out; finished in 0.02s
[INFO] [stdout] 
[INFO] [stderr] error: test failed, to rerun pass `--lib`
[INFO] running `Command { std: "docker" "inspect" "fb38661f2c6452c0a8fdb9605085b9615576c6a803f346db15bfaed91b56dbcf", kill_on_drop: false }`
[INFO] running `Command { std: "docker" "rm" "-f" "fb38661f2c6452c0a8fdb9605085b9615576c6a803f346db15bfaed91b56dbcf", kill_on_drop: false }`
[INFO] [stdout] fb38661f2c6452c0a8fdb9605085b9615576c6a803f346db15bfaed91b56dbcf
