[INFO] fetching crate spirv-std 0.9.0...
[INFO] testing spirv-std-0.9.0 against 1.75.0 for beta-1.76-1
[INFO] extracting crate spirv-std 0.9.0 into /workspace/builds/worker-3-tc1/source
[INFO] validating manifest of crates.io crate spirv-std 0.9.0 on toolchain 1.75.0
[INFO] running `Command { std: CARGO_HOME="/workspace/cargo-home" RUSTUP_HOME="/workspace/rustup-home" "/workspace/cargo-home/bin/cargo" "+1.75.0" "metadata" "--manifest-path" "Cargo.toml" "--no-deps", kill_on_drop: false }`
[INFO] started tweaking crates.io crate spirv-std 0.9.0
[INFO] finished tweaking crates.io crate spirv-std 0.9.0
[INFO] tweaked toml for crates.io crate spirv-std 0.9.0 written to /workspace/builds/worker-3-tc1/source/Cargo.toml
[INFO] running `Command { std: CARGO_HOME="/workspace/cargo-home" RUSTUP_HOME="/workspace/rustup-home" "/workspace/cargo-home/bin/cargo" "+1.75.0" "generate-lockfile" "--manifest-path" "Cargo.toml", kill_on_drop: false }`
[INFO] [stderr]     Updating crates.io index
[INFO] running `Command { std: CARGO_HOME="/workspace/cargo-home" RUSTUP_HOME="/workspace/rustup-home" "/workspace/cargo-home/bin/cargo" "+1.75.0" "fetch" "--manifest-path" "Cargo.toml", kill_on_drop: false }`
[INFO] [stderr]     Blocking waiting for file lock on package cache
[INFO] [stderr]  Downloading crates ...
[INFO] [stderr]   Downloaded spirv-std-macros v0.9.0
[INFO] [stderr]   Downloaded spirv-std-types v0.9.0
[INFO] running `Command { std: "docker" "create" "-v" "/var/lib/crater-agent-workspace/builds/worker-3-tc1/target:/opt/rustwide/target:rw,Z" "-v" "/var/lib/crater-agent-workspace/builds/worker-3-tc1/source:/opt/rustwide/workdir:ro,Z" "-v" "/var/lib/crater-agent-workspace/cargo-home:/opt/rustwide/cargo-home:ro,Z" "-v" "/var/lib/crater-agent-workspace/rustup-home:/opt/rustwide/rustup-home:ro,Z" "-e" "SOURCE_DIR=/opt/rustwide/workdir" "-e" "CARGO_TARGET_DIR=/opt/rustwide/target" "-e" "CARGO_HOME=/opt/rustwide/cargo-home" "-e" "RUSTUP_HOME=/opt/rustwide/rustup-home" "-w" "/opt/rustwide/workdir" "-m" "1610612736" "--user" "0:0" "--network" "none" "ghcr.io/rust-lang/crates-build-env/linux@sha256:2788e3201cd34a07e3172128adcd8b3090168a8e3bcc40d7c032b9dda1df7d1c" "/opt/rustwide/cargo-home/bin/cargo" "+1.75.0" "metadata" "--no-deps" "--format-version=1", kill_on_drop: false }`
[INFO] [stdout] 57a917dcf71117eda09fd7d7bcf7086c74413694e3e1255ebeec1d55d7ac096f
[INFO] running `Command { std: "docker" "start" "-a" "57a917dcf71117eda09fd7d7bcf7086c74413694e3e1255ebeec1d55d7ac096f", kill_on_drop: false }`
[INFO] running `Command { std: "docker" "inspect" "57a917dcf71117eda09fd7d7bcf7086c74413694e3e1255ebeec1d55d7ac096f", kill_on_drop: false }`
[INFO] running `Command { std: "docker" "rm" "-f" "57a917dcf71117eda09fd7d7bcf7086c74413694e3e1255ebeec1d55d7ac096f", kill_on_drop: false }`
[INFO] [stdout] 57a917dcf71117eda09fd7d7bcf7086c74413694e3e1255ebeec1d55d7ac096f
[INFO] running `Command { std: "docker" "create" "-v" "/var/lib/crater-agent-workspace/builds/worker-3-tc1/target:/opt/rustwide/target:rw,Z" "-v" "/var/lib/crater-agent-workspace/builds/worker-3-tc1/source:/opt/rustwide/workdir:ro,Z" "-v" "/var/lib/crater-agent-workspace/cargo-home:/opt/rustwide/cargo-home:ro,Z" "-v" "/var/lib/crater-agent-workspace/rustup-home:/opt/rustwide/rustup-home:ro,Z" "-e" "SOURCE_DIR=/opt/rustwide/workdir" "-e" "CARGO_TARGET_DIR=/opt/rustwide/target" "-e" "CARGO_INCREMENTAL=0" "-e" "RUST_BACKTRACE=full" "-e" "RUSTFLAGS=--cap-lints=warn" "-e" "RUSTDOCFLAGS=--cap-lints=warn" "-e" "CARGO_HOME=/opt/rustwide/cargo-home" "-e" "RUSTUP_HOME=/opt/rustwide/rustup-home" "-w" "/opt/rustwide/workdir" "-m" "1610612736" "--user" "0:0" "--network" "none" "ghcr.io/rust-lang/crates-build-env/linux@sha256:2788e3201cd34a07e3172128adcd8b3090168a8e3bcc40d7c032b9dda1df7d1c" "/opt/rustwide/cargo-home/bin/cargo" "+1.75.0" "build" "--frozen" "--message-format=json", kill_on_drop: false }`
[INFO] [stdout] 8677c4fff454a2130c05616bbeb25e6adeda4415a7840ed0182b228697b58b26
[INFO] running `Command { std: "docker" "start" "-a" "8677c4fff454a2130c05616bbeb25e6adeda4415a7840ed0182b228697b58b26", kill_on_drop: false }`
[INFO] [stderr]    Compiling syn v1.0.109
[INFO] [stderr]    Compiling spirv-std-types v0.9.0
[INFO] [stderr]    Compiling glam v0.24.2
[INFO] [stderr]    Compiling spirv-std-macros v0.9.0
[INFO] [stderr]    Compiling spirv-std v0.9.0 (/opt/rustwide/workdir)
[INFO] [stderr]     Finished dev [unoptimized + debuginfo] target(s) in 4.34s
[INFO] running `Command { std: "docker" "inspect" "8677c4fff454a2130c05616bbeb25e6adeda4415a7840ed0182b228697b58b26", kill_on_drop: false }`
[INFO] running `Command { std: "docker" "rm" "-f" "8677c4fff454a2130c05616bbeb25e6adeda4415a7840ed0182b228697b58b26", kill_on_drop: false }`
[INFO] [stdout] 8677c4fff454a2130c05616bbeb25e6adeda4415a7840ed0182b228697b58b26
[INFO] running `Command { std: "docker" "create" "-v" "/var/lib/crater-agent-workspace/builds/worker-3-tc1/target:/opt/rustwide/target:rw,Z" "-v" "/var/lib/crater-agent-workspace/builds/worker-3-tc1/source:/opt/rustwide/workdir:ro,Z" "-v" "/var/lib/crater-agent-workspace/cargo-home:/opt/rustwide/cargo-home:ro,Z" "-v" "/var/lib/crater-agent-workspace/rustup-home:/opt/rustwide/rustup-home:ro,Z" "-e" "SOURCE_DIR=/opt/rustwide/workdir" "-e" "CARGO_TARGET_DIR=/opt/rustwide/target" "-e" "CARGO_INCREMENTAL=0" "-e" "RUST_BACKTRACE=full" "-e" "RUSTFLAGS=--cap-lints=warn" "-e" "RUSTDOCFLAGS=--cap-lints=warn" "-e" "CARGO_HOME=/opt/rustwide/cargo-home" "-e" "RUSTUP_HOME=/opt/rustwide/rustup-home" "-w" "/opt/rustwide/workdir" "-m" "1610612736" "--user" "0:0" "--network" "none" "ghcr.io/rust-lang/crates-build-env/linux@sha256:2788e3201cd34a07e3172128adcd8b3090168a8e3bcc40d7c032b9dda1df7d1c" "/opt/rustwide/cargo-home/bin/cargo" "+1.75.0" "test" "--frozen" "--no-run" "--message-format=json", kill_on_drop: false }`
[INFO] [stdout] 7a8aaa1b91ce8694ac4a3e094789a0d765b2f8d3700a0cdd6244cfe8422f0706
[INFO] running `Command { std: "docker" "start" "-a" "7a8aaa1b91ce8694ac4a3e094789a0d765b2f8d3700a0cdd6244cfe8422f0706", kill_on_drop: false }`
[INFO] [stderr]    Compiling spirv-std v0.9.0 (/opt/rustwide/workdir)
[INFO] [stderr]     Finished test [unoptimized + debuginfo] target(s) in 0.58s
[INFO] running `Command { std: "docker" "inspect" "7a8aaa1b91ce8694ac4a3e094789a0d765b2f8d3700a0cdd6244cfe8422f0706", kill_on_drop: false }`
[INFO] running `Command { std: "docker" "rm" "-f" "7a8aaa1b91ce8694ac4a3e094789a0d765b2f8d3700a0cdd6244cfe8422f0706", kill_on_drop: false }`
[INFO] [stdout] 7a8aaa1b91ce8694ac4a3e094789a0d765b2f8d3700a0cdd6244cfe8422f0706
[INFO] running `Command { std: "docker" "create" "-v" "/var/lib/crater-agent-workspace/builds/worker-3-tc1/target:/opt/rustwide/target:rw,Z" "-v" "/var/lib/crater-agent-workspace/builds/worker-3-tc1/source:/opt/rustwide/workdir:ro,Z" "-v" "/var/lib/crater-agent-workspace/cargo-home:/opt/rustwide/cargo-home:ro,Z" "-v" "/var/lib/crater-agent-workspace/rustup-home:/opt/rustwide/rustup-home:ro,Z" "-e" "SOURCE_DIR=/opt/rustwide/workdir" "-e" "CARGO_TARGET_DIR=/opt/rustwide/target" "-e" "CARGO_INCREMENTAL=0" "-e" "RUST_BACKTRACE=full" "-e" "RUSTFLAGS=--cap-lints=warn" "-e" "RUSTDOCFLAGS=--cap-lints=warn" "-e" "CARGO_HOME=/opt/rustwide/cargo-home" "-e" "RUSTUP_HOME=/opt/rustwide/rustup-home" "-w" "/opt/rustwide/workdir" "-m" "1610612736" "--user" "0:0" "--network" "none" "ghcr.io/rust-lang/crates-build-env/linux@sha256:2788e3201cd34a07e3172128adcd8b3090168a8e3bcc40d7c032b9dda1df7d1c" "/opt/rustwide/cargo-home/bin/cargo" "+1.75.0" "test" "--frozen", kill_on_drop: false }`
[INFO] [stdout] 75feaa7cfbe82192a1e2232c4557730e2aa30a2a913117c9437bf25de0d1a5ef
[INFO] running `Command { std: "docker" "start" "-a" "75feaa7cfbe82192a1e2232c4557730e2aa30a2a913117c9437bf25de0d1a5ef", kill_on_drop: false }`
[INFO] [stderr]     Finished test [unoptimized + debuginfo] target(s) in 0.01s
[INFO] [stderr]      Running unittests src/lib.rs (/opt/rustwide/target/debug/deps/spirv_std-85bc56ae0026afa0)
[INFO] [stdout] 
[INFO] [stdout] running 0 tests
[INFO] [stdout] 
[INFO] [stdout] test result: ok. 0 passed; 0 failed; 0 ignored; 0 measured; 0 filtered out; finished in 0.00s
[INFO] [stdout] 
[INFO] [stderr]    Doc-tests spirv-std
[INFO] [stdout] 
[INFO] [stdout] running 1 test
[INFO] [stdout] test src/lib.rs - (line 102) - compile ... FAILED
[INFO] [stdout] 
[INFO] [stdout] failures:
[INFO] [stdout] 
[INFO] [stdout] ---- src/lib.rs - (line 102) stdout ----
[INFO] [stdout] error[E0412]: cannot find type `ShaderConstants` in this scope
[INFO] [stdout]   --> src/lib.rs:110:41
[INFO] [stdout]    |
[INFO] [stdout] 10 |     #[spirv(push_constant)] constants: &ShaderConstants,
[INFO] [stdout]    |                                         ^^^^^^^^^^^^^^^ not found in this scope
[INFO] [stdout] 
[INFO] [stdout] error[E0131]: `main` function is not allowed to have generic parameters
[INFO] [stdout]  --> src/lib.rs:108:12
[INFO] [stdout]   |
[INFO] [stdout] 8 | pub fn main(
[INFO] [stdout]   |            ^ `main` cannot have generic parameters
[INFO] [stdout] 
[INFO] [stdout] error[E0425]: cannot find function `get_ray_dir` in this scope
[INFO] [stdout]   --> src/lib.rs:120:15
[INFO] [stdout]    |
[INFO] [stdout] 20 |     let dir = get_ray_dir(uv, eye_pos, sun_pos);
[INFO] [stdout]    |               ^^^^^^^^^^^ not found in this scope
[INFO] [stdout] 
[INFO] [stdout] error[E0425]: cannot find function `sky` in this scope
[INFO] [stdout]   --> src/lib.rs:123:17
[INFO] [stdout]    |
[INFO] [stdout] 23 |     let color = sky(dir, sun_pos);
[INFO] [stdout]    |                 ^^^ not found in this scope
[INFO] [stdout] 
[INFO] [stdout] error[E0425]: cannot find function `tonemap` in this scope
[INFO] [stdout]   --> src/lib.rs:125:15
[INFO] [stdout]    |
[INFO] [stdout] 25 |     *output = tonemap(color).extend(1.0)
[INFO] [stdout]    |               ^^^^^^^ not found in this scope
[INFO] [stdout] 
[INFO] [stdout] error: aborting due to 5 previous errors
[INFO] [stdout] 
[INFO] [stdout] Some errors have detailed explanations: E0131, E0412, E0425.
[INFO] [stdout] For more information about an error, try `rustc --explain E0131`.
[INFO] [stdout] Couldn't compile the test.
[INFO] [stdout] 
[INFO] [stdout] failures:
[INFO] [stdout]     src/lib.rs - (line 102)
[INFO] [stdout] 
[INFO] [stdout] test result: FAILED. 0 passed; 1 failed; 0 ignored; 0 measured; 0 filtered out; finished in 0.06s
[INFO] [stdout] 
[INFO] [stderr] error: doctest failed, to rerun pass `--doc`
[INFO] running `Command { std: "docker" "inspect" "75feaa7cfbe82192a1e2232c4557730e2aa30a2a913117c9437bf25de0d1a5ef", kill_on_drop: false }`
[INFO] running `Command { std: "docker" "rm" "-f" "75feaa7cfbe82192a1e2232c4557730e2aa30a2a913117c9437bf25de0d1a5ef", kill_on_drop: false }`
[INFO] [stdout] 75feaa7cfbe82192a1e2232c4557730e2aa30a2a913117c9437bf25de0d1a5ef
[INFO] testing spirv-std-0.9.0 against beta-2023-12-22 for beta-1.76-1
[INFO] extracting crate spirv-std 0.9.0 into /workspace/builds/worker-3-tc2/source
[INFO] validating manifest of crates.io crate spirv-std 0.9.0 on toolchain beta-2023-12-22
[INFO] running `Command { std: CARGO_HOME="/workspace/cargo-home" RUSTUP_HOME="/workspace/rustup-home" "/workspace/cargo-home/bin/cargo" "+beta-2023-12-22" "metadata" "--manifest-path" "Cargo.toml" "--no-deps", kill_on_drop: false }`
[INFO] started tweaking crates.io crate spirv-std 0.9.0
[INFO] finished tweaking crates.io crate spirv-std 0.9.0
[INFO] tweaked toml for crates.io crate spirv-std 0.9.0 written to /workspace/builds/worker-3-tc2/source/Cargo.toml
[INFO] running `Command { std: CARGO_HOME="/workspace/cargo-home" RUSTUP_HOME="/workspace/rustup-home" "/workspace/cargo-home/bin/cargo" "+beta-2023-12-22" "generate-lockfile" "--manifest-path" "Cargo.toml", kill_on_drop: false }`
[INFO] [stderr]     Updating crates.io index
[INFO] running `Command { std: CARGO_HOME="/workspace/cargo-home" RUSTUP_HOME="/workspace/rustup-home" "/workspace/cargo-home/bin/cargo" "+beta-2023-12-22" "fetch" "--manifest-path" "Cargo.toml", kill_on_drop: false }`
[INFO] running `Command { std: "docker" "create" "-v" "/var/lib/crater-agent-workspace/builds/worker-3-tc2/target:/opt/rustwide/target:rw,Z" "-v" "/var/lib/crater-agent-workspace/builds/worker-3-tc2/source:/opt/rustwide/workdir:ro,Z" "-v" "/var/lib/crater-agent-workspace/cargo-home:/opt/rustwide/cargo-home:ro,Z" "-v" "/var/lib/crater-agent-workspace/rustup-home:/opt/rustwide/rustup-home:ro,Z" "-e" "SOURCE_DIR=/opt/rustwide/workdir" "-e" "CARGO_TARGET_DIR=/opt/rustwide/target" "-e" "CARGO_HOME=/opt/rustwide/cargo-home" "-e" "RUSTUP_HOME=/opt/rustwide/rustup-home" "-w" "/opt/rustwide/workdir" "-m" "1610612736" "--user" "0:0" "--network" "none" "ghcr.io/rust-lang/crates-build-env/linux@sha256:2788e3201cd34a07e3172128adcd8b3090168a8e3bcc40d7c032b9dda1df7d1c" "/opt/rustwide/cargo-home/bin/cargo" "+beta-2023-12-22" "metadata" "--no-deps" "--format-version=1", kill_on_drop: false }`
[INFO] [stdout] 889bf03247d0dc64918754d5dafdb1d17b4faf86680fe5c459d89e65635578a8
[INFO] running `Command { std: "docker" "start" "-a" "889bf03247d0dc64918754d5dafdb1d17b4faf86680fe5c459d89e65635578a8", kill_on_drop: false }`
[INFO] running `Command { std: "docker" "inspect" "889bf03247d0dc64918754d5dafdb1d17b4faf86680fe5c459d89e65635578a8", kill_on_drop: false }`
[INFO] running `Command { std: "docker" "rm" "-f" "889bf03247d0dc64918754d5dafdb1d17b4faf86680fe5c459d89e65635578a8", kill_on_drop: false }`
[INFO] [stdout] 889bf03247d0dc64918754d5dafdb1d17b4faf86680fe5c459d89e65635578a8
[INFO] running `Command { std: "docker" "create" "-v" "/var/lib/crater-agent-workspace/builds/worker-3-tc2/target:/opt/rustwide/target:rw,Z" "-v" "/var/lib/crater-agent-workspace/builds/worker-3-tc2/source:/opt/rustwide/workdir:ro,Z" "-v" "/var/lib/crater-agent-workspace/cargo-home:/opt/rustwide/cargo-home:ro,Z" "-v" "/var/lib/crater-agent-workspace/rustup-home:/opt/rustwide/rustup-home:ro,Z" "-e" "SOURCE_DIR=/opt/rustwide/workdir" "-e" "CARGO_TARGET_DIR=/opt/rustwide/target" "-e" "CARGO_INCREMENTAL=0" "-e" "RUST_BACKTRACE=full" "-e" "RUSTFLAGS=--cap-lints=warn" "-e" "RUSTDOCFLAGS=--cap-lints=warn" "-e" "CARGO_HOME=/opt/rustwide/cargo-home" "-e" "RUSTUP_HOME=/opt/rustwide/rustup-home" "-w" "/opt/rustwide/workdir" "-m" "1610612736" "--user" "0:0" "--network" "none" "ghcr.io/rust-lang/crates-build-env/linux@sha256:2788e3201cd34a07e3172128adcd8b3090168a8e3bcc40d7c032b9dda1df7d1c" "/opt/rustwide/cargo-home/bin/cargo" "+beta-2023-12-22" "build" "--frozen" "--message-format=json", kill_on_drop: false }`
[INFO] [stdout] 563c2704b5e2338970c3daeb04ab98f4de291a97dac8f2fa852d3d927f43d5c7
[INFO] running `Command { std: "docker" "start" "-a" "563c2704b5e2338970c3daeb04ab98f4de291a97dac8f2fa852d3d927f43d5c7", kill_on_drop: false }`
[INFO] [stderr]    Compiling syn v1.0.109
[INFO] [stderr]    Compiling spirv-std-types v0.9.0
[INFO] [stderr]    Compiling glam v0.24.2
[INFO] [stderr]    Compiling spirv-std-macros v0.9.0
[INFO] [stderr]    Compiling spirv-std v0.9.0 (/opt/rustwide/workdir)
[INFO] [stderr]     Finished dev [unoptimized + debuginfo] target(s) in 3.41s
[INFO] running `Command { std: "docker" "inspect" "563c2704b5e2338970c3daeb04ab98f4de291a97dac8f2fa852d3d927f43d5c7", kill_on_drop: false }`
[INFO] running `Command { std: "docker" "rm" "-f" "563c2704b5e2338970c3daeb04ab98f4de291a97dac8f2fa852d3d927f43d5c7", kill_on_drop: false }`
[INFO] [stdout] 563c2704b5e2338970c3daeb04ab98f4de291a97dac8f2fa852d3d927f43d5c7
[INFO] running `Command { std: "docker" "create" "-v" "/var/lib/crater-agent-workspace/builds/worker-3-tc2/target:/opt/rustwide/target:rw,Z" "-v" "/var/lib/crater-agent-workspace/builds/worker-3-tc2/source:/opt/rustwide/workdir:ro,Z" "-v" "/var/lib/crater-agent-workspace/cargo-home:/opt/rustwide/cargo-home:ro,Z" "-v" "/var/lib/crater-agent-workspace/rustup-home:/opt/rustwide/rustup-home:ro,Z" "-e" "SOURCE_DIR=/opt/rustwide/workdir" "-e" "CARGO_TARGET_DIR=/opt/rustwide/target" "-e" "CARGO_INCREMENTAL=0" "-e" "RUST_BACKTRACE=full" "-e" "RUSTFLAGS=--cap-lints=warn" "-e" "RUSTDOCFLAGS=--cap-lints=warn" "-e" "CARGO_HOME=/opt/rustwide/cargo-home" "-e" "RUSTUP_HOME=/opt/rustwide/rustup-home" "-w" "/opt/rustwide/workdir" "-m" "1610612736" "--user" "0:0" "--network" "none" "ghcr.io/rust-lang/crates-build-env/linux@sha256:2788e3201cd34a07e3172128adcd8b3090168a8e3bcc40d7c032b9dda1df7d1c" "/opt/rustwide/cargo-home/bin/cargo" "+beta-2023-12-22" "test" "--frozen" "--no-run" "--message-format=json", kill_on_drop: false }`
[INFO] [stdout] c667921adf32f361dc3ee6e587b7d317b9d6204b82a81e255ef72db63954f4db
[INFO] running `Command { std: "docker" "start" "-a" "c667921adf32f361dc3ee6e587b7d317b9d6204b82a81e255ef72db63954f4db", kill_on_drop: false }`
[INFO] [stderr]    Compiling spirv-std v0.9.0 (/opt/rustwide/workdir)
[INFO] [stderr]     Finished test [unoptimized + debuginfo] target(s) in 0.61s
[INFO] running `Command { std: "docker" "inspect" "c667921adf32f361dc3ee6e587b7d317b9d6204b82a81e255ef72db63954f4db", kill_on_drop: false }`
[INFO] running `Command { std: "docker" "rm" "-f" "c667921adf32f361dc3ee6e587b7d317b9d6204b82a81e255ef72db63954f4db", kill_on_drop: false }`
[INFO] [stdout] c667921adf32f361dc3ee6e587b7d317b9d6204b82a81e255ef72db63954f4db
[INFO] running `Command { std: "docker" "create" "-v" "/var/lib/crater-agent-workspace/builds/worker-3-tc2/target:/opt/rustwide/target:rw,Z" "-v" "/var/lib/crater-agent-workspace/builds/worker-3-tc2/source:/opt/rustwide/workdir:ro,Z" "-v" "/var/lib/crater-agent-workspace/cargo-home:/opt/rustwide/cargo-home:ro,Z" "-v" "/var/lib/crater-agent-workspace/rustup-home:/opt/rustwide/rustup-home:ro,Z" "-e" "SOURCE_DIR=/opt/rustwide/workdir" "-e" "CARGO_TARGET_DIR=/opt/rustwide/target" "-e" "CARGO_INCREMENTAL=0" "-e" "RUST_BACKTRACE=full" "-e" "RUSTFLAGS=--cap-lints=warn" "-e" "RUSTDOCFLAGS=--cap-lints=warn" "-e" "CARGO_HOME=/opt/rustwide/cargo-home" "-e" "RUSTUP_HOME=/opt/rustwide/rustup-home" "-w" "/opt/rustwide/workdir" "-m" "1610612736" "--user" "0:0" "--network" "none" "ghcr.io/rust-lang/crates-build-env/linux@sha256:2788e3201cd34a07e3172128adcd8b3090168a8e3bcc40d7c032b9dda1df7d1c" "/opt/rustwide/cargo-home/bin/cargo" "+beta-2023-12-22" "test" "--frozen", kill_on_drop: false }`
[INFO] [stdout] a623b3d07084cb6fa5f2cb016c8749c94d8aa7b7418bbc6407fef508491f23b4
[INFO] running `Command { std: "docker" "start" "-a" "a623b3d07084cb6fa5f2cb016c8749c94d8aa7b7418bbc6407fef508491f23b4", kill_on_drop: false }`
[INFO] [stderr]     Finished test [unoptimized + debuginfo] target(s) in 0.01s
[INFO] [stderr]      Running unittests src/lib.rs (/opt/rustwide/target/debug/deps/spirv_std-577d57181eb743a6)
[INFO] [stdout] 
[INFO] [stdout] running 0 tests
[INFO] [stdout] 
[INFO] [stdout] test result: ok. 0 passed; 0 failed; 0 ignored; 0 measured; 0 filtered out; finished in 0.00s
[INFO] [stdout] 
[INFO] [stderr]    Doc-tests spirv-std
[INFO] [stdout] 
[INFO] [stdout] running 1 test
[INFO] [stdout] test src/lib.rs - (line 102) - compile ... FAILED
[INFO] [stdout] 
[INFO] [stdout] failures:
[INFO] [stdout] 
[INFO] [stdout] ---- src/lib.rs - (line 102) stdout ----
[INFO] [stdout] error[E0412]: cannot find type `ShaderConstants` in this scope
[INFO] [stdout]   --> src/lib.rs:110:41
[INFO] [stdout]    |
[INFO] [stdout] 10 |     #[spirv(push_constant)] constants: &ShaderConstants,
[INFO] [stdout]    |                                         ^^^^^^^^^^^^^^^ not found in this scope
[INFO] [stdout] 
[INFO] [stdout] error[E0425]: cannot find function `get_ray_dir` in this scope
[INFO] [stdout]   --> src/lib.rs:120:15
[INFO] [stdout]    |
[INFO] [stdout] 20 |     let dir = get_ray_dir(uv, eye_pos, sun_pos);
[INFO] [stdout]    |               ^^^^^^^^^^^ not found in this scope
[INFO] [stdout] 
[INFO] [stdout] error[E0425]: cannot find function `sky` in this scope
[INFO] [stdout]   --> src/lib.rs:123:17
[INFO] [stdout]    |
[INFO] [stdout] 23 |     let color = sky(dir, sun_pos);
[INFO] [stdout]    |                 ^^^ not found in this scope
[INFO] [stdout] 
[INFO] [stdout] error[E0425]: cannot find function `tonemap` in this scope
[INFO] [stdout]   --> src/lib.rs:125:15
[INFO] [stdout]    |
[INFO] [stdout] 25 |     *output = tonemap(color).extend(1.0)
[INFO] [stdout]    |               ^^^^^^^ not found in this scope
[INFO] [stdout] 
[INFO] [stdout] error: aborting due to 4 previous errors
[INFO] [stdout] 
[INFO] [stdout] Some errors have detailed explanations: E0412, E0425.
[INFO] [stdout] For more information about an error, try `rustc --explain E0412`.
[INFO] [stdout] Couldn't compile the test.
[INFO] [stdout] 
[INFO] [stdout] failures:
[INFO] [stdout]     src/lib.rs - (line 102)
[INFO] [stdout] 
[INFO] [stdout] test result: FAILED. 0 passed; 1 failed; 0 ignored; 0 measured; 0 filtered out; finished in 0.06s
[INFO] [stdout] 
[INFO] [stderr] error: doctest failed, to rerun pass `--doc`
[INFO] running `Command { std: "docker" "inspect" "a623b3d07084cb6fa5f2cb016c8749c94d8aa7b7418bbc6407fef508491f23b4", kill_on_drop: false }`
[INFO] running `Command { std: "docker" "rm" "-f" "a623b3d07084cb6fa5f2cb016c8749c94d8aa7b7418bbc6407fef508491f23b4", kill_on_drop: false }`
[INFO] [stdout] a623b3d07084cb6fa5f2cb016c8749c94d8aa7b7418bbc6407fef508491f23b4
