[INFO] fetching crate sphinx-use-state 0.0.1...
[INFO] testing sphinx-use-state-0.0.1 against 1.75.0 for beta-1.76-1
[INFO] extracting crate sphinx-use-state 0.0.1 into /workspace/builds/worker-7-tc1/source
[INFO] validating manifest of crates.io crate sphinx-use-state 0.0.1 on toolchain 1.75.0
[INFO] running `Command { std: CARGO_HOME="/workspace/cargo-home" RUSTUP_HOME="/workspace/rustup-home" "/workspace/cargo-home/bin/cargo" "+1.75.0" "metadata" "--manifest-path" "Cargo.toml" "--no-deps", kill_on_drop: false }`
[INFO] started tweaking crates.io crate sphinx-use-state 0.0.1
[INFO] finished tweaking crates.io crate sphinx-use-state 0.0.1
[INFO] tweaked toml for crates.io crate sphinx-use-state 0.0.1 written to /workspace/builds/worker-7-tc1/source/Cargo.toml
[INFO] running `Command { std: CARGO_HOME="/workspace/cargo-home" RUSTUP_HOME="/workspace/rustup-home" "/workspace/cargo-home/bin/cargo" "+1.75.0" "generate-lockfile" "--manifest-path" "Cargo.toml", kill_on_drop: false }`
[INFO] [stderr]     Updating crates.io index
[INFO] running `Command { std: CARGO_HOME="/workspace/cargo-home" RUSTUP_HOME="/workspace/rustup-home" "/workspace/cargo-home/bin/cargo" "+1.75.0" "fetch" "--manifest-path" "Cargo.toml", kill_on_drop: false }`
[INFO] running `Command { std: "docker" "create" "-v" "/var/lib/crater-agent-workspace/builds/worker-7-tc1/target:/opt/rustwide/target:rw,Z" "-v" "/var/lib/crater-agent-workspace/builds/worker-7-tc1/source:/opt/rustwide/workdir:ro,Z" "-v" "/var/lib/crater-agent-workspace/cargo-home:/opt/rustwide/cargo-home:ro,Z" "-v" "/var/lib/crater-agent-workspace/rustup-home:/opt/rustwide/rustup-home:ro,Z" "-e" "SOURCE_DIR=/opt/rustwide/workdir" "-e" "CARGO_TARGET_DIR=/opt/rustwide/target" "-e" "CARGO_HOME=/opt/rustwide/cargo-home" "-e" "RUSTUP_HOME=/opt/rustwide/rustup-home" "-w" "/opt/rustwide/workdir" "-m" "1610612736" "--user" "0:0" "--network" "none" "ghcr.io/rust-lang/crates-build-env/linux@sha256:2788e3201cd34a07e3172128adcd8b3090168a8e3bcc40d7c032b9dda1df7d1c" "/opt/rustwide/cargo-home/bin/cargo" "+1.75.0" "metadata" "--no-deps" "--format-version=1", kill_on_drop: false }`
[INFO] [stdout] 025ad275565e8a303c538861a723d3358896ea18b2836bf5d559af1f9e618c5c
[INFO] running `Command { std: "docker" "start" "-a" "025ad275565e8a303c538861a723d3358896ea18b2836bf5d559af1f9e618c5c", kill_on_drop: false }`
[INFO] running `Command { std: "docker" "inspect" "025ad275565e8a303c538861a723d3358896ea18b2836bf5d559af1f9e618c5c", kill_on_drop: false }`
[INFO] running `Command { std: "docker" "rm" "-f" "025ad275565e8a303c538861a723d3358896ea18b2836bf5d559af1f9e618c5c", kill_on_drop: false }`
[INFO] [stdout] 025ad275565e8a303c538861a723d3358896ea18b2836bf5d559af1f9e618c5c
[INFO] running `Command { std: "docker" "create" "-v" "/var/lib/crater-agent-workspace/builds/worker-7-tc1/target:/opt/rustwide/target:rw,Z" "-v" "/var/lib/crater-agent-workspace/builds/worker-7-tc1/source:/opt/rustwide/workdir:ro,Z" "-v" "/var/lib/crater-agent-workspace/cargo-home:/opt/rustwide/cargo-home:ro,Z" "-v" "/var/lib/crater-agent-workspace/rustup-home:/opt/rustwide/rustup-home:ro,Z" "-e" "SOURCE_DIR=/opt/rustwide/workdir" "-e" "CARGO_TARGET_DIR=/opt/rustwide/target" "-e" "CARGO_INCREMENTAL=0" "-e" "RUST_BACKTRACE=full" "-e" "RUSTFLAGS=--cap-lints=warn" "-e" "RUSTDOCFLAGS=--cap-lints=warn" "-e" "CARGO_HOME=/opt/rustwide/cargo-home" "-e" "RUSTUP_HOME=/opt/rustwide/rustup-home" "-w" "/opt/rustwide/workdir" "-m" "1610612736" "--user" "0:0" "--network" "none" "ghcr.io/rust-lang/crates-build-env/linux@sha256:2788e3201cd34a07e3172128adcd8b3090168a8e3bcc40d7c032b9dda1df7d1c" "/opt/rustwide/cargo-home/bin/cargo" "+1.75.0" "build" "--frozen" "--message-format=json", kill_on_drop: false }`
[INFO] [stdout] d40d09640d4d76bdc36d27f75ec19deb34803a02d11c9a20e7b57de05f031fb5
[INFO] running `Command { std: "docker" "start" "-a" "d40d09640d4d76bdc36d27f75ec19deb34803a02d11c9a20e7b57de05f031fb5", kill_on_drop: false }`
[INFO] [stderr]    Compiling syn v1.0.109
[INFO] [stderr]    Compiling sphinx-use-state v0.0.1 (/opt/rustwide/workdir)
[INFO] [stderr]     Finished dev [unoptimized + debuginfo] target(s) in 2.44s
[INFO] running `Command { std: "docker" "inspect" "d40d09640d4d76bdc36d27f75ec19deb34803a02d11c9a20e7b57de05f031fb5", kill_on_drop: false }`
[INFO] running `Command { std: "docker" "rm" "-f" "d40d09640d4d76bdc36d27f75ec19deb34803a02d11c9a20e7b57de05f031fb5", kill_on_drop: false }`
[INFO] [stdout] d40d09640d4d76bdc36d27f75ec19deb34803a02d11c9a20e7b57de05f031fb5
[INFO] running `Command { std: "docker" "create" "-v" "/var/lib/crater-agent-workspace/builds/worker-7-tc1/target:/opt/rustwide/target:rw,Z" "-v" "/var/lib/crater-agent-workspace/builds/worker-7-tc1/source:/opt/rustwide/workdir:ro,Z" "-v" "/var/lib/crater-agent-workspace/cargo-home:/opt/rustwide/cargo-home:ro,Z" "-v" "/var/lib/crater-agent-workspace/rustup-home:/opt/rustwide/rustup-home:ro,Z" "-e" "SOURCE_DIR=/opt/rustwide/workdir" "-e" "CARGO_TARGET_DIR=/opt/rustwide/target" "-e" "CARGO_INCREMENTAL=0" "-e" "RUST_BACKTRACE=full" "-e" "RUSTFLAGS=--cap-lints=warn" "-e" "RUSTDOCFLAGS=--cap-lints=warn" "-e" "CARGO_HOME=/opt/rustwide/cargo-home" "-e" "RUSTUP_HOME=/opt/rustwide/rustup-home" "-w" "/opt/rustwide/workdir" "-m" "1610612736" "--user" "0:0" "--network" "none" "ghcr.io/rust-lang/crates-build-env/linux@sha256:2788e3201cd34a07e3172128adcd8b3090168a8e3bcc40d7c032b9dda1df7d1c" "/opt/rustwide/cargo-home/bin/cargo" "+1.75.0" "test" "--frozen" "--no-run" "--message-format=json", kill_on_drop: false }`
[INFO] [stdout] c7a1ddbb45dc6c94aa0126687a0e4dce1b7033704cc9607b10dbe0c5e69644ab
[INFO] running `Command { std: "docker" "start" "-a" "c7a1ddbb45dc6c94aa0126687a0e4dce1b7033704cc9607b10dbe0c5e69644ab", kill_on_drop: false }`
[INFO] [stderr]    Compiling sphinx-use-state v0.0.1 (/opt/rustwide/workdir)
[INFO] [stderr]     Finished test [unoptimized + debuginfo] target(s) in 0.34s
[INFO] running `Command { std: "docker" "inspect" "c7a1ddbb45dc6c94aa0126687a0e4dce1b7033704cc9607b10dbe0c5e69644ab", kill_on_drop: false }`
[INFO] running `Command { std: "docker" "rm" "-f" "c7a1ddbb45dc6c94aa0126687a0e4dce1b7033704cc9607b10dbe0c5e69644ab", kill_on_drop: false }`
[INFO] [stdout] c7a1ddbb45dc6c94aa0126687a0e4dce1b7033704cc9607b10dbe0c5e69644ab
[INFO] running `Command { std: "docker" "create" "-v" "/var/lib/crater-agent-workspace/builds/worker-7-tc1/target:/opt/rustwide/target:rw,Z" "-v" "/var/lib/crater-agent-workspace/builds/worker-7-tc1/source:/opt/rustwide/workdir:ro,Z" "-v" "/var/lib/crater-agent-workspace/cargo-home:/opt/rustwide/cargo-home:ro,Z" "-v" "/var/lib/crater-agent-workspace/rustup-home:/opt/rustwide/rustup-home:ro,Z" "-e" "SOURCE_DIR=/opt/rustwide/workdir" "-e" "CARGO_TARGET_DIR=/opt/rustwide/target" "-e" "CARGO_INCREMENTAL=0" "-e" "RUST_BACKTRACE=full" "-e" "RUSTFLAGS=--cap-lints=warn" "-e" "RUSTDOCFLAGS=--cap-lints=warn" "-e" "CARGO_HOME=/opt/rustwide/cargo-home" "-e" "RUSTUP_HOME=/opt/rustwide/rustup-home" "-w" "/opt/rustwide/workdir" "-m" "1610612736" "--user" "0:0" "--network" "none" "ghcr.io/rust-lang/crates-build-env/linux@sha256:2788e3201cd34a07e3172128adcd8b3090168a8e3bcc40d7c032b9dda1df7d1c" "/opt/rustwide/cargo-home/bin/cargo" "+1.75.0" "test" "--frozen", kill_on_drop: false }`
[INFO] [stdout] 88683c4baffcc86c6f1dd415bc11efa7f402a07bc09e7059abe83b99638652be
[INFO] running `Command { std: "docker" "start" "-a" "88683c4baffcc86c6f1dd415bc11efa7f402a07bc09e7059abe83b99638652be", kill_on_drop: false }`
[INFO] [stderr]     Finished test [unoptimized + debuginfo] target(s) in 0.00s
[INFO] [stderr]      Running unittests src/lib.rs (/opt/rustwide/target/debug/deps/sphinx_use_state-fc38f47e751ed754)
[INFO] [stdout] 
[INFO] [stdout] running 0 tests
[INFO] [stdout] 
[INFO] [stdout] test result: ok. 0 passed; 0 failed; 0 ignored; 0 measured; 0 filtered out; finished in 0.00s
[INFO] [stdout] 
[INFO] [stderr]    Doc-tests sphinx-use-state
[INFO] [stdout] 
[INFO] [stdout] running 2 tests
[INFO] [stdout] test src/lib.rs - use_state (line 12) ... FAILED
[INFO] [stdout] test src/lib.rs - use_state (line 8) ... FAILED
[INFO] [stdout] 
[INFO] [stdout] failures:
[INFO] [stdout] 
[INFO] [stdout] ---- src/lib.rs - use_state (line 12) stdout ----
[INFO] [stdout] error: expected parameter name, found `,`
[INFO] [stdout]  --> src/lib.rs:14:34
[INFO] [stdout]   |
[INFO] [stdout] 4 | fn render(/* some self variant */, ctx: UpdateContext, state: State) -> /* any */;
[INFO] [stdout]   |                                  ^ expected parameter name
[INFO] [stdout] 
[INFO] [stdout] error: expected type, found `;`
[INFO] [stdout]  --> src/lib.rs:14:82
[INFO] [stdout]   |
[INFO] [stdout] 4 | fn render(/* some self variant */, ctx: UpdateContext, state: State) -> /* any */;
[INFO] [stdout]   |                                                                                  ^ expected type
[INFO] [stdout] 
[INFO] [stdout] error: aborting due to 2 previous errors
[INFO] [stdout] 
[INFO] [stdout] Couldn't compile the test.
[INFO] [stdout] ---- src/lib.rs - use_state (line 8) stdout ----
[INFO] [stdout] error: expected parameter name, found `,`
[INFO] [stdout]  --> src/lib.rs:9:34
[INFO] [stdout]   |
[INFO] [stdout] 3 | fn render(/* some self variant */, ctx: UpdateContext) -> /* any */;
[INFO] [stdout]   |                                  ^ expected parameter name
[INFO] [stdout] 
[INFO] [stdout] error: expected type, found `;`
[INFO] [stdout]  --> src/lib.rs:9:68
[INFO] [stdout]   |
[INFO] [stdout] 3 | fn render(/* some self variant */, ctx: UpdateContext) -> /* any */;
[INFO] [stdout]   |                                                                    ^ expected type
[INFO] [stdout] 
[INFO] [stdout] error: aborting due to 2 previous errors
[INFO] [stdout] 
[INFO] [stdout] Couldn't compile the test.
[INFO] [stdout] 
[INFO] [stdout] failures:
[INFO] [stdout]     src/lib.rs - use_state (line 12)
[INFO] [stdout]     src/lib.rs - use_state (line 8)
[INFO] [stdout] 
[INFO] [stdout] test result: FAILED. 0 passed; 2 failed; 0 ignored; 0 measured; 0 filtered out; finished in 0.03s
[INFO] [stdout] 
[INFO] [stderr] error: doctest failed, to rerun pass `--doc`
[INFO] running `Command { std: "docker" "inspect" "88683c4baffcc86c6f1dd415bc11efa7f402a07bc09e7059abe83b99638652be", kill_on_drop: false }`
[INFO] running `Command { std: "docker" "rm" "-f" "88683c4baffcc86c6f1dd415bc11efa7f402a07bc09e7059abe83b99638652be", kill_on_drop: false }`
[INFO] [stdout] 88683c4baffcc86c6f1dd415bc11efa7f402a07bc09e7059abe83b99638652be
[INFO] testing sphinx-use-state-0.0.1 against beta-2023-12-22 for beta-1.76-1
[INFO] extracting crate sphinx-use-state 0.0.1 into /workspace/builds/worker-7-tc2/source
[INFO] validating manifest of crates.io crate sphinx-use-state 0.0.1 on toolchain beta-2023-12-22
[INFO] running `Command { std: CARGO_HOME="/workspace/cargo-home" RUSTUP_HOME="/workspace/rustup-home" "/workspace/cargo-home/bin/cargo" "+beta-2023-12-22" "metadata" "--manifest-path" "Cargo.toml" "--no-deps", kill_on_drop: false }`
[INFO] started tweaking crates.io crate sphinx-use-state 0.0.1
[INFO] finished tweaking crates.io crate sphinx-use-state 0.0.1
[INFO] tweaked toml for crates.io crate sphinx-use-state 0.0.1 written to /workspace/builds/worker-7-tc2/source/Cargo.toml
[INFO] running `Command { std: CARGO_HOME="/workspace/cargo-home" RUSTUP_HOME="/workspace/rustup-home" "/workspace/cargo-home/bin/cargo" "+beta-2023-12-22" "generate-lockfile" "--manifest-path" "Cargo.toml", kill_on_drop: false }`
[INFO] [stderr]     Updating crates.io index
[INFO] running `Command { std: CARGO_HOME="/workspace/cargo-home" RUSTUP_HOME="/workspace/rustup-home" "/workspace/cargo-home/bin/cargo" "+beta-2023-12-22" "fetch" "--manifest-path" "Cargo.toml", kill_on_drop: false }`
[INFO] running `Command { std: "docker" "create" "-v" "/var/lib/crater-agent-workspace/builds/worker-7-tc2/target:/opt/rustwide/target:rw,Z" "-v" "/var/lib/crater-agent-workspace/builds/worker-7-tc2/source:/opt/rustwide/workdir:ro,Z" "-v" "/var/lib/crater-agent-workspace/cargo-home:/opt/rustwide/cargo-home:ro,Z" "-v" "/var/lib/crater-agent-workspace/rustup-home:/opt/rustwide/rustup-home:ro,Z" "-e" "SOURCE_DIR=/opt/rustwide/workdir" "-e" "CARGO_TARGET_DIR=/opt/rustwide/target" "-e" "CARGO_HOME=/opt/rustwide/cargo-home" "-e" "RUSTUP_HOME=/opt/rustwide/rustup-home" "-w" "/opt/rustwide/workdir" "-m" "1610612736" "--user" "0:0" "--network" "none" "ghcr.io/rust-lang/crates-build-env/linux@sha256:2788e3201cd34a07e3172128adcd8b3090168a8e3bcc40d7c032b9dda1df7d1c" "/opt/rustwide/cargo-home/bin/cargo" "+beta-2023-12-22" "metadata" "--no-deps" "--format-version=1", kill_on_drop: false }`
[INFO] [stdout] 09fd31688239150ab51bf084c49e049c1eda320c758463ab10c920293c57af41
[INFO] running `Command { std: "docker" "start" "-a" "09fd31688239150ab51bf084c49e049c1eda320c758463ab10c920293c57af41", kill_on_drop: false }`
[INFO] running `Command { std: "docker" "inspect" "09fd31688239150ab51bf084c49e049c1eda320c758463ab10c920293c57af41", kill_on_drop: false }`
[INFO] running `Command { std: "docker" "rm" "-f" "09fd31688239150ab51bf084c49e049c1eda320c758463ab10c920293c57af41", kill_on_drop: false }`
[INFO] [stdout] 09fd31688239150ab51bf084c49e049c1eda320c758463ab10c920293c57af41
[INFO] running `Command { std: "docker" "create" "-v" "/var/lib/crater-agent-workspace/builds/worker-7-tc2/target:/opt/rustwide/target:rw,Z" "-v" "/var/lib/crater-agent-workspace/builds/worker-7-tc2/source:/opt/rustwide/workdir:ro,Z" "-v" "/var/lib/crater-agent-workspace/cargo-home:/opt/rustwide/cargo-home:ro,Z" "-v" "/var/lib/crater-agent-workspace/rustup-home:/opt/rustwide/rustup-home:ro,Z" "-e" "SOURCE_DIR=/opt/rustwide/workdir" "-e" "CARGO_TARGET_DIR=/opt/rustwide/target" "-e" "CARGO_INCREMENTAL=0" "-e" "RUST_BACKTRACE=full" "-e" "RUSTFLAGS=--cap-lints=warn" "-e" "RUSTDOCFLAGS=--cap-lints=warn" "-e" "CARGO_HOME=/opt/rustwide/cargo-home" "-e" "RUSTUP_HOME=/opt/rustwide/rustup-home" "-w" "/opt/rustwide/workdir" "-m" "1610612736" "--user" "0:0" "--network" "none" "ghcr.io/rust-lang/crates-build-env/linux@sha256:2788e3201cd34a07e3172128adcd8b3090168a8e3bcc40d7c032b9dda1df7d1c" "/opt/rustwide/cargo-home/bin/cargo" "+beta-2023-12-22" "build" "--frozen" "--message-format=json", kill_on_drop: false }`
[INFO] [stdout] ecd8b27cf3b83b38df11c528490f2054bb4bc2c9466d7d99f76ad1963b4f29bc
[INFO] running `Command { std: "docker" "start" "-a" "ecd8b27cf3b83b38df11c528490f2054bb4bc2c9466d7d99f76ad1963b4f29bc", kill_on_drop: false }`
[INFO] [stderr]    Compiling syn v1.0.109
[INFO] [stderr]    Compiling sphinx-use-state v0.0.1 (/opt/rustwide/workdir)
[INFO] [stderr]     Finished dev [unoptimized + debuginfo] target(s) in 2.48s
[INFO] running `Command { std: "docker" "inspect" "ecd8b27cf3b83b38df11c528490f2054bb4bc2c9466d7d99f76ad1963b4f29bc", kill_on_drop: false }`
[INFO] running `Command { std: "docker" "rm" "-f" "ecd8b27cf3b83b38df11c528490f2054bb4bc2c9466d7d99f76ad1963b4f29bc", kill_on_drop: false }`
[INFO] [stdout] ecd8b27cf3b83b38df11c528490f2054bb4bc2c9466d7d99f76ad1963b4f29bc
[INFO] running `Command { std: "docker" "create" "-v" "/var/lib/crater-agent-workspace/builds/worker-7-tc2/target:/opt/rustwide/target:rw,Z" "-v" "/var/lib/crater-agent-workspace/builds/worker-7-tc2/source:/opt/rustwide/workdir:ro,Z" "-v" "/var/lib/crater-agent-workspace/cargo-home:/opt/rustwide/cargo-home:ro,Z" "-v" "/var/lib/crater-agent-workspace/rustup-home:/opt/rustwide/rustup-home:ro,Z" "-e" "SOURCE_DIR=/opt/rustwide/workdir" "-e" "CARGO_TARGET_DIR=/opt/rustwide/target" "-e" "CARGO_INCREMENTAL=0" "-e" "RUST_BACKTRACE=full" "-e" "RUSTFLAGS=--cap-lints=warn" "-e" "RUSTDOCFLAGS=--cap-lints=warn" "-e" "CARGO_HOME=/opt/rustwide/cargo-home" "-e" "RUSTUP_HOME=/opt/rustwide/rustup-home" "-w" "/opt/rustwide/workdir" "-m" "1610612736" "--user" "0:0" "--network" "none" "ghcr.io/rust-lang/crates-build-env/linux@sha256:2788e3201cd34a07e3172128adcd8b3090168a8e3bcc40d7c032b9dda1df7d1c" "/opt/rustwide/cargo-home/bin/cargo" "+beta-2023-12-22" "test" "--frozen" "--no-run" "--message-format=json", kill_on_drop: false }`
[INFO] [stdout] 7ae54b812f64b51dfa3d33eb939870d27f70b74f885d8911fe87d3e4268085b7
[INFO] running `Command { std: "docker" "start" "-a" "7ae54b812f64b51dfa3d33eb939870d27f70b74f885d8911fe87d3e4268085b7", kill_on_drop: false }`
[INFO] [stderr]    Compiling sphinx-use-state v0.0.1 (/opt/rustwide/workdir)
[INFO] [stderr]     Finished test [unoptimized + debuginfo] target(s) in 0.49s
[INFO] running `Command { std: "docker" "inspect" "7ae54b812f64b51dfa3d33eb939870d27f70b74f885d8911fe87d3e4268085b7", kill_on_drop: false }`
[INFO] running `Command { std: "docker" "rm" "-f" "7ae54b812f64b51dfa3d33eb939870d27f70b74f885d8911fe87d3e4268085b7", kill_on_drop: false }`
[INFO] [stdout] 7ae54b812f64b51dfa3d33eb939870d27f70b74f885d8911fe87d3e4268085b7
[INFO] running `Command { std: "docker" "create" "-v" "/var/lib/crater-agent-workspace/builds/worker-7-tc2/target:/opt/rustwide/target:rw,Z" "-v" "/var/lib/crater-agent-workspace/builds/worker-7-tc2/source:/opt/rustwide/workdir:ro,Z" "-v" "/var/lib/crater-agent-workspace/cargo-home:/opt/rustwide/cargo-home:ro,Z" "-v" "/var/lib/crater-agent-workspace/rustup-home:/opt/rustwide/rustup-home:ro,Z" "-e" "SOURCE_DIR=/opt/rustwide/workdir" "-e" "CARGO_TARGET_DIR=/opt/rustwide/target" "-e" "CARGO_INCREMENTAL=0" "-e" "RUST_BACKTRACE=full" "-e" "RUSTFLAGS=--cap-lints=warn" "-e" "RUSTDOCFLAGS=--cap-lints=warn" "-e" "CARGO_HOME=/opt/rustwide/cargo-home" "-e" "RUSTUP_HOME=/opt/rustwide/rustup-home" "-w" "/opt/rustwide/workdir" "-m" "1610612736" "--user" "0:0" "--network" "none" "ghcr.io/rust-lang/crates-build-env/linux@sha256:2788e3201cd34a07e3172128adcd8b3090168a8e3bcc40d7c032b9dda1df7d1c" "/opt/rustwide/cargo-home/bin/cargo" "+beta-2023-12-22" "test" "--frozen", kill_on_drop: false }`
[INFO] [stdout] 5e3a6211be30a315e0b144c58e0927ee22179209e62b3ad872eacd55c0ba8f07
[INFO] running `Command { std: "docker" "start" "-a" "5e3a6211be30a315e0b144c58e0927ee22179209e62b3ad872eacd55c0ba8f07", kill_on_drop: false }`
[INFO] [stderr]     Finished test [unoptimized + debuginfo] target(s) in 0.02s
[INFO] [stderr]      Running unittests src/lib.rs (/opt/rustwide/target/debug/deps/sphinx_use_state-764882bbac40ef71)
[INFO] [stdout] 
[INFO] [stdout] running 0 tests
[INFO] [stdout] 
[INFO] [stdout] test result: ok. 0 passed; 0 failed; 0 ignored; 0 measured; 0 filtered out; finished in 0.00s
[INFO] [stdout] 
[INFO] [stderr]    Doc-tests sphinx-use-state
[INFO] [stdout] 
[INFO] [stdout] running 2 tests
[INFO] [stdout] test src/lib.rs - use_state (line 12) ... FAILED
[INFO] [stdout] test src/lib.rs - use_state (line 8) ... FAILED
[INFO] [stdout] 
[INFO] [stdout] failures:
[INFO] [stdout] 
[INFO] [stdout] ---- src/lib.rs - use_state (line 12) stdout ----
[INFO] [stdout] error: expected parameter name, found `,`
[INFO] [stdout]  --> src/lib.rs:14:34
[INFO] [stdout]   |
[INFO] [stdout] 4 | fn render(/* some self variant */, ctx: UpdateContext, state: State) -> /* any */;
[INFO] [stdout]   |                                  ^ expected parameter name
[INFO] [stdout] 
[INFO] [stdout] error: expected type, found `;`
[INFO] [stdout]  --> src/lib.rs:14:82
[INFO] [stdout]   |
[INFO] [stdout] 4 | fn render(/* some self variant */, ctx: UpdateContext, state: State) -> /* any */;
[INFO] [stdout]   |                                                                                  ^ expected type
[INFO] [stdout] 
[INFO] [stdout] error: aborting due to 2 previous errors
[INFO] [stdout] 
[INFO] [stdout] Couldn't compile the test.
[INFO] [stdout] ---- src/lib.rs - use_state (line 8) stdout ----
[INFO] [stdout] error: expected parameter name, found `,`
[INFO] [stdout]  --> src/lib.rs:9:34
[INFO] [stdout]   |
[INFO] [stdout] 3 | fn render(/* some self variant */, ctx: UpdateContext) -> /* any */;
[INFO] [stdout]   |                                  ^ expected parameter name
[INFO] [stdout] 
[INFO] [stdout] error: expected type, found `;`
[INFO] [stdout]  --> src/lib.rs:9:68
[INFO] [stdout]   |
[INFO] [stdout] 3 | fn render(/* some self variant */, ctx: UpdateContext) -> /* any */;
[INFO] [stdout]   |                                                                    ^ expected type
[INFO] [stdout] 
[INFO] [stdout] error: aborting due to 2 previous errors
[INFO] [stdout] 
[INFO] [stdout] Couldn't compile the test.
[INFO] [stdout] 
[INFO] [stdout] failures:
[INFO] [stdout]     src/lib.rs - use_state (line 12)
[INFO] [stdout]     src/lib.rs - use_state (line 8)
[INFO] [stdout] 
[INFO] [stdout] test result: FAILED. 0 passed; 2 failed; 0 ignored; 0 measured; 0 filtered out; finished in 0.06s
[INFO] [stdout] 
[INFO] [stderr] error: doctest failed, to rerun pass `--doc`
[INFO] running `Command { std: "docker" "inspect" "5e3a6211be30a315e0b144c58e0927ee22179209e62b3ad872eacd55c0ba8f07", kill_on_drop: false }`
[INFO] running `Command { std: "docker" "rm" "-f" "5e3a6211be30a315e0b144c58e0927ee22179209e62b3ad872eacd55c0ba8f07", kill_on_drop: false }`
[INFO] [stdout] 5e3a6211be30a315e0b144c58e0927ee22179209e62b3ad872eacd55c0ba8f07
