[INFO] fetching crate spa 0.4.0...
[INFO] testing spa-0.4.0 against 1.75.0 for beta-1.76-1
[INFO] extracting crate spa 0.4.0 into /workspace/builds/worker-1-tc1/source
[INFO] validating manifest of crates.io crate spa 0.4.0 on toolchain 1.75.0
[INFO] running `Command { std: CARGO_HOME="/workspace/cargo-home" RUSTUP_HOME="/workspace/rustup-home" "/workspace/cargo-home/bin/cargo" "+1.75.0" "metadata" "--manifest-path" "Cargo.toml" "--no-deps", kill_on_drop: false }`
[INFO] started tweaking crates.io crate spa 0.4.0
[INFO] finished tweaking crates.io crate spa 0.4.0
[INFO] tweaked toml for crates.io crate spa 0.4.0 written to /workspace/builds/worker-1-tc1/source/Cargo.toml
[INFO] crate crates.io crate spa 0.4.0 already has a lockfile, it will not be regenerated
[INFO] running `Command { std: CARGO_HOME="/workspace/cargo-home" RUSTUP_HOME="/workspace/rustup-home" "/workspace/cargo-home/bin/cargo" "+1.75.0" "fetch" "--manifest-path" "Cargo.toml", kill_on_drop: false }`
[INFO] running `Command { std: "docker" "create" "-v" "/var/lib/crater-agent-workspace/builds/worker-1-tc1/target:/opt/rustwide/target:rw,Z" "-v" "/var/lib/crater-agent-workspace/builds/worker-1-tc1/source:/opt/rustwide/workdir:ro,Z" "-v" "/var/lib/crater-agent-workspace/cargo-home:/opt/rustwide/cargo-home:ro,Z" "-v" "/var/lib/crater-agent-workspace/rustup-home:/opt/rustwide/rustup-home:ro,Z" "-e" "SOURCE_DIR=/opt/rustwide/workdir" "-e" "CARGO_TARGET_DIR=/opt/rustwide/target" "-e" "CARGO_HOME=/opt/rustwide/cargo-home" "-e" "RUSTUP_HOME=/opt/rustwide/rustup-home" "-w" "/opt/rustwide/workdir" "-m" "1610612736" "--user" "0:0" "--network" "none" "ghcr.io/rust-lang/crates-build-env/linux@sha256:2788e3201cd34a07e3172128adcd8b3090168a8e3bcc40d7c032b9dda1df7d1c" "/opt/rustwide/cargo-home/bin/cargo" "+1.75.0" "metadata" "--no-deps" "--format-version=1", kill_on_drop: false }`
[INFO] [stdout] 2a85e10b4420877d974e8fba04b6b7248202086950ee5605d3685b4eb4d2a89b
[INFO] running `Command { std: "docker" "start" "-a" "2a85e10b4420877d974e8fba04b6b7248202086950ee5605d3685b4eb4d2a89b", kill_on_drop: false }`
[INFO] running `Command { std: "docker" "inspect" "2a85e10b4420877d974e8fba04b6b7248202086950ee5605d3685b4eb4d2a89b", kill_on_drop: false }`
[INFO] running `Command { std: "docker" "rm" "-f" "2a85e10b4420877d974e8fba04b6b7248202086950ee5605d3685b4eb4d2a89b", kill_on_drop: false }`
[INFO] [stdout] 2a85e10b4420877d974e8fba04b6b7248202086950ee5605d3685b4eb4d2a89b
[INFO] running `Command { std: "docker" "create" "-v" "/var/lib/crater-agent-workspace/builds/worker-1-tc1/target:/opt/rustwide/target:rw,Z" "-v" "/var/lib/crater-agent-workspace/builds/worker-1-tc1/source:/opt/rustwide/workdir:ro,Z" "-v" "/var/lib/crater-agent-workspace/cargo-home:/opt/rustwide/cargo-home:ro,Z" "-v" "/var/lib/crater-agent-workspace/rustup-home:/opt/rustwide/rustup-home:ro,Z" "-e" "SOURCE_DIR=/opt/rustwide/workdir" "-e" "CARGO_TARGET_DIR=/opt/rustwide/target" "-e" "CARGO_INCREMENTAL=0" "-e" "RUST_BACKTRACE=full" "-e" "RUSTFLAGS=--cap-lints=warn" "-e" "RUSTDOCFLAGS=--cap-lints=warn" "-e" "CARGO_HOME=/opt/rustwide/cargo-home" "-e" "RUSTUP_HOME=/opt/rustwide/rustup-home" "-w" "/opt/rustwide/workdir" "-m" "1610612736" "--user" "0:0" "--network" "none" "ghcr.io/rust-lang/crates-build-env/linux@sha256:2788e3201cd34a07e3172128adcd8b3090168a8e3bcc40d7c032b9dda1df7d1c" "/opt/rustwide/cargo-home/bin/cargo" "+1.75.0" "build" "--frozen" "--message-format=json", kill_on_drop: false }`
[INFO] [stdout] 91e748bf41f038435ed576ad06088507749f3af8964568554d76dab8331d7e0f
[INFO] running `Command { std: "docker" "start" "-a" "91e748bf41f038435ed576ad06088507749f3af8964568554d76dab8331d7e0f", kill_on_drop: false }`
[INFO] [stderr]    Compiling autocfg v1.1.0
[INFO] [stderr]    Compiling num-traits v0.2.15
[INFO] [stderr]    Compiling chrono v0.4.26
[INFO] [stderr]    Compiling spa v0.4.0 (/opt/rustwide/workdir)
[INFO] [stderr]     Finished dev [unoptimized + debuginfo] target(s) in 3.15s
[INFO] running `Command { std: "docker" "inspect" "91e748bf41f038435ed576ad06088507749f3af8964568554d76dab8331d7e0f", kill_on_drop: false }`
[INFO] running `Command { std: "docker" "rm" "-f" "91e748bf41f038435ed576ad06088507749f3af8964568554d76dab8331d7e0f", kill_on_drop: false }`
[INFO] [stdout] 91e748bf41f038435ed576ad06088507749f3af8964568554d76dab8331d7e0f
[INFO] running `Command { std: "docker" "create" "-v" "/var/lib/crater-agent-workspace/builds/worker-1-tc1/target:/opt/rustwide/target:rw,Z" "-v" "/var/lib/crater-agent-workspace/builds/worker-1-tc1/source:/opt/rustwide/workdir:ro,Z" "-v" "/var/lib/crater-agent-workspace/cargo-home:/opt/rustwide/cargo-home:ro,Z" "-v" "/var/lib/crater-agent-workspace/rustup-home:/opt/rustwide/rustup-home:ro,Z" "-e" "SOURCE_DIR=/opt/rustwide/workdir" "-e" "CARGO_TARGET_DIR=/opt/rustwide/target" "-e" "CARGO_INCREMENTAL=0" "-e" "RUST_BACKTRACE=full" "-e" "RUSTFLAGS=--cap-lints=warn" "-e" "RUSTDOCFLAGS=--cap-lints=warn" "-e" "CARGO_HOME=/opt/rustwide/cargo-home" "-e" "RUSTUP_HOME=/opt/rustwide/rustup-home" "-w" "/opt/rustwide/workdir" "-m" "1610612736" "--user" "0:0" "--network" "none" "ghcr.io/rust-lang/crates-build-env/linux@sha256:2788e3201cd34a07e3172128adcd8b3090168a8e3bcc40d7c032b9dda1df7d1c" "/opt/rustwide/cargo-home/bin/cargo" "+1.75.0" "test" "--frozen" "--no-run" "--message-format=json", kill_on_drop: false }`
[INFO] [stdout] 4214e1309a97541c4b9b89b845452e3ab00f2e2bd7e2c43486f31d4a322d65f1
[INFO] running `Command { std: "docker" "start" "-a" "4214e1309a97541c4b9b89b845452e3ab00f2e2bd7e2c43486f31d4a322d65f1", kill_on_drop: false }`
[INFO] [stderr]    Compiling spa v0.4.0 (/opt/rustwide/workdir)
[INFO] [stderr]     Finished test [unoptimized + debuginfo] target(s) in 0.61s
[INFO] running `Command { std: "docker" "inspect" "4214e1309a97541c4b9b89b845452e3ab00f2e2bd7e2c43486f31d4a322d65f1", kill_on_drop: false }`
[INFO] running `Command { std: "docker" "rm" "-f" "4214e1309a97541c4b9b89b845452e3ab00f2e2bd7e2c43486f31d4a322d65f1", kill_on_drop: false }`
[INFO] [stdout] 4214e1309a97541c4b9b89b845452e3ab00f2e2bd7e2c43486f31d4a322d65f1
[INFO] running `Command { std: "docker" "create" "-v" "/var/lib/crater-agent-workspace/builds/worker-1-tc1/target:/opt/rustwide/target:rw,Z" "-v" "/var/lib/crater-agent-workspace/builds/worker-1-tc1/source:/opt/rustwide/workdir:ro,Z" "-v" "/var/lib/crater-agent-workspace/cargo-home:/opt/rustwide/cargo-home:ro,Z" "-v" "/var/lib/crater-agent-workspace/rustup-home:/opt/rustwide/rustup-home:ro,Z" "-e" "SOURCE_DIR=/opt/rustwide/workdir" "-e" "CARGO_TARGET_DIR=/opt/rustwide/target" "-e" "CARGO_INCREMENTAL=0" "-e" "RUST_BACKTRACE=full" "-e" "RUSTFLAGS=--cap-lints=warn" "-e" "RUSTDOCFLAGS=--cap-lints=warn" "-e" "CARGO_HOME=/opt/rustwide/cargo-home" "-e" "RUSTUP_HOME=/opt/rustwide/rustup-home" "-w" "/opt/rustwide/workdir" "-m" "1610612736" "--user" "0:0" "--network" "none" "ghcr.io/rust-lang/crates-build-env/linux@sha256:2788e3201cd34a07e3172128adcd8b3090168a8e3bcc40d7c032b9dda1df7d1c" "/opt/rustwide/cargo-home/bin/cargo" "+1.75.0" "test" "--frozen", kill_on_drop: false }`
[INFO] [stdout] c751b69ead3b5784ce8a30cb26573f500bfb31abbe0b2f88e6582cda218e0c6b
[INFO] running `Command { std: "docker" "start" "-a" "c751b69ead3b5784ce8a30cb26573f500bfb31abbe0b2f88e6582cda218e0c6b", kill_on_drop: false }`
[INFO] [stderr]     Finished test [unoptimized + debuginfo] target(s) in 0.01s
[INFO] [stderr]      Running unittests src/lib.rs (/opt/rustwide/target/debug/deps/spa-8b9d34517de0bde1)
[INFO] [stdout] 
[INFO] [stdout] running 8 tests
[INFO] [stdout] test tests::test_pi ... ok
[INFO] [stdout] test tests::test_julian_day ... ok
[INFO] [stdout] test tests::test_datetime ... ok
[INFO] [stdout] test tests::test_solar_position ... ok
[INFO] [stdout] test tests::test_sunrise_and_set ... ok
[INFO] [stdout] test tests::test_sunrise_and_set_polarnight ... ok
[INFO] [stdout] test tests::test_sunrise_and_set_polarday ... ok
[INFO] [stdout] test tests::test_zeitgleichung ... ok
[INFO] [stdout] 
[INFO] [stdout] test result: ok. 8 passed; 0 failed; 0 ignored; 0 measured; 0 filtered out; finished in 0.03s
[INFO] [stdout] 
[INFO] [stderr]    Doc-tests spa
[INFO] [stdout] 
[INFO] [stdout] running 2 tests
[INFO] [stdout] test src/lib.rs - FloatOps (line 68) ... FAILED
[INFO] [stdout] test src/lib.rs - (line 12) ... FAILED
[INFO] [stderr] error: doctest failed, to rerun pass `--doc`
[INFO] [stdout] 
[INFO] [stdout] failures:
[INFO] [stdout] 
[INFO] [stdout] ---- src/lib.rs - FloatOps (line 68) stdout ----
[INFO] [stdout] error[E0405]: cannot find trait `FloatOps` in this scope
[INFO] [stdout]  --> src/lib.rs:73:6
[INFO] [stdout]   |
[INFO] [stdout] 7 | impl FloatOps for StdFloatOps {
[INFO] [stdout]   |      ^^^^^^^^ not found in this scope
[INFO] [stdout]   |
[INFO] [stdout] help: consider importing this trait
[INFO] [stdout]   |
[INFO] [stdout] 2 + use spa::FloatOps;
[INFO] [stdout]   |
[INFO] [stdout] 
[INFO] [stdout] error: aborting due to previous error
[INFO] [stdout] 
[INFO] [stdout] For more information about this error, try `rustc --explain E0405`.
[INFO] [stdout] Couldn't compile the test.
[INFO] [stdout] ---- src/lib.rs - (line 12) stdout ----
[INFO] [stdout] error[E0425]: cannot find value `dt` in this scope
[INFO] [stdout]   --> src/lib.rs:43:59
[INFO] [stdout]    |
[INFO] [stdout] 33 |     let _solpos: SolarPos = solar_position::<StdFloatOps>(dt, lat, lon).unwrap();
[INFO] [stdout]    |                                                           ^^ not found in this scope
[INFO] [stdout] 
[INFO] [stdout] error[E0425]: cannot find value `dt` in this scope
[INFO] [stdout]   --> src/lib.rs:45:71
[INFO] [stdout]    |
[INFO] [stdout] 35 |     let _sunrise_set: SunriseAndSet =  sunrise_and_set::<StdFloatOps>(dt, lat, lon).unwrap();
[INFO] [stdout]    |                                                                       ^^ not found in this scope
[INFO] [stdout] 
[INFO] [stdout] error: aborting due to 2 previous errors
[INFO] [stdout] 
[INFO] [stdout] For more information about this error, try `rustc --explain E0425`.
[INFO] [stdout] Couldn't compile the test.
[INFO] [stdout] 
[INFO] [stdout] failures:
[INFO] [stdout]     src/lib.rs - (line 12)
[INFO] [stdout]     src/lib.rs - FloatOps (line 68)
[INFO] [stdout] 
[INFO] [stdout] test result: FAILED. 0 passed; 2 failed; 0 ignored; 0 measured; 0 filtered out; finished in 0.11s
[INFO] [stdout] 
[INFO] running `Command { std: "docker" "inspect" "c751b69ead3b5784ce8a30cb26573f500bfb31abbe0b2f88e6582cda218e0c6b", kill_on_drop: false }`
[INFO] running `Command { std: "docker" "rm" "-f" "c751b69ead3b5784ce8a30cb26573f500bfb31abbe0b2f88e6582cda218e0c6b", kill_on_drop: false }`
[INFO] [stdout] c751b69ead3b5784ce8a30cb26573f500bfb31abbe0b2f88e6582cda218e0c6b
[INFO] testing spa-0.4.0 against beta-2023-12-22 for beta-1.76-1
[INFO] extracting crate spa 0.4.0 into /workspace/builds/worker-1-tc2/source
[INFO] validating manifest of crates.io crate spa 0.4.0 on toolchain beta-2023-12-22
[INFO] running `Command { std: CARGO_HOME="/workspace/cargo-home" RUSTUP_HOME="/workspace/rustup-home" "/workspace/cargo-home/bin/cargo" "+beta-2023-12-22" "metadata" "--manifest-path" "Cargo.toml" "--no-deps", kill_on_drop: false }`
[INFO] started tweaking crates.io crate spa 0.4.0
[INFO] finished tweaking crates.io crate spa 0.4.0
[INFO] tweaked toml for crates.io crate spa 0.4.0 written to /workspace/builds/worker-1-tc2/source/Cargo.toml
[INFO] crate crates.io crate spa 0.4.0 already has a lockfile, it will not be regenerated
[INFO] running `Command { std: CARGO_HOME="/workspace/cargo-home" RUSTUP_HOME="/workspace/rustup-home" "/workspace/cargo-home/bin/cargo" "+beta-2023-12-22" "fetch" "--manifest-path" "Cargo.toml", kill_on_drop: false }`
[INFO] running `Command { std: "docker" "create" "-v" "/var/lib/crater-agent-workspace/builds/worker-1-tc2/target:/opt/rustwide/target:rw,Z" "-v" "/var/lib/crater-agent-workspace/builds/worker-1-tc2/source:/opt/rustwide/workdir:ro,Z" "-v" "/var/lib/crater-agent-workspace/cargo-home:/opt/rustwide/cargo-home:ro,Z" "-v" "/var/lib/crater-agent-workspace/rustup-home:/opt/rustwide/rustup-home:ro,Z" "-e" "SOURCE_DIR=/opt/rustwide/workdir" "-e" "CARGO_TARGET_DIR=/opt/rustwide/target" "-e" "CARGO_HOME=/opt/rustwide/cargo-home" "-e" "RUSTUP_HOME=/opt/rustwide/rustup-home" "-w" "/opt/rustwide/workdir" "-m" "1610612736" "--user" "0:0" "--network" "none" "ghcr.io/rust-lang/crates-build-env/linux@sha256:2788e3201cd34a07e3172128adcd8b3090168a8e3bcc40d7c032b9dda1df7d1c" "/opt/rustwide/cargo-home/bin/cargo" "+beta-2023-12-22" "metadata" "--no-deps" "--format-version=1", kill_on_drop: false }`
[INFO] [stdout] 2496d10b8bdbb9d3bf67b72b4015199de196fabce255ad76c974e236e9ab6f40
[INFO] running `Command { std: "docker" "start" "-a" "2496d10b8bdbb9d3bf67b72b4015199de196fabce255ad76c974e236e9ab6f40", kill_on_drop: false }`
[INFO] running `Command { std: "docker" "inspect" "2496d10b8bdbb9d3bf67b72b4015199de196fabce255ad76c974e236e9ab6f40", kill_on_drop: false }`
[INFO] running `Command { std: "docker" "rm" "-f" "2496d10b8bdbb9d3bf67b72b4015199de196fabce255ad76c974e236e9ab6f40", kill_on_drop: false }`
[INFO] [stdout] 2496d10b8bdbb9d3bf67b72b4015199de196fabce255ad76c974e236e9ab6f40
[INFO] running `Command { std: "docker" "create" "-v" "/var/lib/crater-agent-workspace/builds/worker-1-tc2/target:/opt/rustwide/target:rw,Z" "-v" "/var/lib/crater-agent-workspace/builds/worker-1-tc2/source:/opt/rustwide/workdir:ro,Z" "-v" "/var/lib/crater-agent-workspace/cargo-home:/opt/rustwide/cargo-home:ro,Z" "-v" "/var/lib/crater-agent-workspace/rustup-home:/opt/rustwide/rustup-home:ro,Z" "-e" "SOURCE_DIR=/opt/rustwide/workdir" "-e" "CARGO_TARGET_DIR=/opt/rustwide/target" "-e" "CARGO_INCREMENTAL=0" "-e" "RUST_BACKTRACE=full" "-e" "RUSTFLAGS=--cap-lints=warn" "-e" "RUSTDOCFLAGS=--cap-lints=warn" "-e" "CARGO_HOME=/opt/rustwide/cargo-home" "-e" "RUSTUP_HOME=/opt/rustwide/rustup-home" "-w" "/opt/rustwide/workdir" "-m" "1610612736" "--user" "0:0" "--network" "none" "ghcr.io/rust-lang/crates-build-env/linux@sha256:2788e3201cd34a07e3172128adcd8b3090168a8e3bcc40d7c032b9dda1df7d1c" "/opt/rustwide/cargo-home/bin/cargo" "+beta-2023-12-22" "build" "--frozen" "--message-format=json", kill_on_drop: false }`
[INFO] [stdout] be852098f9abe4a20846389d86951dc5eb527200c50c4f1a0b7c00d89e79ba87
[INFO] running `Command { std: "docker" "start" "-a" "be852098f9abe4a20846389d86951dc5eb527200c50c4f1a0b7c00d89e79ba87", kill_on_drop: false }`
[INFO] [stderr]    Compiling autocfg v1.1.0
[INFO] [stderr]    Compiling num-traits v0.2.15
[INFO] [stderr]    Compiling chrono v0.4.26
[INFO] [stderr]    Compiling spa v0.4.0 (/opt/rustwide/workdir)
[INFO] [stderr]     Finished dev [unoptimized + debuginfo] target(s) in 2.73s
[INFO] running `Command { std: "docker" "inspect" "be852098f9abe4a20846389d86951dc5eb527200c50c4f1a0b7c00d89e79ba87", kill_on_drop: false }`
[INFO] running `Command { std: "docker" "rm" "-f" "be852098f9abe4a20846389d86951dc5eb527200c50c4f1a0b7c00d89e79ba87", kill_on_drop: false }`
[INFO] [stdout] be852098f9abe4a20846389d86951dc5eb527200c50c4f1a0b7c00d89e79ba87
[INFO] running `Command { std: "docker" "create" "-v" "/var/lib/crater-agent-workspace/builds/worker-1-tc2/target:/opt/rustwide/target:rw,Z" "-v" "/var/lib/crater-agent-workspace/builds/worker-1-tc2/source:/opt/rustwide/workdir:ro,Z" "-v" "/var/lib/crater-agent-workspace/cargo-home:/opt/rustwide/cargo-home:ro,Z" "-v" "/var/lib/crater-agent-workspace/rustup-home:/opt/rustwide/rustup-home:ro,Z" "-e" "SOURCE_DIR=/opt/rustwide/workdir" "-e" "CARGO_TARGET_DIR=/opt/rustwide/target" "-e" "CARGO_INCREMENTAL=0" "-e" "RUST_BACKTRACE=full" "-e" "RUSTFLAGS=--cap-lints=warn" "-e" "RUSTDOCFLAGS=--cap-lints=warn" "-e" "CARGO_HOME=/opt/rustwide/cargo-home" "-e" "RUSTUP_HOME=/opt/rustwide/rustup-home" "-w" "/opt/rustwide/workdir" "-m" "1610612736" "--user" "0:0" "--network" "none" "ghcr.io/rust-lang/crates-build-env/linux@sha256:2788e3201cd34a07e3172128adcd8b3090168a8e3bcc40d7c032b9dda1df7d1c" "/opt/rustwide/cargo-home/bin/cargo" "+beta-2023-12-22" "test" "--frozen" "--no-run" "--message-format=json", kill_on_drop: false }`
[INFO] [stdout] 900f38895db029e862ac7508d59f5abf4b50c165d14547f1b21ad039f332cadb
[INFO] running `Command { std: "docker" "start" "-a" "900f38895db029e862ac7508d59f5abf4b50c165d14547f1b21ad039f332cadb", kill_on_drop: false }`
[INFO] [stderr]    Compiling spa v0.4.0 (/opt/rustwide/workdir)
[INFO] [stderr]     Finished test [unoptimized + debuginfo] target(s) in 0.57s
[INFO] running `Command { std: "docker" "inspect" "900f38895db029e862ac7508d59f5abf4b50c165d14547f1b21ad039f332cadb", kill_on_drop: false }`
[INFO] running `Command { std: "docker" "rm" "-f" "900f38895db029e862ac7508d59f5abf4b50c165d14547f1b21ad039f332cadb", kill_on_drop: false }`
[INFO] [stdout] 900f38895db029e862ac7508d59f5abf4b50c165d14547f1b21ad039f332cadb
[INFO] running `Command { std: "docker" "create" "-v" "/var/lib/crater-agent-workspace/builds/worker-1-tc2/target:/opt/rustwide/target:rw,Z" "-v" "/var/lib/crater-agent-workspace/builds/worker-1-tc2/source:/opt/rustwide/workdir:ro,Z" "-v" "/var/lib/crater-agent-workspace/cargo-home:/opt/rustwide/cargo-home:ro,Z" "-v" "/var/lib/crater-agent-workspace/rustup-home:/opt/rustwide/rustup-home:ro,Z" "-e" "SOURCE_DIR=/opt/rustwide/workdir" "-e" "CARGO_TARGET_DIR=/opt/rustwide/target" "-e" "CARGO_INCREMENTAL=0" "-e" "RUST_BACKTRACE=full" "-e" "RUSTFLAGS=--cap-lints=warn" "-e" "RUSTDOCFLAGS=--cap-lints=warn" "-e" "CARGO_HOME=/opt/rustwide/cargo-home" "-e" "RUSTUP_HOME=/opt/rustwide/rustup-home" "-w" "/opt/rustwide/workdir" "-m" "1610612736" "--user" "0:0" "--network" "none" "ghcr.io/rust-lang/crates-build-env/linux@sha256:2788e3201cd34a07e3172128adcd8b3090168a8e3bcc40d7c032b9dda1df7d1c" "/opt/rustwide/cargo-home/bin/cargo" "+beta-2023-12-22" "test" "--frozen", kill_on_drop: false }`
[INFO] [stdout] 1745efa7ec1ffffa47708147654f05a902279005ffdd478a3a445e203b33963f
[INFO] running `Command { std: "docker" "start" "-a" "1745efa7ec1ffffa47708147654f05a902279005ffdd478a3a445e203b33963f", kill_on_drop: false }`
[INFO] [stderr]     Finished test [unoptimized + debuginfo] target(s) in 0.00s
[INFO] [stderr]      Running unittests src/lib.rs (/opt/rustwide/target/debug/deps/spa-6fe363529f3cb149)
[INFO] [stdout] 
[INFO] [stdout] running 8 tests
[INFO] [stdout] test tests::test_datetime ... ok
[INFO] [stdout] test tests::test_pi ... ok
[INFO] [stdout] test tests::test_julian_day ... ok
[INFO] [stdout] test tests::test_solar_position ... ok
[INFO] [stdout] test tests::test_sunrise_and_set ... ok
[INFO] [stdout] test tests::test_sunrise_and_set_polarday ... ok
[INFO] [stdout] test tests::test_sunrise_and_set_polarnight ... ok
[INFO] [stdout] test tests::test_zeitgleichung ... ok
[INFO] [stdout] 
[INFO] [stdout] test result: ok. 8 passed; 0 failed; 0 ignored; 0 measured; 0 filtered out; finished in 0.00s
[INFO] [stdout] 
[INFO] [stderr]    Doc-tests spa
[INFO] [stdout] 
[INFO] [stdout] running 2 tests
[INFO] [stdout] test src/lib.rs - FloatOps (line 68) ... FAILED
[INFO] [stdout] test src/lib.rs - (line 12) ... FAILED
[INFO] [stdout] 
[INFO] [stdout] failures:
[INFO] [stdout] 
[INFO] [stdout] ---- src/lib.rs - FloatOps (line 68) stdout ----
[INFO] [stdout] error[E0405]: cannot find trait `FloatOps` in this scope
[INFO] [stdout]  --> src/lib.rs:73:6
[INFO] [stdout]   |
[INFO] [stdout] 7 | impl FloatOps for StdFloatOps {
[INFO] [stdout]   |      ^^^^^^^^ not found in this scope
[INFO] [stdout]   |
[INFO] [stdout] help: consider importing this trait
[INFO] [stdout]   |
[INFO] [stdout] 2 + use spa::FloatOps;
[INFO] [stdout]   |
[INFO] [stdout] 
[INFO] [stdout] error: aborting due to 1 previous error
[INFO] [stdout] 
[INFO] [stdout] For more information about this error, try `rustc --explain E0405`.
[INFO] [stdout] Couldn't compile the test.
[INFO] [stdout] ---- src/lib.rs - (line 12) stdout ----
[INFO] [stdout] error[E0425]: cannot find value `dt` in this scope
[INFO] [stdout]   --> src/lib.rs:43:59
[INFO] [stdout]    |
[INFO] [stdout] 33 |     let _solpos: SolarPos = solar_position::<StdFloatOps>(dt, lat, lon).unwrap();
[INFO] [stdout]    |                                                           ^^ not found in this scope
[INFO] [stdout] 
[INFO] [stdout] error[E0425]: cannot find value `dt` in this scope
[INFO] [stdout]   --> src/lib.rs:45:71
[INFO] [stdout]    |
[INFO] [stdout] 35 |     let _sunrise_set: SunriseAndSet =  sunrise_and_set::<StdFloatOps>(dt, lat, lon).unwrap();
[INFO] [stdout]    |                                                                       ^^ not found in this scope
[INFO] [stdout] 
[INFO] [stdout] error: aborting due to 2 previous errors
[INFO] [stdout] 
[INFO] [stdout] For more information about this error, try `rustc --explain E0425`.
[INFO] [stdout] Couldn't compile the test.
[INFO] [stdout] 
[INFO] [stdout] failures:
[INFO] [stdout]     src/lib.rs - (line 12)
[INFO] [stdout]     src/lib.rs - FloatOps (line 68)
[INFO] [stdout] 
[INFO] [stdout] test result: FAILED. 0 passed; 2 failed; 0 ignored; 0 measured; 0 filtered out; finished in 0.06s
[INFO] [stdout] 
[INFO] [stderr] error: doctest failed, to rerun pass `--doc`
[INFO] running `Command { std: "docker" "inspect" "1745efa7ec1ffffa47708147654f05a902279005ffdd478a3a445e203b33963f", kill_on_drop: false }`
[INFO] running `Command { std: "docker" "rm" "-f" "1745efa7ec1ffffa47708147654f05a902279005ffdd478a3a445e203b33963f", kill_on_drop: false }`
[INFO] [stdout] 1745efa7ec1ffffa47708147654f05a902279005ffdd478a3a445e203b33963f
